This is the mail archive of the
gcc-testresults@gcc.gnu.org
mailing list for the GCC project.
Results for 3.4.1 20040529 (prerelease) testsuite on hppa-unknown-linux-gnu
- From: dave at gsyprf11 dot external dot hp dot com (John David Anglin)
- To: dave at gsyprf11 dot external dot hp dot com, gcc-testresults at gcc dot gnu dot org
- Date: Sat, 29 May 2004 09:43:40 -0700 (PDT)
- Subject: Results for 3.4.1 20040529 (prerelease) testsuite on hppa-unknown-linux-gnu
LAST_UPDATED: Sat May 29 01:55:44 UTC 2004
=== acats tests ===
=== acats Summary ===
# of expected passes 1965
# of unexpected failures 0
# of unsupported tests 357
Native configuration is hppa-unknown-linux-gnu
=== g++ tests ===
Running target unix
XPASS: g++.dg/other/packed1.C execution test
WARNING: g++.old-deja/g++.mike/p10769a.C compilation failed to produce executable
WARNING: g++.old-deja/g++.other/enum5.C compilation failed to produce executable
XPASS: g++.old-deja/g++.other/init5.C execution test
WARNING: g++.old-deja/g++.pt/friend44.C compilation failed to produce executable
=== g++ Summary ===
# of expected passes 9509
# of unexpected successes 2
# of expected failures 67
# of unsupported tests 72
/home/dave/gcc-3.4/objdir/gcc/testsuite/../g++ version 3.4.1 20040529 (prerelease)
=== g77 tests ===
Running target unix
FAIL: g77.f-torture/compile/20010519-1.f, -O3 -g
=== g77 Summary ===
# of expected passes 1799
# of unexpected failures 1
# of unsupported tests 6
/home/dave/gcc-3.4/objdir/gcc/testsuite/../g77 version 3.4.1 20040529 (prerelease)
=== gcc tests ===
Running target unix
FAIL: gcc.c-torture/compile/20001212-1.c -O3 -fomit-frame-pointer (test for excess errors)
FAIL: gcc.c-torture/compile/20001212-1.c -O3 -g (test for excess errors)
FAIL: gcc.c-torture/execute/complex-1.c compilation, -O1
UNRESOLVED: gcc.c-torture/execute/complex-1.c execution, -O1
=== gcc Summary ===
# of expected passes 24190
# of unexpected failures 3
# of expected failures 69
# of unresolved testcases 1
# of untested testcases 7
# of unsupported tests 318
/home/dave/gcc-3.4/objdir/gcc/xgcc version 3.4.1 20040529 (prerelease)
=== objc tests ===
Running target unix
=== objc Summary ===
# of expected passes 1341
# of unsupported tests 8
/home/dave/gcc-3.4/objdir/gcc/xgcc version 3.4.1 20040529 (prerelease)
=== libstdc++-v3 check-abi Summary ===
# of added symbols: 296
# of missing symbols: 284
# of incompatible symbols: 284
=== libstdc++ tests ===
Running target unix
WARNING: program timed out.
FAIL: 22_locale/locale/cons/12658_thread.cc execution test
FAIL: 22_locale/messages/members/char/1.cc execution test
FAIL: 22_locale/messages/members/char/2.cc execution test
FAIL: 22_locale/messages/members/char/wrapped_env.cc execution test
FAIL: 22_locale/messages/members/char/wrapped_locale.cc execution test
FAIL: 22_locale/messages_byname/named_equivalence.cc execution test
XPASS: 26_numerics/c99_classification_macros_c.cc (test for excess errors)
=== libstdc++ Summary ===
# of expected passes 2684
# of unexpected failures 6
# of unexpected successes 1
# of expected failures 5
Compiler version: 3.4.1 20040529 (prerelease)
Platform: hppa-unknown-linux-gnu
configure flags: --with-gnu-as --with-as=/home/dave/opt/gnu/bin/as --with-gnu-ld --with-ld=/home/dave/opt/gnu/bin/ld --enable-shared --disable-nls --prefix=/home/dave/opt/gnu/gcc/gcc-3.4.1 --with-local-prefix=/home/dave/opt/gnu --enable-threads=posix --enable-__cxa_atexit --disable-checking --host=hppa-linux