This is the mail archive of the
gcc-testresults@gcc.gnu.org
mailing list for the GCC project.
Results for gcc testsuite on powerpc64-unknown-linux-gnu
- From: Janis Johnson <janis at mars dot ltc dot austin dot ibm dot com>
- To: gcc-testresults at gcc dot gnu dot org
- Date: Sat, 29 May 2004 03:14:50 -0500
- Subject: Results for gcc testsuite on powerpc64-unknown-linux-gnu
Linux 2.6.5-rc3-ames ppc64
GNU C Library stable release version 2.3.2
GNU ld version 2.14.90.0.4 20030523
GNU assembler 2.14.90.0.4 20030523
GNU Make version 3.79.1
DejaGnu:
Expect version is 5.40.0
Tcl version is 8.4
Framework version is 1.4.4
LAST_UPDATED: Sat May 29 06:48:49 UTC 2004
Native configuration is powerpc64-unknown-linux-gnu
=== g++ tests ===
Running target unix/-m32
XPASS: g++.dg/eh/elide1.C execution test
XPASS: g++.dg/eh/simd-2.C execution test
FAIL: g++.dg/ext/altivec-2.C (test for excess errors)
WARNING: g++.dg/ext/altivec-2.C compilation failed to produce executable
FAIL: g++.dg/ext/altivec-4.C (test for excess errors)
FAIL: g++.dg/ext/altivec-5.C (test for excess errors)
FAIL: g++.dg/ext/altivec-6.C (test for excess errors)
FAIL: g++.dg/ext/altivec-8.C (test for excess errors)
=== gcc tests ===
Running target unix/-m32
FAIL: gcc.c-torture/compile/920501-4.c -O1 (test for excess errors)
=== objc tests ===
Running target unix/-m32
=== objc Summary for unix/-m32 ===
# of expected passes 1339
# of unsupported tests 8
Running target unix/-m64
=== libffi tests ===
Running target unix/-m32
FAIL: libffi.call/cls_align_longdouble.c (test for excess errors)
WARNING: libffi.call/cls_align_longdouble.c compilation failed to produce executable
FAIL: libffi.call/float.c (test for excess errors)
WARNING: libffi.call/float.c compilation failed to produce executable
FAIL: libffi.call/float2.c (test for excess errors)
WARNING: libffi.call/float2.c compilation failed to produce executable
=== libffi Summary for unix/-m32 ===
# of expected passes 205
# of unexpected failures 3
# of unsupported tests 2
Running target unix/-m64
=== libffi Summary for unix/-m64 ===
# of expected passes 212
# of unsupported tests 2
=== libffi Summary ===
# of expected passes 417
# of unexpected failures 3
# of unsupported tests 4
=== libjava tests ===
Running target unix/-m32
=== libmudflap tests ===
Running target unix/-m32
FAIL: libmudflap.c/fail23-frag.c (-static) output pattern test
WARNING: program timed out.
FAIL: libmudflap.cth/pass37-frag.c execution test
FAIL: libmudflap.cth/pass37-frag.c output pattern test
WARNING: program timed out.
FAIL: libmudflap.cth/pass37-frag.c (rerun 1) execution test
FAIL: libmudflap.cth/pass37-frag.c (rerun 1) output pattern test
WARNING: program timed out.
FAIL: libmudflap.cth/pass37-frag.c (rerun 2) execution test
FAIL: libmudflap.cth/pass37-frag.c (rerun 2) output pattern test
WARNING: program timed out.
FAIL: libmudflap.cth/pass37-frag.c (rerun 3) execution test
FAIL: libmudflap.cth/pass37-frag.c (rerun 3) output pattern test
WARNING: program timed out.
FAIL: libmudflap.cth/pass39-frag.c (rerun 16) execution test
FAIL: libmudflap.cth/pass39-frag.c (rerun 16) output pattern test
WARNING: program timed out.
FAIL: libmudflap.cth/pass37-frag.c (-static -DSTATIC) (rerun 4) execution test
FAIL: libmudflap.cth/pass37-frag.c (-static -DSTATIC) (rerun 4) output pattern test
WARNING: program timed out.
FAIL: libmudflap.cth/pass37-frag.c (-static -DSTATIC) (rerun 5) execution test
FAIL: libmudflap.cth/pass37-frag.c (-static -DSTATIC) (rerun 5) output pattern test
WARNING: program timed out.
FAIL: libmudflap.cth/pass37-frag.c (-static -DSTATIC) (rerun 6) execution test
FAIL: libmudflap.cth/pass37-frag.c (-static -DSTATIC) (rerun 6) output pattern test
WARNING: program timed out.
FAIL: libmudflap.cth/pass37-frag.c (-static -DSTATIC) (rerun 7) execution test
FAIL: libmudflap.cth/pass37-frag.c (-static -DSTATIC) (rerun 7) output pattern test
WARNING: program timed out.
FAIL: libmudflap.cth/pass37-frag.c (-static -DSTATIC) (rerun 8) execution test
FAIL: libmudflap.cth/pass37-frag.c (-static -DSTATIC) (rerun 8) output pattern test
WARNING: program timed out.
FAIL: libmudflap.cth/pass39-frag.c (-static -DSTATIC) (rerun 2) execution test
FAIL: libmudflap.cth/pass39-frag.c (-static -DSTATIC) (rerun 2) output pattern test
WARNING: program timed out.
FAIL: libmudflap.cth/pass39-frag.c (-static -DSTATIC) (rerun 3) execution test
FAIL: libmudflap.cth/pass39-frag.c (-static -DSTATIC) (rerun 3) output pattern test
WARNING: program timed out.
FAIL: libmudflap.cth/pass39-frag.c (-static -DSTATIC) (rerun 4) execution test
FAIL: libmudflap.cth/pass39-frag.c (-static -DSTATIC) (rerun 4) output pattern test
WARNING: program timed out.
FAIL: libmudflap.cth/pass39-frag.c (-static -DSTATIC) (rerun 8) execution test
FAIL: libmudflap.cth/pass39-frag.c (-static -DSTATIC) (rerun 8) output pattern test
WARNING: program timed out.
FAIL: libmudflap.cth/pass39-frag.c (-static -DSTATIC) (rerun 9) execution test
FAIL: libmudflap.cth/pass39-frag.c (-static -DSTATIC) (rerun 9) output pattern test
WARNING: program timed out.
FAIL: libmudflap.cth/pass39-frag.c (-static -DSTATIC) (rerun 10) execution test
FAIL: libmudflap.cth/pass39-frag.c (-static -DSTATIC) (rerun 10) output pattern test
WARNING: program timed out.
FAIL: libmudflap.cth/pass39-frag.c (-static -DSTATIC) (rerun 11) execution test
FAIL: libmudflap.cth/pass39-frag.c (-static -DSTATIC) (rerun 11) output pattern test
WARNING: program timed out.
FAIL: libmudflap.cth/pass39-frag.c (-static -DSTATIC) (rerun 12) execution test
FAIL: libmudflap.cth/pass39-frag.c (-static -DSTATIC) (rerun 12) output pattern test
WARNING: program timed out.
FAIL: libmudflap.cth/pass39-frag.c (-static -DSTATIC) (rerun 13) execution test
FAIL: libmudflap.cth/pass39-frag.c (-static -DSTATIC) (rerun 13) output pattern test
WARNING: program timed out.
FAIL: libmudflap.cth/pass39-frag.c (-static -DSTATIC) (rerun 14) execution test
FAIL: libmudflap.cth/pass39-frag.c (-static -DSTATIC) (rerun 14) output pattern test
WARNING: program timed out.
FAIL: libmudflap.cth/pass39-frag.c (-static -DSTATIC) (rerun 15) execution test
FAIL: libmudflap.cth/pass39-frag.c (-static -DSTATIC) (rerun 15) output pattern test
WARNING: program timed out.
FAIL: libmudflap.cth/pass39-frag.c (-static -DSTATIC) (rerun 16) execution test
FAIL: libmudflap.cth/pass39-frag.c (-static -DSTATIC) (rerun 16) output pattern test
WARNING: program timed out.
FAIL: libmudflap.cth/pass39-frag.c (-static -DSTATIC) (rerun 17) execution test
FAIL: libmudflap.cth/pass39-frag.c (-static -DSTATIC) (rerun 17) output pattern test
WARNING: program timed out.
FAIL: libmudflap.cth/pass39-frag.c (-static -DSTATIC) (rerun 18) execution test
FAIL: libmudflap.cth/pass39-frag.c (-static -DSTATIC) (rerun 18) output pattern test
WARNING: program timed out.
FAIL: libmudflap.cth/pass37-frag.c (-O2) (rerun 13) execution test
FAIL: libmudflap.cth/pass37-frag.c (-O2) (rerun 13) output pattern test
WARNING: program timed out.
FAIL: libmudflap.cth/pass37-frag.c (-O2) (rerun 14) execution test
FAIL: libmudflap.cth/pass37-frag.c (-O2) (rerun 14) output pattern test
WARNING: program timed out.
FAIL: libmudflap.cth/pass37-frag.c (-O2) (rerun 15) execution test
FAIL: libmudflap.cth/pass37-frag.c (-O2) (rerun 15) output pattern test
WARNING: program timed out.
FAIL: libmudflap.cth/pass37-frag.c (-O2) (rerun 17) execution test
FAIL: libmudflap.cth/pass37-frag.c (-O2) (rerun 17) output pattern test
WARNING: program timed out.
FAIL: libmudflap.cth/pass37-frag.c (-O2) (rerun 18) execution test
FAIL: libmudflap.cth/pass37-frag.c (-O2) (rerun 18) output pattern test
WARNING: program timed out.
FAIL: libmudflap.cth/pass37-frag.c (-O2) (rerun 19) execution test
FAIL: libmudflap.cth/pass37-frag.c (-O2) (rerun 19) output pattern test
WARNING: program timed out.
FAIL: libmudflap.cth/pass39-frag.c (-O2) execution test
FAIL: libmudflap.cth/pass39-frag.c (-O2) output pattern test
WARNING: program timed out.
FAIL: libmudflap.cth/pass39-frag.c (-O2) (rerun 1) execution test
FAIL: libmudflap.cth/pass39-frag.c (-O2) (rerun 1) output pattern test
WARNING: program timed out.
FAIL: libmudflap.cth/pass39-frag.c (-O2) (rerun 8) execution test
FAIL: libmudflap.cth/pass39-frag.c (-O2) (rerun 8) output pattern test
WARNING: program timed out.
FAIL: libmudflap.cth/pass39-frag.c (-O2) (rerun 9) execution test
FAIL: libmudflap.cth/pass39-frag.c (-O2) (rerun 9) output pattern test
WARNING: program timed out.
FAIL: libmudflap.cth/pass39-frag.c (-O2) (rerun 10) execution test
FAIL: libmudflap.cth/pass39-frag.c (-O2) (rerun 10) output pattern test
WARNING: program timed out.
FAIL: libmudflap.cth/pass39-frag.c (-O2) (rerun 11) execution test
FAIL: libmudflap.cth/pass39-frag.c (-O2) (rerun 11) output pattern test
WARNING: program timed out.
FAIL: libmudflap.cth/pass39-frag.c (-O2) (rerun 12) execution test
FAIL: libmudflap.cth/pass39-frag.c (-O2) (rerun 12) output pattern test
WARNING: program timed out.
FAIL: libmudflap.cth/pass39-frag.c (-O2) (rerun 13) execution test
FAIL: libmudflap.cth/pass39-frag.c (-O2) (rerun 13) output pattern test
WARNING: program timed out.
FAIL: libmudflap.cth/pass39-frag.c (-O2) (rerun 14) execution test
FAIL: libmudflap.cth/pass39-frag.c (-O2) (rerun 14) output pattern test
WARNING: program timed out.
FAIL: libmudflap.cth/pass37-frag.c (-O3) (rerun 1) execution test
FAIL: libmudflap.cth/pass37-frag.c (-O3) (rerun 1) output pattern test
WARNING: program timed out.
FAIL: libmudflap.cth/pass37-frag.c (-O3) (rerun 2) execution test
FAIL: libmudflap.cth/pass37-frag.c (-O3) (rerun 2) output pattern test
WARNING: program timed out.
FAIL: libmudflap.cth/pass37-frag.c (-O3) (rerun 4) execution test
FAIL: libmudflap.cth/pass37-frag.c (-O3) (rerun 4) output pattern test
WARNING: program timed out.
FAIL: libmudflap.cth/pass37-frag.c (-O3) (rerun 8) execution test
FAIL: libmudflap.cth/pass37-frag.c (-O3) (rerun 8) output pattern test
WARNING: program timed out.
FAIL: libmudflap.cth/pass37-frag.c (-O3) (rerun 10) execution test
FAIL: libmudflap.cth/pass37-frag.c (-O3) (rerun 10) output pattern test
WARNING: program timed out.
FAIL: libmudflap.cth/pass37-frag.c (-O3) (rerun 13) execution test
FAIL: libmudflap.cth/pass37-frag.c (-O3) (rerun 13) output pattern test
WARNING: program timed out.
FAIL: libmudflap.cth/pass39-frag.c (-O3) (rerun 4) execution test
FAIL: libmudflap.cth/pass39-frag.c (-O3) (rerun 4) output pattern test
WARNING: program timed out.
FAIL: libmudflap.cth/pass39-frag.c (-O3) (rerun 5) execution test
FAIL: libmudflap.cth/pass39-frag.c (-O3) (rerun 5) output pattern test
WARNING: program timed out.
FAIL: libmudflap.cth/pass39-frag.c (-O3) (rerun 6) execution test
FAIL: libmudflap.cth/pass39-frag.c (-O3) (rerun 6) output pattern test
WARNING: program timed out.
FAIL: libmudflap.cth/pass39-frag.c (-O3) (rerun 7) execution test
FAIL: libmudflap.cth/pass39-frag.c (-O3) (rerun 7) output pattern test
WARNING: program timed out.
FAIL: libmudflap.cth/pass39-frag.c (-O3) (rerun 9) execution test
FAIL: libmudflap.cth/pass39-frag.c (-O3) (rerun 9) output pattern test
WARNING: program timed out.
FAIL: libmudflap.cth/pass39-frag.c (-O3) (rerun 10) execution test
FAIL: libmudflap.cth/pass39-frag.c (-O3) (rerun 10) output pattern test
=== libmudflap Summary for unix/-m32 ===
# of expected passes 989
# of unexpected failures 103
Running target unix/-m64
FAIL: libmudflap.c/fail1-frag.c (test for excess errors)
WARNING: libmudflap.c/fail1-frag.c compilation failed to produce executable
FAIL: libmudflap.c/fail10-frag.c (test for excess errors)
WARNING: libmudflap.c/fail10-frag.c compilation failed to produce executable
FAIL: libmudflap.c/fail11-frag.c (test for excess errors)
WARNING: libmudflap.c/fail11-frag.c compilation failed to produce executable
FAIL: libmudflap.c/fail12-frag.c (test for excess errors)
WARNING: libmudflap.c/fail12-frag.c compilation failed to produce executable
FAIL: libmudflap.c/fail13-frag.c (test for excess errors)
WARNING: libmudflap.c/fail13-frag.c compilation failed to produce executable
FAIL: libmudflap.c/fail14-frag.c (test for excess errors)
WARNING: libmudflap.c/fail14-frag.c compilation failed to produce executable
FAIL: libmudflap.c/fail15-frag.c (test for excess errors)
WARNING: libmudflap.c/fail15-frag.c compilation failed to produce executable
FAIL: libmudflap.c/fail16-frag.c (test for excess errors)
WARNING: libmudflap.c/fail16-frag.c compilation failed to produce executable
FAIL: libmudflap.c/fail17-frag.c (test for excess errors)
WARNING: libmudflap.c/fail17-frag.c compilation failed to produce executable
FAIL: libmudflap.c/fail18-frag.c (test for excess errors)
WARNING: libmudflap.c/fail18-frag.c compilation failed to produce executable
FAIL: libmudflap.c/fail19-frag.c (test for excess errors)
WARNING: libmudflap.c/fail19-frag.c compilation failed to produce executable
FAIL: libmudflap.c/fail2-frag.c (test for excess errors)
WARNING: libmudflap.c/fail2-frag.c compilation failed to produce executable
FAIL: libmudflap.c/fail20-frag.c (test for excess errors)
WARNING: libmudflap.c/fail20-frag.c compilation failed to produce executable
FAIL: libmudflap.c/fail21-frag.c (test for excess errors)
WARNING: libmudflap.c/fail21-frag.c compilation failed to produce executable
FAIL: libmudflap.c/fail22-frag.c (test for excess errors)
WARNING: libmudflap.c/fail22-frag.c compilation failed to produce executable
FAIL: libmudflap.c/fail23-frag.c (test for excess errors)
WARNING: libmudflap.c/fail23-frag.c compilation failed to produce executable
FAIL: libmudflap.c/fail25-frag.c (test for excess errors)
WARNING: libmudflap.c/fail25-frag.c compilation failed to produce executable
FAIL: libmudflap.c/fail26-frag.c (test for excess errors)
WARNING: libmudflap.c/fail26-frag.c compilation failed to produce executable
FAIL: libmudflap.c/fail27-frag.c (test for excess errors)
WARNING: libmudflap.c/fail27-frag.c compilation failed to produce executable
FAIL: libmudflap.c/fail28-frag.c (test for excess errors)
WARNING: libmudflap.c/fail28-frag.c compilation failed to produce executable
FAIL: libmudflap.c/fail29-frag.c (test for excess errors)
WARNING: libmudflap.c/fail29-frag.c compilation failed to produce executable
FAIL: libmudflap.c/fail3-frag.c (test for excess errors)
WARNING: libmudflap.c/fail3-frag.c compilation failed to produce executable
FAIL: libmudflap.c/fail30-frag.c (test for excess errors)
WARNING: libmudflap.c/fail30-frag.c compilation failed to produce executable
FAIL: libmudflap.c/fail31-frag.c (test for excess errors)
WARNING: libmudflap.c/fail31-frag.c compilation failed to produce executable
FAIL: libmudflap.c/fail4-frag.c (test for excess errors)
WARNING: libmudflap.c/fail4-frag.c compilation failed to produce executable
FAIL: libmudflap.c/fail5-frag.c (test for excess errors)
WARNING: libmudflap.c/fail5-frag.c compilation failed to produce executable
FAIL: libmudflap.c/fail6-frag.c (test for excess errors)
WARNING: libmudflap.c/fail6-frag.c compilation failed to produce executable
FAIL: libmudflap.c/fail7-frag.c (test for excess errors)
WARNING: libmudflap.c/fail7-frag.c compilation failed to produce executable
FAIL: libmudflap.c/fail8-frag.c (test for excess errors)
WARNING: libmudflap.c/fail8-frag.c compilation failed to produce executable
FAIL: libmudflap.c/fail9-frag.c (test for excess errors)
WARNING: libmudflap.c/fail9-frag.c compilation failed to produce executable
FAIL: libmudflap.c/hook-allocstuff.c (test for excess errors)
WARNING: libmudflap.c/hook-allocstuff.c compilation failed to produce executable
FAIL: libmudflap.c/pass-stratcliff.c (test for excess errors)
WARNING: libmudflap.c/pass-stratcliff.c compilation failed to produce executable
FAIL: libmudflap.c/pass1-frag.c (test for excess errors)
WARNING: libmudflap.c/pass1-frag.c compilation failed to produce executable
FAIL: libmudflap.c/pass10-frag.c (test for excess errors)
WARNING: libmudflap.c/pass10-frag.c compilation failed to produce executable
FAIL: libmudflap.c/pass11-frag.c (test for excess errors)
WARNING: libmudflap.c/pass11-frag.c compilation failed to produce executable
FAIL: libmudflap.c/pass12-frag.c (test for excess errors)
WARNING: libmudflap.c/pass12-frag.c compilation failed to produce executable
FAIL: libmudflap.c/pass13-frag.c (test for excess errors)
WARNING: libmudflap.c/pass13-frag.c compilation failed to produce executable
FAIL: libmudflap.c/pass14-frag.c (test for excess errors)
WARNING: libmudflap.c/pass14-frag.c compilation failed to produce executable
FAIL: libmudflap.c/pass15-frag.c (test for excess errors)
WARNING: libmudflap.c/pass15-frag.c compilation failed to produce executable
FAIL: libmudflap.c/pass16-frag.c (test for excess errors)
WARNING: libmudflap.c/pass16-frag.c compilation failed to produce executable
FAIL: libmudflap.c/pass17-frag.c (test for excess errors)
WARNING: libmudflap.c/pass17-frag.c compilation failed to produce executable
FAIL: libmudflap.c/pass18-frag.c (test for excess errors)
WARNING: libmudflap.c/pass18-frag.c compilation failed to produce executable
FAIL: libmudflap.c/pass19-frag.c (test for excess errors)
WARNING: libmudflap.c/pass19-frag.c compilation failed to produce executable
FAIL: libmudflap.c/pass2-frag.c (test for excess errors)
WARNING: libmudflap.c/pass2-frag.c compilation failed to produce executable
FAIL: libmudflap.c/pass20-frag.c (test for excess errors)
WARNING: libmudflap.c/pass20-frag.c compilation failed to produce executable
FAIL: libmudflap.c/pass21-frag.c (test for excess errors)
WARNING: libmudflap.c/pass21-frag.c compilation failed to produce executable
FAIL: libmudflap.c/pass22-frag.c (test for excess errors)
WARNING: libmudflap.c/pass22-frag.c compilation failed to produce executable
FAIL: libmudflap.c/pass23-frag.c (test for excess errors)
WARNING: libmudflap.c/pass23-frag.c compilation failed to produce executable
FAIL: libmudflap.c/pass24-frag.c (test for excess errors)
WARNING: libmudflap.c/pass24-frag.c compilation failed to produce executable
FAIL: libmudflap.c/pass25-frag.c (test for excess errors)
WARNING: libmudflap.c/pass25-frag.c compilation failed to produce executable
FAIL: libmudflap.c/pass26-frag.c (test for excess errors)
WARNING: libmudflap.c/pass26-frag.c compilation failed to produce executable
FAIL: libmudflap.c/pass29-frag.c (test for excess errors)
WARNING: libmudflap.c/pass29-frag.c compilation failed to produce executable
FAIL: libmudflap.c/pass3-frag.c (test for excess errors)
WARNING: libmudflap.c/pass3-frag.c compilation failed to produce executable
FAIL: libmudflap.c/pass30-frag.c (test for excess errors)
WARNING: libmudflap.c/pass30-frag.c compilation failed to produce executable
FAIL: libmudflap.c/pass32-frag.c (test for excess errors)
WARNING: libmudflap.c/pass32-frag.c compilation failed to produce executable
FAIL: libmudflap.c/pass33-frag.c (test for excess errors)
WARNING: libmudflap.c/pass33-frag.c compilation failed to produce executable
FAIL: libmudflap.c/pass34-frag.c (test for excess errors)
WARNING: libmudflap.c/pass34-frag.c compilation failed to produce executable
FAIL: libmudflap.c/pass35-frag.c (test for excess errors)
WARNING: libmudflap.c/pass35-frag.c compilation failed to produce executable
FAIL: libmudflap.c/pass36-frag.c (test for excess errors)
WARNING: libmudflap.c/pass36-frag.c compilation failed to produce executable
FAIL: libmudflap.c/pass38-frag.c (test for excess errors)
WARNING: libmudflap.c/pass38-frag.c compilation failed to produce executable
FAIL: libmudflap.c/pass4-frag.c (test for excess errors)
WARNING: libmudflap.c/pass4-frag.c compilation failed to produce executable
FAIL: libmudflap.c/pass42-frag.c (test for excess errors)
WARNING: libmudflap.c/pass42-frag.c compilation failed to produce executable
FAIL: libmudflap.c/pass43-frag.c (test for excess errors)
WARNING: libmudflap.c/pass43-frag.c compilation failed to produce executable
FAIL: libmudflap.c/pass44-frag.c (test for excess errors)
WARNING: libmudflap.c/pass44-frag.c compilation failed to produce executable
FAIL: libmudflap.c/pass45-frag.c (test for excess errors)
WARNING: libmudflap.c/pass45-frag.c compilation failed to produce executable
FAIL: libmudflap.c/pass46-frag.c (test for excess errors)
WARNING: libmudflap.c/pass46-frag.c compilation failed to produce executable
FAIL: libmudflap.c/pass5-frag.c (test for excess errors)
WARNING: libmudflap.c/pass5-frag.c compilation failed to produce executable
FAIL: libmudflap.c/pass6-frag.c (test for excess errors)
WARNING: libmudflap.c/pass6-frag.c compilation failed to produce executable
FAIL: libmudflap.c/pass7-frag.c (test for excess errors)
WARNING: libmudflap.c/pass7-frag.c compilation failed to produce executable
FAIL: libmudflap.c/pass8-frag.c (test for excess errors)
WARNING: libmudflap.c/pass8-frag.c compilation failed to produce executable
FAIL: libmudflap.c/pass9-frag.c (test for excess errors)
WARNING: libmudflap.c/pass9-frag.c compilation failed to produce executable
FAIL: libmudflap.c/fail1-frag.c (-static) (test for excess errors)
WARNING: libmudflap.c/fail1-frag.c (-static) compilation failed to produce executable
FAIL: libmudflap.c/fail10-frag.c (-static) (test for excess errors)
WARNING: libmudflap.c/fail10-frag.c (-static) compilation failed to produce executable
FAIL: libmudflap.c/fail11-frag.c (-static) (test for excess errors)
WARNING: libmudflap.c/fail11-frag.c (-static) compilation failed to produce executable
FAIL: libmudflap.c/fail12-frag.c (-static) (test for excess errors)
WARNING: libmudflap.c/fail12-frag.c (-static) compilation failed to produce executable
FAIL: libmudflap.c/fail13-frag.c (-static) (test for excess errors)
WARNING: libmudflap.c/fail13-frag.c (-static) compilation failed to produce executable
FAIL: libmudflap.c/fail14-frag.c (-static) (test for excess errors)
WARNING: libmudflap.c/fail14-frag.c (-static) compilation failed to produce executable
FAIL: libmudflap.c/fail15-frag.c (-static) (test for excess errors)
WARNING: libmudflap.c/fail15-frag.c (-static) compilation failed to produce executable
FAIL: libmudflap.c/fail16-frag.c (-static) (test for excess errors)
WARNING: libmudflap.c/fail16-frag.c (-static) compilation failed to produce executable
FAIL: libmudflap.c/fail17-frag.c (-static) (test for excess errors)
WARNING: libmudflap.c/fail17-frag.c (-static) compilation failed to produce executable
FAIL: libmudflap.c/fail18-frag.c (-static) (test for excess errors)
WARNING: libmudflap.c/fail18-frag.c (-static) compilation failed to produce executable
FAIL: libmudflap.c/fail19-frag.c (-static) (test for excess errors)
WARNING: libmudflap.c/fail19-frag.c (-static) compilation failed to produce executable
FAIL: libmudflap.c/fail2-frag.c (-static) (test for excess errors)
WARNING: libmudflap.c/fail2-frag.c (-static) compilation failed to produce executable
FAIL: libmudflap.c/fail20-frag.c (-static) (test for excess errors)
WARNING: libmudflap.c/fail20-frag.c (-static) compilation failed to produce executable
FAIL: libmudflap.c/fail21-frag.c (-static) (test for excess errors)
WARNING: libmudflap.c/fail21-frag.c (-static) compilation failed to produce executable
FAIL: libmudflap.c/fail22-frag.c (-static) (test for excess errors)
WARNING: libmudflap.c/fail22-frag.c (-static) compilation failed to produce executable
FAIL: libmudflap.c/fail23-frag.c (-static) (test for excess errors)
WARNING: libmudflap.c/fail23-frag.c (-static) compilation failed to produce executable
FAIL: libmudflap.c/fail25-frag.c (-static) (test for excess errors)
WARNING: libmudflap.c/fail25-frag.c (-static) compilation failed to produce executable
FAIL: libmudflap.c/fail26-frag.c (-static) (test for excess errors)
WARNING: libmudflap.c/fail26-frag.c (-static) compilation failed to produce executable
FAIL: libmudflap.c/fail27-frag.c (-static) (test for excess errors)
WARNING: libmudflap.c/fail27-frag.c (-static) compilation failed to produce executable
FAIL: libmudflap.c/fail28-frag.c (-static) (test for excess errors)
WARNING: libmudflap.c/fail28-frag.c (-static) compilation failed to produce executable
FAIL: libmudflap.c/fail29-frag.c (-static) (test for excess errors)
WARNING: libmudflap.c/fail29-frag.c (-static) compilation failed to produce executable
FAIL: libmudflap.c/fail3-frag.c (-static) (test for excess errors)
WARNING: libmudflap.c/fail3-frag.c (-static) compilation failed to produce executable
FAIL: libmudflap.c/fail30-frag.c (-static) (test for excess errors)
WARNING: libmudflap.c/fail30-frag.c (-static) compilation failed to produce executable
FAIL: libmudflap.c/fail31-frag.c (-static) (test for excess errors)
WARNING: libmudflap.c/fail31-frag.c (-static) compilation failed to produce executable
FAIL: libmudflap.c/fail4-frag.c (-static) (test for excess errors)
WARNING: libmudflap.c/fail4-frag.c (-static) compilation failed to produce executable
FAIL: libmudflap.c/fail5-frag.c (-static) (test for excess errors)
WARNING: libmudflap.c/fail5-frag.c (-static) compilation failed to produce executable
FAIL: libmudflap.c/fail6-frag.c (-static) (test for excess errors)
WARNING: libmudflap.c/fail6-frag.c (-static) compilation failed to produce executable
FAIL: libmudflap.c/fail7-frag.c (-static) (test for excess errors)
WARNING: libmudflap.c/fail7-frag.c (-static) compilation failed to produce executable
FAIL: libmudflap.c/fail8-frag.c (-static) (test for excess errors)
WARNING: libmudflap.c/fail8-frag.c (-static) compilation failed to produce executable
FAIL: libmudflap.c/fail9-frag.c (-static) (test for excess errors)
WARNING: libmudflap.c/fail9-frag.c (-static) compilation failed to produce executable
FAIL: libmudflap.c/hook-allocstuff.c (-static) (test for excess errors)
WARNING: libmudflap.c/hook-allocstuff.c (-static) compilation failed to produce executable
FAIL: libmudflap.c/pass-stratcliff.c (-static) (test for excess errors)
WARNING: libmudflap.c/pass-stratcliff.c (-static) compilation failed to produce executable
FAIL: libmudflap.c/pass1-frag.c (-static) (test for excess errors)
WARNING: libmudflap.c/pass1-frag.c (-static) compilation failed to produce executable
FAIL: libmudflap.c/pass10-frag.c (-static) (test for excess errors)
WARNING: libmudflap.c/pass10-frag.c (-static) compilation failed to produce executable
FAIL: libmudflap.c/pass11-frag.c (-static) (test for excess errors)
WARNING: libmudflap.c/pass11-frag.c (-static) compilation failed to produce executable
FAIL: libmudflap.c/pass12-frag.c (-static) (test for excess errors)
WARNING: libmudflap.c/pass12-frag.c (-static) compilation failed to produce executable
FAIL: libmudflap.c/pass13-frag.c (-static) (test for excess errors)
WARNING: libmudflap.c/pass13-frag.c (-static) compilation failed to produce executable
FAIL: libmudflap.c/pass14-frag.c (-static) (test for excess errors)
WARNING: libmudflap.c/pass14-frag.c (-static) compilation failed to produce executable
FAIL: libmudflap.c/pass15-frag.c (-static) (test for excess errors)
WARNING: libmudflap.c/pass15-frag.c (-static) compilation failed to produce executable
FAIL: libmudflap.c/pass16-frag.c (-static) (test for excess errors)
WARNING: libmudflap.c/pass16-frag.c (-static) compilation failed to produce executable
FAIL: libmudflap.c/pass17-frag.c (-static) (test for excess errors)
WARNING: libmudflap.c/pass17-frag.c (-static) compilation failed to produce executable
FAIL: libmudflap.c/pass18-frag.c (-static) (test for excess errors)
WARNING: libmudflap.c/pass18-frag.c (-static) compilation failed to produce executable
FAIL: libmudflap.c/pass19-frag.c (-static) (test for excess errors)
WARNING: libmudflap.c/pass19-frag.c (-static) compilation failed to produce executable
FAIL: libmudflap.c/pass2-frag.c (-static) (test for excess errors)
WARNING: libmudflap.c/pass2-frag.c (-static) compilation failed to produce executable
FAIL: libmudflap.c/pass20-frag.c (-static) (test for excess errors)
WARNING: libmudflap.c/pass20-frag.c (-static) compilation failed to produce executable
FAIL: libmudflap.c/pass21-frag.c (-static) (test for excess errors)
WARNING: libmudflap.c/pass21-frag.c (-static) compilation failed to produce executable
FAIL: libmudflap.c/pass22-frag.c (-static) (test for excess errors)
WARNING: libmudflap.c/pass22-frag.c (-static) compilation failed to produce executable
FAIL: libmudflap.c/pass23-frag.c (-static) (test for excess errors)
WARNING: libmudflap.c/pass23-frag.c (-static) compilation failed to produce executable
FAIL: libmudflap.c/pass24-frag.c (-static) (test for excess errors)
WARNING: libmudflap.c/pass24-frag.c (-static) compilation failed to produce executable
FAIL: libmudflap.c/pass25-frag.c (-static) (test for excess errors)
WARNING: libmudflap.c/pass25-frag.c (-static) compilation failed to produce executable
FAIL: libmudflap.c/pass26-frag.c (-static) (test for excess errors)
WARNING: libmudflap.c/pass26-frag.c (-static) compilation failed to produce executable
FAIL: libmudflap.c/pass29-frag.c (-static) (test for excess errors)
WARNING: libmudflap.c/pass29-frag.c (-static) compilation failed to produce executable
FAIL: libmudflap.c/pass3-frag.c (-static) (test for excess errors)
WARNING: libmudflap.c/pass3-frag.c (-static) compilation failed to produce executable
FAIL: libmudflap.c/pass30-frag.c (-static) (test for excess errors)
WARNING: libmudflap.c/pass30-frag.c (-static) compilation failed to produce executable
FAIL: libmudflap.c/pass32-frag.c (-static) (test for excess errors)
WARNING: libmudflap.c/pass32-frag.c (-static) compilation failed to produce executable
FAIL: libmudflap.c/pass33-frag.c (-static) (test for excess errors)
WARNING: libmudflap.c/pass33-frag.c (-static) compilation failed to produce executable
FAIL: libmudflap.c/pass34-frag.c (-static) (test for excess errors)
WARNING: libmudflap.c/pass34-frag.c (-static) compilation failed to produce executable
FAIL: libmudflap.c/pass35-frag.c (-static) (test for excess errors)
WARNING: libmudflap.c/pass35-frag.c (-static) compilation failed to produce executable
FAIL: libmudflap.c/pass36-frag.c (-static) (test for excess errors)
WARNING: libmudflap.c/pass36-frag.c (-static) compilation failed to produce executable
FAIL: libmudflap.c/pass38-frag.c (-static) (test for excess errors)
WARNING: libmudflap.c/pass38-frag.c (-static) compilation failed to produce executable
FAIL: libmudflap.c/pass4-frag.c (-static) (test for excess errors)
WARNING: libmudflap.c/pass4-frag.c (-static) compilation failed to produce executable
FAIL: libmudflap.c/pass42-frag.c (-static) (test for excess errors)
WARNING: libmudflap.c/pass42-frag.c (-static) compilation failed to produce executable
FAIL: libmudflap.c/pass43-frag.c (-static) (test for excess errors)
WARNING: libmudflap.c/pass43-frag.c (-static) compilation failed to produce executable
FAIL: libmudflap.c/pass44-frag.c (-static) (test for excess errors)
WARNING: libmudflap.c/pass44-frag.c (-static) compilation failed to produce executable
FAIL: libmudflap.c/pass45-frag.c (-static) (test for excess errors)
WARNING: libmudflap.c/pass45-frag.c (-static) compilation failed to produce executable
FAIL: libmudflap.c/pass46-frag.c (-static) (test for excess errors)
WARNING: libmudflap.c/pass46-frag.c (-static) compilation failed to produce executable
FAIL: libmudflap.c/pass5-frag.c (-static) (test for excess errors)
WARNING: libmudflap.c/pass5-frag.c (-static) compilation failed to produce executable
FAIL: libmudflap.c/pass6-frag.c (-static) (test for excess errors)
WARNING: libmudflap.c/pass6-frag.c (-static) compilation failed to produce executable
FAIL: libmudflap.c/pass7-frag.c (-static) (test for excess errors)
WARNING: libmudflap.c/pass7-frag.c (-static) compilation failed to produce executable
FAIL: libmudflap.c/pass8-frag.c (-static) (test for excess errors)
WARNING: libmudflap.c/pass8-frag.c (-static) compilation failed to produce executable
FAIL: libmudflap.c/pass9-frag.c (-static) (test for excess errors)
WARNING: libmudflap.c/pass9-frag.c (-static) compilation failed to produce executable
FAIL: libmudflap.c/fail1-frag.c (-O2) (test for excess errors)
WARNING: libmudflap.c/fail1-frag.c (-O2) compilation failed to produce executable
FAIL: libmudflap.c/fail10-frag.c (-O2) (test for excess errors)
WARNING: libmudflap.c/fail10-frag.c (-O2) compilation failed to produce executable
FAIL: libmudflap.c/fail11-frag.c (-O2) (test for excess errors)
WARNING: libmudflap.c/fail11-frag.c (-O2) compilation failed to produce executable
FAIL: libmudflap.c/fail12-frag.c (-O2) (test for excess errors)
WARNING: libmudflap.c/fail12-frag.c (-O2) compilation failed to produce executable
FAIL: libmudflap.c/fail13-frag.c (-O2) (test for excess errors)
WARNING: libmudflap.c/fail13-frag.c (-O2) compilation failed to produce executable
FAIL: libmudflap.c/fail14-frag.c (-O2) (test for excess errors)
WARNING: libmudflap.c/fail14-frag.c (-O2) compilation failed to produce executable
FAIL: libmudflap.c/fail15-frag.c (-O2) (test for excess errors)
WARNING: libmudflap.c/fail15-frag.c (-O2) compilation failed to produce executable
FAIL: libmudflap.c/fail16-frag.c (-O2) (test for excess errors)
WARNING: libmudflap.c/fail16-frag.c (-O2) compilation failed to produce executable
FAIL: libmudflap.c/fail17-frag.c (-O2) (test for excess errors)
WARNING: libmudflap.c/fail17-frag.c (-O2) compilation failed to produce executable
FAIL: libmudflap.c/fail18-frag.c (-O2) (test for excess errors)
WARNING: libmudflap.c/fail18-frag.c (-O2) compilation failed to produce executable
FAIL: libmudflap.c/fail19-frag.c (-O2) (test for excess errors)
WARNING: libmudflap.c/fail19-frag.c (-O2) compilation failed to produce executable
FAIL: libmudflap.c/fail2-frag.c (-O2) (test for excess errors)
WARNING: libmudflap.c/fail2-frag.c (-O2) compilation failed to produce executable
FAIL: libmudflap.c/fail20-frag.c (-O2) (test for excess errors)
WARNING: libmudflap.c/fail20-frag.c (-O2) compilation failed to produce executable
FAIL: libmudflap.c/fail21-frag.c (-O2) (test for excess errors)
WARNING: libmudflap.c/fail21-frag.c (-O2) compilation failed to produce executable
FAIL: libmudflap.c/fail22-frag.c (-O2) (test for excess errors)
WARNING: libmudflap.c/fail22-frag.c (-O2) compilation failed to produce executable
FAIL: libmudflap.c/fail23-frag.c (-O2) (test for excess errors)
WARNING: libmudflap.c/fail23-frag.c (-O2) compilation failed to produce executable
FAIL: libmudflap.c/fail25-frag.c (-O2) (test for excess errors)
WARNING: libmudflap.c/fail25-frag.c (-O2) compilation failed to produce executable
FAIL: libmudflap.c/fail26-frag.c (-O2) (test for excess errors)
WARNING: libmudflap.c/fail26-frag.c (-O2) compilation failed to produce executable
FAIL: libmudflap.c/fail27-frag.c (-O2) (test for excess errors)
WARNING: libmudflap.c/fail27-frag.c (-O2) compilation failed to produce executable
FAIL: libmudflap.c/fail28-frag.c (-O2) (test for excess errors)
WARNING: libmudflap.c/fail28-frag.c (-O2) compilation failed to produce executable
FAIL: libmudflap.c/fail29-frag.c (-O2) (test for excess errors)
WARNING: libmudflap.c/fail29-frag.c (-O2) compilation failed to produce executable
FAIL: libmudflap.c/fail3-frag.c (-O2) (test for excess errors)
WARNING: libmudflap.c/fail3-frag.c (-O2) compilation failed to produce executable
FAIL: libmudflap.c/fail30-frag.c (-O2) (test for excess errors)
WARNING: libmudflap.c/fail30-frag.c (-O2) compilation failed to produce executable
FAIL: libmudflap.c/fail31-frag.c (-O2) (test for excess errors)
WARNING: libmudflap.c/fail31-frag.c (-O2) compilation failed to produce executable
FAIL: libmudflap.c/fail4-frag.c (-O2) (test for excess errors)
WARNING: libmudflap.c/fail4-frag.c (-O2) compilation failed to produce executable
FAIL: libmudflap.c/fail5-frag.c (-O2) (test for excess errors)
WARNING: libmudflap.c/fail5-frag.c (-O2) compilation failed to produce executable
FAIL: libmudflap.c/fail6-frag.c (-O2) (test for excess errors)
WARNING: libmudflap.c/fail6-frag.c (-O2) compilation failed to produce executable
FAIL: libmudflap.c/fail7-frag.c (-O2) (test for excess errors)
WARNING: libmudflap.c/fail7-frag.c (-O2) compilation failed to produce executable
FAIL: libmudflap.c/fail8-frag.c (-O2) (test for excess errors)
WARNING: libmudflap.c/fail8-frag.c (-O2) compilation failed to produce executable
FAIL: libmudflap.c/fail9-frag.c (-O2) (test for excess errors)
WARNING: libmudflap.c/fail9-frag.c (-O2) compilation failed to produce executable
FAIL: libmudflap.c/hook-allocstuff.c (-O2) (test for excess errors)
WARNING: libmudflap.c/hook-allocstuff.c (-O2) compilation failed to produce executable
FAIL: libmudflap.c/pass-stratcliff.c (-O2) (test for excess errors)
WARNING: libmudflap.c/pass-stratcliff.c (-O2) compilation failed to produce executable
FAIL: libmudflap.c/pass1-frag.c (-O2) (test for excess errors)
WARNING: libmudflap.c/pass1-frag.c (-O2) compilation failed to produce executable
FAIL: libmudflap.c/pass10-frag.c (-O2) (test for excess errors)
WARNING: libmudflap.c/pass10-frag.c (-O2) compilation failed to produce executable
FAIL: libmudflap.c/pass11-frag.c (-O2) (test for excess errors)
WARNING: libmudflap.c/pass11-frag.c (-O2) compilation failed to produce executable
FAIL: libmudflap.c/pass12-frag.c (-O2) (test for excess errors)
WARNING: libmudflap.c/pass12-frag.c (-O2) compilation failed to produce executable
FAIL: libmudflap.c/pass13-frag.c (-O2) (test for excess errors)
WARNING: libmudflap.c/pass13-frag.c (-O2) compilation failed to produce executable
FAIL: libmudflap.c/pass14-frag.c (-O2) (test for excess errors)
WARNING: libmudflap.c/pass14-frag.c (-O2) compilation failed to produce executable
FAIL: libmudflap.c/pass15-frag.c (-O2) (test for excess errors)
WARNING: libmudflap.c/pass15-frag.c (-O2) compilation failed to produce executable
FAIL: libmudflap.c/pass16-frag.c (-O2) (test for excess errors)
WARNING: libmudflap.c/pass16-frag.c (-O2) compilation failed to produce executable
FAIL: libmudflap.c/pass17-frag.c (-O2) (test for excess errors)
WARNING: libmudflap.c/pass17-frag.c (-O2) compilation failed to produce executable
FAIL: libmudflap.c/pass18-frag.c (-O2) (test for excess errors)
WARNING: libmudflap.c/pass18-frag.c (-O2) compilation failed to produce executable
FAIL: libmudflap.c/pass19-frag.c (-O2) (test for excess errors)
WARNING: libmudflap.c/pass19-frag.c (-O2) compilation failed to produce executable
FAIL: libmudflap.c/pass2-frag.c (-O2) (test for excess errors)
WARNING: libmudflap.c/pass2-frag.c (-O2) compilation failed to produce executable
FAIL: libmudflap.c/pass20-frag.c (-O2) (test for excess errors)
WARNING: libmudflap.c/pass20-frag.c (-O2) compilation failed to produce executable
FAIL: libmudflap.c/pass21-frag.c (-O2) (test for excess errors)
WARNING: libmudflap.c/pass21-frag.c (-O2) compilation failed to produce executable
FAIL: libmudflap.c/pass22-frag.c (-O2) (test for excess errors)
WARNING: libmudflap.c/pass22-frag.c (-O2) compilation failed to produce executable
FAIL: libmudflap.c/pass23-frag.c (-O2) (test for excess errors)
WARNING: libmudflap.c/pass23-frag.c (-O2) compilation failed to produce executable
FAIL: libmudflap.c/pass24-frag.c (-O2) (test for excess errors)
WARNING: libmudflap.c/pass24-frag.c (-O2) compilation failed to produce executable
FAIL: libmudflap.c/pass25-frag.c (-O2) (test for excess errors)
WARNING: libmudflap.c/pass25-frag.c (-O2) compilation failed to produce executable
FAIL: libmudflap.c/pass26-frag.c (-O2) (test for excess errors)
WARNING: libmudflap.c/pass26-frag.c (-O2) compilation failed to produce executable
FAIL: libmudflap.c/pass29-frag.c (-O2) (test for excess errors)
WARNING: libmudflap.c/pass29-frag.c (-O2) compilation failed to produce executable
FAIL: libmudflap.c/pass3-frag.c (-O2) (test for excess errors)
WARNING: libmudflap.c/pass3-frag.c (-O2) compilation failed to produce executable
FAIL: libmudflap.c/pass30-frag.c (-O2) (test for excess errors)
WARNING: libmudflap.c/pass30-frag.c (-O2) compilation failed to produce executable
FAIL: libmudflap.c/pass32-frag.c (-O2) (test for excess errors)
WARNING: libmudflap.c/pass32-frag.c (-O2) compilation failed to produce executable
FAIL: libmudflap.c/pass33-frag.c (-O2) (test for excess errors)
WARNING: libmudflap.c/pass33-frag.c (-O2) compilation failed to produce executable
FAIL: libmudflap.c/pass34-frag.c (-O2) (test for excess errors)
WARNING: libmudflap.c/pass34-frag.c (-O2) compilation failed to produce executable
FAIL: libmudflap.c/pass35-frag.c (-O2) (test for excess errors)
WARNING: libmudflap.c/pass35-frag.c (-O2) compilation failed to produce executable
FAIL: libmudflap.c/pass36-frag.c (-O2) (test for excess errors)
WARNING: libmudflap.c/pass36-frag.c (-O2) compilation failed to produce executable
FAIL: libmudflap.c/pass38-frag.c (-O2) (test for excess errors)
WARNING: libmudflap.c/pass38-frag.c (-O2) compilation failed to produce executable
FAIL: libmudflap.c/pass4-frag.c (-O2) (test for excess errors)
WARNING: libmudflap.c/pass4-frag.c (-O2) compilation failed to produce executable
FAIL: libmudflap.c/pass42-frag.c (-O2) (test for excess errors)
WARNING: libmudflap.c/pass42-frag.c (-O2) compilation failed to produce executable
FAIL: libmudflap.c/pass43-frag.c (-O2) (test for excess errors)
WARNING: libmudflap.c/pass43-frag.c (-O2) compilation failed to produce executable
FAIL: libmudflap.c/pass44-frag.c (-O2) (test for excess errors)
WARNING: libmudflap.c/pass44-frag.c (-O2) compilation failed to produce executable
FAIL: libmudflap.c/pass45-frag.c (-O2) (test for excess errors)
WARNING: libmudflap.c/pass45-frag.c (-O2) compilation failed to produce executable
FAIL: libmudflap.c/pass46-frag.c (-O2) (test for excess errors)
WARNING: libmudflap.c/pass46-frag.c (-O2) compilation failed to produce executable
FAIL: libmudflap.c/pass5-frag.c (-O2) (test for excess errors)
WARNING: libmudflap.c/pass5-frag.c (-O2) compilation failed to produce executable
FAIL: libmudflap.c/pass6-frag.c (-O2) (test for excess errors)
WARNING: libmudflap.c/pass6-frag.c (-O2) compilation failed to produce executable
FAIL: libmudflap.c/pass7-frag.c (-O2) (test for excess errors)
WARNING: libmudflap.c/pass7-frag.c (-O2) compilation failed to produce executable
FAIL: libmudflap.c/pass8-frag.c (-O2) (test for excess errors)
WARNING: libmudflap.c/pass8-frag.c (-O2) compilation failed to produce executable
FAIL: libmudflap.c/pass9-frag.c (-O2) (test for excess errors)
WARNING: libmudflap.c/pass9-frag.c (-O2) compilation failed to produce executable
FAIL: libmudflap.c/fail1-frag.c (-O3) (test for excess errors)
WARNING: libmudflap.c/fail1-frag.c (-O3) compilation failed to produce executable
FAIL: libmudflap.c/fail10-frag.c (-O3) (test for excess errors)
WARNING: libmudflap.c/fail10-frag.c (-O3) compilation failed to produce executable
FAIL: libmudflap.c/fail11-frag.c (-O3) (test for excess errors)
WARNING: libmudflap.c/fail11-frag.c (-O3) compilation failed to produce executable
FAIL: libmudflap.c/fail12-frag.c (-O3) (test for excess errors)
WARNING: libmudflap.c/fail12-frag.c (-O3) compilation failed to produce executable
FAIL: libmudflap.c/fail13-frag.c (-O3) (test for excess errors)
WARNING: libmudflap.c/fail13-frag.c (-O3) compilation failed to produce executable
FAIL: libmudflap.c/fail14-frag.c (-O3) (test for excess errors)
WARNING: libmudflap.c/fail14-frag.c (-O3) compilation failed to produce executable
FAIL: libmudflap.c/fail15-frag.c (-O3) (test for excess errors)
WARNING: libmudflap.c/fail15-frag.c (-O3) compilation failed to produce executable
FAIL: libmudflap.c/fail16-frag.c (-O3) (test for excess errors)
WARNING: libmudflap.c/fail16-frag.c (-O3) compilation failed to produce executable
FAIL: libmudflap.c/fail17-frag.c (-O3) (test for excess errors)
WARNING: libmudflap.c/fail17-frag.c (-O3) compilation failed to produce executable
FAIL: libmudflap.c/fail18-frag.c (-O3) (test for excess errors)
WARNING: libmudflap.c/fail18-frag.c (-O3) compilation failed to produce executable
FAIL: libmudflap.c/fail19-frag.c (-O3) (test for excess errors)
WARNING: libmudflap.c/fail19-frag.c (-O3) compilation failed to produce executable
FAIL: libmudflap.c/fail2-frag.c (-O3) (test for excess errors)
WARNING: libmudflap.c/fail2-frag.c (-O3) compilation failed to produce executable
FAIL: libmudflap.c/fail20-frag.c (-O3) (test for excess errors)
WARNING: libmudflap.c/fail20-frag.c (-O3) compilation failed to produce executable
FAIL: libmudflap.c/fail21-frag.c (-O3) (test for excess errors)
WARNING: libmudflap.c/fail21-frag.c (-O3) compilation failed to produce executable
FAIL: libmudflap.c/fail22-frag.c (-O3) (test for excess errors)
WARNING: libmudflap.c/fail22-frag.c (-O3) compilation failed to produce executable
FAIL: libmudflap.c/fail23-frag.c (-O3) (test for excess errors)
WARNING: libmudflap.c/fail23-frag.c (-O3) compilation failed to produce executable
FAIL: libmudflap.c/fail25-frag.c (-O3) (test for excess errors)
WARNING: libmudflap.c/fail25-frag.c (-O3) compilation failed to produce executable
FAIL: libmudflap.c/fail26-frag.c (-O3) (test for excess errors)
WARNING: libmudflap.c/fail26-frag.c (-O3) compilation failed to produce executable
FAIL: libmudflap.c/fail27-frag.c (-O3) (test for excess errors)
WARNING: libmudflap.c/fail27-frag.c (-O3) compilation failed to produce executable
FAIL: libmudflap.c/fail28-frag.c (-O3) (test for excess errors)
WARNING: libmudflap.c/fail28-frag.c (-O3) compilation failed to produce executable
FAIL: libmudflap.c/fail29-frag.c (-O3) (test for excess errors)
WARNING: libmudflap.c/fail29-frag.c (-O3) compilation failed to produce executable
FAIL: libmudflap.c/fail3-frag.c (-O3) (test for excess errors)
WARNING: libmudflap.c/fail3-frag.c (-O3) compilation failed to produce executable
FAIL: libmudflap.c/fail30-frag.c (-O3) (test for excess errors)
WARNING: libmudflap.c/fail30-frag.c (-O3) compilation failed to produce executable
FAIL: libmudflap.c/fail31-frag.c (-O3) (test for excess errors)
WARNING: libmudflap.c/fail31-frag.c (-O3) compilation failed to produce executable
FAIL: libmudflap.c/fail4-frag.c (-O3) (test for excess errors)
WARNING: libmudflap.c/fail4-frag.c (-O3) compilation failed to produce executable
FAIL: libmudflap.c/fail5-frag.c (-O3) (test for excess errors)
WARNING: libmudflap.c/fail5-frag.c (-O3) compilation failed to produce executable
FAIL: libmudflap.c/fail6-frag.c (-O3) (test for excess errors)
WARNING: libmudflap.c/fail6-frag.c (-O3) compilation failed to produce executable
FAIL: libmudflap.c/fail7-frag.c (-O3) (test for excess errors)
WARNING: libmudflap.c/fail7-frag.c (-O3) compilation failed to produce executable
FAIL: libmudflap.c/fail8-frag.c (-O3) (test for excess errors)
WARNING: libmudflap.c/fail8-frag.c (-O3) compilation failed to produce executable
FAIL: libmudflap.c/fail9-frag.c (-O3) (test for excess errors)
WARNING: libmudflap.c/fail9-frag.c (-O3) compilation failed to produce executable
FAIL: libmudflap.c/hook-allocstuff.c (-O3) (test for excess errors)
WARNING: libmudflap.c/hook-allocstuff.c (-O3) compilation failed to produce executable
FAIL: libmudflap.c/pass-stratcliff.c (-O3) (test for excess errors)
WARNING: libmudflap.c/pass-stratcliff.c (-O3) compilation failed to produce executable
FAIL: libmudflap.c/pass1-frag.c (-O3) (test for excess errors)
WARNING: libmudflap.c/pass1-frag.c (-O3) compilation failed to produce executable
FAIL: libmudflap.c/pass10-frag.c (-O3) (test for excess errors)
WARNING: libmudflap.c/pass10-frag.c (-O3) compilation failed to produce executable
FAIL: libmudflap.c/pass11-frag.c (-O3) (test for excess errors)
WARNING: libmudflap.c/pass11-frag.c (-O3) compilation failed to produce executable
FAIL: libmudflap.c/pass12-frag.c (-O3) (test for excess errors)
WARNING: libmudflap.c/pass12-frag.c (-O3) compilation failed to produce executable
FAIL: libmudflap.c/pass13-frag.c (-O3) (test for excess errors)
WARNING: libmudflap.c/pass13-frag.c (-O3) compilation failed to produce executable
FAIL: libmudflap.c/pass14-frag.c (-O3) (test for excess errors)
WARNING: libmudflap.c/pass14-frag.c (-O3) compilation failed to produce executable
FAIL: libmudflap.c/pass15-frag.c (-O3) (test for excess errors)
WARNING: libmudflap.c/pass15-frag.c (-O3) compilation failed to produce executable
FAIL: libmudflap.c/pass16-frag.c (-O3) (test for excess errors)
WARNING: libmudflap.c/pass16-frag.c (-O3) compilation failed to produce executable
FAIL: libmudflap.c/pass17-frag.c (-O3) (test for excess errors)
WARNING: libmudflap.c/pass17-frag.c (-O3) compilation failed to produce executable
FAIL: libmudflap.c/pass18-frag.c (-O3) (test for excess errors)
WARNING: libmudflap.c/pass18-frag.c (-O3) compilation failed to produce executable
FAIL: libmudflap.c/pass19-frag.c (-O3) (test for excess errors)
WARNING: libmudflap.c/pass19-frag.c (-O3) compilation failed to produce executable
FAIL: libmudflap.c/pass2-frag.c (-O3) (test for excess errors)
WARNING: libmudflap.c/pass2-frag.c (-O3) compilation failed to produce executable
FAIL: libmudflap.c/pass20-frag.c (-O3) (test for excess errors)
WARNING: libmudflap.c/pass20-frag.c (-O3) compilation failed to produce executable
FAIL: libmudflap.c/pass21-frag.c (-O3) (test for excess errors)
WARNING: libmudflap.c/pass21-frag.c (-O3) compilation failed to produce executable
FAIL: libmudflap.c/pass22-frag.c (-O3) (test for excess errors)
WARNING: libmudflap.c/pass22-frag.c (-O3) compilation failed to produce executable
FAIL: libmudflap.c/pass23-frag.c (-O3) (test for excess errors)
WARNING: libmudflap.c/pass23-frag.c (-O3) compilation failed to produce executable
FAIL: libmudflap.c/pass24-frag.c (-O3) (test for excess errors)
WARNING: libmudflap.c/pass24-frag.c (-O3) compilation failed to produce executable
FAIL: libmudflap.c/pass25-frag.c (-O3) (test for excess errors)
WARNING: libmudflap.c/pass25-frag.c (-O3) compilation failed to produce executable
FAIL: libmudflap.c/pass26-frag.c (-O3) (test for excess errors)
WARNING: libmudflap.c/pass26-frag.c (-O3) compilation failed to produce executable
FAIL: libmudflap.c/pass29-frag.c (-O3) (test for excess errors)
WARNING: libmudflap.c/pass29-frag.c (-O3) compilation failed to produce executable
FAIL: libmudflap.c/pass3-frag.c (-O3) (test for excess errors)
WARNING: libmudflap.c/pass3-frag.c (-O3) compilation failed to produce executable
FAIL: libmudflap.c/pass30-frag.c (-O3) (test for excess errors)
WARNING: libmudflap.c/pass30-frag.c (-O3) compilation failed to produce executable
FAIL: libmudflap.c/pass32-frag.c (-O3) (test for excess errors)
WARNING: libmudflap.c/pass32-frag.c (-O3) compilation failed to produce executable
FAIL: libmudflap.c/pass33-frag.c (-O3) (test for excess errors)
WARNING: libmudflap.c/pass33-frag.c (-O3) compilation failed to produce executable
FAIL: libmudflap.c/pass34-frag.c (-O3) (test for excess errors)
WARNING: libmudflap.c/pass34-frag.c (-O3) compilation failed to produce executable
FAIL: libmudflap.c/pass35-frag.c (-O3) (test for excess errors)
WARNING: libmudflap.c/pass35-frag.c (-O3) compilation failed to produce executable
FAIL: libmudflap.c/pass36-frag.c (-O3) (test for excess errors)
WARNING: libmudflap.c/pass36-frag.c (-O3) compilation failed to produce executable
FAIL: libmudflap.c/pass38-frag.c (-O3) (test for excess errors)
WARNING: libmudflap.c/pass38-frag.c (-O3) compilation failed to produce executable
FAIL: libmudflap.c/pass4-frag.c (-O3) (test for excess errors)
WARNING: libmudflap.c/pass4-frag.c (-O3) compilation failed to produce executable
FAIL: libmudflap.c/pass42-frag.c (-O3) (test for excess errors)
WARNING: libmudflap.c/pass42-frag.c (-O3) compilation failed to produce executable
FAIL: libmudflap.c/pass43-frag.c (-O3) (test for excess errors)
WARNING: libmudflap.c/pass43-frag.c (-O3) compilation failed to produce executable
FAIL: libmudflap.c/pass44-frag.c (-O3) (test for excess errors)
WARNING: libmudflap.c/pass44-frag.c (-O3) compilation failed to produce executable
FAIL: libmudflap.c/pass45-frag.c (-O3) (test for excess errors)
WARNING: libmudflap.c/pass45-frag.c (-O3) compilation failed to produce executable
FAIL: libmudflap.c/pass46-frag.c (-O3) (test for excess errors)
WARNING: libmudflap.c/pass46-frag.c (-O3) compilation failed to produce executable
FAIL: libmudflap.c/pass5-frag.c (-O3) (test for excess errors)
WARNING: libmudflap.c/pass5-frag.c (-O3) compilation failed to produce executable
FAIL: libmudflap.c/pass6-frag.c (-O3) (test for excess errors)
WARNING: libmudflap.c/pass6-frag.c (-O3) compilation failed to produce executable
FAIL: libmudflap.c/pass7-frag.c (-O3) (test for excess errors)
WARNING: libmudflap.c/pass7-frag.c (-O3) compilation failed to produce executable
FAIL: libmudflap.c/pass8-frag.c (-O3) (test for excess errors)
WARNING: libmudflap.c/pass8-frag.c (-O3) compilation failed to produce executable
FAIL: libmudflap.c/pass9-frag.c (-O3) (test for excess errors)
WARNING: libmudflap.c/pass9-frag.c (-O3) compilation failed to produce executable
FAIL: libmudflap.c++/fail24-frag.cxx (test for excess errors)
WARNING: libmudflap.c++/fail24-frag.cxx compilation failed to produce executable
FAIL: libmudflap.c++/pass27-frag.cxx (test for excess errors)
WARNING: libmudflap.c++/pass27-frag.cxx compilation failed to produce executable
FAIL: libmudflap.c++/pass28-frag.cxx (test for excess errors)
WARNING: libmudflap.c++/pass28-frag.cxx compilation failed to produce executable
FAIL: libmudflap.c++/pass31-frag.cxx (test for excess errors)
WARNING: libmudflap.c++/pass31-frag.cxx compilation failed to produce executable
FAIL: libmudflap.c++/pass41-frag.cxx (test for excess errors)
WARNING: libmudflap.c++/pass41-frag.cxx compilation failed to produce executable
FAIL: libmudflap.c++/fail24-frag.cxx (-static) (test for excess errors)
WARNING: libmudflap.c++/fail24-frag.cxx (-static) compilation failed to produce executable
FAIL: libmudflap.c++/pass27-frag.cxx (-static) (test for excess errors)
WARNING: libmudflap.c++/pass27-frag.cxx (-static) compilation failed to produce executable
FAIL: libmudflap.c++/pass28-frag.cxx (-static) (test for excess errors)
WARNING: libmudflap.c++/pass28-frag.cxx (-static) compilation failed to produce executable
FAIL: libmudflap.c++/pass31-frag.cxx (-static) (test for excess errors)
WARNING: libmudflap.c++/pass31-frag.cxx (-static) compilation failed to produce executable
FAIL: libmudflap.c++/pass41-frag.cxx (-static) (test for excess errors)
WARNING: libmudflap.c++/pass41-frag.cxx (-static) compilation failed to produce executable
FAIL: libmudflap.c++/fail24-frag.cxx (-O2) (test for excess errors)
WARNING: libmudflap.c++/fail24-frag.cxx (-O2) compilation failed to produce executable
FAIL: libmudflap.c++/pass27-frag.cxx (-O2) (test for excess errors)
WARNING: libmudflap.c++/pass27-frag.cxx (-O2) compilation failed to produce executable
FAIL: libmudflap.c++/pass28-frag.cxx (-O2) (test for excess errors)
WARNING: libmudflap.c++/pass28-frag.cxx (-O2) compilation failed to produce executable
FAIL: libmudflap.c++/pass31-frag.cxx (-O2) (test for excess errors)
WARNING: libmudflap.c++/pass31-frag.cxx (-O2) compilation failed to produce executable
FAIL: libmudflap.c++/pass41-frag.cxx (-O2) (test for excess errors)
WARNING: libmudflap.c++/pass41-frag.cxx (-O2) compilation failed to produce executable
FAIL: libmudflap.c++/fail24-frag.cxx (-O3) (test for excess errors)
WARNING: libmudflap.c++/fail24-frag.cxx (-O3) compilation failed to produce executable
FAIL: libmudflap.c++/pass27-frag.cxx (-O3) (test for excess errors)
WARNING: libmudflap.c++/pass27-frag.cxx (-O3) compilation failed to produce executable
FAIL: libmudflap.c++/pass28-frag.cxx (-O3) (test for excess errors)
WARNING: libmudflap.c++/pass28-frag.cxx (-O3) compilation failed to produce executable
FAIL: libmudflap.c++/pass31-frag.cxx (-O3) (test for excess errors)
WARNING: libmudflap.c++/pass31-frag.cxx (-O3) compilation failed to produce executable
FAIL: libmudflap.c++/pass41-frag.cxx (-O3) (test for excess errors)
WARNING: libmudflap.c++/pass41-frag.cxx (-O3) compilation failed to produce executable
FAIL: libmudflap.cth/pass37-frag.c (test for excess errors)
WARNING: libmudflap.cth/pass37-frag.c compilation failed to produce executable
FAIL: libmudflap.cth/pass39-frag.c (test for excess errors)
WARNING: libmudflap.cth/pass39-frag.c compilation failed to produce executable
FAIL: libmudflap.cth/pass40-frag.c (test for excess errors)
WARNING: libmudflap.cth/pass40-frag.c compilation failed to produce executable
FAIL: libmudflap.cth/pass37-frag.c (-static -DSTATIC) (test for excess errors)
WARNING: libmudflap.cth/pass37-frag.c (-static -DSTATIC) compilation failed to produce executable
FAIL: libmudflap.cth/pass39-frag.c (-static -DSTATIC) (test for excess errors)
WARNING: libmudflap.cth/pass39-frag.c (-static -DSTATIC) compilation failed to produce executable
FAIL: libmudflap.cth/pass40-frag.c (-static -DSTATIC) (test for excess errors)
WARNING: libmudflap.cth/pass40-frag.c (-static -DSTATIC) compilation failed to produce executable
FAIL: libmudflap.cth/pass37-frag.c (-O2) (test for excess errors)
WARNING: libmudflap.cth/pass37-frag.c (-O2) compilation failed to produce executable
FAIL: libmudflap.cth/pass39-frag.c (-O2) (test for excess errors)
WARNING: libmudflap.cth/pass39-frag.c (-O2) compilation failed to produce executable
FAIL: libmudflap.cth/pass40-frag.c (-O2) (test for excess errors)
WARNING: libmudflap.cth/pass40-frag.c (-O2) compilation failed to produce executable
FAIL: libmudflap.cth/pass37-frag.c (-O3) (test for excess errors)
WARNING: libmudflap.cth/pass37-frag.c (-O3) compilation failed to produce executable
FAIL: libmudflap.cth/pass39-frag.c (-O3) (test for excess errors)
WARNING: libmudflap.cth/pass39-frag.c (-O3) compilation failed to produce executable
FAIL: libmudflap.cth/pass40-frag.c (-O3) (test for excess errors)
WARNING: libmudflap.cth/pass40-frag.c (-O3) compilation failed to produce executable
=== libmudflap Summary for unix/-m64 ===
# of expected passes 4
# of unexpected failures 316
=== libmudflap Summary ===
# of expected passes 993
# of unexpected failures 419
=== libstdc++ tests ===
Running target unix/-m32
Compiler version: gcc
Platform: powerpc64-unknown-linux-gnu
configure flags: --prefix=/opt/gcc-nightly/lno-20040529 --build=powerpc64-linux --host=powerpc64-linux --target=powerpc64-linux --with-cpu=default32 --with-as=/usr/bin/as --with-ld=/usr/bin/ld --enable-threads=posix --enable-shared --enable-__cxa_atexit --enable-languages=c,c++,java,objc