This is the mail archive of the
gcc-testresults@gcc.gnu.org
mailing list for the GCC project.
Results for 3.5.0 20040423 (experimental) testsuite on sparc-sun-solaris2.8
- From: Rainer Orth <ro at TechFak dot Uni-Bielefeld dot DE>
- To: gcc-testresults at gcc dot gnu dot org
- Date: Tue, 27 Apr 2004 14:50:39 +0200 (MEST)
- Subject: Results for 3.5.0 20040423 (experimental) testsuite on sparc-sun-solaris2.8
LAST_UPDATED: Fri Apr 23 11:54:32 UTC 2004
=== acats tests ===
FAIL: c35503p
FAIL: c954025
FAIL: cc1221b
FAIL: cd10002
FAIL: cxa4029
FAIL: cxa4033
=== acats Summary ===
# of expected passes 2316
# of unexpected failures 6
Native configuration is sparc-sun-solaris2.8
=== g++ tests ===
Running target unix
WARNING: g++.old-deja/g++.mike/p10769a.C compilation failed to produce executable
WARNING: g++.old-deja/g++.other/enum5.C compilation failed to produce executable
WARNING: g++.old-deja/g++.pt/friend44.C compilation failed to produce executable
=== g++ Summary for unix ===
# of expected passes 9623
# of expected failures 84
# of unsupported tests 83
Running target unix/-m64
WARNING: g++.old-deja/g++.mike/p10769a.C compilation failed to produce executable
WARNING: g++.old-deja/g++.other/enum5.C compilation failed to produce executable
WARNING: g++.old-deja/g++.pt/friend44.C compilation failed to produce executable
=== g++ Summary for unix/-m64 ===
# of expected passes 9623
# of expected failures 84
# of unsupported tests 83
=== g++ Summary ===
# of expected passes 19246
# of expected failures 168
# of unsupported tests 166
/amnt/figaro/volumes/obj-gcc/gcc/obj.sol2/gcc-3.5.0-20040423/8-gcc/gcc/testsuite/../g++ version 3.5.0 20040423 (experimental)
=== g77 tests ===
Running target unix
=== g77 Summary for unix ===
# of expected passes 1788
# of unsupported tests 6
Running target unix/-m64
=== g77 Summary for unix/-m64 ===
# of expected passes 1788
# of unsupported tests 6
=== g77 Summary ===
# of expected passes 3576
# of unsupported tests 12
/amnt/figaro/volumes/obj-gcc/gcc/obj.sol2/gcc-3.5.0-20040423/8-gcc/gcc/testsuite/../g77 version 3.5.0 20040423 (experimental)
=== gcc tests ===
Running target unix
FAIL: gcc.dg/c90-const-expr-3.c (test for excess errors)
FAIL: gcc.dg/c99-const-expr-3.c (test for excess errors)
UNRESOLVED: gcc.dg/visibility-1.c
UNRESOLVED: gcc.dg/visibility-2.c
UNRESOLVED: gcc.dg/visibility-3.c
UNRESOLVED: gcc.dg/visibility-4.c
UNRESOLVED: gcc.dg/visibility-5.c
UNRESOLVED: gcc.dg/visibility-6.c
UNRESOLVED: gcc.dg/visibility-7.c
UNRESOLVED: gcc.dg/visibility-8.c
FAIL: largefile.c (test for excess errors)
FAIL: largefile.c (test for excess errors)
FAIL: largefile.c (test for excess errors)
FAIL: largefile.c (test for excess errors)
FAIL: largefile.c (test for excess errors)
FAIL: largefile.c (test for excess errors)
FAIL: largefile.c (test for excess errors)
=== gcc Summary for unix ===
# of expected passes 24955
# of unexpected failures 9
# of expected failures 58
# of unresolved testcases 8
# of untested testcases 35
# of unsupported tests 334
Running target unix/-m64
FAIL: gcc.dg/c90-const-expr-3.c (test for excess errors)
FAIL: gcc.dg/c99-const-expr-3.c (test for excess errors)
UNRESOLVED: gcc.dg/visibility-1.c
UNRESOLVED: gcc.dg/visibility-2.c
UNRESOLVED: gcc.dg/visibility-3.c
UNRESOLVED: gcc.dg/visibility-4.c
UNRESOLVED: gcc.dg/visibility-5.c
UNRESOLVED: gcc.dg/visibility-6.c
UNRESOLVED: gcc.dg/visibility-7.c
UNRESOLVED: gcc.dg/visibility-8.c
FAIL: largefile.c (test for excess errors)
FAIL: largefile.c (test for excess errors)
FAIL: largefile.c (test for excess errors)
FAIL: largefile.c (test for excess errors)
FAIL: largefile.c (test for excess errors)
FAIL: largefile.c (test for excess errors)
FAIL: largefile.c (test for excess errors)
=== gcc Summary for unix/-m64 ===
# of expected passes 24947
# of unexpected failures 9
# of expected failures 64
# of unresolved testcases 8
# of untested testcases 35
# of unsupported tests 334
=== gcc Summary ===
# of expected passes 49902
# of unexpected failures 18
# of expected failures 122
# of unresolved testcases 16
# of untested testcases 70
# of unsupported tests 668
/amnt/figaro/volumes/obj-gcc/gcc/obj.sol2/gcc-3.5.0-20040423/8-gcc/gcc/xgcc version 3.5.0 20040423 (experimental)
=== objc tests ===
Running target unix
=== objc Summary for unix ===
# of expected passes 1339
# of unsupported tests 8
Running target unix/-m64
=== objc Summary for unix/-m64 ===
# of expected passes 1339
# of unsupported tests 8
=== objc Summary ===
# of expected passes 2678
# of unsupported tests 16
/amnt/figaro/volumes/obj-gcc/gcc/obj.sol2/gcc-3.5.0-20040423/8-gcc/gcc/xgcc version 3.5.0 20040423 (experimental)
=== libffi tests ===
Running target unix
=== libffi Summary for unix ===
# of expected passes 212
# of unsupported tests 2
Running target unix/-m64
=== libffi Summary for unix/-m64 ===
# of expected passes 212
# of unsupported tests 2
=== libffi Summary ===
# of expected passes 424
# of unsupported tests 4
=== libjava tests ===
Running target unix
FAIL: Array_3 execution - gij test
FAIL: Array_3 execution - gij test
FAIL: SyncTest execution - gij test
FAIL: TLtest execution - gij test
FAIL: TLtest execution - gij test
FAIL: Thread_Monitor execution - gij test
FAIL: Thread_Wait_2 execution - gij test
FAIL: Thread_Wait_2 execution - gij test
FAIL: Thread_Wait_Interrupt execution - gij test
FAIL: initexc -O3 execution - bytecode->native test
FAIL: klass execution - gij test
=== libjava Summary for unix ===
# of expected passes 3304
# of unexpected failures 11
# of expected failures 14
# of untested testcases 27
Running target unix/-m64
FAIL: Array_3 execution - gij test
FAIL: Array_3 execution - gij test
FAIL: FileHandleGcTest execution - source compiled test
FAIL: FileHandleGcTest execution - gij test
FAIL: FileHandleGcTest execution - bytecode->native test
FAIL: FileHandleGcTest -O3 execution - source compiled test
FAIL: FileHandleGcTest execution - gij test
FAIL: FileHandleGcTest -O3 execution - bytecode->native test
WARNING: program timed out.
FAIL: Thread_Wait_2 execution - gij test
FAIL: Thread_Wait_Interrupt execution - gij test
=== libjava Summary for unix/-m64 ===
# of expected passes 3306
# of unexpected failures 10
# of expected failures 14
# of untested testcases 26
=== libjava Summary ===
# of expected passes 6610
# of unexpected failures 21
# of expected failures 28
# of untested testcases 53
=== libstdc++ tests ===
Running target unix
=== libstdc++ Summary for unix ===
# of expected passes 2659
# of expected failures 6
Running target unix/-m64
=== libstdc++ Summary for unix/-m64 ===
# of expected passes 2659
# of expected failures 6
=== libstdc++ Summary ===
# of expected passes 5318
# of expected failures 12
Compiler version: 3.5.0 20040423 (experimental)
Platform: sparc-sun-solaris2.8
configure flags: --prefix=/vol/gcc --with-local-prefix=/vol/gcc --disable-nls --enable-languages=c,ada,c++,f77,java,objc
BOOT_CFLAGS=-g -O2