This is the mail archive of the
gcc-testresults@gcc.gnu.org
mailing list for the GCC project.
Results for 3.4.0 testsuite on mips-sgi-irix6.5
- From: Richard Sandiford <rsandifo at redhat dot com>
- To: gcc-testresults at gcc dot gnu dot org
- Date: Mon, 26 Apr 2004 23:30:20 +0100
- Subject: Results for 3.4.0 testsuite on mips-sgi-irix6.5
Results obtained on an R10K system running IRIX 6.5.12m.
Bootstrap compiler was MIPSpro 7.30.
GCC was configured to use a recent build of binutils 2.15 branch (gas and ld).
LAST_UPDATED: Obtained from CVS: -rgcc_3_4_0_release
Native configuration is mips-sgi-irix6.5
=== g++ tests ===
Running target unix
FAIL: g++.dg/pch/static-1.C -g assembly comparison
FAIL: g++.dg/pch/system-1.C -g assembly comparison
FAIL: g++.dg/pch/system-2.C -g assembly comparison
XPASS: g++.old-deja/g++.jason/thunk3.C execution test
WARNING: g++.old-deja/g++.mike/p10769a.C compilation failed to produce executable
WARNING: g++.old-deja/g++.other/enum5.C compilation failed to produce executable
WARNING: g++.old-deja/g++.pt/friend44.C compilation failed to produce executable
=== g++ Summary for unix ===
# of expected passes 9156
# of unexpected failures 3
# of unexpected successes 1
# of expected failures 69
# of unsupported tests 74
Running target unix/-mabi=32
FAIL: g++.old-deja/g++.abi/ptrflags.C (test for excess errors)
WARNING: g++.old-deja/g++.abi/ptrflags.C compilation failed to produce executable
FAIL: g++.old-deja/g++.eh/catchptr1.C execution test
XPASS: g++.old-deja/g++.jason/thunk3.C execution test
WARNING: g++.old-deja/g++.mike/p10769a.C compilation failed to produce executable
WARNING: g++.old-deja/g++.other/enum5.C compilation failed to produce executable
WARNING: g++.old-deja/g++.pt/friend44.C compilation failed to produce executable
=== g++ Summary for unix/-mabi=32 ===
# of expected passes 9156
# of unexpected failures 2
# of unexpected successes 1
# of expected failures 69
# of unsupported tests 74
Running target unix/-mabi=64
FAIL: g++.dg/pch/static-1.C -g assembly comparison
FAIL: g++.dg/pch/system-1.C -g assembly comparison
FAIL: g++.dg/pch/system-2.C -g assembly comparison
XPASS: g++.old-deja/g++.jason/thunk3.C execution test
WARNING: g++.old-deja/g++.mike/p10769a.C compilation failed to produce executable
WARNING: g++.old-deja/g++.other/enum5.C compilation failed to produce executable
WARNING: g++.old-deja/g++.pt/friend44.C compilation failed to produce executable
=== g++ Summary for unix/-mabi=64 ===
# of expected passes 9156
# of unexpected failures 3
# of unexpected successes 1
# of expected failures 69
# of unsupported tests 74
=== g++ Summary ===
# of expected passes 27468
# of unexpected failures 8
# of unexpected successes 3
# of expected failures 207
# of unsupported tests 222
/es/scratch/rsandifo/gcc/gcc-3.4.0/mips-sgi-irix6.5/mips-sgi-irix6.5/gcc/testsuite/../g++ version 3.4.0
=== g77 tests ===
Running target unix
=== g77 Summary for unix ===
# of expected passes 1800
# of unsupported tests 6
Running target unix/-mabi=32
=== g77 Summary for unix/-mabi=32 ===
# of expected passes 1800
# of unsupported tests 6
Running target unix/-mabi=64
=== g77 Summary for unix/-mabi=64 ===
# of expected passes 1800
# of unsupported tests 6
=== g77 Summary ===
# of expected passes 5400
# of unsupported tests 18
/es/scratch/rsandifo/gcc/gcc-3.4.0/mips-sgi-irix6.5/mips-sgi-irix6.5/gcc/testsuite/../g77 version 3.4.0
=== gcc tests ===
Running target unix
FAIL: gcc.c-torture/compile/20001226-1.c -O2 (test for excess errors)
FAIL: gcc.c-torture/compile/20001226-1.c -O3 -fomit-frame-pointer (test for excess errors)
FAIL: gcc.c-torture/compile/20001226-1.c -O3 -g (test for excess errors)
FAIL: gcc.c-torture/compile/20001226-1.c -Os (test for excess errors)
FAIL: gcc.dg/builtins-18.c (test for excess errors)
XPASS: gcc.dg/sibcall-3.c execution test
XPASS: gcc.dg/sibcall-4.c execution test
FAIL: mips-abi o32
FAIL: gcc.dg/special/gcsec-1.c (test for excess errors)
WARNING: gcc.dg/special/gcsec-1.c compilation failed to produce executable
=== gcc Summary for unix ===
# of expected passes 23821
# of unexpected failures 7
# of unexpected successes 2
# of expected failures 74
# of untested testcases 7
# of unsupported tests 296
Running target unix/-mabi=32
FAIL: gcc.c-torture/compile/20001226-1.c -O2 (test for excess errors)
FAIL: gcc.c-torture/compile/20001226-1.c -O3 -fomit-frame-pointer (test for excess errors)
FAIL: gcc.c-torture/compile/20001226-1.c -O3 -g (test for excess errors)
FAIL: gcc.c-torture/compile/20001226-1.c -Os (test for excess errors)
XPASS: gcc.c-torture/execute/20020227-1.c execution, -O0
XPASS: gcc.c-torture/execute/20020227-1.c execution, -O1
XPASS: gcc.c-torture/execute/20020227-1.c execution, -O2
XPASS: gcc.c-torture/execute/20020227-1.c execution, -O3 -fomit-frame-pointer
XPASS: gcc.c-torture/execute/20020227-1.c execution, -O3 -g
XPASS: gcc.c-torture/execute/20020227-1.c execution, -Os
FAIL: gcc.dg/compat/sdata-1 c_compat_y_tst.o compile
UNRESOLVED: gcc.dg/compat/sdata-1 c_compat_x_tst.o-c_compat_y_tst.o link
UNRESOLVED: gcc.dg/compat/sdata-1 c_compat_x_tst.o-c_compat_y_tst.o execute
FAIL: gcc.dg/builtins-18.c (test for excess errors)
XPASS: gcc.dg/sibcall-3.c execution test
XPASS: gcc.dg/sibcall-4.c execution test
FAIL: mips-abi o32
FAIL: gcc.dg/special/gcsec-1.c (test for excess errors)
WARNING: gcc.dg/special/gcsec-1.c compilation failed to produce executable
=== gcc Summary for unix/-mabi=32 ===
# of expected passes 23815
# of unexpected failures 8
# of unexpected successes 8
# of expected failures 68
# of unresolved testcases 2
# of untested testcases 7
# of unsupported tests 296
Running target unix/-mabi=64
FAIL: gcc.c-torture/compile/20001226-1.c -O2 (test for excess errors)
FAIL: gcc.c-torture/compile/20001226-1.c -O3 -fomit-frame-pointer (test for excess errors)
FAIL: gcc.c-torture/compile/20001226-1.c -O3 -g (test for excess errors)
FAIL: gcc.c-torture/compile/20001226-1.c -Os (test for excess errors)
FAIL: gcc.dg/builtins-18.c (test for excess errors)
FAIL: gcc.dg/funcorder.c scan-assembler-not link_error
XPASS: gcc.dg/sibcall-3.c execution test
XPASS: gcc.dg/sibcall-4.c execution test
FAIL: gcc.dg/special/gcsec-1.c (test for excess errors)
WARNING: gcc.dg/special/gcsec-1.c compilation failed to produce executable
=== gcc Summary for unix/-mabi=64 ===
# of expected passes 23818
# of unexpected failures 7
# of unexpected successes 2
# of expected failures 74
# of untested testcases 7
# of unsupported tests 296
=== gcc Summary ===
# of expected passes 71454
# of unexpected failures 22
# of unexpected successes 12
# of expected failures 216
# of unresolved testcases 2
# of untested testcases 21
# of unsupported tests 888
/es/scratch/rsandifo/gcc/gcc-3.4.0/mips-sgi-irix6.5/mips-sgi-irix6.5/gcc/xgcc version 3.4.0
=== objc tests ===
Running target unix
=== objc Summary for unix ===
# of expected passes 1341
# of unsupported tests 8
Running target unix/-mabi=32
=== objc Summary for unix/-mabi=32 ===
# of expected passes 1341
# of unsupported tests 8
Running target unix/-mabi=64
=== objc Summary for unix/-mabi=64 ===
# of expected passes 1341
# of unsupported tests 8
=== objc Summary ===
# of expected passes 4023
# of unsupported tests 24
/es/scratch/rsandifo/gcc/gcc-3.4.0/mips-sgi-irix6.5/mips-sgi-irix6.5/gcc/xgcc version 3.4.0
=== libstdc++ tests ===
Running target unix
FAIL: 22_locale/ctype/cons/char/1.cc execution test
=== libstdc++ Summary for unix ===
# of expected passes 1970
# of unexpected failures 1
# of expected failures 4
# of unsupported tests 8
Running target unix/-mabi=32
FAIL: 22_locale/ctype/cons/char/1.cc execution test
FAIL: 27_io/basic_istream/extractors_arithmetic/char/12.cc execution test
=== libstdc++ Summary for unix/-mabi=32 ===
# of expected passes 1969
# of unexpected failures 2
# of expected failures 4
# of unsupported tests 8
Running target unix/-mabi=64
FAIL: 22_locale/ctype/cons/char/1.cc execution test
=== libstdc++ Summary for unix/-mabi=64 ===
# of expected passes 1970
# of unexpected failures 1
# of expected failures 4
# of unsupported tests 8
=== libstdc++ Summary ===
# of expected passes 5909
# of unexpected failures 4
# of expected failures 12
# of unsupported tests 24
Compiler version: 3.4.0
Platform: mips-sgi-irix6.5
configure flags: --prefix=/es/scratch/rsandifo/usr/gcc-3.4.0 --exec-prefix=/es/scratch/rsandifo/usr/gcc-3.4.0/H-mips-sgi-irix6.5 --build=mips-sgi-irix6.5 --host=mips-sgi-irix6.5 --target=mips-sgi-irix6.5 --enable-checking --disable-gdbtk --enable-serial-configure --with-gnu-as --with-as=/es/scratch/rsandifo/usr/binutils-2.15/H-mips-sgi-irix6.5/bin/as --with-gnu-ld --with-ld=/es/scratch/rsandifo/usr/binutils-2.15/H-mips-sgi-irix6.5/bin/ld --disable-nls