This is the mail archive of the
gcc-testresults@gcc.gnu.org
mailing list for the GCC project.
Results for 3.4.0 testsuite on i686-pc-linux-gnu
- From: stephen at localhost dot localdomain (Stephen Maundrell)
- To: gcc-testresults at gcc dot gnu dot org
- Date: Mon, 26 Apr 2004 02:46:42 -0400 (EDT)
- Subject: Results for 3.4.0 testsuite on i686-pc-linux-gnu
LAST_UPDATED: Obtained from CVS: -rgcc_3_4_0_release
Native configuration is i686-pc-linux-gnu
=== g77 tests ===
Running target unix
=== g77 Summary ===
# of expected passes 1812
/home/stephen/Downloads/gcc-build/gcc/testsuite/../g77 version 3.4.0
=== gcc tests ===
Running target unix
FAIL: gcc.c-torture/execute/va-arg-25.c execution, -Os
FAIL: gcc.dg/special/gcsec-1.c (test for excess errors)
WARNING: gcc.dg/special/gcsec-1.c compilation failed to produce executable
=== gcc Summary ===
# of expected passes 24531
# of unexpected failures 2
# of expected failures 69
# of untested testcases 7
# of unsupported tests 181
/home/stephen/Downloads/gcc-build/gcc/xgcc version 3.4.0
=== g++ tests ===
Running target unix
FAIL: g++.old-deja/g++.law/weak.C (test for excess errors)
WARNING: g++.old-deja/g++.mike/p10769a.C compilation failed to produce executable
WARNING: g++.old-deja/g++.other/enum5.C compilation failed to produce executable
WARNING: g++.old-deja/g++.pt/friend44.C compilation failed to produce executable
=== g++ Summary ===
# of expected passes 9558
# of unexpected failures 1
# of expected failures 68
# of unsupported tests 31
/home/stephen/Downloads/gcc-build/gcc/testsuite/../g++ version 3.4.0
=== objc tests ===
Running target unix
=== objc Summary ===
# of expected passes 1341
# of unsupported tests 8
/home/stephen/Downloads/gcc-build/gcc/xgcc version 3.4.0
=== libffi tests ===
Running target unix
=== libffi Summary ===
# of expected passes 212
# of unsupported tests 2
=== libjava tests ===
Running target unix
=== libjava Summary ===
# of expected passes 3262
# of expected failures 10
# of untested testcases 8
=== libstdc++ tests ===
Running target unix
XPASS: 26_numerics/c99_classification_macros_c.cc (test for excess errors)
=== libstdc++ Summary ===
# of expected passes 2647
# of unexpected successes 1
# of expected failures 5
Compiler version: 3.4.0
Platform: i686-pc-linux-gnu
configure flags: --program-suffix=-3.4.0 --enable-threads --with-cpu=i686 --with-arch=i686 --with-tune=i686 --with-x