This is the mail archive of the
gcc-testresults@gcc.gnu.org
mailing list for the GCC project.
gcc 3.4.0 build and testresults on i686-pc-linux-gnu
- From: fiora <fiora dot ret at wanadoo dot fr>
- To: gcc-testresults at gcc dot gnu dot org
- Date: Sun, 25 Apr 2004 11:16:28 +0200
- Subject: gcc 3.4.0 build and testresults on i686-pc-linux-gnu
Hello
#base System :
lfs 5.0 ( and blfs5.0 )
#uname -a
Linux cassandre 2.4.26 #1 Wed Apr 21 12:17:26 CEST 2004 i686
AuthenticAMD unknown GNU/Linux
#Kernel
linux 2.4.26
#libc
2.3.2
#ld -v
GNU ld version 2.14 20030612
#srcdir/config.guess
i686-pc-linux-gnu
#gcc -v
Reading specs from /usr/lib/gcc/i686-pc-linux-gnu/3.4.0/specs
Configured with: ../gcc-3.4.0/configure --prefix=/usr --with-gnu-as
--with-gnu-ld --enable-shared --enable-languages=c,c++,objc,f77,ada,java
--enable-threads=posix --enable-__cxatexit --enable-clocale=gnu
--enable-nls
Thread model: posix
gcc version 3.4.0
LAST_UPDATED: Obtained from CVS: -rgcc_3_4_0_release
=== acats tests ===
FAIL: c64105b
=== acats Summary ===
# of expected passes 2321
# of unexpected failures 1
Native configuration is i686-pc-linux-gnu
=== g++ tests ===
Running target unix
WARNING: g++.old-deja/g++.mike/p10769a.C compilation failed to produce
executabl
e
WARNING: g++.old-deja/g++.other/enum5.C compilation failed to produce
executable
WARNING: g++.old-deja/g++.pt/friend44.C compilation failed to produce
executable
=== g++ Summary ===
# of expected passes 9581
# of expected failures 68
# of unsupported tests 31
/cvs/gcc_build/gcc/testsuite/../g++ version 3.4.0
=== g77 tests ===
Running target unix
=== g77 Summary ===
# of expected passes 1812
/cvs/gcc_build/gcc/testsuite/../g77 version 3.4.0
=== gcc tests ===
Running target unix
FAIL: gcc.c-torture/execute/va-arg-25.c execution, -Os
XPASS: gcc.dg/cpp/cmdlne-dI-M.c scan-file
(^|\\\\n)cmdlne-dI-M.*:[^\\\\n]*cmdlne
-dI-M.c
XPASS: gcc.dg/cpp/cmdlne-dM-M.c scan-file
(^|\\\\n)cmdlne-dM-M[^\\\\n]*:[^\\\\n]
*cmdlne-dM-M.c
=== gcc Summary ===
# of expected passes 25279
# of unexpected failures 1
# of unexpected successes 2
# of expected failures 68
# of untested testcases 7
# of unsupported tests 182
/cvs/gcc_build/gcc/xgcc version 3.4.0
=== objc tests ===
Running target unix
=== objc Summary ===
# of expected passes 1341
# of unsupported tests 8
/cvs/gcc_build/gcc/xgcc version 3.4.0
=== libffi tests ===
Running target unix
=== libffi Summary ===
# of expected passes 212
# of unsupported tests 2
=== libjava tests ===
Running target unix
FAIL: linking simple
=== libjava Summary ===
# of expected passes 3260
# of unexpected failures 1
# of expected failures 11
# of untested testcases 8
=== libstdc++-v3 check-abi Summary ===
# of added symbols: 294
# of missing symbols: 289
# of incompatible symbols: 320
=== libstdc++ tests ===
Running target unix
XPASS: 26_numerics/c99_classification_macros_c.cc (test for excess errors)
=== libstdc++ Summary ===
# of expected passes 2647
# of unexpected successes 1
# of expected failures 5
Compiler version: 3.4.0
Platform: i686-pc-linux-gnu
configure flags: --prefix=/usr --with-gnu-as --with-gnu-ld
--enable-shared --ena
ble-languages=c,c++,objc,f77,ada,java --enable-threads=posix
--enable-__cxatexit
--enable-clocale=gnu --enable-nls