This is the mail archive of the
gcc-testresults@gcc.gnu.org
mailing list for the GCC project.
Results for 3.4.0 testsuite on i686-pc-linux-gnu
- From: Laurent GUERBY <laurent at guerby dot net>
- To: gcc-testresults at gcc dot gnu dot org
- Date: Wed, 21 Apr 2004 22:10:00 +0200
- Subject: Results for 3.4.0 testsuite on i686-pc-linux-gnu
LAST_UPDATED: Obtained from CVS: -rgcc_3_4_0_release
=== acats tests ===
=== acats Summary ===
# of expected passes 2322
# of unexpected failures 0
Native configuration is i686-pc-linux-gnu
=== gcc tests ===
Running target unix
FAIL: gcc.c-torture/execute/va-arg-25.c execution, -Os
=== gcc Summary ===
# of expected passes 24576
# of unexpected failures 1
# of expected failures 70
# of untested testcases 7
# of unsupported tests 182
/home/guerby/work/gcc/release/build/gcc/xgcc version 3.4.0
Compiler version: 3.4.0
Platform: i686-pc-linux-gnu
configure flags: --prefix=/home/guerby/work/gcc/install/3.4.0 --enable-languages=ada,c --enable-threads --disable-nls