This is the mail archive of the
gcc-testresults@gcc.gnu.org
mailing list for the GCC project.
Results for 3.5.0 20040418 (experimental) testsuite on sparc-sun-solaris2.9
- From: Brad Lucier <lucier at math dot purdue dot edu>
- To: gcc-testresults at gcc dot gnu dot org
- Date: Sun, 18 Apr 2004 08:01:27 -0500 (EST)
- Subject: Results for 3.5.0 20040418 (experimental) testsuite on sparc-sun-solaris2.9
LAST_UPDATED: Sun Apr 18 05:13:10 UTC 2004
Native configuration is sparc-sun-solaris2.9
=== g++ tests ===
Running target unix/-m64
FAIL: g++.old-deja/g++.brendan/overload1.C (test for errors, line 12)
FAIL: g++.old-deja/g++.brendan/overload1.C (test for errors, line 19)
FAIL: g++.old-deja/g++.brendan/overload1.C (test for excess errors)
FAIL: g++.old-deja/g++.brendan/visibility10.C (test for errors, line 6)
FAIL: g++.old-deja/g++.brendan/visibility10.C (test for errors, line 12)
FAIL: g++.old-deja/g++.brendan/visibility10.C (test for excess errors)
FAIL: g++.old-deja/g++.bugs/900511_03.C (test for errors, line 14)
FAIL: g++.old-deja/g++.bugs/900511_03.C (test for errors, line 17)
FAIL: g++.old-deja/g++.bugs/900511_03.C (test for excess errors)
FAIL: g++.old-deja/g++.jason/binding.C (test for errors, line 9)
FAIL: g++.old-deja/g++.jason/binding.C (test for errors, line 11)
FAIL: g++.old-deja/g++.jason/binding.C (test for excess errors)
FAIL: g++.old-deja/g++.jason/temporary2.C (test for errors, line 7)
FAIL: g++.old-deja/g++.mike/ns5.C (test for errors, line 6)
FAIL: g++.old-deja/g++.mike/ns5.C (test for excess errors)
WARNING: g++.old-deja/g++.mike/p10769a.C compilation failed to produce executable
FAIL: g++.old-deja/g++.other/badarrow.C (test for errors, line 9)
FAIL: g++.old-deja/g++.other/badarrow.C (test for excess errors)
FAIL: g++.old-deja/g++.other/enum2.C (test for errors, line 9)
FAIL: g++.old-deja/g++.other/enum2.C (test for errors, line 14)
FAIL: g++.old-deja/g++.other/enum2.C (test for excess errors)
WARNING: g++.old-deja/g++.other/enum5.C compilation failed to produce executable
FAIL: g++.old-deja/g++.other/nested1.C (test for errors, line 18)
FAIL: g++.old-deja/g++.other/nested1.C (test for excess errors)
FAIL: g++.old-deja/g++.other/return1.C (test for errors, line 17)
FAIL: g++.old-deja/g++.other/return1.C (test for excess errors)
FAIL: g++.old-deja/g++.pt/explicit77.C (test for errors, line 17)
FAIL: g++.old-deja/g++.pt/explicit77.C (test for excess errors)
WARNING: g++.old-deja/g++.pt/friend44.C compilation failed to produce executable
FAIL: g++.old-deja/g++.pt/lookup6.C (test for errors, line 14)
FAIL: g++.old-deja/g++.pt/lookup6.C (test for excess errors)
FAIL: g++.old-deja/g++.pt/typename26.C (test for errors, line 11)
FAIL: g++.old-deja/g++.pt/typename26.C (test for errors, line 17)
FAIL: g++.old-deja/g++.pt/typename26.C (test for excess errors)
FAIL: g++.old-deja/g++.robertl/eb56.C (test for errors, line 9)
FAIL: g++.old-deja/g++.robertl/eb56.C (test for excess errors)
FAIL: g++.old-deja/g++.robertl/eb92.C (test for errors, line 2)
FAIL: g++.old-deja/g++.robertl/eb92.C (test for excess errors)
=== g++ Summary for unix/-m64 ===
# of expected passes 9585
# of unexpected failures 35
# of expected failures 84
# of unsupported tests 82
Running target unix
FAIL: g++.dg/debug/debug7.C (test for errors, line 10)
FAIL: g++.dg/debug/debug7.C (test for excess errors)
FAIL: g++.dg/overload/koenig1.C (test for errors, line 16)
FAIL: g++.dg/overload/koenig1.C (test for excess errors)
FAIL: g++.dg/template/instantiate1.C (test for errors, line 15)
FAIL: g++.old-deja/g++.benjamin/18208.C (test for errors, line 20)
FAIL: g++.old-deja/g++.benjamin/18208.C (test for errors, line 23)
FAIL: g++.old-deja/g++.benjamin/18208.C (test for excess errors)
FAIL: g++.old-deja/g++.brendan/crash55.C (test for errors, line 7)
FAIL: g++.old-deja/g++.brendan/enum-clash.C (test for errors, line 5)
FAIL: g++.old-deja/g++.brendan/enum-clash.C (test for excess errors)
FAIL: g++.old-deja/g++.brendan/overload9.C (test for errors, line 18)
FAIL: g++.old-deja/g++.bugs/900210_08.C (test for errors, line 16)
FAIL: g++.old-deja/g++.bugs/900210_08.C (test for excess errors)
FAIL: g++.old-deja/g++.bugs/900213_01.C (test for errors, line 15)
FAIL: g++.old-deja/g++.bugs/900213_01.C (test for errors, line 23)
FAIL: g++.old-deja/g++.bugs/900213_01.C (test for excess errors)
FAIL: g++.old-deja/g++.bugs/900404_07.C (test for errors, line 17)
FAIL: g++.old-deja/g++.bugs/900404_07.C (test for excess errors)
FAIL: g++.old-deja/g++.ext/arrnew.C (test for errors, line 6)
FAIL: g++.old-deja/g++.ext/arrnew.C (test for excess errors)
FAIL: g++.old-deja/g++.gb/scope06.C (test for errors, line 8)
FAIL: g++.old-deja/g++.gb/scope06.C (test for excess errors)
FAIL: g++.old-deja/g++.jason/delete3.C (test for errors, line 9)
FAIL: g++.old-deja/g++.jason/delete3.C (test for errors, line 18)
FAIL: g++.old-deja/g++.jason/delete3.C (test for excess errors)
FAIL: g++.old-deja/g++.jason/opeq3.C (test for errors, line 14)
FAIL: g++.old-deja/g++.jason/opeq3.C (test for excess errors)
FAIL: g++.old-deja/g++.jason/scoping10.C (test for errors, line 13)
FAIL: g++.old-deja/g++.law/cvt8.C (test for errors, line 27)
FAIL: g++.old-deja/g++.law/cvt8.C (test for errors, line 34)
FAIL: g++.old-deja/g++.law/cvt8.C (test for excess errors)
WARNING: g++.old-deja/g++.mike/p10769a.C compilation failed to produce executable
FAIL: g++.old-deja/g++.ns/koenig6.C (test for warnings, line 12)
XPASS: g++.old-deja/g++.oliva/ns2.C (test for bogus messages, line 13)
FAIL: g++.old-deja/g++.oliva/ns2.C (test for excess errors)
FAIL: g++.old-deja/g++.oliva/typename1.C (test for errors, line 15)
FAIL: g++.old-deja/g++.oliva/typename1.C (test for excess errors)
WARNING: g++.old-deja/g++.other/enum5.C compilation failed to produce executable
FAIL: g++.old-deja/g++.other/friend9.C (test for errors, line 10)
FAIL: g++.old-deja/g++.other/friend9.C (test for errors, line 15)
FAIL: g++.old-deja/g++.other/friend9.C (test for excess errors)
FAIL: g++.old-deja/g++.pt/enum5.C (test for errors, line 4)
FAIL: g++.old-deja/g++.pt/enum5.C (test for excess errors)
FAIL: g++.old-deja/g++.pt/expr2.C (test for errors, line 11)
FAIL: g++.old-deja/g++.pt/expr2.C (test for excess errors)
WARNING: g++.old-deja/g++.pt/friend44.C compilation failed to produce executable
FAIL: g++.old-deja/g++.pt/spec38.C (test for errors, line 11)
FAIL: g++.old-deja/g++.pt/spec38.C (test for excess errors)
=== g++ Summary for unix ===
# of expected passes 9575
# of unexpected failures 45
# of unexpected successes 1
# of expected failures 83
# of unsupported tests 82
=== g++ Summary ===
# of expected passes 19160
# of unexpected failures 80
# of unexpected successes 1
# of expected failures 167
# of unsupported tests 164
/export/users/lucier/programs/gcc/mainline/objdir2/gcc/testsuite/../g++ version 3.5.0 20040418 (experimental)
=== g77 tests ===
Running target unix/-m64
FAIL: g77.dg/12632.f out of defined range (test for errors, line 4)
=== g77 Summary for unix/-m64 ===
# of expected passes 1787
# of unexpected failures 1
# of unsupported tests 6
Running target unix
=== g77 Summary for unix ===
# of expected passes 1788
# of unsupported tests 6
=== g77 Summary ===
# of expected passes 3575
# of unexpected failures 1
# of unsupported tests 12
/export/users/lucier/programs/gcc/mainline/objdir2/gcc/testsuite/../g77 version 3.5.0 20040418 (experimental)
=== gcc tests ===
Running target unix/-m64
FAIL: gcc.dg/c90-const-expr-3.c (test for excess errors)
FAIL: gcc.dg/c99-const-expr-3.c (test for excess errors)
UNRESOLVED: gcc.dg/visibility-1.c
UNRESOLVED: gcc.dg/visibility-2.c
UNRESOLVED: gcc.dg/visibility-3.c
UNRESOLVED: gcc.dg/visibility-4.c
UNRESOLVED: gcc.dg/visibility-5.c
UNRESOLVED: gcc.dg/visibility-6.c
UNRESOLVED: gcc.dg/visibility-7.c
UNRESOLVED: gcc.dg/visibility-8.c
FAIL: largefile.c (test for excess errors)
FAIL: largefile.c (test for excess errors)
FAIL: largefile.c (test for excess errors)
FAIL: largefile.c (test for excess errors)
FAIL: largefile.c (test for excess errors)
FAIL: largefile.c (test for excess errors)
FAIL: largefile.c (test for excess errors)
=== gcc Summary for unix/-m64 ===
# of expected passes 25640
# of unexpected failures 9
# of expected failures 64
# of unresolved testcases 8
# of untested testcases 35
# of unsupported tests 328
Running target unix
FAIL: gcc.dg/c90-const-expr-3.c (test for excess errors)
FAIL: gcc.dg/c99-const-expr-3.c (test for excess errors)
UNRESOLVED: gcc.dg/visibility-1.c
UNRESOLVED: gcc.dg/visibility-2.c
UNRESOLVED: gcc.dg/visibility-3.c
UNRESOLVED: gcc.dg/visibility-4.c
UNRESOLVED: gcc.dg/visibility-5.c
UNRESOLVED: gcc.dg/visibility-6.c
UNRESOLVED: gcc.dg/visibility-7.c
UNRESOLVED: gcc.dg/visibility-8.c
FAIL: largefile.c (test for excess errors)
FAIL: largefile.c (test for excess errors)
FAIL: largefile.c (test for excess errors)
FAIL: largefile.c (test for excess errors)
FAIL: largefile.c (test for excess errors)
FAIL: largefile.c (test for excess errors)
FAIL: largefile.c (test for excess errors)
=== gcc Summary for unix ===
# of expected passes 25648
# of unexpected failures 9
# of expected failures 58
# of unresolved testcases 8
# of untested testcases 35
# of unsupported tests 328
=== gcc Summary ===
# of expected passes 51288
# of unexpected failures 18
# of expected failures 122
# of unresolved testcases 16
# of untested testcases 70
# of unsupported tests 656
/export/users/lucier/programs/gcc/mainline/objdir2/gcc/xgcc version 3.5.0 20040418 (experimental)
=== objc tests ===
Running target unix/-m64
=== objc Summary for unix/-m64 ===
# of expected passes 1339
# of unsupported tests 8
Running target unix
=== objc Summary for unix ===
# of expected passes 1339
# of unsupported tests 8
=== objc Summary ===
# of expected passes 2678
# of unsupported tests 16
/export/users/lucier/programs/gcc/mainline/objdir2/gcc/xgcc version 3.5.0 20040418 (experimental)
=== libffi tests ===
Running target unix/-m64
=== libffi Summary for unix/-m64 ===
# of expected passes 212
# of unsupported tests 2
Running target unix
=== libffi Summary for unix ===
# of expected passes 212
# of unsupported tests 2
=== libffi Summary ===
# of expected passes 424
# of unsupported tests 4
=== libjava tests ===
Running target unix/-m64
ERROR: tcl error sourcing /homes/lucier/programs/gcc/mainline/libjava/testsuite/libjava.compile/compile.exp.
ERROR: can't read "x": no such variable
FAIL: cxxtest output
FAIL: Array_3 execution - gij test
FAIL: Array_3 execution - gij test
FAIL: FileHandleGcTest execution - source compiled test
FAIL: FileHandleGcTest execution - gij test
FAIL: FileHandleGcTest execution - bytecode->native test
FAIL: FileHandleGcTest -O3 execution - source compiled test
FAIL: FileHandleGcTest execution - gij test
FAIL: FileHandleGcTest -O3 execution - bytecode->native test
FAIL: InvokeInterface execution - gij test
FAIL: InvokeInterface execution - gij test
FAIL: Invoke_1 -O3 compilation from bytecode
ERROR: No \`main' given in program MathBuiltin
UNRESOLVED: MathBuiltin -O3 compilation from source
FAIL: N19990310_02 compilation from bytecode
FAIL: N19990310_5 -O3 compilation from bytecode
FAIL: PR218 execution - gij test
ERROR: No \`main' given in program PR218
UNRESOLVED: PR242 compilation from source
FAIL: PR260 compilation from bytecode
FAIL: PR3096 -O3 compilation from bytecode
ERROR: No \`main' given in program PR5057
UNRESOLVED: PR5057_2 compilation from source
FAIL: PR6204 compilation from bytecode
FAIL: PR6729 -O3 compilation from bytecode
ERROR: No \`main' given in program String_overflow
UNRESOLVED: SyncGlobal compilation from source
FAIL: Thread_Interrupt compilation from bytecode
FAIL: Thread_Monitor compilation from bytecode
WARNING: program timed out.
FAIL: Thread_Wait_2 execution - gij test
ERROR: No \`main' given in program Throw_2
UNRESOLVED: Throw_2 -O3 compilation from source
FAIL: anon3 -O3 compilation from bytecode
FAIL: anon_ctor_itf_arg compilation from bytecode
FAIL: anon_ctor_itf_arg -O3 compilation from bytecode
ERROR: No \`main' given in program anonarray3
UNRESOLVED: anonarray3 -O3 compilation from source
FAIL: direct_read -O3 compilation from bytecode
FAIL: direct_write -O3 compilation from bytecode
ERROR: No \`main' given in program emptystring
UNRESOLVED: err1 compilation from source
FAIL: err13 -O3 compilation from bytecode
FAIL: err4 compilation from bytecode
ERROR: No \`main' given in program err7
UNRESOLVED: err7 -O3 compilation from source
FAIL: err8 compilation from bytecode
FAIL: err9 -O3 compilation from bytecode
ERROR: No \`main' given in program indirect_read
UNRESOLVED: indirect_read -O3 compilation from source
FAIL: initfield -O3 compilation from bytecode
ERROR: No \`main' given in program inner3
UNRESOLVED: inner3 -O3 compilation from source
ERROR: No \`main' given in program inner4
UNRESOLVED: inner4 -O3 compilation from source
FAIL: invoke_from_inner -O3 compilation from bytecode
ERROR: No \`main' given in program nested_with_ctor
UNRESOLVED: nested_with_ctor -O3 compilation from source
FAIL: override compilation from bytecode
FAIL: pr179 -O3 compilation from bytecode
FAIL: pr83 -O3 compilation from bytecode
=== libjava Summary for unix/-m64 ===
# of expected passes 2693
# of unexpected failures 36
# of expected failures 10
# of unresolved testcases 12
# of untested testcases 66
Running target unix
ERROR: tcl error sourcing /homes/lucier/programs/gcc/mainline/libjava/testsuite/libjava.compile/compile.exp.
ERROR: can't read "x": no such variable
FAIL: cxxtest run
FAIL: ArrayStore2 compilation from bytecode
FAIL: Array_3 execution - gij test
FAIL: Array_3 compilation from bytecode
FAIL: Array_3 execution - gij test
ERROR: No \`main' given in program EvaluationOrder
UNRESOLVED: EvaluationOrder -O3 compilation from source
FAIL: EvaluationOrder -O3 compilation from bytecode
FAIL: FileHandleGcTest execution - source compiled test
FAIL: FileHandleGcTest execution - gij test
FAIL: FileHandleGcTest execution - bytecode->native test
FAIL: FileHandleGcTest -O3 execution - source compiled test
FAIL: FileHandleGcTest execution - gij test
FAIL: FileHandleGcTest -O3 execution - bytecode->native test
FAIL: Final -O3 compilation from bytecode
FAIL: G19990301_01 compilation from bytecode
FAIL: G19990301_01 -O3 compilation from bytecode
ERROR: No \`main' given in program InvokeInterface
UNRESOLVED: InvokeInterface -O3 compilation from source
ERROR: No \`main' given in program InvokeInterface
UNRESOLVED: InvokeReturn compilation from source
ERROR: No \`main' given in program InvokeReturn
UNRESOLVED: InvokeReturn -O3 compilation from source
ERROR: No \`main' given in program PR12350
UNRESOLVED: PR12350 -O3 compilation from source
FAIL: PR12416 execution - gij test
FAIL: PR12416 execution - gij test
FAIL: PR12915 -O3 compilation from bytecode
FAIL: PR141 -O3 compilation from bytecode
ERROR: No \`main' given in program PR160
UNRESOLVED: PR160 -O3 compilation from source
FAIL: PR162 compilation from bytecode
FAIL: PR162 -O3 compilation from bytecode
FAIL: PR218 execution - gij test
FAIL: PR218 execution - gij test
FAIL: PR242 compilation from bytecode
FAIL: PR3096 -O3 compilation from bytecode
ERROR: No \`main' given in program PR6820
UNRESOLVED: PR7482 compilation from source
FAIL: StringBuffer_1 compilation from bytecode
FAIL: SyncTest execution - gij test
FAIL: Thread_Interrupt -O3 compilation from bytecode
FAIL: Thread_Join execution - gij test
FAIL: Thread_Join execution - gij test
FAIL: Thread_Monitor execution - gij test
FAIL: Thread_Monitor execution - gij test
FAIL: Thread_Wait_2 execution - gij test
FAIL: Thread_Wait_Interrupt execution - gij test
ERROR: No \`main' given in program Throw_1
UNRESOLVED: Throw_2 compilation from source
FAIL: anon compilation from bytecode
FAIL: anonarray2 -O3 compilation from bytecode
FAIL: assign compilation from bytecode
ERROR: No \`main' given in program err10
UNRESOLVED: err11 compilation from source
ERROR: No \`main' given in program err2
UNRESOLVED: err2 -O3 compilation from source
FAIL: err6 -O3 compilation from bytecode
FAIL: err9 -O3 compilation from bytecode
ERROR: No \`main' given in program final_static_and_friend
UNRESOLVED: final_static_and_friend -O3 compilation from source
FAIL: indirect compilation from bytecode
ERROR: No \`main' given in program indirect
UNRESOLVED: indirect_read compilation from source
ERROR: No \`main' given in program inner_array
UNRESOLVED: inner_array -O3 compilation from source
ERROR: No \`main' given in program instinit
UNRESOLVED: instinit2 compilation from source
FAIL: invokethrow compilation from bytecode
ERROR: No \`main' given in program multiple_finit
UNRESOLVED: negzero compilation from source
FAIL: newarray_overflow -O3 compilation from bytecode
FAIL: pr8676 -O3 compilation from bytecode
FAIL: search_outer -O3 compilation from bytecode
ERROR: No \`main' given in program update_outer
UNRESOLVED: utf8concat compilation from source
=== libjava Summary for unix ===
# of expected passes 2585
# of unexpected failures 44
# of expected failures 10
# of unresolved testcases 16
# of untested testcases 76
=== libjava Summary ===
# of expected passes 5278
# of unexpected failures 80
# of expected failures 20
# of unresolved testcases 28
# of untested testcases 142
=== libstdc++ tests ===
Running target unix/-m64
=== libstdc++ Summary for unix/-m64 ===
# of expected passes 2659
# of expected failures 6
Running target unix
=== libstdc++ Summary for unix ===
# of expected passes 2659
# of expected failures 6
=== libstdc++ Summary ===
# of expected passes 5318
# of expected failures 12
Compiler version: 3.5.0 20040418 (experimental)
Platform: sparc-sun-solaris2.9
configure flags: --enable-languages=c,c++,f77,java,objc
BOOT_CFLAGS=-g -O2
Counting all warnings,
there are 23 warnings in stage3 of this bootstrap.
Number of warnings per file:
5 /pkgs/gnu/share/bison.simple
4 gcc/unwind-dw2.c
4 gcc/libgcc2.c
3 gengtype-lex.c
2 gcc/objc/lang-specs.h
2 gcc/gcc.c
2 gcc/cp/lang-specs.h
1 gcc/java/jvspec.c
Number of warning types:
8 old-style function definition
5 string length \`???' is greater than the length \`???' ISO C89 compilers are required to support
3 (near initialization for \`???')
2 missing braces around initializer
2 implicit declaration of function 'mprotect'
2 comparison between signed and unsigned
1 missing initializer