This is the mail archive of the
gcc-testresults@gcc.gnu.org
mailing list for the GCC project.
Results for 3.5.0 20040417 (experimental) testsuite on x86_64-unknown-linux-gnu
- From: scott dot ladd at coyotegulch dot com
- To: gcc-testresults at gcc dot gnu dot org
- Date: Sat, 17 Apr 2004 21:17:03 -0400
- Subject: Results for 3.5.0 20040417 (experimental) testsuite on x86_64-unknown-linux-gnu
System Corwin (x86_64)
Dual Opteron 240, 1.4GHz
Tyan K8W 2885 motherboard
120GB Maxtor 7200 RPM ATA-133 HD
2GB PC2700 DRAM (1GB per processor, NUMA)
Radeon 9200 Pro, 128MB, NEC FE990
Linux 2.6.3-gentoo-r2 #9 SMP Sun Apr 4 19:06:27 EDT 2004
GNU C Library stable release version 2.3.3, by Roland McGrath et al.
GNU assembler 2.14.90.0.8 20040114
ln (coreutils) 5.2.0
LAST_UPDATED:
Native configuration is x86_64-unknown-linux-gnu
=== g++ tests ===
Running target unix
WARNING: g++.old-deja/g++.mike/p10769a.C compilation failed to produce executable
WARNING: g++.old-deja/g++.other/enum5.C compilation failed to produce executable
XPASS: g++.old-deja/g++.other/init5.C execution test
WARNING: g++.old-deja/g++.pt/friend44.C compilation failed to produce executable
=== g++ Summary ===
# of expected passes 9663
# of unexpected successes 1
# of expected failures 82
# of unsupported tests 75
/home/scott/projects/gnu/gcc-mainline/build/gcc/testsuite/../g++ version 3.5.0 20040417 (experimental)
=== g77 tests ===
Running target unix
=== g77 Summary ===
# of expected passes 1788
# of unsupported tests 6
/home/scott/projects/gnu/gcc-mainline/build/gcc/testsuite/../g77 version 3.5.0 20040417 (experimental)
=== gcc tests ===
Running target unix
FAIL: gcc.c-torture/execute/20010915-1.c compilation, -O3 -fomit-frame-pointer -funroll-loops
UNRESOLVED: gcc.c-torture/execute/20010915-1.c execution, -O3 -fomit-frame-pointer -funroll-loops
FAIL: gcc.c-torture/execute/20010915-1.c compilation, -O3 -fomit-frame-pointer -funroll-all-loops -finline-functions
UNRESOLVED: gcc.c-torture/execute/20010915-1.c execution, -O3 -fomit-frame-pointer -funroll-all-loops -finline-functions
FAIL: gcc.c-torture/execute/20020201-1.c execution, -O0
FAIL: gcc.c-torture/execute/20020201-1.c execution, -O1
FAIL: gcc.c-torture/execute/20020201-1.c execution, -O2
FAIL: gcc.c-torture/execute/20020201-1.c execution, -O3 -fomit-frame-pointer
FAIL: gcc.c-torture/execute/20020201-1.c execution, -O3 -g
FAIL: gcc.dg/compat/vector-1 c_compat_x_tst.o compile
FAIL: gcc.dg/compat/vector-1 c_compat_y_tst.o compile
UNRESOLVED: gcc.dg/compat/vector-1 c_compat_x_tst.o-c_compat_y_tst.o link
UNRESOLVED: gcc.dg/compat/vector-1 c_compat_x_tst.o-c_compat_y_tst.o execute
FAIL: gcc.dg/compat/vector-2 c_compat_x_tst.o compile
FAIL: gcc.dg/compat/vector-2 c_compat_y_tst.o compile
UNRESOLVED: gcc.dg/compat/vector-2 c_compat_x_tst.o-c_compat_y_tst.o link
UNRESOLVED: gcc.dg/compat/vector-2 c_compat_x_tst.o-c_compat_y_tst.o execute
FAIL: gcc.dg/c90-const-expr-3.c (test for excess errors)
FAIL: gcc.dg/c99-const-expr-3.c (test for excess errors)
FAIL: gcc.dg/i386-sse-2.c (test for excess errors)
FAIL: gcc.dg/titype-1.c (test for excess errors)
WARNING: gcc.dg/titype-1.c compilation failed to produce executable
=== gcc Summary ===
# of expected passes 25122
# of unexpected failures 15
# of expected failures 59
# of unresolved testcases 6
# of untested testcases 28
# of unsupported tests 283
/home/scott/projects/gnu/gcc-mainline/build/gcc/xgcc version 3.5.0 20040417 (experimental)
=== libstdc++-v3 check-abi Summary ===
# of added symbols: 284
# of missing symbols: 271
# of incompatible symbols: 302
=== libstdc++ tests ===
Running target unix
XPASS: 26_numerics/c99_classification_macros_c.cc (test for excess errors)
XPASS: 27_io/fpos/14320-1.cc execution test
=== libstdc++ Summary ===
# of expected passes 2659
# of unexpected successes 2
# of expected failures 4
Compiler version: 3.5.0 20040417 (experimental)
Platform: x86_64-unknown-linux-gnu
configure flags: -prefix=/opt/gcc-mainline --enable-shared --enable-threads=posix --enable-__cxa_atexit --disable-checking --disable-multilib --enable-languages=c,c++,f77