This is the mail archive of the
gcc-testresults@gcc.gnu.org
mailing list for the GCC project.
Results for 3.5.0 20040413 (experimental) testsuite on s390-ibm-linux-gnu
- From: Ulrich Weigand <weigand at i1 dot informatik dot uni-erlangen dot de>
- To: gcc-testresults at gcc dot gnu dot org
- Date: Wed, 14 Apr 2004 03:06:40 +0200 (CEST)
- Subject: Results for 3.5.0 20040413 (experimental) testsuite on s390-ibm-linux-gnu
LAST_UPDATED:
=== acats tests ===
FAIL: ad8011a
FAIL: c37213f
FAIL: c37215f
=== acats Summary ===
# of expected passes 1962
# of unexpected failures 3
# of unsupported tests 357
Native configuration is s390-ibm-linux-gnu
=== g++ tests ===
Running target unix
WARNING: g++.old-deja/g++.mike/p10769a.C compilation failed to produce executable
WARNING: g++.old-deja/g++.other/enum5.C compilation failed to produce executable
XPASS: g++.old-deja/g++.other/init5.C execution test
WARNING: g++.old-deja/g++.pt/friend44.C compilation failed to produce executable
=== g++ Summary ===
# of expected passes 9658
# of unexpected successes 1
# of expected failures 82
# of unsupported tests 77
=== g77 tests ===
Running target unix
=== g77 Summary ===
# of expected passes 1788
# of unsupported tests 6
=== gcc tests ===
Running target unix
FAIL: gcc.dg/c90-const-expr-3.c (test for excess errors)
FAIL: gcc.dg/c99-const-expr-3.c (test for excess errors)
FAIL: gcc.dg/const-elim-1.c scan-assembler-not L\\\\\$?C[^A-Z]
FAIL: largefile.c (test for excess errors)
FAIL: largefile.c (test for excess errors)
FAIL: largefile.c (test for excess errors)
FAIL: largefile.c (test for excess errors)
FAIL: largefile.c (test for excess errors)
FAIL: largefile.c (test for excess errors)
FAIL: largefile.c (test for excess errors)
=== gcc Summary ===
# of expected passes 25718
# of unexpected failures 10
# of expected failures 61
# of untested testcases 35
# of unsupported tests 316
/mnt/dasdc1/fsf/gcc-head-build/gcc/xgcc version 3.5.0 20040413 (experimental)
=== objc tests ===
Running target unix
=== objc Summary ===
# of expected passes 1339
# of unsupported tests 8
=== libffi tests ===
Running target unix
=== libffi Summary ===
# of expected passes 212
# of unsupported tests 2
=== libjava tests ===
Running target unix
=== libjava Summary ===
# of expected passes 3308
# of expected failures 14
# of untested testcases 16
=== libstdc++ tests ===
Running target unix
XPASS: 26_numerics/c99_classification_macros_c.cc (test for excess errors)
=== libstdc++ Summary ===
# of expected passes 2653
# of unexpected successes 1
# of expected failures 5
Compiler version: 3.5.0 20040413 (experimental)
Platform: s390-ibm-linux-gnu
configure flags: --prefix=/home/weigand/fsf/gcc-head-install --enable-__cxa_atexit --enable-languages=c,ada,c++,f77,java,objc