This is the mail archive of the
gcc-testresults@gcc.gnu.org
mailing list for the GCC project.
Results for 3.3.4 20040411 (prerelease) testsuite on x86_64-unknown-linux-gnu
- From: scott dot ladd at coyotegulch dot com
- To: gcc-testresults at gcc dot gnu dot org
- Date: Sun, 11 Apr 2004 22:27:57 -0400
- Subject: Results for 3.3.4 20040411 (prerelease) testsuite on x86_64-unknown-linux-gnu
System Corwin (x86_64)
Dual Opteron 240, 1.4GHz
Tyan K8W 2885 motherboard
120GB Maxtor 7200 RPM ATA-133 HD
2GB PC2700 DRAM (1GB per processor, NUMA)
Radeon 9200 Pro, 128MB, NEC FE990
Linux 2.6.3-gentoo-r2 #9 SMP Sun Apr 4 19:06:27 EDT 2004
GNU C Library stable release version 2.3.3, by Roland McGrath et al.
GNU assembler 2.14.90.0.8 20040114
ln (coreutils) 5.2.0
LAST_UPDATED:
Native configuration is x86_64-unknown-linux-gnu
=== g++ tests ===
Running target unix
XPASS: g++.other/init5.C Execution test
FAIL: g++.robertl/eb132.C (test for excess errors)
=== g++ Summary ===
# of expected passes 8197
# of unexpected failures 1
# of unexpected successes 1
# of expected failures 93
# of untested testcases 22
# of unsupported tests 29
/home/scott/projects/gnu/gcc-3.3/build/gcc/testsuite/../g++ version 3.3.4 20040411 (prerelease)
=== gcc tests ===
Running target unix
FAIL: gcc.c-torture/compile/simd-5.c, -O2
FAIL: gcc.c-torture/compile/simd-5.c, -O3 -fomit-frame-pointer
FAIL: gcc.c-torture/compile/simd-5.c, -O3 -g
FAIL: gcc.c-torture/compile/simd-5.c, -Os
XPASS: gcc.c-torture/execute/20020227-1.c execution, -O0
XPASS: gcc.c-torture/execute/20020227-1.c execution, -O1
XPASS: gcc.c-torture/execute/20020227-1.c execution, -O2
XPASS: gcc.c-torture/execute/20020227-1.c execution, -O3 -fomit-frame-pointer
XPASS: gcc.c-torture/execute/20020227-1.c execution, -O3 -g
XPASS: gcc.c-torture/execute/20020227-1.c execution, -Os
UNRESOLVED: gcc.c-torture/execute/20020720-1.c execution, -O1
UNRESOLVED: gcc.c-torture/execute/20020720-1.c execution, -O2
UNRESOLVED: gcc.c-torture/execute/20020720-1.c execution, -O3 -fomit-frame-pointer
UNRESOLVED: gcc.c-torture/execute/20020720-1.c execution, -O3 -g
UNRESOLVED: gcc.c-torture/execute/20020720-1.c execution, -Os
FAIL: gcc.c-torture/execute/990208-1.c execution, -O3 -fomit-frame-pointer
FAIL: gcc.c-torture/execute/990208-1.c execution, -O3 -g
FAIL: gcc.dg/20020103-1.c scan-assembler-not LC
FAIL: gcc.dg/duff-2.c (test for excess errors)
=== gcc Summary ===
# of expected passes 21211
# of unexpected failures 8
# of unexpected successes 6
# of expected failures 73
# of unresolved testcases 5
# of unsupported tests 179
/home/scott/projects/gnu/gcc-3.3/build/gcc/xgcc version 3.3.4 20040411 (prerelease)
=== libstdc++-v3 check-abi Summary ===
# of added symbols: 0
# of missing symbols: 0
# of incompatible symbols: 0
=== libstdc++-v3 tests ===
Running target unix
XPASS: 22_locale/collate_byname.cc execution test
XPASS: 22_locale/collate_members_char.cc execution test
XPASS: 22_locale/collate_members_wchar_t.cc execution test
XPASS: 22_locale/ctype_is_char.cc execution test
XPASS: 22_locale/ctype_is_wchar_t.cc execution test
XPASS: 22_locale/members.cc execution test
XPASS: 22_locale/messages_byname.cc execution test
XPASS: 22_locale/messages_members_char.cc execution test
XPASS: 22_locale/money_get_members_char.cc execution test
XPASS: 22_locale/money_get_members_wchar_t.cc execution test
XPASS: 22_locale/money_put_members_char.cc execution test
XPASS: 22_locale/money_put_members_wchar_t.cc execution test
XPASS: 22_locale/moneypunct_byname.cc execution test
XPASS: 22_locale/moneypunct_members_char.cc execution test
XPASS: 22_locale/moneypunct_members_wchar_t.cc execution test
XPASS: 22_locale/num_get_members_char.cc execution test
XPASS: 22_locale/num_get_members_wchar_t.cc execution test
XPASS: 22_locale/num_put_members_char.cc execution test
XPASS: 22_locale/num_put_members_wchar_t.cc execution test
XPASS: 22_locale/numpunct_byname.cc execution test
XPASS: 22_locale/numpunct_members_char.cc execution test
XPASS: 22_locale/numpunct_members_wchar_t.cc execution test
XPASS: 22_locale/time_get_members_char.cc execution test
XPASS: 22_locale/time_get_members_wchar_t.cc execution test
=== libstdc++-v3 Summary ===
# of expected passes 453
# of unexpected successes 24
# of expected failures 4
Compiler version: 3.3.4 20040411 (prerelease)
Platform: x86_64-unknown-linux-gnu
configure flags: --host=x86_64-unknown-linux-gnu --prefix=/opt/gcc-3.3 --enable-shared --enable-threads=posix --enable-__cxa_atexit --enable-languages=c,c++ --disable-multilib --disable-checking