This is the mail archive of the
gcc-testresults@gcc.gnu.org
mailing list for the GCC project.
Results for gcc testsuite on x86_64-suse-linux-gnu
- From: Andreas Jaeger <aj at suse dot de>
- To: gcc-testresults at gcc dot gnu dot org
- Date: Sun, 11 Apr 2004 09:17:01 UT
- Subject: Results for gcc testsuite on x86_64-suse-linux-gnu
Bootstrap and regtesting on x86_64-suse-linux-gnu.
CVS sources: branch: tree-ssa-20020619-branch.
LAST_UPDATED: Sun Apr 11 06:14:21 UTC 2004
Native configuration is x86_64-suse-linux-gnu
=== gcc tests ===
Running target unix/-m32
FAIL: gcc.c-torture/compile/20010605-1.c (test for excess errors)
FAIL: gcc.c-torture/compile/20010605-1.c (test for excess errors)
FAIL: gcc.c-torture/execute/20020201-1.c execution, -O0
FAIL: gcc.c-torture/execute/20020201-1.c execution, -O1
FAIL: gcc.c-torture/execute/20020201-1.c execution, -O2
FAIL: gcc.c-torture/execute/20020201-1.c execution, -O3 -fomit-frame-pointer
FAIL: gcc.c-torture/execute/20020201-1.c execution, -O3 -g
FAIL: gcc.c-torture/execute/20040313-1.c execution, -O0
FAIL: gcc.c-torture/execute/20040313-1.c execution, -O1
FAIL: gcc.c-torture/execute/20040313-1.c execution, -O2
FAIL: gcc.c-torture/execute/20040313-1.c execution, -O3 -fomit-frame-pointer
FAIL: gcc.c-torture/execute/20040313-1.c execution, -O3 -g
FAIL: gcc.c-torture/execute/20040313-1.c execution, -Os
FAIL: gcc.c-torture/execute/loop-2e.c execution, -Os
FAIL: gcc.c-torture/execute/va-arg-25.c execution, -Os
FAIL: gcc.c-torture/execute/ieee/20010114-2.c execution, -O1
FAIL: gcc.c-torture/execute/ieee/20010114-2.c execution, -O2
FAIL: gcc.c-torture/execute/ieee/20010114-2.c execution, -Os
FAIL: gcc.c-torture/execute/ieee/20030331-1.c execution, -O1
FAIL: gcc.c-torture/execute/ieee/20030331-1.c execution, -O2
FAIL: gcc.c-torture/execute/ieee/20030331-1.c execution, -O3 -fomit-frame-pointer
FAIL: gcc.c-torture/execute/ieee/20030331-1.c execution, -O3 -g
FAIL: gcc.c-torture/execute/ieee/20030331-1.c execution, -Os
FAIL: gcc.c-torture/execute/ieee/980619-1.c execution, -O1
FAIL: gcc.c-torture/execute/ieee/980619-1.c execution, -O2
FAIL: gcc.c-torture/execute/ieee/980619-1.c execution, -O3 -fomit-frame-pointer
FAIL: gcc.c-torture/execute/ieee/980619-1.c execution, -O3 -fomit-frame-pointer -funroll-loops
FAIL: gcc.c-torture/execute/ieee/980619-1.c execution, -O3 -fomit-frame-pointer -funroll-all-loops -finline-functions
FAIL: gcc.c-torture/execute/ieee/980619-1.c execution, -O3 -g
FAIL: gcc.c-torture/execute/ieee/980619-1.c execution, -Os
FAIL: gcc.dg/compat/vector-1 c_compat_x_alt.o compile
FAIL: gcc.dg/compat/vector-1 c_compat_y_alt.o compile
UNRESOLVED: gcc.dg/compat/vector-1 c_compat_x_tst.o-c_compat_y_alt.o link
UNRESOLVED: gcc.dg/compat/vector-1 c_compat_x_tst.o-c_compat_y_alt.o execute
UNRESOLVED: gcc.dg/compat/vector-1 c_compat_x_alt.o-c_compat_y_tst.o link
UNRESOLVED: gcc.dg/compat/vector-1 c_compat_x_alt.o-c_compat_y_tst.o execute
UNRESOLVED: gcc.dg/compat/vector-1 c_compat_x_alt.o-c_compat_y_alt.o link
UNRESOLVED: gcc.dg/compat/vector-1 c_compat_x_alt.o-c_compat_y_alt.o execute
FAIL: gcc.dg/compat/vector-2 c_compat_x_alt.o compile
FAIL: gcc.dg/compat/vector-2 c_compat_y_alt.o compile
UNRESOLVED: gcc.dg/compat/vector-2 c_compat_x_tst.o-c_compat_y_alt.o link
UNRESOLVED: gcc.dg/compat/vector-2 c_compat_x_tst.o-c_compat_y_alt.o execute
UNRESOLVED: gcc.dg/compat/vector-2 c_compat_x_alt.o-c_compat_y_tst.o link
UNRESOLVED: gcc.dg/compat/vector-2 c_compat_x_alt.o-c_compat_y_tst.o execute
UNRESOLVED: gcc.dg/compat/vector-2 c_compat_x_alt.o-c_compat_y_alt.o link
UNRESOLVED: gcc.dg/compat/vector-2 c_compat_x_alt.o-c_compat_y_alt.o execute
FAIL: gcc.dg/builtins-10.c (test for excess errors)
FAIL: gcc.dg/builtins-26.c (test for excess errors)
FAIL: gcc.dg/builtins-7.c (test for excess errors)
FAIL: gcc.dg/c90-const-expr-3.c (test for excess errors)
FAIL: gcc.dg/c99-const-expr-3.c (test for excess errors)
XPASS: gcc.dg/i386-ssetype-1.c scan-assembler-not movdqa
XPASS: gcc.dg/i386-ssetype-3.c scan-assembler-not movdqa
FAIL: gcc.dg/torture/builtin-explog-1.c (test for excess errors)
FAIL: gcc.dg/torture/builtin-explog-1.c (test for excess errors)
FAIL: gcc.dg/torture/builtin-explog-1.c (test for excess errors)
FAIL: gcc.dg/torture/builtin-explog-1.c (test for excess errors)
FAIL: gcc.dg/torture/builtin-explog-1.c (test for excess errors)
FAIL: gcc.dg/torture/builtin-explog-1.c (test for excess errors)
FAIL: gcc.dg/torture/builtin-nonneg-1.c (test for excess errors)
FAIL: gcc.dg/torture/builtin-nonneg-1.c (test for excess errors)
FAIL: gcc.dg/torture/builtin-nonneg-1.c (test for excess errors)
FAIL: gcc.dg/torture/builtin-nonneg-1.c (test for excess errors)
FAIL: gcc.dg/torture/builtin-nonneg-1.c (test for excess errors)
FAIL: gcc.dg/torture/builtin-nonneg-1.c (test for excess errors)
FAIL: gcc.dg/torture/builtin-power-1.c (test for excess errors)
FAIL: gcc.dg/torture/builtin-power-1.c (test for excess errors)
FAIL: gcc.dg/torture/builtin-power-1.c (test for excess errors)
FAIL: gcc.dg/torture/builtin-power-1.c (test for excess errors)
FAIL: gcc.dg/torture/builtin-power-1.c (test for excess errors)
FAIL: gcc.dg/torture/builtin-power-1.c (test for excess errors)
FAIL: 209: expected branch percentages not found: 25
FAIL: gcc.misc-tests/gcov-4b.c gcov: 0 failures in line counts, 1 in branch percentages, 0 in return percentages
FAIL: linkage.c
=== gcc Summary for unix/-m32 ===
# of expected passes 25695
# of unexpected failures 60
# of unexpected successes 2
# of expected failures 65
# of unresolved testcases 12
# of untested testcases 7
# of unsupported tests 279
Running target unix
FAIL: gcc.c-torture/compile/20010605-1.c (test for excess errors)
FAIL: gcc.c-torture/compile/20010605-1.c (test for excess errors)
FAIL: gcc.c-torture/execute/20010915-1.c compilation, -O3 -fomit-frame-pointer -funroll-loops
UNRESOLVED: gcc.c-torture/execute/20010915-1.c execution, -O3 -fomit-frame-pointer -funroll-loops
FAIL: gcc.c-torture/execute/20010915-1.c compilation, -O3 -fomit-frame-pointer -funroll-all-loops -finline-functions
UNRESOLVED: gcc.c-torture/execute/20010915-1.c execution, -O3 -fomit-frame-pointer -funroll-all-loops -finline-functions
FAIL: gcc.c-torture/execute/20020201-1.c execution, -O0
FAIL: gcc.c-torture/execute/20020201-1.c execution, -O1
FAIL: gcc.c-torture/execute/20020201-1.c execution, -O2
FAIL: gcc.c-torture/execute/20020201-1.c execution, -O3 -fomit-frame-pointer
FAIL: gcc.c-torture/execute/20020201-1.c execution, -O3 -g
FAIL: gcc.c-torture/execute/20040313-1.c execution, -O0
FAIL: gcc.c-torture/execute/20040313-1.c execution, -O1
FAIL: gcc.c-torture/execute/20040313-1.c execution, -O2
FAIL: gcc.c-torture/execute/20040313-1.c execution, -O3 -fomit-frame-pointer
FAIL: gcc.c-torture/execute/20040313-1.c execution, -O3 -g
FAIL: gcc.c-torture/execute/20040313-1.c execution, -Os
FAIL: gcc.c-torture/unsorted/opout.c, -O1
FAIL: gcc.c-torture/unsorted/opout.c, -O2
FAIL: gcc.c-torture/unsorted/opout.c, -O3 -fomit-frame-pointer
FAIL: gcc.c-torture/unsorted/opout.c, -O3 -g
FAIL: gcc.c-torture/unsorted/opout.c, -Os
FAIL: gcc.dg/compat/vector-1 c_compat_x_alt.o compile
FAIL: gcc.dg/compat/vector-1 c_compat_y_alt.o compile
FAIL: gcc.dg/compat/vector-1 c_compat_x_tst.o compile
FAIL: gcc.dg/compat/vector-1 c_compat_y_tst.o compile
UNRESOLVED: gcc.dg/compat/vector-1 c_compat_x_tst.o-c_compat_y_tst.o link
UNRESOLVED: gcc.dg/compat/vector-1 c_compat_x_tst.o-c_compat_y_tst.o execute
UNRESOLVED: gcc.dg/compat/vector-1 c_compat_x_tst.o-c_compat_y_alt.o link
UNRESOLVED: gcc.dg/compat/vector-1 c_compat_x_tst.o-c_compat_y_alt.o execute
UNRESOLVED: gcc.dg/compat/vector-1 c_compat_x_alt.o-c_compat_y_tst.o link
UNRESOLVED: gcc.dg/compat/vector-1 c_compat_x_alt.o-c_compat_y_tst.o execute
UNRESOLVED: gcc.dg/compat/vector-1 c_compat_x_alt.o-c_compat_y_alt.o link
UNRESOLVED: gcc.dg/compat/vector-1 c_compat_x_alt.o-c_compat_y_alt.o execute
FAIL: gcc.dg/compat/vector-2 c_compat_x_alt.o compile
FAIL: gcc.dg/compat/vector-2 c_compat_y_alt.o compile
FAIL: gcc.dg/compat/vector-2 c_compat_x_tst.o compile
FAIL: gcc.dg/compat/vector-2 c_compat_y_tst.o compile
UNRESOLVED: gcc.dg/compat/vector-2 c_compat_x_tst.o-c_compat_y_tst.o link
UNRESOLVED: gcc.dg/compat/vector-2 c_compat_x_tst.o-c_compat_y_tst.o execute
UNRESOLVED: gcc.dg/compat/vector-2 c_compat_x_tst.o-c_compat_y_alt.o link
UNRESOLVED: gcc.dg/compat/vector-2 c_compat_x_tst.o-c_compat_y_alt.o execute
UNRESOLVED: gcc.dg/compat/vector-2 c_compat_x_alt.o-c_compat_y_tst.o link
UNRESOLVED: gcc.dg/compat/vector-2 c_compat_x_alt.o-c_compat_y_tst.o execute
UNRESOLVED: gcc.dg/compat/vector-2 c_compat_x_alt.o-c_compat_y_alt.o link
UNRESOLVED: gcc.dg/compat/vector-2 c_compat_x_alt.o-c_compat_y_alt.o execute
FAIL: gcc.dg/20020103-1.c scan-assembler-not LC
FAIL: gcc.dg/builtins-10.c (test for excess errors)
FAIL: gcc.dg/builtins-26.c (test for excess errors)
FAIL: gcc.dg/builtins-7.c (test for excess errors)
FAIL: gcc.dg/c90-const-expr-3.c (test for excess errors)
FAIL: gcc.dg/c99-const-expr-3.c (test for excess errors)
FAIL: gcc.dg/i386-local.c scan-assembler magic[^\\\\n]*eax
FAIL: gcc.dg/i386-sse-2.c (test for excess errors)
FAIL: gcc.dg/i386-sse-8.c (test for excess errors)
XPASS: gcc.dg/i386-ssetype-1.c scan-assembler-not movdqa
XPASS: gcc.dg/i386-ssetype-3.c scan-assembler-not movdqa
FAIL: gcc.dg/titype-1.c (test for excess errors)
WARNING: gcc.dg/titype-1.c compilation failed to produce executable
FAIL: gcc.dg/uninit-H.c (test for bogus messages, line 18)
FAIL: gcc.dg/torture/builtin-explog-1.c (test for excess errors)
FAIL: gcc.dg/torture/builtin-explog-1.c (test for excess errors)
FAIL: gcc.dg/torture/builtin-explog-1.c (test for excess errors)
FAIL: gcc.dg/torture/builtin-explog-1.c (test for excess errors)
FAIL: gcc.dg/torture/builtin-explog-1.c (test for excess errors)
FAIL: gcc.dg/torture/builtin-explog-1.c (test for excess errors)
FAIL: gcc.dg/torture/builtin-nonneg-1.c (test for excess errors)
FAIL: gcc.dg/torture/builtin-nonneg-1.c (test for excess errors)
FAIL: gcc.dg/torture/builtin-nonneg-1.c (test for excess errors)
FAIL: gcc.dg/torture/builtin-nonneg-1.c (test for excess errors)
FAIL: gcc.dg/torture/builtin-nonneg-1.c (test for excess errors)
FAIL: gcc.dg/torture/builtin-nonneg-1.c (test for excess errors)
FAIL: gcc.dg/torture/builtin-power-1.c (test for excess errors)
FAIL: gcc.dg/torture/builtin-power-1.c (test for excess errors)
FAIL: gcc.dg/torture/builtin-power-1.c (test for excess errors)
FAIL: gcc.dg/torture/builtin-power-1.c (test for excess errors)
FAIL: gcc.dg/torture/builtin-power-1.c (test for excess errors)
FAIL: gcc.dg/torture/builtin-power-1.c (test for excess errors)
FAIL: 209: expected branch percentages not found: 25
FAIL: gcc.misc-tests/gcov-4b.c gcov: 0 failures in line counts, 1 in branch percentages, 0 in return percentages
WARNING: program timed out.
FAIL: gcc.misc-tests/gcov-9.c execution test
WARNING: program timed out.
FAIL: linkage.c
WARNING: program timed out.
FAIL: gcc.misc-tests/mg.c
=== gcc Summary for unix ===
# of expected passes 25686
# of unexpected failures 62
# of unexpected successes 2
# of expected failures 65
# of unresolved testcases 18
# of untested testcases 7
# of unsupported tests 279
=== gcc Summary ===
# of expected passes 51381
# of unexpected failures 122
# of unexpected successes 4
# of expected failures 130
# of unresolved testcases 30
# of untested testcases 14
# of unsupported tests 558
WARNING: program timed out.
=== libmudflap tests ===
Running target unix
FAIL: libmudflap.c++/fail24-frag.cxx (test for excess errors)
WARNING: libmudflap.c++/fail24-frag.cxx compilation failed to produce executable
FAIL: libmudflap.c++/pass27-frag.cxx (test for excess errors)
WARNING: libmudflap.c++/pass27-frag.cxx compilation failed to produce executable
FAIL: libmudflap.c++/pass28-frag.cxx (test for excess errors)
WARNING: libmudflap.c++/pass28-frag.cxx compilation failed to produce executable
FAIL: libmudflap.c++/pass31-frag.cxx (test for excess errors)
WARNING: libmudflap.c++/pass31-frag.cxx compilation failed to produce executable
FAIL: libmudflap.c++/pass41-frag.cxx (test for excess errors)
WARNING: libmudflap.c++/pass41-frag.cxx compilation failed to produce executable
FAIL: libmudflap.c++/fail24-frag.cxx (-static) (test for excess errors)
WARNING: libmudflap.c++/fail24-frag.cxx (-static) compilation failed to produce executable
FAIL: libmudflap.c++/pass27-frag.cxx (-static) (test for excess errors)
WARNING: libmudflap.c++/pass27-frag.cxx (-static) compilation failed to produce executable
FAIL: libmudflap.c++/pass28-frag.cxx (-static) (test for excess errors)
WARNING: libmudflap.c++/pass28-frag.cxx (-static) compilation failed to produce executable
FAIL: libmudflap.c++/pass31-frag.cxx (-static) (test for excess errors)
WARNING: libmudflap.c++/pass31-frag.cxx (-static) compilation failed to produce executable
FAIL: libmudflap.c++/pass41-frag.cxx (-static) (test for excess errors)
WARNING: libmudflap.c++/pass41-frag.cxx (-static) compilation failed to produce executable
FAIL: libmudflap.c++/fail24-frag.cxx (-O2) (test for excess errors)
WARNING: libmudflap.c++/fail24-frag.cxx (-O2) compilation failed to produce executable
FAIL: libmudflap.c++/pass27-frag.cxx (-O2) (test for excess errors)
WARNING: libmudflap.c++/pass27-frag.cxx (-O2) compilation failed to produce executable
FAIL: libmudflap.c++/pass28-frag.cxx (-O2) (test for excess errors)
WARNING: libmudflap.c++/pass28-frag.cxx (-O2) compilation failed to produce executable
FAIL: libmudflap.c++/pass31-frag.cxx (-O2) (test for excess errors)
WARNING: libmudflap.c++/pass31-frag.cxx (-O2) compilation failed to produce executable
FAIL: libmudflap.c++/pass41-frag.cxx (-O2) (test for excess errors)
WARNING: libmudflap.c++/pass41-frag.cxx (-O2) compilation failed to produce executable
FAIL: libmudflap.c++/fail24-frag.cxx (-O3) (test for excess errors)
WARNING: libmudflap.c++/fail24-frag.cxx (-O3) compilation failed to produce executable
FAIL: libmudflap.c++/pass27-frag.cxx (-O3) (test for excess errors)
WARNING: libmudflap.c++/pass27-frag.cxx (-O3) compilation failed to produce executable
FAIL: libmudflap.c++/pass28-frag.cxx (-O3) (test for excess errors)
WARNING: libmudflap.c++/pass28-frag.cxx (-O3) compilation failed to produce executable
FAIL: libmudflap.c++/pass31-frag.cxx (-O3) (test for excess errors)
WARNING: libmudflap.c++/pass31-frag.cxx (-O3) compilation failed to produce executable
FAIL: libmudflap.c++/pass41-frag.cxx (-O3) (test for excess errors)
WARNING: libmudflap.c++/pass41-frag.cxx (-O3) compilation failed to produce executable
FAIL: libmudflap.cth/pass40-frag.c output pattern test
FAIL: libmudflap.cth/pass40-frag.c (-O2) output pattern test
FAIL: libmudflap.cth/pass40-frag.c (-O3) output pattern test
=== libmudflap Summary ===
# of expected passes 1045
# of unexpected failures 23
Compiler version: gcc
Platform: x86_64-suse-linux-gnu
configure flags: --prefix=/opt/gcc/tree-ssa-20020619-branch --disable-nls --enable-threads=posix --enable-clocale=gnu --enable-__cxa_atexit --enable-shared --with-system-zlib x86_64-suse-linux-gnu --enable-languages=c
Version of binutils: GNU ld version 2.14.90.0.8 20040114 (SuSE Linux)
Version of glibc (/lib/libc.so.6): 2.3.2 (20030827)
Version of glibc (/lib64/libc.so.6): 2.3.2 (20030827)