This is the mail archive of the gcc-testresults@gcc.gnu.org mailing list for the GCC project.
Index Nav: | [Date Index] [Subject Index] [Author Index] [Thread Index] | |
---|---|---|
Message Nav: | [Date Prev] [Date Next] | [Thread Prev] [Thread Next] |
Other format: | [Raw text] |
LAST_UPDATED: Native configuration is i686-pc-linux-gnu === gcc tests === Running target unix FAIL: gcc.c-torture/compile/20010605-1.c -O0 (test for excess errors) FAIL: gcc.c-torture/compile/20010605-1.c -O1 (test for excess errors) FAIL: gcc.c-torture/execute/20040313-1.c execution, -O0 FAIL: gcc.c-torture/execute/20040313-1.c execution, -O1 FAIL: gcc.c-torture/execute/20040313-1.c execution, -O2 FAIL: gcc.c-torture/execute/20040313-1.c execution, -O3 -fomit-frame-pointer FAIL: gcc.c-torture/execute/20040313-1.c execution, -O3 -g FAIL: gcc.c-torture/execute/20040313-1.c execution, -Os FAIL: gcc.c-torture/execute/va-arg-25.c execution, -Os FAIL: gcc.dg/builtins-10.c (test for excess errors) FAIL: gcc.dg/builtins-26.c (test for excess errors) FAIL: gcc.dg/builtins-7.c (test for excess errors) FAIL: gcc.dg/c90-const-expr-3.c (test for excess errors) FAIL: gcc.dg/c99-const-expr-3.c (test for excess errors) XPASS: gcc.dg/i386-ssetype-1.c scan-assembler-not movdqa XPASS: gcc.dg/i386-ssetype-3.c scan-assembler-not movdqa FAIL: gcc.dg/torture/builtin-explog-1.c -O0 (test for excess errors) FAIL: gcc.dg/torture/builtin-explog-1.c -O1 (test for excess errors) FAIL: gcc.dg/torture/builtin-explog-1.c -O2 (test for excess errors) FAIL: gcc.dg/torture/builtin-explog-1.c -O3 -fomit-frame-pointer (test for excess errors) FAIL: gcc.dg/torture/builtin-explog-1.c -O3 -g (test for excess errors) FAIL: gcc.dg/torture/builtin-explog-1.c -Os (test for excess errors) FAIL: gcc.dg/torture/builtin-nonneg-1.c -O0 (test for excess errors) FAIL: gcc.dg/torture/builtin-nonneg-1.c -O1 (test for excess errors) FAIL: gcc.dg/torture/builtin-nonneg-1.c -O2 (test for excess errors) FAIL: gcc.dg/torture/builtin-nonneg-1.c -O3 -fomit-frame-pointer (test for excess errors) FAIL: gcc.dg/torture/builtin-nonneg-1.c -O3 -g (test for excess errors) FAIL: gcc.dg/torture/builtin-nonneg-1.c -Os (test for excess errors) FAIL: gcc.dg/torture/builtin-power-1.c -O0 (test for excess errors) FAIL: gcc.dg/torture/builtin-power-1.c -O1 (test for excess errors) FAIL: gcc.dg/torture/builtin-power-1.c -O2 (test for excess errors) FAIL: gcc.dg/torture/builtin-power-1.c -O3 -fomit-frame-pointer (test for excess errors) FAIL: gcc.dg/torture/builtin-power-1.c -O3 -g (test for excess errors) FAIL: gcc.dg/torture/builtin-power-1.c -Os (test for excess errors) FAIL: gcc.dg/tree-ssa/20031015-1.c scan-tree-dump-times VUSE 1 FAIL: 209: expected branch percentages not found: 25 FAIL: gcc.misc-tests/gcov-4b.c gcov: 0 failures in line counts, 1 in branch percentages, 0 in return percentages === gcc Summary === # of expected passes 25606 # of unexpected failures 35 # of unexpected successes 2 # of expected failures 66 # of untested testcases 7 # of unsupported tests 186 /home/scott/projects_gnu/gcc-tree-ssa/build/gcc/xgcc version 3.5-tree-ssa 20040409 (merged 20040331) === gfortran tests === Running target unix FAIL: gfortran.fortran-torture/execute/function_module_1.f90 execution, -O2 FAIL: gfortran.fortran-torture/execute/function_module_1.f90 execution, -O2 -fomit-frame-pointer -finline-functions FAIL: gfortran.fortran-torture/execute/function_module_1.f90 execution, -O2 -fomit-frame-pointer -finline-functions -funroll-loops FAIL: gfortran.fortran-torture/execute/function_module_1.f90 execution, -O2 -fomit-frame-pointer -finline-functions -funroll-all-loops FAIL: gfortran.fortran-torture/execute/function_module_1.f90 execution, -O2 -fno-repack-arrays FAIL: gfortran.fortran-torture/execute/function_module_1.f90 execution, -O3 -g FAIL: gfortran.fortran-torture/execute/function_module_1.f90 execution, -Os FAIL: gfortran.fortran-torture/execute/specifics.f90 execution, -O2 FAIL: gfortran.fortran-torture/execute/specifics.f90 execution, -O2 -fomit-frame-pointer -finline-functions FAIL: gfortran.fortran-torture/execute/specifics.f90 execution, -O2 -fomit-frame-pointer -finline-functions -funroll-loops FAIL: gfortran.fortran-torture/execute/specifics.f90 execution, -O2 -fomit-frame-pointer -finline-functions -funroll-all-loops FAIL: gfortran.fortran-torture/execute/specifics.f90 execution, -O2 -fno-repack-arrays FAIL: gfortran.fortran-torture/execute/specifics.f90 execution, -O3 -g FAIL: gfortran.fortran-torture/execute/specifics.f90 execution, -Os === gfortran Summary === # of expected passes 2560 # of unexpected failures 14 /home/scott/projects_gnu/gcc-tree-ssa/build/gcc/testsuite/../gfortran version 3.5-tree-ssa 20040409 (merged 20040331) === g++ tests === Running target unix XPASS: g++.dg/eh/elide1.C execution test FAIL: 258: expected branch percentages not found: 25 FAIL: g++.dg/gcov/gcov-1.C gcov: 0 failures in line counts, 1 in branch percentages, 0 in return percentages FAIL: 23:is 2:should be 1 FAIL: g++.dg/gcov/gcov-2.C gcov: 1 failures in line counts, 0 in branch percentages, 0 in return percentages FAIL: g++.old-deja/g++.brendan/crash13.C (test for errors, line 34) FAIL: g++.old-deja/g++.law/friend5.C (test for errors, line 19) FAIL: g++.old-deja/g++.law/friend5.C (test for errors, line 24) WARNING: g++.old-deja/g++.mike/p10769a.C compilation failed to produce executable WARNING: g++.old-deja/g++.other/enum5.C compilation failed to produce executable XPASS: g++.old-deja/g++.other/init5.C execution test WARNING: g++.old-deja/g++.pt/friend44.C compilation failed to produce executable === g++ Summary === # of expected passes 9722 # of unexpected failures 7 # of unexpected successes 2 # of expected failures 88 # of unsupported tests 37 /home/scott/projects_gnu/gcc-tree-ssa/build/gcc/testsuite/../g++ version 3.5-tree-ssa 20040409 (merged 20040331) === libmudflap tests === Running target unix === libmudflap Summary === # of expected passes 1092 === libstdc++-v3 check-abi Summary === # of added symbols: 334 # of missing symbols: 327 # of incompatible symbols: 358 === libstdc++ tests === Running target unix XPASS: 26_numerics/c99_classification_macros_c.cc (test for excess errors) === libstdc++ Summary === # of expected passes 2619 # of unexpected successes 1 # of expected failures 5 Compiler version: 3.5-tree-ssa20040409(merged20040331) Platform: i686-pc-linux-gnu configure flags: --prefix=/opt/gcc-tree-ssa --disable-checking --enable-shared --enable-threads=posix --enable-__cxa_atexit --enable-languages=c,c++,f95
Index Nav: | [Date Index] [Subject Index] [Author Index] [Thread Index] | |
---|---|---|
Message Nav: | [Date Prev] [Date Next] | [Thread Prev] [Thread Next] |