This is the mail archive of the
gcc-testresults@gcc.gnu.org
mailing list for the GCC project.
Results for 3.4.0 20040330 (prerelease) testsuite on mips-sgi-irix6.5
- From: "Kaveh R. Ghazi" <ghazi at infinite dot rutgers dot edu>
- To: gcc-testresults at gcc dot gnu dot org
- Date: Tue, 30 Mar 2004 17:03:36 -0500 (EST)
- Subject: Results for 3.4.0 20040330 (prerelease) testsuite on mips-sgi-irix6.5
LAST_UPDATED:
Native configuration is mips-sgi-irix6.5
=== g++ tests ===
Running target unix
FAIL: g++.dg/expr/anew1.C execution test
FAIL: g++.dg/expr/anew2.C execution test
FAIL: g++.dg/expr/anew3.C execution test
FAIL: g++.dg/expr/anew4.C execution test
FAIL: g++.dg/pch/system-1.C -g assembly comparison
FAIL: g++.dg/pch/system-2.C -g assembly comparison
XPASS: g++.old-deja/g++.jason/thunk3.C execution test
WARNING: g++.old-deja/g++.mike/p10769a.C compilation failed to produce executable
WARNING: g++.old-deja/g++.other/enum5.C compilation failed to produce executable
WARNING: g++.old-deja/g++.pt/friend44.C compilation failed to produce executable
=== g++ Summary ===
# of expected passes 9152
# of unexpected failures 6
# of unexpected successes 1
# of expected failures 65
# of unsupported tests 74
/caip/u58/ghazi/gcc-testing/branch4/build/gcc/testsuite/../g++ version 3.4.0 20040330 (prerelease)
=== g77 tests ===
Running target unix
=== g77 Summary ===
# of expected passes 1800
# of unsupported tests 6
/caip/u58/ghazi/gcc-testing/branch4/build/gcc/testsuite/../g77 version 3.4.0 20040330 (prerelease)
=== gcc tests ===
Running target unix
FAIL: gcc.dg/builtins-18.c (test for excess errors)
XPASS: gcc.dg/sibcall-3.c execution test
XPASS: gcc.dg/sibcall-4.c execution test
UNRESOLVED: gcc.dg/visibility-1.c
UNRESOLVED: gcc.dg/visibility-2.c
UNRESOLVED: gcc.dg/visibility-3.c
UNRESOLVED: gcc.dg/visibility-4.c
UNRESOLVED: gcc.dg/visibility-5.c
UNRESOLVED: gcc.dg/visibility-6.c
UNRESOLVED: gcc.dg/visibility-7.c
UNRESOLVED: gcc.dg/visibility-8.c
=== gcc Summary ===
# of expected passes 23759
# of unexpected failures 1
# of unexpected successes 2
# of expected failures 74
# of unresolved testcases 8
# of untested testcases 7
# of unsupported tests 304
/caip/u58/ghazi/gcc-testing/branch4/build/gcc/xgcc version 3.4.0 20040330 (prerelease)
=== objc tests ===
Running target unix
=== objc Summary ===
# of expected passes 1341
# of unsupported tests 8
/caip/u58/ghazi/gcc-testing/branch4/build/gcc/xgcc version 3.4.0 20040330 (prerelease)
=== libstdc++ tests ===
Running target unix
FAIL: 22_locale/ctype/cons/char/1.cc execution test
=== libstdc++ Summary ===
# of expected passes 1960
# of unexpected failures 1
# of expected failures 4
# of unsupported tests 8
Compiler version: 3.4.0 20040330 (prerelease)
Platform: mips-sgi-irix6.5
configure flags: --verbose --enable-languages=c,objc,c++,f77,java --with-included-gettext
Kaveh R. Ghazi ghazi@caip.rutgers.edu