This is the mail archive of the
gcc-testresults@gcc.gnu.org
mailing list for the GCC project.
Results for 3.4.0 20040329 (prerelease) testsuite on sparc-sun-solaris2.9
- From: Brad Lucier <lucier at math dot purdue dot edu>
- To: gcc-testresults at gcc dot gnu dot org
- Date: Mon, 29 Mar 2004 06:37:15 -0500 (EST)
- Subject: Results for 3.4.0 20040329 (prerelease) testsuite on sparc-sun-solaris2.9
LAST_UPDATED: Mon Mar 29 02:21:39 UTC 2004
Native configuration is sparc-sun-solaris2.9
=== g++ tests ===
Running target unix/-m64
WARNING: g++.dg/eh/simd-1.C compilation failed to produce executable
WARNING: g++.dg/eh/simd-2.C compilation failed to produce executable
FAIL: g++.old-deja/g++.brendan/redecl1.C (test for errors, line 3)
FAIL: g++.old-deja/g++.brendan/redecl1.C (test for errors, line 5)
FAIL: g++.old-deja/g++.brendan/redecl1.C (test for excess errors)
FAIL: g++.old-deja/g++.brendan/static3.C (test for errors, line 6)
FAIL: g++.old-deja/g++.brendan/static3.C (test for errors, line 9)
FAIL: g++.old-deja/g++.brendan/static3.C (test for excess errors)
FAIL: g++.old-deja/g++.bugs/900214_01.C (test for errors, line 11)
FAIL: g++.old-deja/g++.bugs/900214_01.C (test for errors, line 17)
FAIL: g++.old-deja/g++.mike/err3.C (test for errors, line 8)
FAIL: g++.old-deja/g++.mike/err3.C (test for excess errors)
WARNING: g++.old-deja/g++.mike/p10769a.C compilation failed to produce executable
FAIL: g++.old-deja/g++.ns/using11.C (test for errors, line 8)
FAIL: g++.old-deja/g++.ns/using11.C (test for excess errors)
WARNING: g++.old-deja/g++.other/enum5.C compilation failed to produce executable
FAIL: g++.old-deja/g++.other/lookup18.C (test for errors, line 17)
FAIL: g++.old-deja/g++.other/lookup18.C (test for errors, line 22)
FAIL: g++.old-deja/g++.other/lookup18.C (test for excess errors)
WARNING: g++.old-deja/g++.pt/friend44.C compilation failed to produce executable
FAIL: g++.old-deja/g++.pt/overload13.C (test for errors, line 10)
FAIL: g++.old-deja/g++.pt/overload13.C (test for excess errors)
=== g++ Summary for unix/-m64 ===
# of expected passes 9463
# of unexpected failures 17
# of expected failures 65
# of unsupported tests 67
Running target unix
WARNING: g++.dg/eh/simd-1.C compilation failed to produce executable
WARNING: g++.dg/eh/simd-2.C compilation failed to produce executable
FAIL: g++.old-deja/g++.law/visibility18.C (test for errors, line 10)
FAIL: g++.old-deja/g++.law/visibility18.C (test for errors, line 18)
FAIL: g++.old-deja/g++.law/visibility18.C (test for excess errors)
WARNING: g++.old-deja/g++.mike/p10769a.C compilation failed to produce executable
FAIL: g++.old-deja/g++.other/conv5.C (test for errors, line 8)
FAIL: g++.old-deja/g++.other/conv5.C (test for excess errors)
WARNING: g++.old-deja/g++.other/enum5.C compilation failed to produce executable
XPASS: g++.old-deja/g++.pt/friend44.C (test for bogus messages, line 18)
XPASS: g++.old-deja/g++.pt/friend44.C (test for bogus messages, line 32)
FAIL: g++.old-deja/g++.pt/friend44.C (test for excess errors)
WARNING: g++.old-deja/g++.pt/friend44.C compilation failed to produce executable
=== g++ Summary for unix ===
# of expected passes 9474
# of unexpected failures 6
# of unexpected successes 2
# of expected failures 63
# of unsupported tests 67
=== g++ Summary ===
# of expected passes 18937
# of unexpected failures 23
# of unexpected successes 2
# of expected failures 128
# of unsupported tests 134
/export/users/lucier/programs/gcc/3.4/objdir/gcc/testsuite/../g++ version 3.4.0 20040329 (prerelease)
=== g77 tests ===
Running target unix/-m64
=== g77 Summary for unix/-m64 ===
# of expected passes 1800
# of unsupported tests 6
Running target unix
=== g77 Summary for unix ===
# of expected passes 1800
# of unsupported tests 6
=== g77 Summary ===
# of expected passes 3600
# of unsupported tests 12
/export/users/lucier/programs/gcc/3.4/objdir/gcc/testsuite/../g77 version 3.4.0 20040329 (prerelease)
=== gcc tests ===
Running target unix/-m64
UNRESOLVED: gcc.c-torture/execute/simd-4.c execution, -O0
UNRESOLVED: gcc.c-torture/execute/va-arg-25.c execution, -O0
UNRESOLVED: gcc.c-torture/execute/va-arg-25.c execution, -O1
UNRESOLVED: gcc.c-torture/execute/va-arg-25.c execution, -O2
UNRESOLVED: gcc.c-torture/execute/va-arg-25.c execution, -O3 -fomit-frame-pointer
UNRESOLVED: gcc.c-torture/execute/va-arg-25.c execution, -O3 -g
UNRESOLVED: gcc.c-torture/execute/va-arg-25.c execution, -Os
UNRESOLVED: gcc.dg/compat/vector-1 c_compat_x_tst.o-c_compat_y_tst.o link
UNRESOLVED: gcc.dg/compat/vector-1 c_compat_x_tst.o-c_compat_y_tst.o execute
UNRESOLVED: gcc.dg/compat/vector-2 c_compat_x_tst.o-c_compat_y_tst.o link
UNRESOLVED: gcc.dg/compat/vector-2 c_compat_x_tst.o-c_compat_y_tst.o execute
XPASS: gcc.dg/uninit-4.c uninitialized variable warning (test for bogus messages, line 26)
UNRESOLVED: gcc.dg/visibility-1.c
UNRESOLVED: gcc.dg/visibility-2.c
UNRESOLVED: gcc.dg/visibility-3.c
UNRESOLVED: gcc.dg/visibility-4.c
UNRESOLVED: gcc.dg/visibility-5.c
UNRESOLVED: gcc.dg/visibility-6.c
UNRESOLVED: gcc.dg/visibility-7.c
UNRESOLVED: gcc.dg/visibility-8.c
=== gcc Summary for unix/-m64 ===
# of expected passes 24804
# of unexpected successes 1
# of expected failures 84
# of unresolved testcases 19
# of untested testcases 7
# of unsupported tests 315
Running target unix
UNRESOLVED: gcc.c-torture/execute/simd-4.c execution, -O0
UNRESOLVED: gcc.dg/compat/vector-1 c_compat_x_tst.o-c_compat_y_tst.o link
UNRESOLVED: gcc.dg/compat/vector-1 c_compat_x_tst.o-c_compat_y_tst.o execute
UNRESOLVED: gcc.dg/compat/vector-2 c_compat_x_tst.o-c_compat_y_tst.o link
UNRESOLVED: gcc.dg/compat/vector-2 c_compat_x_tst.o-c_compat_y_tst.o execute
XPASS: gcc.dg/uninit-4.c uninitialized variable warning (test for bogus messages, line 26)
UNRESOLVED: gcc.dg/visibility-1.c
UNRESOLVED: gcc.dg/visibility-2.c
UNRESOLVED: gcc.dg/visibility-3.c
UNRESOLVED: gcc.dg/visibility-4.c
UNRESOLVED: gcc.dg/visibility-5.c
UNRESOLVED: gcc.dg/visibility-6.c
UNRESOLVED: gcc.dg/visibility-7.c
UNRESOLVED: gcc.dg/visibility-8.c
=== gcc Summary for unix ===
# of expected passes 24824
# of unexpected successes 1
# of expected failures 72
# of unresolved testcases 13
# of untested testcases 7
# of unsupported tests 315
=== gcc Summary ===
# of expected passes 49628
# of unexpected successes 2
# of expected failures 156
# of unresolved testcases 32
# of untested testcases 14
# of unsupported tests 630
/export/users/lucier/programs/gcc/3.4/objdir/gcc/xgcc version 3.4.0 20040329 (prerelease)
=== objc tests ===
Running target unix/-m64
=== objc Summary for unix/-m64 ===
# of expected passes 1341
# of unsupported tests 8
Running target unix
=== objc Summary for unix ===
# of expected passes 1341
# of unsupported tests 8
=== objc Summary ===
# of expected passes 2682
# of unsupported tests 16
/export/users/lucier/programs/gcc/3.4/objdir/gcc/xgcc version 3.4.0 20040329 (prerelease)
=== libffi tests ===
Running target unix/-m64
=== libffi Summary for unix/-m64 ===
# of expected passes 212
# of unsupported tests 2
Running target unix
=== libffi Summary for unix ===
# of expected passes 212
# of unsupported tests 2
=== libffi Summary ===
# of expected passes 424
# of unsupported tests 4
=== libjava tests ===
Running target unix/-m64
ERROR: tcl error sourcing /homes/lucier/programs/gcc/3.4/libjava/testsuite/libjava.compile/compile.exp.
ERROR: can't read "x": no such variable
FAIL: linking simple
FAIL: cxxtest output
FAIL: Array_3 execution - gij test
FAIL: Array_3 execution - gij test
ERROR: No \`main' given in program EvaluationOrder
UNRESOLVED: FileHandleGcTest compilation from source
FAIL: FileHandleGcTest execution - source compiled test
FAIL: FileHandleGcTest execution - gij test
FAIL: FileHandleGcTest execution - bytecode->native test
FAIL: FileHandleGcTest -O3 execution - source compiled test
FAIL: FileHandleGcTest execution - gij test
FAIL: FileHandleGcTest -O3 execution - bytecode->native test
ERROR: No \`main' given in program Final
UNRESOLVED: Float_1 compilation from source
FAIL: Float_1 -O3 compilation from bytecode
ERROR: No \`main' given in program G19990303_02
UNRESOLVED: G19990303_02 -O3 compilation from source
FAIL: G19990304_01 compilation from bytecode
ERROR: No \`main' given in program Invoke_1
UNRESOLVED: Invoke_2 compilation from source
ERROR: No \`main' given in program Invoke_2
UNRESOLVED: KeepInline compilation from source
FAIL: N19990310_5 -O3 compilation from bytecode
ERROR: No \`main' given in program PR141
UNRESOLVED: PR141 -O3 compilation from source
FAIL: PR5057 compilation from bytecode
ERROR: No \`main' given in program PR5057_2
UNRESOLVED: PR5057_2 -O3 compilation from source
FAIL: PR5057_2 -O3 compilation from bytecode
FAIL: PR56 -O3 compilation from bytecode
ERROR: No \`main' given in program PR6729
UNRESOLVED: PR6729 -O3 compilation from source
FAIL: Thread_Sleep -O3 compilation from bytecode
FAIL: Thread_Wait_Interrupt execution - gij test
FAIL: Thread_Wait_Interrupt execution - gij test
=== libjava Summary for unix/-m64 ===
# of expected passes 2643
# of unexpected failures 19
# of expected failures 7
# of unresolved testcases 8
# of untested testcases 24
Running target unix
FAIL: linking simple
FAIL: cxxtest run
ERROR: No \`main' given in program Array_1
UNRESOLVED: Array_2 compilation from source
FAIL: Array_3 execution - gij test
FAIL: Array_3 execution - gij test
FAIL: FileHandleGcTest execution - source compiled test
FAIL: FileHandleGcTest execution - gij test
FAIL: FileHandleGcTest execution - bytecode->native test
FAIL: FileHandleGcTest -O3 execution - source compiled test
FAIL: FileHandleGcTest execution - gij test
FAIL: FileHandleGcTest -O3 execution - bytecode->native test
FAIL: N19990310_4 compilation from bytecode
FAIL: SyncTest execution - gij test
FAIL: SyncTest execution - gij test
FAIL: TLtest execution - gij test
FAIL: TLtest execution - gij test
FAIL: Thread_Monitor execution - gij test
FAIL: Thread_Monitor execution - gij test
FAIL: Thread_Wait_Interrupt execution - gij test
FAIL: indirect_read compilation from bytecode
ERROR: No \`main' given in program instinit
UNRESOLVED: instinit -O3 compilation from source
FAIL: utilTest -O3 compilation from bytecode
ERROR: No \`main' given in program verify
UNRESOLVED: verify -O3 compilation from source
=== libjava Summary for unix ===
# of expected passes 3202
# of unexpected failures 20
# of expected failures 11
# of unresolved testcases 3
# of untested testcases 30
=== libjava Summary ===
# of expected passes 5845
# of unexpected failures 39
# of expected failures 18
# of unresolved testcases 11
# of untested testcases 54
=== libstdc++ tests ===
Running target unix/-m64
=== libstdc++ Summary for unix/-m64 ===
# of expected passes 2637
# of expected failures 6
Running target unix
=== libstdc++ Summary for unix ===
# of expected passes 2637
# of expected failures 6
=== libstdc++ Summary ===
# of expected passes 5274
# of expected failures 12
Compiler version: 3.4.0 20040329 (prerelease)
Platform: sparc-sun-solaris2.9
configure flags: none
Counting all warnings,
there are 21 warnings in stage3 of this bootstrap.
Number of warnings per file:
5 /pkgs/gnu/share/bison.simple
4 gcc/unwind-dw2.c
4 gcc/libgcc2.c
3 gengtype-lex.c
2 gcc/objc/lang-specs.h
2 gcc/gcc.c
1 gcc/java/jvspec.c
Number of warning types:
8 old-style parameter declaration
5 string length \`???' is greater than the length \`???' ISO C89 compilers are required to support
2 missing braces around initializer
2 implicit declaration of function \`???'
2 comparison between signed and unsigned
2 (near initialization for \`???')