This is the mail archive of the
gcc-testresults@gcc.gnu.org
mailing list for the GCC project.
Results for 3.5.0 20040319 (experimental) testsuite on powerpc-unknown-linux-gnu
- From: Andreas Tobler <toa at pop dot agri dot ch>
- To: Gcc Res <gcc-testresults at gcc dot gnu dot org>
- Date: Sat, 20 Mar 2004 18:49:38 +0100
- Subject: Results for 3.5.0 20040319 (experimental) testsuite on powerpc-unknown-linux-gnu
LAST_UPDATED: Fri Mar 19 21:00:07 UTC 2004
Native configuration is powerpc-unknown-linux-gnu
=== gcc tests ===
Running target unix
FAIL: gcc.c-torture/execute/20030125-1.c execution, -O1
FAIL: gcc.c-torture/execute/20030125-1.c execution, -O2
FAIL: gcc.c-torture/execute/20030125-1.c execution, -O3 -fomit-frame-pointer
FAIL: gcc.c-torture/execute/20030125-1.c execution, -O3 -g
FAIL: gcc.c-torture/execute/20030125-1.c execution, -Os
FAIL: gcc.c-torture/execute/va-arg-25.c execution, -O0
FAIL: gcc.c-torture/execute/va-arg-25.c execution, -O1
FAIL: gcc.c-torture/execute/va-arg-25.c execution, -O2
FAIL: gcc.c-torture/execute/va-arg-25.c execution, -O3 -fomit-frame-pointer
FAIL: gcc.c-torture/execute/va-arg-25.c execution, -O3 -g
FAIL: gcc.c-torture/execute/va-arg-25.c execution, -Os
FAIL: gcc.dg/compat/scalar-by-value-3 c_compat_x_tst.o-c_compat_y_tst.o execute
FAIL: gcc.dg/compat/scalar-return-3 c_compat_x_tst.o-c_compat_y_tst.o execute
FAIL: gcc.dg/20020103-1.c scan-assembler-not LC
WARNING: program timed out.
FAIL: gcc.dg/20020425-1.c (test for excess errors)
FAIL: gcc.dg/altivec-3.c execution test
FAIL: gcc.dg/altivec-5.c (test for excess errors)
FAIL: gcc.dg/builtins-18.c (test for excess errors)
FAIL: gcc.dg/builtins-20.c (test for excess errors)
FAIL: gcc.dg/complex-1.c execution test
FAIL: gcc.dg/doloop-1.c scan-assembler-not blt
FAIL: gcc.dg/i386-sse-8.c (test for excess errors)
FAIL: gcc.dg/ppc-sdata-1.c scan-assembler sdat@sdarel\\\\(13\\\\)
FAIL: gcc.dg/ppc-sdata-1.c scan-assembler sdat2@sda21\\\\(2\\\\)
FAIL: gcc.dg/typespec-1.c unsigned long long int unsigned (test for errors, line 936)
FAIL: gcc.dg/typespec-1.c unsigned long long int _Bool (test for errors, line 937)
FAIL: gcc.dg/typespec-1.c (test for excess errors)
FAIL: gcc.dg/torture/builtin-convert-1.c (test for excess errors)
FAIL: gcc.dg/torture/builtin-convert-1.c (test for excess errors)
FAIL: gcc.dg/torture/builtin-convert-1.c (test for excess errors)
FAIL: gcc.dg/torture/builtin-convert-1.c (test for excess errors)
FAIL: gcc.dg/torture/builtin-convert-1.c (test for excess errors)
=== gcc Summary ===
# of expected passes 25372
# of unexpected failures 32
# of expected failures 63
# of untested testcases 7
# of unsupported tests 296
/mnt/slice1/gcc-trunk/objdir/gcc/xgcc version 3.5.0 20040319 (experimental)
=== g++ tests ===
Running target unix
FAIL: g++.dg/ext/altivec-2.C execution test
FAIL: g++.dg/ext/altivec-4.C (test for excess errors)
XPASS: g++.dg/other/packed1.C execution test
WARNING: program timed out.
FAIL: g++.dg/parse/stack1.C (test for excess errors)
WARNING: g++.old-deja/g++.mike/p10769a.C compilation failed to produce executable
WARNING: g++.old-deja/g++.other/enum5.C compilation failed to produce executable
WARNING: g++.old-deja/g++.pt/friend44.C compilation failed to produce executable
=== g++ Summary ===
# of expected passes 9631
# of unexpected failures 3
# of unexpected successes 1
# of expected failures 79
# of unsupported tests 77
/mnt/slice1/gcc-trunk/objdir/gcc/testsuite/../g++ version 3.5.0 20040319 (experimental)
=== libffi tests ===
Running target unix
=== libffi Summary ===
# of expected passes 212
# of unsupported tests 2
=== libjava tests ===
Running target unix
FAIL: 10.6-syntax-4
FAIL: 14.10-assignable-2
FAIL: 14.10-assignable-8
FAIL: 14.10-assignable-9
FAIL: 14.10-assignable-10
FAIL: 14.10-assignable-11
FAIL: 14.10-assignable-12
FAIL: 14.20-block-5
FAIL: 14.20-block-10
FAIL: 14.20-label-6
FAIL: 14.20-switch-9
FAIL: 14.20-switch-15
FAIL: 14.20-while-5
FAIL: 14.20-do-7
FAIL: 14.20-for-5
FAIL: 14.20-for-9
FAIL: 14.20-abrupt-3
FAIL: 14.20-abrupt-7
FAIL: 14.20-abrupt-11
FAIL: 14.20-abrupt-15
FAIL: 14.20-synchronized-4
FAIL: 14.20-try-4
FAIL: 14.20-try-10
FAIL: 14.20-try-15
FAIL: 14.20-try-19
FAIL: 14.20-try-23
FAIL: 14.20-try-28
FAIL: 14.20-try-32
FAIL: 14.20-catch-1
FAIL: 14.20-catch-2
FAIL: 14.20-catch-10
FAIL: 14.20-catch-12
FAIL: 14.20-catch-13
FAIL: 14.20-catch-14
FAIL: 14.20-catch-16
FAIL: 14.20-catch-18
FAIL: 14.20-catch-20
FAIL: 14.20-if-7
FAIL: 8.1.3-circular-1
FAIL: 8.1.3-circular-2
FAIL: 8.1.3-circular-5
FAIL: 8.2-accessibility-inherited-member-5
FAIL: 8.8.3-invalid-modifiers-5
FAIL: 5.2-byte-narrowing-1
FAIL: 5.2-short-narrowing-1
FAIL: 5.2-short-narrowing-2
FAIL: 5.2-char-narrowing-1
FAIL: 5.2-char-narrowing-2
FAIL: 5.1.1-reference-2
FAIL: 16.2.7-final-2
XPASS: 16.2.7-final-4
XPASS: 16.2.7-final-6
FAIL: 16.2.8-final-3
FAIL: 16.2.8-unassigned-4
XPASS: 16.2.8-unassigned-6
FAIL: 15.18.2-assoc-2
FAIL: 15.18.2-assoc-3
FAIL: 15.18.1-5
FAIL: 15.18.1-6
FAIL: 15.18.1-7
FAIL: 15.10-initializer-syntax-4
XPASS: 15.9.1-unqualified-anonymous-2
XPASS: 15.9.1-unqualified-anonymous-4
XPASS: 15.9.1-unqualified-anonymous-5
XPASS: 15.9.1-unqualified-anonymous-12
XPASS: 15.9.1-unqualified-anonymous-14
XPASS: 15.9.1-unqualified-anonymous-15
XPASS: 15.9.1-unqualified-anonymous-24
XPASS: 15.9.1-qualified-anonymous-4
XPASS: 15.9.1-qualified-anonymous-5
FAIL: 15.9.1-qualified-anonymous-6
FAIL: 15.9.1-qualified-anonymous-7
XPASS: 15.9.1-unqualified-concrete-2
XPASS: 15.9.1-unqualified-concrete-4
XPASS: 15.9.1-unqualified-concrete-5
FAIL: 15.9.1-unqualified-concrete-6
FAIL: 15.9.1-unqualified-concrete-7
XPASS: 15.9.1-unqualified-concrete-14
XPASS: 15.9.1-qualified-concrete-4
XPASS: 15.9.1-qualified-concrete-5
FAIL: 15.9.1-qualified-concrete-6
FAIL: 15.9.1-qualified-concrete-7
FAIL: 15.25-byte-operand-type-mismatch-4
FAIL: 15.25-short-operand-type-mismatch-5
FAIL: 15.25-char-operand-type-mismatch-4
FAIL: 15.28-primitive-4
XPASS: 15.28-primitive-15
FAIL: 15.28-simple-name-9
FAIL: 15.28-string-1
FAIL: 15.28-string-3
FAIL: 15.28-string-4
FAIL: 15.28-string-6
FAIL: 15.28-string-7
FAIL: 15.28-string-8
FAIL: 15.28-string-10
FAIL: 15.28-string-12
FAIL: 15.28-string-14
FAIL: 15.28-qualified-namestr-1
XPASS: 15.28-qualified-namestr-7
XPASS: 15.28-qualified-namestr-8
XPASS: 15.28-qualified-namestr-9
XPASS: 15.28-notstring-1
XPASS: 15.28-null-3
FAIL: 15.28-example-2
FAIL: 15.28-instanceof-1
XPASS: 15.28-instanceof-3
FAIL: 15.17-type-3
FAIL: 15.17.2-int-3
FAIL: 15.17.2-long-3
FAIL: 15.17.1-assoc-2
FAIL: 15.17.1-assoc-3
FAIL: 15.17.3-int-2
FAIL: 15.17.3-int-3
FAIL: 15.17.3-long-2
FAIL: 15.17.3-long-3
FAIL: 15.14.2-argument-9
FAIL: 15.14.1-argument-9
FAIL: 15.15-group-1
FAIL: 15.15.2-argument-9
FAIL: 15.15.1-argument-9
FAIL: 3.7-16
FAIL: 3.10.7-valid-13
FAIL: 3.10.7-valid-15
FAIL: 3.10.2-round-5
XPASS: 3.10.2-round-7
FAIL: 3.10.2-float-13
FAIL: 3.10.1-invalid-5
FAIL: 3.10.1-invalid-6
FAIL: 3.10.1-invalid-10
FAIL: 3.10.1-invalid-11
FAIL: 3.10.1-invalid-13
FAIL: 7.3-1
FAIL: 7.3-2
FAIL: 7.3-3
FAIL: 7.3-5
XPASS: 7.4.2-2
FAIL: 7.6-syntax-1
XPASS: 7.6-optional-restrictions-1
FAIL: linking simple
FAIL: calls run
FAIL: gnu.testlet.BinaryCompatibility.BinaryCompatibilityTest: IL bin_01: (number 1)
FAIL: gnu.testlet.BinaryCompatibility.BinaryCompatibilityTest: IL bin_01: (number 1)
FAIL: gnu.testlet.BinaryCompatibility.BinaryCompatibilityTest: IL bin_01: (number 1)
FAIL: gnu.testlet.BinaryCompatibility.BinaryCompatibilityTest: IL bin_01: (number 1)
FAIL: gnu.testlet.BinaryCompatibility.BinaryCompatibilityTest: IL bin_02: (number 1)
FAIL: gnu.testlet.BinaryCompatibility.BinaryCompatibilityTest: IL bin_02: (number 1)
FAIL: gnu.testlet.BinaryCompatibility.BinaryCompatibilityTest: IL bin_02: (number 1)
FAIL: gnu.testlet.BinaryCompatibility.BinaryCompatibilityTest: IL bin_02: (number 1)
FAIL: gnu.testlet.BinaryCompatibility.BinaryCompatibilityTest: IL bin_03: (number 1)
FAIL: gnu.testlet.BinaryCompatibility.BinaryCompatibilityTest: IL bin_03: (number 1)
FAIL: gnu.testlet.BinaryCompatibility.BinaryCompatibilityTest: IL bin_03: (number 1)
FAIL: gnu.testlet.BinaryCompatibility.BinaryCompatibilityTest: IL bin_03: (number 1)
FAIL: gnu.testlet.BinaryCompatibility.BinaryCompatibilityTest: IL bin_04: (number 1)
FAIL: gnu.testlet.BinaryCompatibility.BinaryCompatibilityTest: IL bin_04: (number 1)
FAIL: gnu.testlet.BinaryCompatibility.BinaryCompatibilityTest: IL bin_04: (number 1)
FAIL: gnu.testlet.BinaryCompatibility.BinaryCompatibilityTest: IL bin_04: (number 1)
FAIL: gnu.testlet.BinaryCompatibility.BinaryCompatibilityTest: IL bin_05: (number 1)
FAIL: gnu.testlet.BinaryCompatibility.BinaryCompatibilityTest: IL bin_05: (number 1)
FAIL: gnu.testlet.BinaryCompatibility.BinaryCompatibilityTest: IL bin_05: (number 1)
FAIL: gnu.testlet.BinaryCompatibility.BinaryCompatibilityTest: IL bin_05: (number 1)
FAIL: gnu.testlet.BinaryCompatibility.BinaryCompatibilityTest: IL bin_06: (number 1)
FAIL: gnu.testlet.BinaryCompatibility.BinaryCompatibilityTest: IL bin_06: (number 1)
FAIL: gnu.testlet.BinaryCompatibility.BinaryCompatibilityTest: IL bin_06: (number 1)
FAIL: gnu.testlet.BinaryCompatibility.BinaryCompatibilityTest: IL bin_06: (number 1)
FAIL: gnu.testlet.BinaryCompatibility.BinaryCompatibilityTest: IL bin_07: (number 1)
FAIL: gnu.testlet.BinaryCompatibility.BinaryCompatibilityTest: IL bin_07: (number 1)
FAIL: gnu.testlet.BinaryCompatibility.BinaryCompatibilityTest: IL bin_07: (number 1)
FAIL: gnu.testlet.BinaryCompatibility.BinaryCompatibilityTest: IL bin_07: (number 1)
FAIL: gnu.testlet.BinaryCompatibility.BinaryCompatibilityTest: IL bin_08: (number 1)
FAIL: gnu.testlet.BinaryCompatibility.BinaryCompatibilityTest: IL bin_08: (number 1)
FAIL: gnu.testlet.BinaryCompatibility.BinaryCompatibilityTest: IL bin_08: (number 1)
FAIL: gnu.testlet.BinaryCompatibility.BinaryCompatibilityTest: IL bin_08: (number 1)
FAIL: gnu.testlet.BinaryCompatibility.BinaryCompatibilityTest: IL bin_09: (number 1)
FAIL: gnu.testlet.BinaryCompatibility.BinaryCompatibilityTest: IL bin_09: (number 1)
FAIL: gnu.testlet.BinaryCompatibility.BinaryCompatibilityTest: IL bin_09: (number 1)
FAIL: gnu.testlet.BinaryCompatibility.BinaryCompatibilityTest: IL bin_09: (number 1)
FAIL: gnu.testlet.BinaryCompatibility.BinaryCompatibilityTest: IL bin_10: (number 1)
FAIL: gnu.testlet.BinaryCompatibility.BinaryCompatibilityTest: IL bin_10: (number 1)
FAIL: gnu.testlet.BinaryCompatibility.BinaryCompatibilityTest: IL bin_10: (number 1)
FAIL: gnu.testlet.BinaryCompatibility.BinaryCompatibilityTest: IL bin_10: (number 1)
FAIL: gnu.testlet.BinaryCompatibility.BinaryCompatibilityTest: IL bin_11: (number 1)
FAIL: gnu.testlet.BinaryCompatibility.BinaryCompatibilityTest: IL bin_11: (number 1)
FAIL: gnu.testlet.BinaryCompatibility.BinaryCompatibilityTest: IL bin_11: (number 1)
FAIL: gnu.testlet.BinaryCompatibility.BinaryCompatibilityTest: IL bin_11: (number 1)
FAIL: gnu.testlet.BinaryCompatibility.BinaryCompatibilityTest: IL bin_12: (number 1)
FAIL: gnu.testlet.BinaryCompatibility.BinaryCompatibilityTest: IL bin_12: (number 1)
FAIL: gnu.testlet.BinaryCompatibility.BinaryCompatibilityTest: IL bin_12: (number 1)
FAIL: gnu.testlet.BinaryCompatibility.BinaryCompatibilityTest: IL bin_12: (number 1)
FAIL: gnu.testlet.BinaryCompatibility.BinaryCompatibilityTest: IL bin_13: (number 1)
FAIL: gnu.testlet.BinaryCompatibility.BinaryCompatibilityTest: IL bin_13: (number 1)
FAIL: gnu.testlet.BinaryCompatibility.BinaryCompatibilityTest: IL bin_13: (number 1)
FAIL: gnu.testlet.BinaryCompatibility.BinaryCompatibilityTest: IL bin_13: (number 1)
FAIL: gnu.testlet.BinaryCompatibility.BinaryCompatibilityTest: IL bin_14: (number 1)
FAIL: gnu.testlet.BinaryCompatibility.BinaryCompatibilityTest: IL bin_14: (number 1)
FAIL: gnu.testlet.BinaryCompatibility.BinaryCompatibilityTest: IL bin_14: (number 1)
FAIL: gnu.testlet.BinaryCompatibility.BinaryCompatibilityTest: IL bin_14: (number 1)
FAIL: gnu.testlet.BinaryCompatibility.BinaryCompatibilityTest: IL bin_15: (number 1)
FAIL: gnu.testlet.BinaryCompatibility.BinaryCompatibilityTest: IL bin_15: (number 1)
FAIL: gnu.testlet.BinaryCompatibility.BinaryCompatibilityTest: IL bin_15: (number 1)
FAIL: gnu.testlet.BinaryCompatibility.BinaryCompatibilityTest: IL bin_15: (number 1)
FAIL: gnu.testlet.BinaryCompatibility.BinaryCompatibilityTest: IL bin_16: (number 1)
FAIL: gnu.testlet.BinaryCompatibility.BinaryCompatibilityTest: IL bin_16: (number 1)
FAIL: gnu.testlet.BinaryCompatibility.BinaryCompatibilityTest: IL bin_16: (number 1)
FAIL: gnu.testlet.BinaryCompatibility.BinaryCompatibilityTest: IL bin_16: (number 1)
FAIL: gnu.testlet.BinaryCompatibility.BinaryCompatibilityTest: IL bin_17: (number 1)
FAIL: gnu.testlet.BinaryCompatibility.BinaryCompatibilityTest: IL bin_17: (number 1)
FAIL: gnu.testlet.BinaryCompatibility.BinaryCompatibilityTest: IL bin_17: (number 1)
FAIL: gnu.testlet.BinaryCompatibility.BinaryCompatibilityTest: IL bin_17: (number 1)
FAIL: gnu.testlet.BinaryCompatibility.BinaryCompatibilityTest: IL bin_18: (number 1)
FAIL: gnu.testlet.BinaryCompatibility.BinaryCompatibilityTest: IL bin_18: (number 1)
FAIL: gnu.testlet.BinaryCompatibility.BinaryCompatibilityTest: IL bin_18: (number 1)
FAIL: gnu.testlet.BinaryCompatibility.BinaryCompatibilityTest: IL bin_18: (number 1)
FAIL: gnu.testlet.java.awt.geom.RoundRectangle2D.intersects (number 10)
FAIL: gnu.testlet.java.awt.geom.RoundRectangle2D.intersects (number 11)
FAIL: gnu.testlet.java.awt.geom.RoundRectangle2D.intersects (number 12)
FAIL: gnu.testlet.java.awt.geom.RoundRectangle2D.intersects (number 16)
FAIL: gnu.testlet.java.awt.geom.RoundRectangle2D.intersects (number 20)
FAIL: gnu.testlet.java.awt.geom.RoundRectangle2D.intersects (number 23)
FAIL: gnu.testlet.java.awt.geom.RoundRectangle2D.intersects (number 27)
FAIL: gnu.testlet.java.awt.geom.RoundRectangle2D.intersects (number 30)
FAIL: gnu.testlet.java.awt.geom.RoundRectangle2D.intersects (number 34)
FAIL: gnu.testlet.java.awt.geom.RoundRectangle2D.intersects (number 38)
FAIL: gnu.testlet.java.awt.geom.RoundRectangle2D.intersects (number 39)
FAIL: gnu.testlet.java.awt.geom.RoundRectangle2D.intersects (number 40)
FAIL: gnu.testlet.java.awt.image.PixelGrabber.SimpleGrabber (number 1)
FAIL: gnu.testlet.java.io.File.security: outer handler - unexpected exception (number 1)
FAIL: gnu.testlet.java.io.FilePermission.simple: uncaught exception at number 1: java.lang.StringIndexOutOfBoundsException: String index out of range: 4
FAIL: gnu.testlet.java.io.ObjectInputOutput.Compat2: Compatibility test for type mismatch when calling get methods (number 2)
FAIL: gnu.testlet.java.io.ObjectInputOutput.Compat2: Compatibility test for type mismatch when calling get methods (number 3)
FAIL: gnu.testlet.java.io.ObjectInputOutput.InputTest: gnu.testlet.java.io.ObjectInputOutput.Test\$GetPutField (number 1)
FAIL: gnu.testlet.java.io.ObjectInputOutput.OutputTest: Serializable: test(str=null, x=0) (number 2)
FAIL: gnu.testlet.java.io.OutputStreamWriter.jdk11: OutputStreamWriter(writer, encoding) (number 1)
FAIL: gnu.testlet.java.io.OutputStreamWriter.jdk11: OutputStreamWriter(writer, encoding) // alias (number 1)
FAIL: gnu.testlet.java.io.PrintWriter.checkError (number 3)
FAIL: gnu.testlet.java.io.PrintWriter.jdk11: checkError() after close() (number 1)
FAIL: gnu.testlet.java.lang.Math.MathTest: Error : test_pow failed - 9 (number 1)
XPASS: gnu.testlet.java.lang.String.getBytes13: String.getBytes("UTF-16") (number 1)
XPASS: gnu.testlet.java.lang.String.getBytes14: String.getBytes("UTF-16BE") (number 1)
XPASS: gnu.testlet.java.lang.String.getBytes14: String.getBytes("UTF-16LE") (number 1)
FAIL: gnu.testlet.java.lang.Thread.contextClassLoader: null is a valid contextClassLoader (number 1)
FAIL: gnu.testlet.java.lang.Thread.contextClassLoader: New thread inherits null classloader (number 1)
FAIL: gnu.testlet.java.lang.Thread.contextClassLoader: run with null classloader (number 1)
FAIL: gnu.testlet.java.lang.Thread.daemon: Can change daemon state on an exitted Thread (number 1)
FAIL: gnu.testlet.java.lang.Thread.daemon: Daemon status changed when set on an exitted Thread (number 1)
FAIL: gnu.testlet.java.lang.Thread.stop: Unexpected exception during test() (number 1)
FAIL: gnu.testlet.java.lang.reflect.ReflectAccess: void gnu.testlet.java.lang.reflect.sub.Super.s() should not be accessible (number 1)
FAIL: gnu.testlet.java.lang.reflect.ReflectAccess: private void gnu.testlet.java.lang.reflect.sub.Super.v() should not be accessible (number 1)
FAIL: gnu.testlet.java.net.DatagramPacket.DatagramPacketOffset: DatagramPacket Offset Test java.io.IOException: File name too long (number 1)
FAIL: gnu.testlet.java.net.InetSocketAddress.InetSocketAddressTest: Error : test_Basics failed - 5 Resolveable hostname got not resolved (number 1)
FAIL: gnu.testlet.java.net.URL.URLTest: new URL(string) (number 10)
XPASS: gnu.testlet.java.text.AttributedString.Test: Attribute key count (number 1)
FAIL: gnu.testlet.java.text.DecimalFormat.format: pattern #.# (number 2)
FAIL: gnu.testlet.java.text.DecimalFormat.formatExp: pattern ##0.####E0 (number 2)
FAIL: gnu.testlet.java.text.DecimalFormat.formatExp: pattern ##.###E0 (number 2)
FAIL: gnu.testlet.java.text.RuleBasedCollator.jdk11: constructor rule parsing (number 4)
FAIL: gnu.testlet.java.text.RuleBasedCollator.jdk11: constructor rule parsing (number 5)
FAIL: gnu.testlet.java.text.RuleBasedCollator.jdk11: constructor rule parsing (number 21)
FAIL: gnu.testlet.java.text.RuleBasedCollator.jdk11: constructor rule parsing (number 22)
FAIL: gnu.testlet.java.text.RuleBasedCollator.jdk11: constructor rule parsing (number 23)
FAIL: gnu.testlet.java.text.RuleBasedCollator.jdk11: constructor rule parsing (number 24)
FAIL: gnu.testlet.java.text.RuleBasedCollator.jdk11: constructor rule parsing (number 25)
FAIL: gnu.testlet.java.text.RuleBasedCollator.jdk11: constructor rule parsing (number 26)
FAIL: gnu.testlet.java.text.RuleBasedCollator.jdk11: constructor rule parsing (number 27)
FAIL: gnu.testlet.java.text.RuleBasedCollator.jdk11: constructor rule parsing (number 28)
FAIL: gnu.testlet.java.text.RuleBasedCollator.jdk11: constructor rule parsing (number 29)
FAIL: gnu.testlet.java.text.RuleBasedCollator.jdk11: constructor rule parsing (number 30)
FAIL: gnu.testlet.java.text.RuleBasedCollator.jdk11: constructor rule parsing (number 31)
FAIL: gnu.testlet.java.text.RuleBasedCollator.jdk11: single character ordering (number 19)
FAIL: gnu.testlet.java.text.RuleBasedCollator.jdk11: single character ordering (number 73)
FAIL: gnu.testlet.java.text.RuleBasedCollator.jdk11: contraction ordering (number 5)
FAIL: gnu.testlet.java.text.RuleBasedCollator.jdk11: expansion ordering: ParseException (offset is 26) (number 1)
FAIL: gnu.testlet.java.util.ArrayList.serial (number 1)
FAIL: gnu.testlet.java.util.ArrayList.serial (number 2)
WARNING: program timed out.
WARNING: program timed out.
WARNING: program timed out.
WARNING: program timed out.
WARNING: program timed out.
WARNING: program timed out.
FAIL: gnu.testlet.java.util.regex.PatternSplit: test: (?=[a-z]) (number 1)
=== libjava Summary ===
# of expected passes 19210
# of unexpected failures 242
# of unexpected successes 32
# of expected failures 344
# of untested testcases 17
=== libstdc++ tests ===
Running target unix
FAIL: 23_containers/multiset/insert/1.cc execution test
FAIL: 23_containers/multiset/invalidation/2.cc execution test
FAIL: 23_containers/set/invalidation/2.cc execution test
XPASS: 26_numerics/c99_classification_macros_c.cc (test for excess errors)
=== libstdc++ Summary ===
# of expected passes 2630
# of unexpected failures 3
# of unexpected successes 1
# of expected failures 5
Compiler version: 3.5.0 20040319 (experimental)
Platform: powerpc-unknown-linux-gnu
configure flags: --prefix=/var/tmp --enable-debug --disable-checking --disable-multilib --enable-java-awt=gtk --enable-languages=c,c++,java