This is the mail archive of the gcc-testresults@gcc.gnu.org mailing list for the GCC project.


Index Nav: [Date Index] [Subject Index] [Author Index] [Thread Index]
Message Nav: [Date Prev] [Date Next] [Thread Prev] [Thread Next]
Other format: [Raw text]

Results for 3.3.4 20040229 (prerelease) testsuite on i586-redhat-linux-gnu


LAST_UPDATED: Sun Feb 29 10:50:10 UTC 2004

Native configuration is i586-redhat-linux-gnu

		=== g77 tests ===


Running target unix

		=== g77 Summary ===

# of expected passes		1720
# of unsupported tests		8
/home/eric/cvs/gcc-3_3-branch/obj/gcc/testsuite/../g77 version 3.3.4 20040229 (prerelease)

		=== gcc tests ===


Running target unix
FAIL: gcc.dg/duff-2.c (test for excess errors)

		=== gcc Summary ===

# of expected passes		21307
# of unexpected failures	1
# of expected failures		69
# of unsupported tests		100
/home/eric/cvs/gcc-3_3-branch/obj/gcc/xgcc version 3.3.4 20040229 (prerelease)

		=== g++ tests ===


Running target unix
FAIL: g++.other/decl5.C caused compiler crash

		=== g++ Summary ===

# of expected passes		8222
# of unexpected failures	1
# of expected failures		88
# of untested testcases		9
# of unsupported tests		15
/home/eric/cvs/gcc-3_3-branch/obj/gcc/testsuite/../g++ version 3.3.4 20040229 (prerelease)

		=== objc tests ===


Running target unix

		=== objc Summary ===

# of expected passes		1166
/home/eric/cvs/gcc-3_3-branch/obj/gcc/xgcc version 3.3.4 20040229 (prerelease)

		=== libjava tests ===


Running target unix
FAIL: SyncGlobal -O execution - bytecode->native test
WARNING: program timed out.
FAIL: SyncTest execution - gij test
WARNING: program timed out.
FAIL: SyncTest execution - gij test

		=== libjava Summary ===

# of expected passes		2985
# of unexpected failures	3
# of expected failures		16
# of untested testcases		15

		=== libstdc++-v3 check-abi Summary ===

# of added symbols:		 0
# of missing symbols:		 0
# of incompatible symbols:	 0
		=== libstdc++-v3 tests ===


Running target unix
XPASS: 22_locale/collate_byname.cc execution test
XPASS: 22_locale/collate_members_char.cc execution test
XPASS: 22_locale/collate_members_wchar_t.cc execution test
XPASS: 22_locale/ctype_is_char.cc execution test
XPASS: 22_locale/ctype_is_wchar_t.cc execution test
XPASS: 22_locale/members.cc execution test
XPASS: 22_locale/money_get_members_char.cc execution test
XPASS: 22_locale/money_get_members_wchar_t.cc execution test
XPASS: 22_locale/money_put_members_char.cc execution test
XPASS: 22_locale/money_put_members_wchar_t.cc execution test
XPASS: 22_locale/moneypunct_byname.cc execution test
XPASS: 22_locale/moneypunct_members_char.cc execution test
XPASS: 22_locale/moneypunct_members_wchar_t.cc execution test
XPASS: 22_locale/num_get_members_char.cc execution test
XPASS: 22_locale/num_get_members_wchar_t.cc execution test
XPASS: 22_locale/num_put_members_char.cc execution test
XPASS: 22_locale/num_put_members_wchar_t.cc execution test
XPASS: 22_locale/numpunct_byname.cc execution test
XPASS: 22_locale/numpunct_members_char.cc execution test
XPASS: 22_locale/numpunct_members_wchar_t.cc execution test
XPASS: 22_locale/time_get_members_char.cc execution test
XPASS: 22_locale/time_get_members_wchar_t.cc execution test
XPASS: 22_locale/time_put_members_char.cc execution test
XPASS: 22_locale/time_put_members_wchar_t.cc execution test
WARNING: program timed out.
FAIL: 27_io/filebuf_members.cc execution test

		=== libstdc++-v3 Summary ===

# of expected passes		452
# of unexpected failures	1
# of unexpected successes	24
# of expected failures		4

Compiler version: 3.3.4 20040229 (prerelease) 
Platform: i586-redhat-linux-gnu
configure flags: --host=i586-redhat-linux-gnu --prefix=/usr/local --enable-languages=c,c++,objc,f77,java --enable-checking=misc,tree,rtlflag


Index Nav: [Date Index] [Subject Index] [Author Index] [Thread Index]
Message Nav: [Date Prev] [Date Next] [Thread Prev] [Thread Next]