This is the mail archive of the gcc-testresults@gcc.gnu.org mailing list for the GCC project.


Index Nav: [Date Index] [Subject Index] [Author Index] [Thread Index]
Message Nav: [Date Prev] [Date Next] [Thread Prev] [Thread Next]
Other format: [Raw text]

Results for 3.5-tree-ssa 20040225 (merged 20040211) testsuite on alpha-unknown-freebsd5.2


Using gmake with objdir configuration on beast (see key)

NOTE: Failed to install without error
LAST_UPDATED: Wed Feb 25 21:57:19 GMT 2004

Native configuration is alpha-unknown-freebsd5.2

		=== libmudflap tests ===


Running target unix
FAIL: libmudflap.c/fail1-frag.c (test for excess errors)
WARNING: libmudflap.c/fail1-frag.c compilation failed to produce executable
FAIL: libmudflap.c/fail10-frag.c (test for excess errors)
WARNING: libmudflap.c/fail10-frag.c compilation failed to produce executable
FAIL: libmudflap.c/fail11-frag.c (test for excess errors)
WARNING: libmudflap.c/fail11-frag.c compilation failed to produce executable
FAIL: libmudflap.c/fail12-frag.c (test for excess errors)
WARNING: libmudflap.c/fail12-frag.c compilation failed to produce executable
FAIL: libmudflap.c/fail13-frag.c (test for excess errors)
WARNING: libmudflap.c/fail13-frag.c compilation failed to produce executable
FAIL: libmudflap.c/fail14-frag.c (test for excess errors)
WARNING: libmudflap.c/fail14-frag.c compilation failed to produce executable
FAIL: libmudflap.c/fail15-frag.c (test for excess errors)
WARNING: libmudflap.c/fail15-frag.c compilation failed to produce executable
FAIL: libmudflap.c/fail16-frag.c (test for excess errors)
WARNING: libmudflap.c/fail16-frag.c compilation failed to produce executable
FAIL: libmudflap.c/fail17-frag.c (test for excess errors)
WARNING: libmudflap.c/fail17-frag.c compilation failed to produce executable
FAIL: libmudflap.c/fail18-frag.c (test for excess errors)
WARNING: libmudflap.c/fail18-frag.c compilation failed to produce executable
FAIL: libmudflap.c/fail19-frag.c (test for excess errors)
WARNING: libmudflap.c/fail19-frag.c compilation failed to produce executable
FAIL: libmudflap.c/fail2-frag.c (test for excess errors)
WARNING: libmudflap.c/fail2-frag.c compilation failed to produce executable
FAIL: libmudflap.c/fail20-frag.c (test for excess errors)
WARNING: libmudflap.c/fail20-frag.c compilation failed to produce executable
FAIL: libmudflap.c/fail21-frag.c (test for excess errors)
WARNING: libmudflap.c/fail21-frag.c compilation failed to produce executable
FAIL: libmudflap.c/fail22-frag.c (test for excess errors)
WARNING: libmudflap.c/fail22-frag.c compilation failed to produce executable
FAIL: libmudflap.c/fail23-frag.c (test for excess errors)
WARNING: libmudflap.c/fail23-frag.c compilation failed to produce executable
FAIL: libmudflap.c/fail25-frag.c (test for excess errors)
WARNING: libmudflap.c/fail25-frag.c compilation failed to produce executable
FAIL: libmudflap.c/fail26-frag.c (test for excess errors)
WARNING: libmudflap.c/fail26-frag.c compilation failed to produce executable
FAIL: libmudflap.c/fail27-frag.c (test for excess errors)
WARNING: libmudflap.c/fail27-frag.c compilation failed to produce executable
FAIL: libmudflap.c/fail28-frag.c (test for excess errors)
WARNING: libmudflap.c/fail28-frag.c compilation failed to produce executable
FAIL: libmudflap.c/fail29-frag.c (test for excess errors)
WARNING: libmudflap.c/fail29-frag.c compilation failed to produce executable
FAIL: libmudflap.c/fail3-frag.c (test for excess errors)
WARNING: libmudflap.c/fail3-frag.c compilation failed to produce executable
FAIL: libmudflap.c/fail30-frag.c (test for excess errors)
WARNING: libmudflap.c/fail30-frag.c compilation failed to produce executable
FAIL: libmudflap.c/fail31-frag.c (test for excess errors)
WARNING: libmudflap.c/fail31-frag.c compilation failed to produce executable
FAIL: libmudflap.c/fail4-frag.c (test for excess errors)
WARNING: libmudflap.c/fail4-frag.c compilation failed to produce executable
FAIL: libmudflap.c/fail5-frag.c (test for excess errors)
WARNING: libmudflap.c/fail5-frag.c compilation failed to produce executable
FAIL: libmudflap.c/fail6-frag.c (test for excess errors)
WARNING: libmudflap.c/fail6-frag.c compilation failed to produce executable
FAIL: libmudflap.c/fail7-frag.c (test for excess errors)
WARNING: libmudflap.c/fail7-frag.c compilation failed to produce executable
FAIL: libmudflap.c/fail8-frag.c (test for excess errors)
WARNING: libmudflap.c/fail8-frag.c compilation failed to produce executable
FAIL: libmudflap.c/fail9-frag.c (test for excess errors)
WARNING: libmudflap.c/fail9-frag.c compilation failed to produce executable
FAIL: libmudflap.c/hook-allocstuff.c (test for excess errors)
WARNING: libmudflap.c/hook-allocstuff.c compilation failed to produce executable
FAIL: libmudflap.c/pass-stratcliff.c (test for excess errors)
WARNING: libmudflap.c/pass-stratcliff.c compilation failed to produce executable
FAIL: libmudflap.c/pass1-frag.c (test for excess errors)
WARNING: libmudflap.c/pass1-frag.c compilation failed to produce executable
FAIL: libmudflap.c/pass10-frag.c (test for excess errors)
WARNING: libmudflap.c/pass10-frag.c compilation failed to produce executable
FAIL: libmudflap.c/pass11-frag.c (test for excess errors)
WARNING: libmudflap.c/pass11-frag.c compilation failed to produce executable
FAIL: libmudflap.c/pass12-frag.c (test for excess errors)
WARNING: libmudflap.c/pass12-frag.c compilation failed to produce executable
FAIL: libmudflap.c/pass13-frag.c (test for excess errors)
WARNING: libmudflap.c/pass13-frag.c compilation failed to produce executable
FAIL: libmudflap.c/pass14-frag.c (test for excess errors)
WARNING: libmudflap.c/pass14-frag.c compilation failed to produce executable
FAIL: libmudflap.c/pass15-frag.c (test for excess errors)
WARNING: libmudflap.c/pass15-frag.c compilation failed to produce executable
FAIL: libmudflap.c/pass16-frag.c (test for excess errors)
WARNING: libmudflap.c/pass16-frag.c compilation failed to produce executable
FAIL: libmudflap.c/pass17-frag.c (test for excess errors)
WARNING: libmudflap.c/pass17-frag.c compilation failed to produce executable
FAIL: libmudflap.c/pass18-frag.c (test for excess errors)
WARNING: libmudflap.c/pass18-frag.c compilation failed to produce executable
FAIL: libmudflap.c/pass19-frag.c (test for excess errors)
WARNING: libmudflap.c/pass19-frag.c compilation failed to produce executable
FAIL: libmudflap.c/pass2-frag.c (test for excess errors)
WARNING: libmudflap.c/pass2-frag.c compilation failed to produce executable
FAIL: libmudflap.c/pass20-frag.c (test for excess errors)
WARNING: libmudflap.c/pass20-frag.c compilation failed to produce executable
FAIL: libmudflap.c/pass21-frag.c (test for excess errors)
WARNING: libmudflap.c/pass21-frag.c compilation failed to produce executable
FAIL: libmudflap.c/pass22-frag.c (test for excess errors)
WARNING: libmudflap.c/pass22-frag.c compilation failed to produce executable
FAIL: libmudflap.c/pass23-frag.c (test for excess errors)
WARNING: libmudflap.c/pass23-frag.c compilation failed to produce executable
FAIL: libmudflap.c/pass24-frag.c (test for excess errors)
WARNING: libmudflap.c/pass24-frag.c compilation failed to produce executable
FAIL: libmudflap.c/pass25-frag.c (test for excess errors)
WARNING: libmudflap.c/pass25-frag.c compilation failed to produce executable
FAIL: libmudflap.c/pass26-frag.c (test for excess errors)
WARNING: libmudflap.c/pass26-frag.c compilation failed to produce executable
FAIL: libmudflap.c/pass29-frag.c (test for excess errors)
WARNING: libmudflap.c/pass29-frag.c compilation failed to produce executable
FAIL: libmudflap.c/pass3-frag.c (test for excess errors)
WARNING: libmudflap.c/pass3-frag.c compilation failed to produce executable
FAIL: libmudflap.c/pass30-frag.c (test for excess errors)
WARNING: libmudflap.c/pass30-frag.c compilation failed to produce executable
FAIL: libmudflap.c/pass32-frag.c (test for excess errors)
WARNING: libmudflap.c/pass32-frag.c compilation failed to produce executable
FAIL: libmudflap.c/pass33-frag.c (test for excess errors)
WARNING: libmudflap.c/pass33-frag.c compilation failed to produce executable
FAIL: libmudflap.c/pass34-frag.c (test for excess errors)
WARNING: libmudflap.c/pass34-frag.c compilation failed to produce executable
FAIL: libmudflap.c/pass35-frag.c (test for excess errors)
WARNING: libmudflap.c/pass35-frag.c compilation failed to produce executable
FAIL: libmudflap.c/pass36-frag.c (test for excess errors)
WARNING: libmudflap.c/pass36-frag.c compilation failed to produce executable
FAIL: libmudflap.c/pass38-frag.c (test for excess errors)
WARNING: libmudflap.c/pass38-frag.c compilation failed to produce executable
FAIL: libmudflap.c/pass4-frag.c (test for excess errors)
WARNING: libmudflap.c/pass4-frag.c compilation failed to produce executable
FAIL: libmudflap.c/pass42-frag.c (test for excess errors)
WARNING: libmudflap.c/pass42-frag.c compilation failed to produce executable
FAIL: libmudflap.c/pass43-frag.c (test for excess errors)
WARNING: libmudflap.c/pass43-frag.c compilation failed to produce executable
FAIL: libmudflap.c/pass44-frag.c (test for excess errors)
WARNING: libmudflap.c/pass44-frag.c compilation failed to produce executable
FAIL: libmudflap.c/pass45-frag.c (test for excess errors)
WARNING: libmudflap.c/pass45-frag.c compilation failed to produce executable
FAIL: libmudflap.c/pass46-frag.c (test for excess errors)
WARNING: libmudflap.c/pass46-frag.c compilation failed to produce executable
FAIL: libmudflap.c/pass5-frag.c (test for excess errors)
WARNING: libmudflap.c/pass5-frag.c compilation failed to produce executable
FAIL: libmudflap.c/pass6-frag.c (test for excess errors)
WARNING: libmudflap.c/pass6-frag.c compilation failed to produce executable
FAIL: libmudflap.c/pass7-frag.c (test for excess errors)
WARNING: libmudflap.c/pass7-frag.c compilation failed to produce executable
FAIL: libmudflap.c/pass8-frag.c (test for excess errors)
WARNING: libmudflap.c/pass8-frag.c compilation failed to produce executable
FAIL: libmudflap.c/pass9-frag.c (test for excess errors)
WARNING: libmudflap.c/pass9-frag.c compilation failed to produce executable
FAIL: libmudflap.c/fail17-frag.c (-static) output pattern test
FAIL: libmudflap.c/pass-stratcliff.c (-static) (test for excess errors)
WARNING: libmudflap.c/pass-stratcliff.c (-static) compilation failed to produce executable
FAIL: libmudflap.c/pass21-frag.c (-static) (test for excess errors)
WARNING: libmudflap.c/pass21-frag.c (-static) compilation failed to produce executable
FAIL: libmudflap.c/fail1-frag.c (-O2) (test for excess errors)
WARNING: libmudflap.c/fail1-frag.c (-O2) compilation failed to produce executable
FAIL: libmudflap.c/fail10-frag.c (-O2) (test for excess errors)
WARNING: libmudflap.c/fail10-frag.c (-O2) compilation failed to produce executable
FAIL: libmudflap.c/fail11-frag.c (-O2) (test for excess errors)
WARNING: libmudflap.c/fail11-frag.c (-O2) compilation failed to produce executable
FAIL: libmudflap.c/fail12-frag.c (-O2) (test for excess errors)
WARNING: libmudflap.c/fail12-frag.c (-O2) compilation failed to produce executable
FAIL: libmudflap.c/fail13-frag.c (-O2) (test for excess errors)
WARNING: libmudflap.c/fail13-frag.c (-O2) compilation failed to produce executable
FAIL: libmudflap.c/fail14-frag.c (-O2) (test for excess errors)
WARNING: libmudflap.c/fail14-frag.c (-O2) compilation failed to produce executable
FAIL: libmudflap.c/fail15-frag.c (-O2) (test for excess errors)
WARNING: libmudflap.c/fail15-frag.c (-O2) compilation failed to produce executable
FAIL: libmudflap.c/fail16-frag.c (-O2) (test for excess errors)
WARNING: libmudflap.c/fail16-frag.c (-O2) compilation failed to produce executable
FAIL: libmudflap.c/fail17-frag.c (-O2) (test for excess errors)
WARNING: libmudflap.c/fail17-frag.c (-O2) compilation failed to produce executable
FAIL: libmudflap.c/fail18-frag.c (-O2) (test for excess errors)
WARNING: libmudflap.c/fail18-frag.c (-O2) compilation failed to produce executable
FAIL: libmudflap.c/fail19-frag.c (-O2) (test for excess errors)
WARNING: libmudflap.c/fail19-frag.c (-O2) compilation failed to produce executable
FAIL: libmudflap.c/fail2-frag.c (-O2) (test for excess errors)
WARNING: libmudflap.c/fail2-frag.c (-O2) compilation failed to produce executable
FAIL: libmudflap.c/fail20-frag.c (-O2) (test for excess errors)
WARNING: libmudflap.c/fail20-frag.c (-O2) compilation failed to produce executable
FAIL: libmudflap.c/fail21-frag.c (-O2) (test for excess errors)
WARNING: libmudflap.c/fail21-frag.c (-O2) compilation failed to produce executable
FAIL: libmudflap.c/fail22-frag.c (-O2) (test for excess errors)
WARNING: libmudflap.c/fail22-frag.c (-O2) compilation failed to produce executable
FAIL: libmudflap.c/fail23-frag.c (-O2) (test for excess errors)
WARNING: libmudflap.c/fail23-frag.c (-O2) compilation failed to produce executable
FAIL: libmudflap.c/fail25-frag.c (-O2) (test for excess errors)
WARNING: libmudflap.c/fail25-frag.c (-O2) compilation failed to produce executable
FAIL: libmudflap.c/fail26-frag.c (-O2) (test for excess errors)
WARNING: libmudflap.c/fail26-frag.c (-O2) compilation failed to produce executable
FAIL: libmudflap.c/fail27-frag.c (-O2) (test for excess errors)
WARNING: libmudflap.c/fail27-frag.c (-O2) compilation failed to produce executable
FAIL: libmudflap.c/fail28-frag.c (-O2) (test for excess errors)
WARNING: libmudflap.c/fail28-frag.c (-O2) compilation failed to produce executable
FAIL: libmudflap.c/fail29-frag.c (-O2) (test for excess errors)
WARNING: libmudflap.c/fail29-frag.c (-O2) compilation failed to produce executable
FAIL: libmudflap.c/fail3-frag.c (-O2) (test for excess errors)
WARNING: libmudflap.c/fail3-frag.c (-O2) compilation failed to produce executable
FAIL: libmudflap.c/fail30-frag.c (-O2) (test for excess errors)
WARNING: libmudflap.c/fail30-frag.c (-O2) compilation failed to produce executable
FAIL: libmudflap.c/fail31-frag.c (-O2) (test for excess errors)
WARNING: libmudflap.c/fail31-frag.c (-O2) compilation failed to produce executable
FAIL: libmudflap.c/fail4-frag.c (-O2) (test for excess errors)
WARNING: libmudflap.c/fail4-frag.c (-O2) compilation failed to produce executable
FAIL: libmudflap.c/fail5-frag.c (-O2) (test for excess errors)
WARNING: libmudflap.c/fail5-frag.c (-O2) compilation failed to produce executable
FAIL: libmudflap.c/fail6-frag.c (-O2) (test for excess errors)
WARNING: libmudflap.c/fail6-frag.c (-O2) compilation failed to produce executable
FAIL: libmudflap.c/fail7-frag.c (-O2) (test for excess errors)
WARNING: libmudflap.c/fail7-frag.c (-O2) compilation failed to produce executable
FAIL: libmudflap.c/fail8-frag.c (-O2) (test for excess errors)
WARNING: libmudflap.c/fail8-frag.c (-O2) compilation failed to produce executable
FAIL: libmudflap.c/fail9-frag.c (-O2) (test for excess errors)
WARNING: libmudflap.c/fail9-frag.c (-O2) compilation failed to produce executable
FAIL: libmudflap.c/hook-allocstuff.c (-O2) (test for excess errors)
WARNING: libmudflap.c/hook-allocstuff.c (-O2) compilation failed to produce executable
FAIL: libmudflap.c/pass-stratcliff.c (-O2) (test for excess errors)
WARNING: libmudflap.c/pass-stratcliff.c (-O2) compilation failed to produce executable
FAIL: libmudflap.c/pass1-frag.c (-O2) (test for excess errors)
WARNING: libmudflap.c/pass1-frag.c (-O2) compilation failed to produce executable
FAIL: libmudflap.c/pass10-frag.c (-O2) (test for excess errors)
WARNING: libmudflap.c/pass10-frag.c (-O2) compilation failed to produce executable
FAIL: libmudflap.c/pass11-frag.c (-O2) (test for excess errors)
WARNING: libmudflap.c/pass11-frag.c (-O2) compilation failed to produce executable
FAIL: libmudflap.c/pass12-frag.c (-O2) (test for excess errors)
WARNING: libmudflap.c/pass12-frag.c (-O2) compilation failed to produce executable
FAIL: libmudflap.c/pass13-frag.c (-O2) (test for excess errors)
WARNING: libmudflap.c/pass13-frag.c (-O2) compilation failed to produce executable
FAIL: libmudflap.c/pass14-frag.c (-O2) (test for excess errors)
WARNING: libmudflap.c/pass14-frag.c (-O2) compilation failed to produce executable
FAIL: libmudflap.c/pass15-frag.c (-O2) (test for excess errors)
WARNING: libmudflap.c/pass15-frag.c (-O2) compilation failed to produce executable
FAIL: libmudflap.c/pass16-frag.c (-O2) (test for excess errors)
WARNING: libmudflap.c/pass16-frag.c (-O2) compilation failed to produce executable
FAIL: libmudflap.c/pass17-frag.c (-O2) (test for excess errors)
WARNING: libmudflap.c/pass17-frag.c (-O2) compilation failed to produce executable
FAIL: libmudflap.c/pass18-frag.c (-O2) (test for excess errors)
WARNING: libmudflap.c/pass18-frag.c (-O2) compilation failed to produce executable
FAIL: libmudflap.c/pass19-frag.c (-O2) (test for excess errors)
WARNING: libmudflap.c/pass19-frag.c (-O2) compilation failed to produce executable
FAIL: libmudflap.c/pass2-frag.c (-O2) (test for excess errors)
WARNING: libmudflap.c/pass2-frag.c (-O2) compilation failed to produce executable
FAIL: libmudflap.c/pass20-frag.c (-O2) (test for excess errors)
WARNING: libmudflap.c/pass20-frag.c (-O2) compilation failed to produce executable
FAIL: libmudflap.c/pass21-frag.c (-O2) (test for excess errors)
WARNING: libmudflap.c/pass21-frag.c (-O2) compilation failed to produce executable
FAIL: libmudflap.c/pass22-frag.c (-O2) (test for excess errors)
WARNING: libmudflap.c/pass22-frag.c (-O2) compilation failed to produce executable
FAIL: libmudflap.c/pass23-frag.c (-O2) (test for excess errors)
WARNING: libmudflap.c/pass23-frag.c (-O2) compilation failed to produce executable
FAIL: libmudflap.c/pass24-frag.c (-O2) (test for excess errors)
WARNING: libmudflap.c/pass24-frag.c (-O2) compilation failed to produce executable
FAIL: libmudflap.c/pass25-frag.c (-O2) (test for excess errors)
WARNING: libmudflap.c/pass25-frag.c (-O2) compilation failed to produce executable
FAIL: libmudflap.c/pass26-frag.c (-O2) (test for excess errors)
WARNING: libmudflap.c/pass26-frag.c (-O2) compilation failed to produce executable
FAIL: libmudflap.c/pass29-frag.c (-O2) (test for excess errors)
WARNING: libmudflap.c/pass29-frag.c (-O2) compilation failed to produce executable
FAIL: libmudflap.c/pass3-frag.c (-O2) (test for excess errors)
WARNING: libmudflap.c/pass3-frag.c (-O2) compilation failed to produce executable
FAIL: libmudflap.c/pass30-frag.c (-O2) (test for excess errors)
WARNING: libmudflap.c/pass30-frag.c (-O2) compilation failed to produce executable
FAIL: libmudflap.c/pass32-frag.c (-O2) (test for excess errors)
WARNING: libmudflap.c/pass32-frag.c (-O2) compilation failed to produce executable
FAIL: libmudflap.c/pass33-frag.c (-O2) (test for excess errors)
WARNING: libmudflap.c/pass33-frag.c (-O2) compilation failed to produce executable
FAIL: libmudflap.c/pass34-frag.c (-O2) (test for excess errors)
WARNING: libmudflap.c/pass34-frag.c (-O2) compilation failed to produce executable
FAIL: libmudflap.c/pass35-frag.c (-O2) (test for excess errors)
WARNING: libmudflap.c/pass35-frag.c (-O2) compilation failed to produce executable
FAIL: libmudflap.c/pass36-frag.c (-O2) (test for excess errors)
WARNING: libmudflap.c/pass36-frag.c (-O2) compilation failed to produce executable
FAIL: libmudflap.c/pass38-frag.c (-O2) (test for excess errors)
WARNING: libmudflap.c/pass38-frag.c (-O2) compilation failed to produce executable
FAIL: libmudflap.c/pass4-frag.c (-O2) (test for excess errors)
WARNING: libmudflap.c/pass4-frag.c (-O2) compilation failed to produce executable
FAIL: libmudflap.c/pass42-frag.c (-O2) (test for excess errors)
WARNING: libmudflap.c/pass42-frag.c (-O2) compilation failed to produce executable
FAIL: libmudflap.c/pass43-frag.c (-O2) (test for excess errors)
WARNING: libmudflap.c/pass43-frag.c (-O2) compilation failed to produce executable
FAIL: libmudflap.c/pass44-frag.c (-O2) (test for excess errors)
WARNING: libmudflap.c/pass44-frag.c (-O2) compilation failed to produce executable
FAIL: libmudflap.c/pass45-frag.c (-O2) (test for excess errors)
WARNING: libmudflap.c/pass45-frag.c (-O2) compilation failed to produce executable
FAIL: libmudflap.c/pass46-frag.c (-O2) (test for excess errors)
WARNING: libmudflap.c/pass46-frag.c (-O2) compilation failed to produce executable
FAIL: libmudflap.c/pass5-frag.c (-O2) (test for excess errors)
WARNING: libmudflap.c/pass5-frag.c (-O2) compilation failed to produce executable
FAIL: libmudflap.c/pass6-frag.c (-O2) (test for excess errors)
WARNING: libmudflap.c/pass6-frag.c (-O2) compilation failed to produce executable
FAIL: libmudflap.c/pass7-frag.c (-O2) (test for excess errors)
WARNING: libmudflap.c/pass7-frag.c (-O2) compilation failed to produce executable
FAIL: libmudflap.c/pass8-frag.c (-O2) (test for excess errors)
WARNING: libmudflap.c/pass8-frag.c (-O2) compilation failed to produce executable
FAIL: libmudflap.c/pass9-frag.c (-O2) (test for excess errors)
WARNING: libmudflap.c/pass9-frag.c (-O2) compilation failed to produce executable
FAIL: libmudflap.c/fail1-frag.c (-O3) (test for excess errors)
WARNING: libmudflap.c/fail1-frag.c (-O3) compilation failed to produce executable
FAIL: libmudflap.c/fail10-frag.c (-O3) (test for excess errors)
WARNING: libmudflap.c/fail10-frag.c (-O3) compilation failed to produce executable
FAIL: libmudflap.c/fail11-frag.c (-O3) (test for excess errors)
WARNING: libmudflap.c/fail11-frag.c (-O3) compilation failed to produce executable
FAIL: libmudflap.c/fail12-frag.c (-O3) (test for excess errors)
WARNING: libmudflap.c/fail12-frag.c (-O3) compilation failed to produce executable
FAIL: libmudflap.c/fail13-frag.c (-O3) (test for excess errors)
WARNING: libmudflap.c/fail13-frag.c (-O3) compilation failed to produce executable
FAIL: libmudflap.c/fail14-frag.c (-O3) (test for excess errors)
WARNING: libmudflap.c/fail14-frag.c (-O3) compilation failed to produce executable
FAIL: libmudflap.c/fail15-frag.c (-O3) (test for excess errors)
WARNING: libmudflap.c/fail15-frag.c (-O3) compilation failed to produce executable
FAIL: libmudflap.c/fail16-frag.c (-O3) (test for excess errors)
WARNING: libmudflap.c/fail16-frag.c (-O3) compilation failed to produce executable
FAIL: libmudflap.c/fail17-frag.c (-O3) (test for excess errors)
WARNING: libmudflap.c/fail17-frag.c (-O3) compilation failed to produce executable
FAIL: libmudflap.c/fail18-frag.c (-O3) (test for excess errors)
WARNING: libmudflap.c/fail18-frag.c (-O3) compilation failed to produce executable
FAIL: libmudflap.c/fail19-frag.c (-O3) (test for excess errors)
WARNING: libmudflap.c/fail19-frag.c (-O3) compilation failed to produce executable
FAIL: libmudflap.c/fail2-frag.c (-O3) (test for excess errors)
WARNING: libmudflap.c/fail2-frag.c (-O3) compilation failed to produce executable
FAIL: libmudflap.c/fail20-frag.c (-O3) (test for excess errors)
WARNING: libmudflap.c/fail20-frag.c (-O3) compilation failed to produce executable
FAIL: libmudflap.c/fail21-frag.c (-O3) (test for excess errors)
WARNING: libmudflap.c/fail21-frag.c (-O3) compilation failed to produce executable
FAIL: libmudflap.c/fail22-frag.c (-O3) (test for excess errors)
WARNING: libmudflap.c/fail22-frag.c (-O3) compilation failed to produce executable
FAIL: libmudflap.c/fail23-frag.c (-O3) (test for excess errors)
WARNING: libmudflap.c/fail23-frag.c (-O3) compilation failed to produce executable
FAIL: libmudflap.c/fail25-frag.c (-O3) (test for excess errors)
WARNING: libmudflap.c/fail25-frag.c (-O3) compilation failed to produce executable
FAIL: libmudflap.c/fail26-frag.c (-O3) (test for excess errors)
WARNING: libmudflap.c/fail26-frag.c (-O3) compilation failed to produce executable
FAIL: libmudflap.c/fail27-frag.c (-O3) (test for excess errors)
WARNING: libmudflap.c/fail27-frag.c (-O3) compilation failed to produce executable
FAIL: libmudflap.c/fail28-frag.c (-O3) (test for excess errors)
WARNING: libmudflap.c/fail28-frag.c (-O3) compilation failed to produce executable
FAIL: libmudflap.c/fail29-frag.c (-O3) (test for excess errors)
WARNING: libmudflap.c/fail29-frag.c (-O3) compilation failed to produce executable
FAIL: libmudflap.c/fail3-frag.c (-O3) (test for excess errors)
WARNING: libmudflap.c/fail3-frag.c (-O3) compilation failed to produce executable
FAIL: libmudflap.c/fail30-frag.c (-O3) (test for excess errors)
WARNING: libmudflap.c/fail30-frag.c (-O3) compilation failed to produce executable
FAIL: libmudflap.c/fail31-frag.c (-O3) (test for excess errors)
WARNING: libmudflap.c/fail31-frag.c (-O3) compilation failed to produce executable
FAIL: libmudflap.c/fail4-frag.c (-O3) (test for excess errors)
WARNING: libmudflap.c/fail4-frag.c (-O3) compilation failed to produce executable
FAIL: libmudflap.c/fail5-frag.c (-O3) (test for excess errors)
WARNING: libmudflap.c/fail5-frag.c (-O3) compilation failed to produce executable
FAIL: libmudflap.c/fail6-frag.c (-O3) (test for excess errors)
WARNING: libmudflap.c/fail6-frag.c (-O3) compilation failed to produce executable
FAIL: libmudflap.c/fail7-frag.c (-O3) (test for excess errors)
WARNING: libmudflap.c/fail7-frag.c (-O3) compilation failed to produce executable
FAIL: libmudflap.c/fail8-frag.c (-O3) (test for excess errors)
WARNING: libmudflap.c/fail8-frag.c (-O3) compilation failed to produce executable
FAIL: libmudflap.c/fail9-frag.c (-O3) (test for excess errors)
WARNING: libmudflap.c/fail9-frag.c (-O3) compilation failed to produce executable
FAIL: libmudflap.c/hook-allocstuff.c (-O3) (test for excess errors)
WARNING: libmudflap.c/hook-allocstuff.c (-O3) compilation failed to produce executable
FAIL: libmudflap.c/pass-stratcliff.c (-O3) (test for excess errors)
WARNING: libmudflap.c/pass-stratcliff.c (-O3) compilation failed to produce executable
FAIL: libmudflap.c/pass1-frag.c (-O3) (test for excess errors)
WARNING: libmudflap.c/pass1-frag.c (-O3) compilation failed to produce executable
FAIL: libmudflap.c/pass10-frag.c (-O3) (test for excess errors)
WARNING: libmudflap.c/pass10-frag.c (-O3) compilation failed to produce executable
FAIL: libmudflap.c/pass11-frag.c (-O3) (test for excess errors)
WARNING: libmudflap.c/pass11-frag.c (-O3) compilation failed to produce executable
FAIL: libmudflap.c/pass12-frag.c (-O3) (test for excess errors)
WARNING: libmudflap.c/pass12-frag.c (-O3) compilation failed to produce executable
FAIL: libmudflap.c/pass13-frag.c (-O3) (test for excess errors)
WARNING: libmudflap.c/pass13-frag.c (-O3) compilation failed to produce executable
FAIL: libmudflap.c/pass14-frag.c (-O3) (test for excess errors)
WARNING: libmudflap.c/pass14-frag.c (-O3) compilation failed to produce executable
FAIL: libmudflap.c/pass15-frag.c (-O3) (test for excess errors)
WARNING: libmudflap.c/pass15-frag.c (-O3) compilation failed to produce executable
FAIL: libmudflap.c/pass16-frag.c (-O3) (test for excess errors)
WARNING: libmudflap.c/pass16-frag.c (-O3) compilation failed to produce executable
FAIL: libmudflap.c/pass17-frag.c (-O3) (test for excess errors)
WARNING: libmudflap.c/pass17-frag.c (-O3) compilation failed to produce executable
FAIL: libmudflap.c/pass18-frag.c (-O3) (test for excess errors)
WARNING: libmudflap.c/pass18-frag.c (-O3) compilation failed to produce executable
FAIL: libmudflap.c/pass19-frag.c (-O3) (test for excess errors)
WARNING: libmudflap.c/pass19-frag.c (-O3) compilation failed to produce executable
FAIL: libmudflap.c/pass2-frag.c (-O3) (test for excess errors)
WARNING: libmudflap.c/pass2-frag.c (-O3) compilation failed to produce executable
FAIL: libmudflap.c/pass20-frag.c (-O3) (test for excess errors)
WARNING: libmudflap.c/pass20-frag.c (-O3) compilation failed to produce executable
FAIL: libmudflap.c/pass21-frag.c (-O3) (test for excess errors)
WARNING: libmudflap.c/pass21-frag.c (-O3) compilation failed to produce executable
FAIL: libmudflap.c/pass22-frag.c (-O3) (test for excess errors)
WARNING: libmudflap.c/pass22-frag.c (-O3) compilation failed to produce executable
FAIL: libmudflap.c/pass23-frag.c (-O3) (test for excess errors)
WARNING: libmudflap.c/pass23-frag.c (-O3) compilation failed to produce executable
FAIL: libmudflap.c/pass24-frag.c (-O3) (test for excess errors)
WARNING: libmudflap.c/pass24-frag.c (-O3) compilation failed to produce executable
FAIL: libmudflap.c/pass25-frag.c (-O3) (test for excess errors)
WARNING: libmudflap.c/pass25-frag.c (-O3) compilation failed to produce executable
FAIL: libmudflap.c/pass26-frag.c (-O3) (test for excess errors)
WARNING: libmudflap.c/pass26-frag.c (-O3) compilation failed to produce executable
FAIL: libmudflap.c/pass29-frag.c (-O3) (test for excess errors)
WARNING: libmudflap.c/pass29-frag.c (-O3) compilation failed to produce executable
FAIL: libmudflap.c/pass3-frag.c (-O3) (test for excess errors)
WARNING: libmudflap.c/pass3-frag.c (-O3) compilation failed to produce executable
FAIL: libmudflap.c/pass30-frag.c (-O3) (test for excess errors)
WARNING: libmudflap.c/pass30-frag.c (-O3) compilation failed to produce executable
FAIL: libmudflap.c/pass32-frag.c (-O3) (test for excess errors)
WARNING: libmudflap.c/pass32-frag.c (-O3) compilation failed to produce executable
FAIL: libmudflap.c/pass33-frag.c (-O3) (test for excess errors)
WARNING: libmudflap.c/pass33-frag.c (-O3) compilation failed to produce executable
FAIL: libmudflap.c/pass34-frag.c (-O3) (test for excess errors)
WARNING: libmudflap.c/pass34-frag.c (-O3) compilation failed to produce executable
FAIL: libmudflap.c/pass35-frag.c (-O3) (test for excess errors)
WARNING: libmudflap.c/pass35-frag.c (-O3) compilation failed to produce executable
FAIL: libmudflap.c/pass36-frag.c (-O3) (test for excess errors)
WARNING: libmudflap.c/pass36-frag.c (-O3) compilation failed to produce executable
FAIL: libmudflap.c/pass38-frag.c (-O3) (test for excess errors)
WARNING: libmudflap.c/pass38-frag.c (-O3) compilation failed to produce executable
FAIL: libmudflap.c/pass4-frag.c (-O3) (test for excess errors)
WARNING: libmudflap.c/pass4-frag.c (-O3) compilation failed to produce executable
FAIL: libmudflap.c/pass42-frag.c (-O3) (test for excess errors)
WARNING: libmudflap.c/pass42-frag.c (-O3) compilation failed to produce executable
FAIL: libmudflap.c/pass43-frag.c (-O3) (test for excess errors)
WARNING: libmudflap.c/pass43-frag.c (-O3) compilation failed to produce executable
FAIL: libmudflap.c/pass44-frag.c (-O3) (test for excess errors)
WARNING: libmudflap.c/pass44-frag.c (-O3) compilation failed to produce executable
FAIL: libmudflap.c/pass45-frag.c (-O3) (test for excess errors)
WARNING: libmudflap.c/pass45-frag.c (-O3) compilation failed to produce executable
FAIL: libmudflap.c/pass46-frag.c (-O3) (test for excess errors)
WARNING: libmudflap.c/pass46-frag.c (-O3) compilation failed to produce executable
FAIL: libmudflap.c/pass5-frag.c (-O3) (test for excess errors)
WARNING: libmudflap.c/pass5-frag.c (-O3) compilation failed to produce executable
FAIL: libmudflap.c/pass6-frag.c (-O3) (test for excess errors)
WARNING: libmudflap.c/pass6-frag.c (-O3) compilation failed to produce executable
FAIL: libmudflap.c/pass7-frag.c (-O3) (test for excess errors)
WARNING: libmudflap.c/pass7-frag.c (-O3) compilation failed to produce executable
FAIL: libmudflap.c/pass8-frag.c (-O3) (test for excess errors)
WARNING: libmudflap.c/pass8-frag.c (-O3) compilation failed to produce executable
FAIL: libmudflap.c/pass9-frag.c (-O3) (test for excess errors)
WARNING: libmudflap.c/pass9-frag.c (-O3) compilation failed to produce executable
FAIL: libmudflap.c++/fail24-frag.cxx (test for excess errors)
WARNING: libmudflap.c++/fail24-frag.cxx compilation failed to produce executable
FAIL: libmudflap.c++/pass27-frag.cxx (test for excess errors)
WARNING: libmudflap.c++/pass27-frag.cxx compilation failed to produce executable
FAIL: libmudflap.c++/pass28-frag.cxx (test for excess errors)
WARNING: libmudflap.c++/pass28-frag.cxx compilation failed to produce executable
FAIL: libmudflap.c++/pass31-frag.cxx (test for excess errors)
WARNING: libmudflap.c++/pass31-frag.cxx compilation failed to produce executable
FAIL: libmudflap.c++/pass41-frag.cxx (test for excess errors)
WARNING: libmudflap.c++/pass41-frag.cxx compilation failed to produce executable
FAIL: libmudflap.c++/pass41-frag.cxx (-static) (test for excess errors)
WARNING: libmudflap.c++/pass41-frag.cxx (-static) compilation failed to produce executable
FAIL: libmudflap.c++/fail24-frag.cxx (-O2) (test for excess errors)
WARNING: libmudflap.c++/fail24-frag.cxx (-O2) compilation failed to produce executable
FAIL: libmudflap.c++/pass27-frag.cxx (-O2) (test for excess errors)
WARNING: libmudflap.c++/pass27-frag.cxx (-O2) compilation failed to produce executable
FAIL: libmudflap.c++/pass28-frag.cxx (-O2) (test for excess errors)
WARNING: libmudflap.c++/pass28-frag.cxx (-O2) compilation failed to produce executable
FAIL: libmudflap.c++/pass31-frag.cxx (-O2) (test for excess errors)
WARNING: libmudflap.c++/pass31-frag.cxx (-O2) compilation failed to produce executable
FAIL: libmudflap.c++/pass41-frag.cxx (-O2) (test for excess errors)
WARNING: libmudflap.c++/pass41-frag.cxx (-O2) compilation failed to produce executable
FAIL: libmudflap.c++/fail24-frag.cxx (-O3) (test for excess errors)
WARNING: libmudflap.c++/fail24-frag.cxx (-O3) compilation failed to produce executable
FAIL: libmudflap.c++/pass27-frag.cxx (-O3) (test for excess errors)
WARNING: libmudflap.c++/pass27-frag.cxx (-O3) compilation failed to produce executable
FAIL: libmudflap.c++/pass28-frag.cxx (-O3) (test for excess errors)
WARNING: libmudflap.c++/pass28-frag.cxx (-O3) compilation failed to produce executable
FAIL: libmudflap.c++/pass31-frag.cxx (-O3) (test for excess errors)
WARNING: libmudflap.c++/pass31-frag.cxx (-O3) compilation failed to produce executable
FAIL: libmudflap.c++/pass41-frag.cxx (-O3) (test for excess errors)
WARNING: libmudflap.c++/pass41-frag.cxx (-O3) compilation failed to produce executable
FAIL: libmudflap.cth/pass37-frag.c (test for excess errors)
FAIL: libmudflap.cth/pass37-frag.c execution test
FAIL: libmudflap.cth/pass37-frag.c output pattern test
FAIL: libmudflap.cth/pass37-frag.c (rerun 1) execution test
FAIL: libmudflap.cth/pass37-frag.c (rerun 1) output pattern test
FAIL: libmudflap.cth/pass37-frag.c (rerun 2) execution test
FAIL: libmudflap.cth/pass37-frag.c (rerun 2) output pattern test
FAIL: libmudflap.cth/pass37-frag.c (rerun 3) execution test
FAIL: libmudflap.cth/pass37-frag.c (rerun 3) output pattern test
FAIL: libmudflap.cth/pass37-frag.c (rerun 4) execution test
FAIL: libmudflap.cth/pass37-frag.c (rerun 4) output pattern test
FAIL: libmudflap.cth/pass37-frag.c (rerun 5) execution test
FAIL: libmudflap.cth/pass37-frag.c (rerun 5) output pattern test
FAIL: libmudflap.cth/pass37-frag.c (rerun 6) execution test
FAIL: libmudflap.cth/pass37-frag.c (rerun 6) output pattern test
FAIL: libmudflap.cth/pass37-frag.c (rerun 7) execution test
FAIL: libmudflap.cth/pass37-frag.c (rerun 7) output pattern test
FAIL: libmudflap.cth/pass37-frag.c (rerun 8) execution test
FAIL: libmudflap.cth/pass37-frag.c (rerun 8) output pattern test
FAIL: libmudflap.cth/pass37-frag.c (rerun 9) execution test
FAIL: libmudflap.cth/pass37-frag.c (rerun 9) output pattern test
FAIL: libmudflap.cth/pass37-frag.c (rerun 10) execution test
FAIL: libmudflap.cth/pass37-frag.c (rerun 10) output pattern test
FAIL: libmudflap.cth/pass37-frag.c (rerun 11) execution test
FAIL: libmudflap.cth/pass37-frag.c (rerun 11) output pattern test
FAIL: libmudflap.cth/pass37-frag.c (rerun 12) execution test
FAIL: libmudflap.cth/pass37-frag.c (rerun 12) output pattern test
FAIL: libmudflap.cth/pass37-frag.c (rerun 13) execution test
FAIL: libmudflap.cth/pass37-frag.c (rerun 13) output pattern test
FAIL: libmudflap.cth/pass37-frag.c (rerun 14) execution test
FAIL: libmudflap.cth/pass37-frag.c (rerun 14) output pattern test
FAIL: libmudflap.cth/pass37-frag.c (rerun 15) execution test
FAIL: libmudflap.cth/pass37-frag.c (rerun 15) output pattern test
FAIL: libmudflap.cth/pass37-frag.c (rerun 16) execution test
FAIL: libmudflap.cth/pass37-frag.c (rerun 16) output pattern test
FAIL: libmudflap.cth/pass37-frag.c (rerun 17) execution test
FAIL: libmudflap.cth/pass37-frag.c (rerun 17) output pattern test
FAIL: libmudflap.cth/pass37-frag.c (rerun 18) execution test
FAIL: libmudflap.cth/pass37-frag.c (rerun 18) output pattern test
FAIL: libmudflap.cth/pass37-frag.c (rerun 19) execution test
FAIL: libmudflap.cth/pass37-frag.c (rerun 19) output pattern test
FAIL: libmudflap.cth/pass39-frag.c (test for excess errors)
WARNING: libmudflap.cth/pass39-frag.c compilation failed to produce executable
FAIL: libmudflap.cth/pass40-frag.c (test for excess errors)
WARNING: libmudflap.cth/pass40-frag.c compilation failed to produce executable
ERROR: tcl error sourcing /home/ljrittle/beast/tmp/outside-cvs-src/gcc/libmudflap/testsuite/libmudflap.cth/cthfrags.exp.
ERROR: couldn't create output pipe for command: file table overflow

		=== libmudflap Summary ===

# of expected passes		184
# of unexpected failures	275
		=== libstdc++ tests ===


Running target unix/-pthread
FAIL: 22_locale/collate/compare/wchar_t/2.cc (test for excess errors)
WARNING: 22_locale/collate/compare/wchar_t/2.cc compilation failed to produce executable
FAIL: 22_locale/collate/compare/wchar_t/wrapped_env.cc (test for excess errors)
WARNING: 22_locale/collate/compare/wchar_t/wrapped_env.cc compilation failed to produce executable
FAIL: 22_locale/collate/compare/wchar_t/wrapped_locale.cc (test for excess errors)
WARNING: 22_locale/collate/compare/wchar_t/wrapped_locale.cc compilation failed to produce executable
FAIL: 22_locale/collate/hash/wchar_t/2.cc (test for excess errors)
WARNING: 22_locale/collate/hash/wchar_t/2.cc compilation failed to produce executable
FAIL: 22_locale/collate/hash/wchar_t/wrapped_env.cc (test for excess errors)
WARNING: 22_locale/collate/hash/wchar_t/wrapped_env.cc compilation failed to produce executable
FAIL: 22_locale/collate/hash/wchar_t/wrapped_locale.cc (test for excess errors)
WARNING: 22_locale/collate/hash/wchar_t/wrapped_locale.cc compilation failed to produce executable
FAIL: 22_locale/collate/transform/wchar_t/2.cc (test for excess errors)
WARNING: 22_locale/collate/transform/wchar_t/2.cc compilation failed to produce executable
FAIL: 22_locale/collate/transform/wchar_t/wrapped_env.cc (test for excess errors)
WARNING: 22_locale/collate/transform/wchar_t/wrapped_env.cc compilation failed to produce executable
FAIL: 22_locale/collate/transform/wchar_t/wrapped_locale.cc (test for excess errors)
WARNING: 22_locale/collate/transform/wchar_t/wrapped_locale.cc compilation failed to produce executable
FAIL: 22_locale/ctype/is/wchar_t/1.cc execution test
FAIL: 22_locale/ctype/scan/wchar_t/1.cc execution test
FAIL: 23_containers/deque/cons/2.cc execution test
WARNING: program timed out.
FAIL: 27_io/basic_filebuf/open/char/9507.cc execution test
WARNING: program timed out.
FAIL: 27_io/basic_filebuf/showmanyc/char/9533-1.cc execution test

		=== libstdc++ Summary ===

# of expected passes		2507
# of unexpected failures	14
# of expected failures		3
		=== g++ tests ===


Running target unix/-pthread
FAIL: g++.dg/expr/anew1.C execution test
FAIL: g++.dg/expr/anew2.C execution test
FAIL: g++.dg/expr/anew3.C execution test
FAIL: g++.dg/expr/anew4.C execution test
FAIL: g++.dg/opt/reload1.C (test for excess errors)
FAIL: 258: expected branch percentages not found: 25
FAIL: g++.dg/gcov/gcov-1.C gcov: 0 failures in line counts, 1 in branch percentages, 0 in return percentages
FAIL: 23:is 2:should be 1
FAIL: g++.dg/gcov/gcov-2.C gcov: 1 failures in line counts, 0 in branch percentages, 0 in return percentages
FAIL: g++.old-deja/g++.brendan/crash13.C  (test for errors, line 34)
FAIL: g++.old-deja/g++.eh/badalloc1.C execution test
FAIL: g++.old-deja/g++.law/friend5.C  (test for errors, line 19)
FAIL: g++.old-deja/g++.law/friend5.C  (test for errors, line 24)
FAIL: g++.old-deja/g++.law/profile1.C (test for excess errors)
WARNING: g++.old-deja/g++.law/profile1.C compilation failed to produce executable
WARNING: g++.old-deja/g++.mike/p10769a.C compilation failed to produce executable
WARNING: g++.old-deja/g++.other/enum5.C compilation failed to produce executable
WARNING: g++.old-deja/g++.pt/friend44.C compilation failed to produce executable

		=== g++ Summary ===

# of expected passes		9462
# of unexpected failures	14
# of expected failures		79
# of unsupported tests		68
/j/ljrittle/gcc-build-beast-0225/gcc/testsuite/../g++ version 3.5-tree-ssa 20040225 (merged 20040211)

		=== gcc tests ===


Running target unix/-pthread
FAIL: gcc.c-torture/compile/20010605-1.c  -O0  (test for excess errors)
FAIL: gcc.c-torture/compile/20010605-1.c  -O1  (test for excess errors)
FAIL: gcc.c-torture/execute/20040208-2.c execution,  -O0 
FAIL: gcc.c-torture/execute/loop-14.c execution,  -Os 
FAIL: gcc.dg/20020607-2.c (test for excess errors)
WARNING: gcc.dg/20020607-2.c compilation failed to produce executable
FAIL: gcc.dg/20030414-2.c (test for excess errors)
WARNING: gcc.dg/20030414-2.c compilation failed to produce executable
FAIL: gcc.dg/20030804-1.c (test for excess errors)
FAIL: gcc.dg/20030826-1.c (test for excess errors)
WARNING: gcc.dg/20030826-1.c compilation failed to produce executable
FAIL: gcc.dg/20040123-1.c scan-assembler abort
FAIL: gcc.dg/builtins-10.c (test for excess errors)
FAIL: gcc.dg/builtins-11.c (test for excess errors)
FAIL: gcc.dg/builtins-17.c (test for excess errors)
FAIL: gcc.dg/builtins-18.c (test for excess errors)
FAIL: gcc.dg/builtins-19.c (test for excess errors)
FAIL: gcc.dg/builtins-20.c (test for excess errors)
FAIL: gcc.dg/builtins-24.c (test for excess errors)
WARNING: gcc.dg/builtins-24.c compilation failed to produce executable
FAIL: gcc.dg/builtins-26.c (test for excess errors)
FAIL: gcc.dg/builtins-27.c (test for excess errors)
FAIL: gcc.dg/builtins-6.c (test for excess errors)
WARNING: gcc.dg/builtins-6.c compilation failed to produce executable
FAIL: gcc.dg/builtins-7.c (test for excess errors)
FAIL: gcc.dg/builtins-8.c (test for excess errors)
WARNING: gcc.dg/builtins-8.c compilation failed to produce executable
FAIL: gcc.dg/fastmath-1.c (test for excess errors)
WARNING: gcc.dg/fastmath-1.c compilation failed to produce executable
FAIL: gcc.dg/fnegate-1.c (test for excess errors)
WARNING: gcc.dg/fnegate-1.c compilation failed to produce executable
FAIL: gcc.dg/fwritable-strings-1.c  (test for errors, line )
FAIL: gcc.dg/nest.c (test for excess errors)
WARNING: gcc.dg/nest.c compilation failed to produce executable
FAIL: gcc.dg/pr14092-1.c (test for excess errors)
XPASS: gcc.dg/uninit-1.c uninitialized variable warning (test for bogus messages, line 16)
XPASS: gcc.dg/uninit-3.c uninitialized variable warning (test for bogus messages, line 11)
XPASS: gcc.dg/uninit-8.c uninitialized variable warning (test for bogus messages, line 14)
XPASS: gcc.dg/uninit-9.c uninitialized variable warning (test for bogus messages, line 26)
FAIL: gcc.dg/warn-1.c  (test for warnings, line 8)
FAIL: gcc.dg/torture/builtin-attr-1.c  -O0  (test for excess errors)
FAIL: gcc.dg/torture/builtin-attr-1.c  -O1  (test for excess errors)
FAIL: gcc.dg/torture/builtin-attr-1.c  -O2  (test for excess errors)
FAIL: gcc.dg/torture/builtin-attr-1.c  -O3 -fomit-frame-pointer  (test for excess errors)
FAIL: gcc.dg/torture/builtin-attr-1.c  -O3 -g  (test for excess errors)
FAIL: gcc.dg/torture/builtin-attr-1.c  -Os  (test for excess errors)
FAIL: gcc.dg/torture/builtin-explog-1.c  -O0  (test for excess errors)
FAIL: gcc.dg/torture/builtin-explog-1.c  -O1  (test for excess errors)
FAIL: gcc.dg/torture/builtin-explog-1.c  -O2  (test for excess errors)
FAIL: gcc.dg/torture/builtin-explog-1.c  -O3 -fomit-frame-pointer  (test for excess errors)
FAIL: gcc.dg/torture/builtin-explog-1.c  -O3 -g  (test for excess errors)
FAIL: gcc.dg/torture/builtin-explog-1.c  -Os  (test for excess errors)
FAIL: gcc.dg/tree-ssa/20030730-1.c (test for excess errors)
FAIL: gcc.dg/tree-ssa/20030730-2.c (test for excess errors)
FAIL: gcc.dg/tree-ssa/20030917-2.c (test for excess errors)
FAIL: gcc.dg/tree-ssa/20030922-2.c scan-tree-dump-times if  2
FAIL: 209: expected branch percentages not found: 25
FAIL: gcc.misc-tests/gcov-4b.c gcov: 0 failures in line counts, 1 in branch percentages, 0 in return percentages

		=== gcc Summary ===

# of expected passes		25457
# of unexpected failures	45
# of unexpected successes	4
# of expected failures		73
# of untested testcases		7
# of unsupported tests		303
/j/ljrittle/gcc-build-beast-0225/gcc/xgcc version 3.5-tree-ssa 20040225 (merged 20040211)

		=== gfortran tests ===


Running target unix/-pthread
FAIL: gfortran.fortran-torture/compile/actual.f90,  -O0  
FAIL: gfortran.fortran-torture/compile/actual.f90,  -O1  
FAIL: gfortran.fortran-torture/compile/actual.f90,  -O2  
FAIL: gfortran.fortran-torture/compile/actual.f90,  -O2 -fomit-frame-pointer -finline-functions  
FAIL: gfortran.fortran-torture/compile/actual.f90,  -O2 -fomit-frame-pointer -finline-functions -funroll-loops  
FAIL: gfortran.fortran-torture/compile/actual.f90,  -O2 -fomit-frame-pointer -finline-functions -funroll-all-loops  
FAIL: gfortran.fortran-torture/compile/actual.f90,  -O2 -fno-repack-arrays  
FAIL: gfortran.fortran-torture/compile/actual.f90,  -O2 -fg77-calls  
FAIL: gfortran.fortran-torture/compile/actual.f90,  -O3 -g  
FAIL: gfortran.fortran-torture/compile/actual.f90,  -Os  
FAIL: gfortran.fortran-torture/compile/allocate.f90,  -O0  
FAIL: gfortran.fortran-torture/compile/allocate.f90,  -O1  
FAIL: gfortran.fortran-torture/compile/allocate.f90,  -O2  
FAIL: gfortran.fortran-torture/compile/allocate.f90,  -O2 -fomit-frame-pointer -finline-functions  
FAIL: gfortran.fortran-torture/compile/allocate.f90,  -O2 -fomit-frame-pointer -finline-functions -funroll-loops  
FAIL: gfortran.fortran-torture/compile/allocate.f90,  -O2 -fomit-frame-pointer -finline-functions -funroll-all-loops  
FAIL: gfortran.fortran-torture/compile/allocate.f90,  -O2 -fno-repack-arrays  
FAIL: gfortran.fortran-torture/compile/allocate.f90,  -O2 -fg77-calls  
FAIL: gfortran.fortran-torture/compile/allocate.f90,  -O3 -g  
FAIL: gfortran.fortran-torture/compile/allocate.f90,  -Os  
FAIL: gfortran.fortran-torture/compile/ambig.f90,  -O0  
FAIL: gfortran.fortran-torture/compile/ambig.f90,  -O1  
FAIL: gfortran.fortran-torture/compile/ambig.f90,  -O2  
FAIL: gfortran.fortran-torture/compile/ambig.f90,  -O2 -fomit-frame-pointer -finline-functions  
FAIL: gfortran.fortran-torture/compile/ambig.f90,  -O2 -fomit-frame-pointer -finline-functions -funroll-loops  
FAIL: gfortran.fortran-torture/compile/ambig.f90,  -O2 -fomit-frame-pointer -finline-functions -funroll-all-loops  
FAIL: gfortran.fortran-torture/compile/ambig.f90,  -O2 -fno-repack-arrays  
FAIL: gfortran.fortran-torture/compile/ambig.f90,  -O2 -fg77-calls  
FAIL: gfortran.fortran-torture/compile/ambig.f90,  -O3 -g  
FAIL: gfortran.fortran-torture/compile/ambig.f90,  -Os  
FAIL: gfortran.fortran-torture/compile/arrayio.f90,  -O0  
FAIL: gfortran.fortran-torture/compile/arrayio.f90,  -O1  
FAIL: gfortran.fortran-torture/compile/arrayio.f90,  -O2  
FAIL: gfortran.fortran-torture/compile/arrayio.f90,  -O2 -fomit-frame-pointer -finline-functions  
FAIL: gfortran.fortran-torture/compile/arrayio.f90,  -O2 -fomit-frame-pointer -finline-functions -funroll-loops  
FAIL: gfortran.fortran-torture/compile/arrayio.f90,  -O2 -fomit-frame-pointer -finline-functions -funroll-all-loops  
FAIL: gfortran.fortran-torture/compile/arrayio.f90,  -O2 -fno-repack-arrays  
FAIL: gfortran.fortran-torture/compile/arrayio.f90,  -O2 -fg77-calls  
FAIL: gfortran.fortran-torture/compile/arrayio.f90,  -O3 -g  
FAIL: gfortran.fortran-torture/compile/arrayio.f90,  -Os  
FAIL: gfortran.fortran-torture/compile/bergervoet2.f90,  -O0  
FAIL: gfortran.fortran-torture/compile/bergervoet2.f90,  -O1  
FAIL: gfortran.fortran-torture/compile/bergervoet2.f90,  -O2  
FAIL: gfortran.fortran-torture/compile/bergervoet2.f90,  -O2 -fomit-frame-pointer -finline-functions  
FAIL: gfortran.fortran-torture/compile/bergervoet2.f90,  -O2 -fomit-frame-pointer -finline-functions -funroll-loops  
FAIL: gfortran.fortran-torture/compile/bergervoet2.f90,  -O2 -fomit-frame-pointer -finline-functions -funroll-all-loops  
FAIL: gfortran.fortran-torture/compile/bergervoet2.f90,  -O2 -fno-repack-arrays  
FAIL: gfortran.fortran-torture/compile/bergervoet2.f90,  -O2 -fg77-calls  
FAIL: gfortran.fortran-torture/compile/bergervoet2.f90,  -O3 -g  
FAIL: gfortran.fortran-torture/compile/bergervoet2.f90,  -Os  
FAIL: gfortran.fortran-torture/compile/contained_1.f90,  -O0  
FAIL: gfortran.fortran-torture/compile/contained_1.f90,  -O1  
FAIL: gfortran.fortran-torture/compile/contained_1.f90,  -O2  
FAIL: gfortran.fortran-torture/compile/contained_1.f90,  -O2 -fomit-frame-pointer -finline-functions  
FAIL: gfortran.fortran-torture/compile/contained_1.f90,  -O2 -fomit-frame-pointer -finline-functions -funroll-loops  
FAIL: gfortran.fortran-torture/compile/contained_1.f90,  -O2 -fomit-frame-pointer -finline-functions -funroll-all-loops  
FAIL: gfortran.fortran-torture/compile/contained_1.f90,  -O2 -fno-repack-arrays  
FAIL: gfortran.fortran-torture/compile/contained_1.f90,  -O2 -fg77-calls  
FAIL: gfortran.fortran-torture/compile/contained_1.f90,  -O3 -g  
FAIL: gfortran.fortran-torture/compile/contained_1.f90,  -Os  
FAIL: gfortran.fortran-torture/compile/contained_2.f90,  -O0  
FAIL: gfortran.fortran-torture/compile/contained_2.f90,  -O1  
FAIL: gfortran.fortran-torture/compile/contained_2.f90,  -O2  
FAIL: gfortran.fortran-torture/compile/contained_2.f90,  -O2 -fomit-frame-pointer -finline-functions  
FAIL: gfortran.fortran-torture/compile/contained_2.f90,  -O2 -fomit-frame-pointer -finline-functions -funroll-loops  
FAIL: gfortran.fortran-torture/compile/contained_2.f90,  -O2 -fomit-frame-pointer -finline-functions -funroll-all-loops  
FAIL: gfortran.fortran-torture/compile/contained_2.f90,  -O2 -fno-repack-arrays  
FAIL: gfortran.fortran-torture/compile/contained_2.f90,  -O2 -fg77-calls  
FAIL: gfortran.fortran-torture/compile/contained_2.f90,  -O3 -g  
FAIL: gfortran.fortran-torture/compile/contained_2.f90,  -Os  
FAIL: gfortran.fortran-torture/compile/contained_3.f90,  -O0  
FAIL: gfortran.fortran-torture/compile/contained_3.f90,  -O1  
FAIL: gfortran.fortran-torture/compile/contained_3.f90,  -O2  
FAIL: gfortran.fortran-torture/compile/contained_3.f90,  -O2 -fomit-frame-pointer -finline-functions  
FAIL: gfortran.fortran-torture/compile/contained_3.f90,  -O2 -fomit-frame-pointer -finline-functions -funroll-loops  
FAIL: gfortran.fortran-torture/compile/contained_3.f90,  -O2 -fomit-frame-pointer -finline-functions -funroll-all-loops  
FAIL: gfortran.fortran-torture/compile/contained_3.f90,  -O2 -fno-repack-arrays  
FAIL: gfortran.fortran-torture/compile/contained_3.f90,  -O2 -fg77-calls  
FAIL: gfortran.fortran-torture/compile/contained_3.f90,  -O3 -g  
FAIL: gfortran.fortran-torture/compile/contained_3.f90,  -Os  
FAIL: gfortran.fortran-torture/compile/contained_4.f90,  -O0  
FAIL: gfortran.fortran-torture/compile/contained_4.f90,  -O1  
FAIL: gfortran.fortran-torture/compile/contained_4.f90,  -O2  
FAIL: gfortran.fortran-torture/compile/contained_4.f90,  -O2 -fomit-frame-pointer -finline-functions  
FAIL: gfortran.fortran-torture/compile/contained_4.f90,  -O2 -fomit-frame-pointer -finline-functions -funroll-loops  
FAIL: gfortran.fortran-torture/compile/contained_4.f90,  -O2 -fomit-frame-pointer -finline-functions -funroll-all-loops  
FAIL: gfortran.fortran-torture/compile/contained_4.f90,  -O2 -fno-repack-arrays  
FAIL: gfortran.fortran-torture/compile/contained_4.f90,  -O2 -fg77-calls  
FAIL: gfortran.fortran-torture/compile/contained_4.f90,  -O3 -g  
FAIL: gfortran.fortran-torture/compile/contained_4.f90,  -Os  
FAIL: gfortran.fortran-torture/compile/contained_5.f90,  -O0  
FAIL: gfortran.fortran-torture/compile/contained_5.f90,  -O1  
FAIL: gfortran.fortran-torture/compile/contained_5.f90,  -O2  
FAIL: gfortran.fortran-torture/compile/contained_5.f90,  -O2 -fomit-frame-pointer -finline-functions  
FAIL: gfortran.fortran-torture/compile/contained_5.f90,  -O2 -fomit-frame-pointer -finline-functions -funroll-loops  
FAIL: gfortran.fortran-torture/compile/contained_5.f90,  -O2 -fomit-frame-pointer -finline-functions -funroll-all-loops  
FAIL: gfortran.fortran-torture/compile/contained_5.f90,  -O2 -fno-repack-arrays  
FAIL: gfortran.fortran-torture/compile/contained_5.f90,  -O2 -fg77-calls  
FAIL: gfortran.fortran-torture/compile/contained_5.f90,  -O3 -g  
FAIL: gfortran.fortran-torture/compile/contained_5.f90,  -Os  
FAIL: gfortran.fortran-torture/compile/convert.f90,  -O0  
FAIL: gfortran.fortran-torture/compile/convert.f90,  -O1  
FAIL: gfortran.fortran-torture/compile/convert.f90,  -O2  
FAIL: gfortran.fortran-torture/compile/convert.f90,  -O2 -fomit-frame-pointer -finline-functions  
FAIL: gfortran.fortran-torture/compile/convert.f90,  -O2 -fomit-frame-pointer -finline-functions -funroll-loops  
FAIL: gfortran.fortran-torture/compile/convert.f90,  -O2 -fomit-frame-pointer -finline-functions -funroll-all-loops  
FAIL: gfortran.fortran-torture/compile/convert.f90,  -O2 -fno-repack-arrays  
FAIL: gfortran.fortran-torture/compile/convert.f90,  -O2 -fg77-calls  
FAIL: gfortran.fortran-torture/compile/convert.f90,  -O3 -g  
FAIL: gfortran.fortran-torture/compile/convert.f90,  -Os  
FAIL: gfortran.fortran-torture/compile/dummyfn.f90,  -O0  
FAIL: gfortran.fortran-torture/compile/dummyfn.f90,  -O1  
FAIL: gfortran.fortran-torture/compile/dummyfn.f90,  -O2  
FAIL: gfortran.fortran-torture/compile/dummyfn.f90,  -O2 -fomit-frame-pointer -finline-functions  
FAIL: gfortran.fortran-torture/compile/dummyfn.f90,  -O2 -fomit-frame-pointer -finline-functions -funroll-loops  
FAIL: gfortran.fortran-torture/compile/dummyfn.f90,  -O2 -fomit-frame-pointer -finline-functions -funroll-all-loops  
FAIL: gfortran.fortran-torture/compile/dummyfn.f90,  -O2 -fno-repack-arrays  
FAIL: gfortran.fortran-torture/compile/dummyfn.f90,  -O2 -fg77-calls  
FAIL: gfortran.fortran-torture/compile/dummyfn.f90,  -O3 -g  
FAIL: gfortran.fortran-torture/compile/dummyfn.f90,  -Os  
FAIL: gfortran.fortran-torture/compile/emptyif.f90,  -O0  
FAIL: gfortran.fortran-torture/compile/emptyif.f90,  -O1  
FAIL: gfortran.fortran-torture/compile/emptyif.f90,  -O2  
FAIL: gfortran.fortran-torture/compile/emptyif.f90,  -O2 -fomit-frame-pointer -finline-functions  
FAIL: gfortran.fortran-torture/compile/emptyif.f90,  -O2 -fomit-frame-pointer -finline-functions -funroll-loops  
FAIL: gfortran.fortran-torture/compile/emptyif.f90,  -O2 -fomit-frame-pointer -finline-functions -funroll-all-loops  
FAIL: gfortran.fortran-torture/compile/emptyif.f90,  -O2 -fno-repack-arrays  
FAIL: gfortran.fortran-torture/compile/emptyif.f90,  -O2 -fg77-calls  
FAIL: gfortran.fortran-torture/compile/emptyif.f90,  -O3 -g  
FAIL: gfortran.fortran-torture/compile/emptyif.f90,  -Os  
FAIL: gfortran.fortran-torture/compile/fnresvar.f90,  -O0  
FAIL: gfortran.fortran-torture/compile/fnresvar.f90,  -O1  
FAIL: gfortran.fortran-torture/compile/fnresvar.f90,  -O2  
FAIL: gfortran.fortran-torture/compile/fnresvar.f90,  -O2 -fomit-frame-pointer -finline-functions  
FAIL: gfortran.fortran-torture/compile/fnresvar.f90,  -O2 -fomit-frame-pointer -finline-functions -funroll-loops  
FAIL: gfortran.fortran-torture/compile/fnresvar.f90,  -O2 -fomit-frame-pointer -finline-functions -funroll-all-loops  
FAIL: gfortran.fortran-torture/compile/fnresvar.f90,  -O2 -fno-repack-arrays  
FAIL: gfortran.fortran-torture/compile/fnresvar.f90,  -O2 -fg77-calls  
FAIL: gfortran.fortran-torture/compile/fnresvar.f90,  -O3 -g  
FAIL: gfortran.fortran-torture/compile/fnresvar.f90,  -Os  
FAIL: gfortran.fortran-torture/compile/gen_interf.f90,  -O0  
FAIL: gfortran.fortran-torture/compile/gen_interf.f90,  -O1  
FAIL: gfortran.fortran-torture/compile/gen_interf.f90,  -O2  
FAIL: gfortran.fortran-torture/compile/gen_interf.f90,  -O2 -fomit-frame-pointer -finline-functions  
FAIL: gfortran.fortran-torture/compile/gen_interf.f90,  -O2 -fomit-frame-pointer -finline-functions -funroll-loops  
FAIL: gfortran.fortran-torture/compile/gen_interf.f90,  -O2 -fomit-frame-pointer -finline-functions -funroll-all-loops  
FAIL: gfortran.fortran-torture/compile/gen_interf.f90,  -O2 -fno-repack-arrays  
FAIL: gfortran.fortran-torture/compile/gen_interf.f90,  -O2 -fg77-calls  
FAIL: gfortran.fortran-torture/compile/gen_interf.f90,  -O3 -g  
FAIL: gfortran.fortran-torture/compile/gen_interf.f90,  -Os  
FAIL: gfortran.fortran-torture/compile/implicit.f90,  -O0  
FAIL: gfortran.fortran-torture/compile/implicit.f90,  -O1  
FAIL: gfortran.fortran-torture/compile/implicit.f90,  -O2  
FAIL: gfortran.fortran-torture/compile/implicit.f90,  -O2 -fomit-frame-pointer -finline-functions  
FAIL: gfortran.fortran-torture/compile/implicit.f90,  -O2 -fomit-frame-pointer -finline-functions -funroll-loops  
FAIL: gfortran.fortran-torture/compile/implicit.f90,  -O2 -fomit-frame-pointer -finline-functions -funroll-all-loops  
FAIL: gfortran.fortran-torture/compile/implicit.f90,  -O2 -fno-repack-arrays  
FAIL: gfortran.fortran-torture/compile/implicit.f90,  -O2 -fg77-calls  
FAIL: gfortran.fortran-torture/compile/implicit.f90,  -O3 -g  
FAIL: gfortran.fortran-torture/compile/implicit.f90,  -Os  
FAIL: gfortran.fortran-torture/compile/io_end.f90,  -O0  
FAIL: gfortran.fortran-torture/compile/io_end.f90,  -O1  
FAIL: gfortran.fortran-torture/compile/io_end.f90,  -O2  
FAIL: gfortran.fortran-torture/compile/io_end.f90,  -O2 -fomit-frame-pointer -finline-functions  
FAIL: gfortran.fortran-torture/compile/io_end.f90,  -O2 -fomit-frame-pointer -finline-functions -funroll-loops  
FAIL: gfortran.fortran-torture/compile/io_end.f90,  -O2 -fomit-frame-pointer -finline-functions -funroll-all-loops  
FAIL: gfortran.fortran-torture/compile/io_end.f90,  -O2 -fno-repack-arrays  
FAIL: gfortran.fortran-torture/compile/io_end.f90,  -O2 -fg77-calls  
FAIL: gfortran.fortran-torture/compile/io_end.f90,  -O3 -g  
FAIL: gfortran.fortran-torture/compile/io_end.f90,  -Os  
FAIL: gfortran.fortran-torture/compile/module_common.f90,  -O0  
FAIL: gfortran.fortran-torture/compile/module_common.f90,  -O1  
FAIL: gfortran.fortran-torture/compile/module_common.f90,  -O2  
FAIL: gfortran.fortran-torture/compile/module_common.f90,  -O2 -fomit-frame-pointer -finline-functions  
FAIL: gfortran.fortran-torture/compile/module_common.f90,  -O2 -fomit-frame-pointer -finline-functions -funroll-loops  
FAIL: gfortran.fortran-torture/compile/module_common.f90,  -O2 -fomit-frame-pointer -finline-functions -funroll-all-loops  
FAIL: gfortran.fortran-torture/compile/module_common.f90,  -O2 -fno-repack-arrays  
FAIL: gfortran.fortran-torture/compile/module_common.f90,  -O2 -fg77-calls  
FAIL: gfortran.fortran-torture/compile/module_common.f90,  -O3 -g  
FAIL: gfortran.fortran-torture/compile/module_common.f90,  -Os  
FAIL: gfortran.fortran-torture/compile/module_expr.f90,  -O0  
FAIL: gfortran.fortran-torture/compile/module_expr.f90,  -O1  
FAIL: gfortran.fortran-torture/compile/module_expr.f90,  -O2  
FAIL: gfortran.fortran-torture/compile/module_expr.f90,  -O2 -fomit-frame-pointer -finline-functions  
FAIL: gfortran.fortran-torture/compile/module_expr.f90,  -O2 -fomit-frame-pointer -finline-functions -funroll-loops  
FAIL: gfortran.fortran-torture/compile/module_expr.f90,  -O2 -fomit-frame-pointer -finline-functions -funroll-all-loops  
FAIL: gfortran.fortran-torture/compile/module_expr.f90,  -O2 -fno-repack-arrays  
FAIL: gfortran.fortran-torture/compile/module_expr.f90,  -O2 -fg77-calls  
FAIL: gfortran.fortran-torture/compile/module_expr.f90,  -O3 -g  
FAIL: gfortran.fortran-torture/compile/module_expr.f90,  -Os  
FAIL: gfortran.fortran-torture/compile/module_proc.f90,  -O0  
FAIL: gfortran.fortran-torture/compile/module_proc.f90,  -O1  
FAIL: gfortran.fortran-torture/compile/module_proc.f90,  -O2  
FAIL: gfortran.fortran-torture/compile/module_proc.f90,  -O2 -fomit-frame-pointer -finline-functions  
FAIL: gfortran.fortran-torture/compile/module_proc.f90,  -O2 -fomit-frame-pointer -finline-functions -funroll-loops  
FAIL: gfortran.fortran-torture/compile/module_proc.f90,  -O2 -fomit-frame-pointer -finline-functions -funroll-all-loops  
FAIL: gfortran.fortran-torture/compile/module_proc.f90,  -O2 -fno-repack-arrays  
FAIL: gfortran.fortran-torture/compile/module_proc.f90,  -O2 -fg77-calls  
FAIL: gfortran.fortran-torture/compile/module_proc.f90,  -O3 -g  
FAIL: gfortran.fortran-torture/compile/module_proc.f90,  -Os  
FAIL: gfortran.fortran-torture/compile/module_result.f90,  -O0  
FAIL: gfortran.fortran-torture/compile/module_result.f90,  -O1  
FAIL: gfortran.fortran-torture/compile/module_result.f90,  -O2  
FAIL: gfortran.fortran-torture/compile/module_result.f90,  -O2 -fomit-frame-pointer -finline-functions  
FAIL: gfortran.fortran-torture/compile/module_result.f90,  -O2 -fomit-frame-pointer -finline-functions -funroll-loops  
FAIL: gfortran.fortran-torture/compile/module_result.f90,  -O2 -fomit-frame-pointer -finline-functions -funroll-all-loops  
FAIL: gfortran.fortran-torture/compile/module_result.f90,  -O2 -fno-repack-arrays  
FAIL: gfortran.fortran-torture/compile/module_result.f90,  -O2 -fg77-calls  
FAIL: gfortran.fortran-torture/compile/module_result.f90,  -O3 -g  
FAIL: gfortran.fortran-torture/compile/module_result.f90,  -Os  
FAIL: gfortran.fortran-torture/compile/named_args.f90,  -O0  
FAIL: gfortran.fortran-torture/compile/named_args.f90,  -O1  
FAIL: gfortran.fortran-torture/compile/named_args.f90,  -O2  
FAIL: gfortran.fortran-torture/compile/named_args.f90,  -O2 -fomit-frame-pointer -finline-functions  
FAIL: gfortran.fortran-torture/compile/named_args.f90,  -O2 -fomit-frame-pointer -finline-functions -funroll-loops  
FAIL: gfortran.fortran-torture/compile/named_args.f90,  -O2 -fomit-frame-pointer -finline-functions -funroll-all-loops  
FAIL: gfortran.fortran-torture/compile/named_args.f90,  -O2 -fno-repack-arrays  
FAIL: gfortran.fortran-torture/compile/named_args.f90,  -O2 -fg77-calls  
FAIL: gfortran.fortran-torture/compile/named_args.f90,  -O3 -g  
FAIL: gfortran.fortran-torture/compile/named_args.f90,  -Os  
FAIL: gfortran.fortran-torture/compile/parameter_1.f90,  -O0  
FAIL: gfortran.fortran-torture/compile/parameter_1.f90,  -O1  
FAIL: gfortran.fortran-torture/compile/parameter_1.f90,  -O2  
FAIL: gfortran.fortran-torture/compile/parameter_1.f90,  -O2 -fomit-frame-pointer -finline-functions  
FAIL: gfortran.fortran-torture/compile/parameter_1.f90,  -O2 -fomit-frame-pointer -finline-functions -funroll-loops  
FAIL: gfortran.fortran-torture/compile/parameter_1.f90,  -O2 -fomit-frame-pointer -finline-functions -funroll-all-loops  
FAIL: gfortran.fortran-torture/compile/parameter_1.f90,  -O2 -fno-repack-arrays  
FAIL: gfortran.fortran-torture/compile/parameter_1.f90,  -O2 -fg77-calls  
FAIL: gfortran.fortran-torture/compile/parameter_1.f90,  -O3 -g  
FAIL: gfortran.fortran-torture/compile/parameter_1.f90,  -Os  
FAIL: gfortran.fortran-torture/compile/parameter_2.f90,  -O0  
FAIL: gfortran.fortran-torture/compile/parameter_2.f90,  -O1  
FAIL: gfortran.fortran-torture/compile/parameter_2.f90,  -O2  
FAIL: gfortran.fortran-torture/compile/parameter_2.f90,  -O2 -fomit-frame-pointer -finline-functions  
FAIL: gfortran.fortran-torture/compile/parameter_2.f90,  -O2 -fomit-frame-pointer -finline-functions -funroll-loops  
FAIL: gfortran.fortran-torture/compile/parameter_2.f90,  -O2 -fomit-frame-pointer -finline-functions -funroll-all-loops  
FAIL: gfortran.fortran-torture/compile/parameter_2.f90,  -O2 -fno-repack-arrays  
FAIL: gfortran.fortran-torture/compile/parameter_2.f90,  -O2 -fg77-calls  
FAIL: gfortran.fortran-torture/compile/parameter_2.f90,  -O3 -g  
FAIL: gfortran.fortran-torture/compile/parameter_2.f90,  -Os  
FAIL: gfortran.fortran-torture/compile/shape_reshape.f90,  -O0  
FAIL: gfortran.fortran-torture/compile/shape_reshape.f90,  -O1  
FAIL: gfortran.fortran-torture/compile/shape_reshape.f90,  -O2  
FAIL: gfortran.fortran-torture/compile/shape_reshape.f90,  -O2 -fomit-frame-pointer -finline-functions  
FAIL: gfortran.fortran-torture/compile/shape_reshape.f90,  -O2 -fomit-frame-pointer -finline-functions -funroll-loops  
FAIL: gfortran.fortran-torture/compile/shape_reshape.f90,  -O2 -fomit-frame-pointer -finline-functions -funroll-all-loops  
FAIL: gfortran.fortran-torture/compile/shape_reshape.f90,  -O2 -fno-repack-arrays  
FAIL: gfortran.fortran-torture/compile/shape_reshape.f90,  -O2 -fg77-calls  
FAIL: gfortran.fortran-torture/compile/shape_reshape.f90,  -O3 -g  
FAIL: gfortran.fortran-torture/compile/shape_reshape.f90,  -Os  
FAIL: gfortran.fortran-torture/compile/stoppause.f90,  -O0  
FAIL: gfortran.fortran-torture/compile/stoppause.f90,  -O1  
FAIL: gfortran.fortran-torture/compile/stoppause.f90,  -O2  
FAIL: gfortran.fortran-torture/compile/stoppause.f90,  -O2 -fomit-frame-pointer -finline-functions  
FAIL: gfortran.fortran-torture/compile/stoppause.f90,  -O2 -fomit-frame-pointer -finline-functions -funroll-loops  
FAIL: gfortran.fortran-torture/compile/stoppause.f90,  -O2 -fomit-frame-pointer -finline-functions -funroll-all-loops  
FAIL: gfortran.fortran-torture/compile/stoppause.f90,  -O2 -fno-repack-arrays  
FAIL: gfortran.fortran-torture/compile/stoppause.f90,  -O2 -fg77-calls  
FAIL: gfortran.fortran-torture/compile/stoppause.f90,  -O3 -g  
FAIL: gfortran.fortran-torture/compile/stoppause.f90,  -Os  
FAIL: gfortran.fortran-torture/compile/strparm_1.f90,  -O0  
FAIL: gfortran.fortran-torture/compile/strparm_1.f90,  -O1  
FAIL: gfortran.fortran-torture/compile/strparm_1.f90,  -O2  
FAIL: gfortran.fortran-torture/compile/strparm_1.f90,  -O2 -fomit-frame-pointer -finline-functions  
FAIL: gfortran.fortran-torture/compile/strparm_1.f90,  -O2 -fomit-frame-pointer -finline-functions -funroll-loops  
FAIL: gfortran.fortran-torture/compile/strparm_1.f90,  -O2 -fomit-frame-pointer -finline-functions -funroll-all-loops  
FAIL: gfortran.fortran-torture/compile/strparm_1.f90,  -O2 -fno-repack-arrays  
FAIL: gfortran.fortran-torture/compile/strparm_1.f90,  -O2 -fg77-calls  
FAIL: gfortran.fortran-torture/compile/strparm_1.f90,  -O3 -g  
FAIL: gfortran.fortran-torture/compile/strparm_1.f90,  -Os  
FAIL: gfortran.fortran-torture/compile/write.f90,  -O0  
FAIL: gfortran.fortran-torture/compile/write.f90,  -O1  
FAIL: gfortran.fortran-torture/compile/write.f90,  -O2  
FAIL: gfortran.fortran-torture/compile/write.f90,  -O2 -fomit-frame-pointer -finline-functions  
FAIL: gfortran.fortran-torture/compile/write.f90,  -O2 -fomit-frame-pointer -finline-functions -funroll-loops  
FAIL: gfortran.fortran-torture/compile/write.f90,  -O2 -fomit-frame-pointer -finline-functions -funroll-all-loops  
FAIL: gfortran.fortran-torture/compile/write.f90,  -O2 -fno-repack-arrays  
FAIL: gfortran.fortran-torture/compile/write.f90,  -O2 -fg77-calls  
FAIL: gfortran.fortran-torture/compile/write.f90,  -O3 -g  
FAIL: gfortran.fortran-torture/compile/write.f90,  -Os  
FAIL: gfortran.fortran-torture/execute/allocate.f90 compilation,  -O0 
FAIL: gfortran.fortran-torture/execute/allocate.f90 compilation,  -O1 
FAIL: gfortran.fortran-torture/execute/allocate.f90 compilation,  -O2 
FAIL: gfortran.fortran-torture/execute/allocate.f90 compilation,  -O2 -fomit-frame-pointer -finline-functions 
FAIL: gfortran.fortran-torture/execute/allocate.f90 compilation,  -O2 -fomit-frame-pointer -finline-functions -funroll-loops 
FAIL: gfortran.fortran-torture/execute/allocate.f90 compilation,  -O2 -fomit-frame-pointer -finline-functions -funroll-all-loops 
FAIL: gfortran.fortran-torture/execute/allocate.f90 compilation,  -O2 -fno-repack-arrays 
FAIL: gfortran.fortran-torture/execute/allocate.f90 compilation,  -O2 -fg77-calls 
FAIL: gfortran.fortran-torture/execute/allocate.f90 compilation,  -O3 -g 
FAIL: gfortran.fortran-torture/execute/allocate.f90 compilation,  -Os 
FAIL: gfortran.fortran-torture/execute/alternate_return.f90 compilation,  -O0 
FAIL: gfortran.fortran-torture/execute/alternate_return.f90 compilation,  -O1 
FAIL: gfortran.fortran-torture/execute/alternate_return.f90 compilation,  -O2 
FAIL: gfortran.fortran-torture/execute/alternate_return.f90 compilation,  -O2 -fomit-frame-pointer -finline-functions 
FAIL: gfortran.fortran-torture/execute/alternate_return.f90 compilation,  -O2 -fomit-frame-pointer -finline-functions -funroll-loops 
FAIL: gfortran.fortran-torture/execute/alternate_return.f90 compilation,  -O2 -fomit-frame-pointer -finline-functions -funroll-all-loops 
FAIL: gfortran.fortran-torture/execute/alternate_return.f90 compilation,  -O2 -fno-repack-arrays 
FAIL: gfortran.fortran-torture/execute/alternate_return.f90 compilation,  -O2 -fg77-calls 
FAIL: gfortran.fortran-torture/execute/alternate_return.f90 compilation,  -O3 -g 
FAIL: gfortran.fortran-torture/execute/alternate_return.f90 compilation,  -Os 
FAIL: gfortran.fortran-torture/execute/args.f90 compilation,  -O0 
FAIL: gfortran.fortran-torture/execute/args.f90 compilation,  -O1 
FAIL: gfortran.fortran-torture/execute/args.f90 compilation,  -O2 
FAIL: gfortran.fortran-torture/execute/args.f90 compilation,  -O2 -fomit-frame-pointer -finline-functions 
FAIL: gfortran.fortran-torture/execute/args.f90 compilation,  -O2 -fomit-frame-pointer -finline-functions -funroll-loops 
FAIL: gfortran.fortran-torture/execute/args.f90 compilation,  -O2 -fomit-frame-pointer -finline-functions -funroll-all-loops 
FAIL: gfortran.fortran-torture/execute/args.f90 compilation,  -O2 -fno-repack-arrays 
FAIL: gfortran.fortran-torture/execute/args.f90 compilation,  -O2 -fg77-calls 
FAIL: gfortran.fortran-torture/execute/args.f90 compilation,  -O3 -g 
FAIL: gfortran.fortran-torture/execute/args.f90 compilation,  -Os 
FAIL: gfortran.fortran-torture/execute/arithmeticif.f90 compilation,  -O0 
FAIL: gfortran.fortran-torture/execute/arithmeticif.f90 compilation,  -O1 
FAIL: gfortran.fortran-torture/execute/arithmeticif.f90 compilation,  -O2 
FAIL: gfortran.fortran-torture/execute/arithmeticif.f90 compilation,  -O2 -fomit-frame-pointer -finline-functions 
FAIL: gfortran.fortran-torture/execute/arithmeticif.f90 compilation,  -O2 -fomit-frame-pointer -finline-functions -funroll-loops 
FAIL: gfortran.fortran-torture/execute/arithmeticif.f90 compilation,  -O2 -fomit-frame-pointer -finline-functions -funroll-all-loops 
FAIL: gfortran.fortran-torture/execute/arithmeticif.f90 compilation,  -O2 -fno-repack-arrays 
FAIL: gfortran.fortran-torture/execute/arithmeticif.f90 compilation,  -O2 -fg77-calls 
FAIL: gfortran.fortran-torture/execute/arithmeticif.f90 compilation,  -O3 -g 
FAIL: gfortran.fortran-torture/execute/arithmeticif.f90 compilation,  -Os 
FAIL: gfortran.fortran-torture/execute/arrayarg.f90 compilation,  -O0 
FAIL: gfortran.fortran-torture/execute/arrayarg.f90 compilation,  -O1 
FAIL: gfortran.fortran-torture/execute/arrayarg.f90 compilation,  -O2 
FAIL: gfortran.fortran-torture/execute/arrayarg.f90 compilation,  -O2 -fomit-frame-pointer -finline-functions 
FAIL: gfortran.fortran-torture/execute/arrayarg.f90 compilation,  -O2 -fomit-frame-pointer -finline-functions -funroll-loops 
FAIL: gfortran.fortran-torture/execute/arrayarg.f90 compilation,  -O2 -fomit-frame-pointer -finline-functions -funroll-all-loops 
FAIL: gfortran.fortran-torture/execute/arrayarg.f90 compilation,  -O2 -fno-repack-arrays 
FAIL: gfortran.fortran-torture/execute/arrayarg.f90 compilation,  -O2 -fg77-calls 
FAIL: gfortran.fortran-torture/execute/arrayarg.f90 compilation,  -O3 -g 
FAIL: gfortran.fortran-torture/execute/arrayarg.f90 compilation,  -Os 
FAIL: gfortran.fortran-torture/execute/arrayarg2.f90 compilation,  -O0 
FAIL: gfortran.fortran-torture/execute/arrayarg2.f90 compilation,  -O1 
FAIL: gfortran.fortran-torture/execute/arrayarg2.f90 compilation,  -O2 
FAIL: gfortran.fortran-torture/execute/arrayarg2.f90 compilation,  -O2 -fomit-frame-pointer -finline-functions 
FAIL: gfortran.fortran-torture/execute/arrayarg2.f90 compilation,  -O2 -fomit-frame-pointer -finline-functions -funroll-loops 
FAIL: gfortran.fortran-torture/execute/arrayarg2.f90 compilation,  -O2 -fomit-frame-pointer -finline-functions -funroll-all-loops 
FAIL: gfortran.fortran-torture/execute/arrayarg2.f90 compilation,  -O2 -fno-repack-arrays 
FAIL: gfortran.fortran-torture/execute/arrayarg2.f90 compilation,  -O2 -fg77-calls 
FAIL: gfortran.fortran-torture/execute/arrayarg2.f90 compilation,  -O3 -g 
FAIL: gfortran.fortran-torture/execute/arrayarg2.f90 compilation,  -Os 
FAIL: gfortran.fortran-torture/execute/arraysave.f90 compilation,  -O0 
FAIL: gfortran.fortran-torture/execute/arraysave.f90 compilation,  -O1 
FAIL: gfortran.fortran-torture/execute/arraysave.f90 compilation,  -O2 
FAIL: gfortran.fortran-torture/execute/arraysave.f90 compilation,  -O2 -fomit-frame-pointer -finline-functions 
FAIL: gfortran.fortran-torture/execute/arraysave.f90 compilation,  -O2 -fomit-frame-pointer -finline-functions -funroll-loops 
FAIL: gfortran.fortran-torture/execute/arraysave.f90 compilation,  -O2 -fomit-frame-pointer -finline-functions -funroll-all-loops 
FAIL: gfortran.fortran-torture/execute/arraysave.f90 compilation,  -O2 -fno-repack-arrays 
FAIL: gfortran.fortran-torture/execute/arraysave.f90 compilation,  -O2 -fg77-calls 
FAIL: gfortran.fortran-torture/execute/arraysave.f90 compilation,  -O3 -g 
FAIL: gfortran.fortran-torture/execute/arraysave.f90 compilation,  -Os 
FAIL: gfortran.fortran-torture/execute/assumed_size.f90 compilation,  -O0 
FAIL: gfortran.fortran-torture/execute/assumed_size.f90 compilation,  -O1 
FAIL: gfortran.fortran-torture/execute/assumed_size.f90 compilation,  -O2 
FAIL: gfortran.fortran-torture/execute/assumed_size.f90 compilation,  -O2 -fomit-frame-pointer -finline-functions 
FAIL: gfortran.fortran-torture/execute/assumed_size.f90 compilation,  -O2 -fomit-frame-pointer -finline-functions -funroll-loops 
FAIL: gfortran.fortran-torture/execute/assumed_size.f90 compilation,  -O2 -fomit-frame-pointer -finline-functions -funroll-all-loops 
FAIL: gfortran.fortran-torture/execute/assumed_size.f90 compilation,  -O2 -fno-repack-arrays 
FAIL: gfortran.fortran-torture/execute/assumed_size.f90 compilation,  -O2 -fg77-calls 
FAIL: gfortran.fortran-torture/execute/assumed_size.f90 compilation,  -O3 -g 
FAIL: gfortran.fortran-torture/execute/assumed_size.f90 compilation,  -Os 
FAIL: gfortran.fortran-torture/execute/bounds.f90 compilation,  -O0 
FAIL: gfortran.fortran-torture/execute/bounds.f90 compilation,  -O1 
FAIL: gfortran.fortran-torture/execute/bounds.f90 compilation,  -O2 
FAIL: gfortran.fortran-torture/execute/bounds.f90 compilation,  -O2 -fomit-frame-pointer -finline-functions 
FAIL: gfortran.fortran-torture/execute/bounds.f90 compilation,  -O2 -fomit-frame-pointer -finline-functions -funroll-loops 
FAIL: gfortran.fortran-torture/execute/bounds.f90 compilation,  -O2 -fomit-frame-pointer -finline-functions -funroll-all-loops 
FAIL: gfortran.fortran-torture/execute/bounds.f90 compilation,  -O2 -fno-repack-arrays 
FAIL: gfortran.fortran-torture/execute/bounds.f90 compilation,  -O2 -fg77-calls 
FAIL: gfortran.fortran-torture/execute/bounds.f90 compilation,  -O3 -g 
FAIL: gfortran.fortran-torture/execute/bounds.f90 compilation,  -Os 
FAIL: gfortran.fortran-torture/execute/character_select_1.f90 compilation,  -O0 
FAIL: gfortran.fortran-torture/execute/character_select_1.f90 compilation,  -O1 
FAIL: gfortran.fortran-torture/execute/character_select_1.f90 compilation,  -O2 
FAIL: gfortran.fortran-torture/execute/character_select_1.f90 compilation,  -O2 -fomit-frame-pointer -finline-functions 
FAIL: gfortran.fortran-torture/execute/character_select_1.f90 compilation,  -O2 -fomit-frame-pointer -finline-functions -funroll-loops 
FAIL: gfortran.fortran-torture/execute/character_select_1.f90 compilation,  -O2 -fomit-frame-pointer -finline-functions -funroll-all-loops 
FAIL: gfortran.fortran-torture/execute/character_select_1.f90 compilation,  -O2 -fno-repack-arrays 
FAIL: gfortran.fortran-torture/execute/character_select_1.f90 compilation,  -O2 -fg77-calls 
FAIL: gfortran.fortran-torture/execute/character_select_1.f90 compilation,  -O3 -g 
FAIL: gfortran.fortran-torture/execute/character_select_1.f90 compilation,  -Os 
FAIL: gfortran.fortran-torture/execute/cmplx.f90 compilation,  -O0 
FAIL: gfortran.fortran-torture/execute/cmplx.f90 compilation,  -O1 
FAIL: gfortran.fortran-torture/execute/cmplx.f90 compilation,  -O2 
FAIL: gfortran.fortran-torture/execute/cmplx.f90 compilation,  -O2 -fomit-frame-pointer -finline-functions 
FAIL: gfortran.fortran-torture/execute/cmplx.f90 compilation,  -O2 -fomit-frame-pointer -finline-functions -funroll-loops 
FAIL: gfortran.fortran-torture/execute/cmplx.f90 compilation,  -O2 -fomit-frame-pointer -finline-functions -funroll-all-loops 
FAIL: gfortran.fortran-torture/execute/cmplx.f90 compilation,  -O2 -fno-repack-arrays 
FAIL: gfortran.fortran-torture/execute/cmplx.f90 compilation,  -O2 -fg77-calls 
FAIL: gfortran.fortran-torture/execute/cmplx.f90 compilation,  -O3 -g 
FAIL: gfortran.fortran-torture/execute/cmplx.f90 compilation,  -Os 
FAIL: gfortran.fortran-torture/execute/common.f90 compilation,  -O0 
FAIL: gfortran.fortran-torture/execute/common.f90 compilation,  -O1 
FAIL: gfortran.fortran-torture/execute/common.f90 compilation,  -O2 
FAIL: gfortran.fortran-torture/execute/common.f90 compilation,  -O2 -fomit-frame-pointer -finline-functions 
FAIL: gfortran.fortran-torture/execute/common.f90 compilation,  -O2 -fomit-frame-pointer -finline-functions -funroll-loops 
FAIL: gfortran.fortran-torture/execute/common.f90 compilation,  -O2 -fomit-frame-pointer -finline-functions -funroll-all-loops 
FAIL: gfortran.fortran-torture/execute/common.f90 compilation,  -O2 -fno-repack-arrays 
FAIL: gfortran.fortran-torture/execute/common.f90 compilation,  -O2 -fg77-calls 
FAIL: gfortran.fortran-torture/execute/common.f90 compilation,  -O3 -g 
FAIL: gfortran.fortran-torture/execute/common.f90 compilation,  -Os 
FAIL: gfortran.fortran-torture/execute/common_size.f90 compilation,  -O0 
FAIL: gfortran.fortran-torture/execute/common_size.f90 compilation,  -O1 
FAIL: gfortran.fortran-torture/execute/common_size.f90 compilation,  -O2 
FAIL: gfortran.fortran-torture/execute/common_size.f90 compilation,  -O2 -fomit-frame-pointer -finline-functions 
FAIL: gfortran.fortran-torture/execute/common_size.f90 compilation,  -O2 -fomit-frame-pointer -finline-functions -funroll-loops 
FAIL: gfortran.fortran-torture/execute/common_size.f90 compilation,  -O2 -fomit-frame-pointer -finline-functions -funroll-all-loops 
FAIL: gfortran.fortran-torture/execute/common_size.f90 compilation,  -O2 -fno-repack-arrays 
FAIL: gfortran.fortran-torture/execute/common_size.f90 compilation,  -O2 -fg77-calls 
FAIL: gfortran.fortran-torture/execute/common_size.f90 compilation,  -O3 -g 
FAIL: gfortran.fortran-torture/execute/common_size.f90 compilation,  -Os 
FAIL: gfortran.fortran-torture/execute/constructor.f90 compilation,  -O0 
FAIL: gfortran.fortran-torture/execute/constructor.f90 compilation,  -O1 
FAIL: gfortran.fortran-torture/execute/constructor.f90 compilation,  -O2 
FAIL: gfortran.fortran-torture/execute/constructor.f90 compilation,  -O2 -fomit-frame-pointer -finline-functions 
FAIL: gfortran.fortran-torture/execute/constructor.f90 compilation,  -O2 -fomit-frame-pointer -finline-functions -funroll-loops 
FAIL: gfortran.fortran-torture/execute/constructor.f90 compilation,  -O2 -fomit-frame-pointer -finline-functions -funroll-all-loops 
FAIL: gfortran.fortran-torture/execute/constructor.f90 compilation,  -O2 -fno-repack-arrays 
FAIL: gfortran.fortran-torture/execute/constructor.f90 compilation,  -O2 -fg77-calls 
FAIL: gfortran.fortran-torture/execute/constructor.f90 compilation,  -O3 -g 
FAIL: gfortran.fortran-torture/execute/constructor.f90 compilation,  -Os 
FAIL: gfortran.fortran-torture/execute/contained.f90 compilation,  -O0 
FAIL: gfortran.fortran-torture/execute/contained.f90 compilation,  -O1 
FAIL: gfortran.fortran-torture/execute/contained.f90 compilation,  -O2 
FAIL: gfortran.fortran-torture/execute/contained.f90 compilation,  -O2 -fomit-frame-pointer -finline-functions 
FAIL: gfortran.fortran-torture/execute/contained.f90 compilation,  -O2 -fomit-frame-pointer -finline-functions -funroll-loops 
FAIL: gfortran.fortran-torture/execute/contained.f90 compilation,  -O2 -fomit-frame-pointer -finline-functions -funroll-all-loops 
FAIL: gfortran.fortran-torture/execute/contained.f90 compilation,  -O2 -fno-repack-arrays 
FAIL: gfortran.fortran-torture/execute/contained.f90 compilation,  -O2 -fg77-calls 
FAIL: gfortran.fortran-torture/execute/contained.f90 compilation,  -O3 -g 
FAIL: gfortran.fortran-torture/execute/contained.f90 compilation,  -Os 
FAIL: gfortran.fortran-torture/execute/contained2.f90 compilation,  -O0 
FAIL: gfortran.fortran-torture/execute/contained2.f90 compilation,  -O1 
FAIL: gfortran.fortran-torture/execute/contained2.f90 compilation,  -O2 
FAIL: gfortran.fortran-torture/execute/contained2.f90 compilation,  -O2 -fomit-frame-pointer -finline-functions 
FAIL: gfortran.fortran-torture/execute/contained2.f90 compilation,  -O2 -fomit-frame-pointer -finline-functions -funroll-loops 
FAIL: gfortran.fortran-torture/execute/contained2.f90 compilation,  -O2 -fomit-frame-pointer -finline-functions -funroll-all-loops 
FAIL: gfortran.fortran-torture/execute/contained2.f90 compilation,  -O2 -fno-repack-arrays 
FAIL: gfortran.fortran-torture/execute/contained2.f90 compilation,  -O2 -fg77-calls 
FAIL: gfortran.fortran-torture/execute/contained2.f90 compilation,  -O3 -g 
FAIL: gfortran.fortran-torture/execute/contained2.f90 compilation,  -Os 
FAIL: gfortran.fortran-torture/execute/data.f90 compilation,  -O0 
FAIL: gfortran.fortran-torture/execute/data.f90 compilation,  -O1 
FAIL: gfortran.fortran-torture/execute/data.f90 compilation,  -O2 
FAIL: gfortran.fortran-torture/execute/data.f90 compilation,  -O2 -fomit-frame-pointer -finline-functions 
FAIL: gfortran.fortran-torture/execute/data.f90 compilation,  -O2 -fomit-frame-pointer -finline-functions -funroll-loops 
FAIL: gfortran.fortran-torture/execute/data.f90 compilation,  -O2 -fomit-frame-pointer -finline-functions -funroll-all-loops 
FAIL: gfortran.fortran-torture/execute/data.f90 compilation,  -O2 -fno-repack-arrays 
FAIL: gfortran.fortran-torture/execute/data.f90 compilation,  -O2 -fg77-calls 
FAIL: gfortran.fortran-torture/execute/data.f90 compilation,  -O3 -g 
FAIL: gfortran.fortran-torture/execute/data.f90 compilation,  -Os 
FAIL: gfortran.fortran-torture/execute/data_2.f90 compilation,  -O0 
FAIL: gfortran.fortran-torture/execute/data_2.f90 compilation,  -O1 
FAIL: gfortran.fortran-torture/execute/data_2.f90 compilation,  -O2 
FAIL: gfortran.fortran-torture/execute/data_2.f90 compilation,  -O2 -fomit-frame-pointer -finline-functions 
FAIL: gfortran.fortran-torture/execute/data_2.f90 compilation,  -O2 -fomit-frame-pointer -finline-functions -funroll-loops 
FAIL: gfortran.fortran-torture/execute/data_2.f90 compilation,  -O2 -fomit-frame-pointer -finline-functions -funroll-all-loops 
FAIL: gfortran.fortran-torture/execute/data_2.f90 compilation,  -O2 -fno-repack-arrays 
FAIL: gfortran.fortran-torture/execute/data_2.f90 compilation,  -O2 -fg77-calls 
FAIL: gfortran.fortran-torture/execute/data_2.f90 compilation,  -O3 -g 
FAIL: gfortran.fortran-torture/execute/data_2.f90 compilation,  -Os 
FAIL: gfortran.fortran-torture/execute/dep_fails.f90 compilation,  -O0 
FAIL: gfortran.fortran-torture/execute/dep_fails.f90 compilation,  -O1 
FAIL: gfortran.fortran-torture/execute/dep_fails.f90 compilation,  -O2 
FAIL: gfortran.fortran-torture/execute/dep_fails.f90 compilation,  -O2 -fomit-frame-pointer -finline-functions 
FAIL: gfortran.fortran-torture/execute/dep_fails.f90 compilation,  -O2 -fomit-frame-pointer -finline-functions -funroll-loops 
FAIL: gfortran.fortran-torture/execute/dep_fails.f90 compilation,  -O2 -fomit-frame-pointer -finline-functions -funroll-all-loops 
FAIL: gfortran.fortran-torture/execute/dep_fails.f90 compilation,  -O2 -fno-repack-arrays 
FAIL: gfortran.fortran-torture/execute/dep_fails.f90 compilation,  -O2 -fg77-calls 
FAIL: gfortran.fortran-torture/execute/dep_fails.f90 compilation,  -O3 -g 
FAIL: gfortran.fortran-torture/execute/dep_fails.f90 compilation,  -Os 
FAIL: gfortran.fortran-torture/execute/der_init.f90 compilation,  -O0 
FAIL: gfortran.fortran-torture/execute/der_init.f90 compilation,  -O1 
FAIL: gfortran.fortran-torture/execute/der_init.f90 compilation,  -O2 
FAIL: gfortran.fortran-torture/execute/der_init.f90 compilation,  -O2 -fomit-frame-pointer -finline-functions 
FAIL: gfortran.fortran-torture/execute/der_init.f90 compilation,  -O2 -fomit-frame-pointer -finline-functions -funroll-loops 
FAIL: gfortran.fortran-torture/execute/der_init.f90 compilation,  -O2 -fomit-frame-pointer -finline-functions -funroll-all-loops 
FAIL: gfortran.fortran-torture/execute/der_init.f90 compilation,  -O2 -fno-repack-arrays 
FAIL: gfortran.fortran-torture/execute/der_init.f90 compilation,  -O2 -fg77-calls 
FAIL: gfortran.fortran-torture/execute/der_init.f90 compilation,  -O3 -g 
FAIL: gfortran.fortran-torture/execute/der_init.f90 compilation,  -Os 
FAIL: gfortran.fortran-torture/execute/der_point.f90 compilation,  -O0 
FAIL: gfortran.fortran-torture/execute/der_point.f90 compilation,  -O1 
FAIL: gfortran.fortran-torture/execute/der_point.f90 compilation,  -O2 
FAIL: gfortran.fortran-torture/execute/der_point.f90 compilation,  -O2 -fomit-frame-pointer -finline-functions 
FAIL: gfortran.fortran-torture/execute/der_point.f90 compilation,  -O2 -fomit-frame-pointer -finline-functions -funroll-loops 
FAIL: gfortran.fortran-torture/execute/der_point.f90 compilation,  -O2 -fomit-frame-pointer -finline-functions -funroll-all-loops 
FAIL: gfortran.fortran-torture/execute/der_point.f90 compilation,  -O2 -fno-repack-arrays 
FAIL: gfortran.fortran-torture/execute/der_point.f90 compilation,  -O2 -fg77-calls 
FAIL: gfortran.fortran-torture/execute/der_point.f90 compilation,  -O3 -g 
FAIL: gfortran.fortran-torture/execute/der_point.f90 compilation,  -Os 
FAIL: gfortran.fortran-torture/execute/der_type.f90 compilation,  -O0 
FAIL: gfortran.fortran-torture/execute/der_type.f90 compilation,  -O1 
FAIL: gfortran.fortran-torture/execute/der_type.f90 compilation,  -O2 
FAIL: gfortran.fortran-torture/execute/der_type.f90 compilation,  -O2 -fomit-frame-pointer -finline-functions 
FAIL: gfortran.fortran-torture/execute/der_type.f90 compilation,  -O2 -fomit-frame-pointer -finline-functions -funroll-loops 
FAIL: gfortran.fortran-torture/execute/der_type.f90 compilation,  -O2 -fomit-frame-pointer -finline-functions -funroll-all-loops 
FAIL: gfortran.fortran-torture/execute/der_type.f90 compilation,  -O2 -fno-repack-arrays 
FAIL: gfortran.fortran-torture/execute/der_type.f90 compilation,  -O2 -fg77-calls 
FAIL: gfortran.fortran-torture/execute/der_type.f90 compilation,  -O3 -g 
FAIL: gfortran.fortran-torture/execute/der_type.f90 compilation,  -Os 
FAIL: gfortran.fortran-torture/execute/elemental.f90 compilation,  -O0 
FAIL: gfortran.fortran-torture/execute/elemental.f90 compilation,  -O1 
FAIL: gfortran.fortran-torture/execute/elemental.f90 compilation,  -O2 
FAIL: gfortran.fortran-torture/execute/elemental.f90 compilation,  -O2 -fomit-frame-pointer -finline-functions 
FAIL: gfortran.fortran-torture/execute/elemental.f90 compilation,  -O2 -fomit-frame-pointer -finline-functions -funroll-loops 
FAIL: gfortran.fortran-torture/execute/elemental.f90 compilation,  -O2 -fomit-frame-pointer -finline-functions -funroll-all-loops 
FAIL: gfortran.fortran-torture/execute/elemental.f90 compilation,  -O2 -fno-repack-arrays 
FAIL: gfortran.fortran-torture/execute/elemental.f90 compilation,  -O2 -fg77-calls 
FAIL: gfortran.fortran-torture/execute/elemental.f90 compilation,  -O3 -g 
FAIL: gfortran.fortran-torture/execute/elemental.f90 compilation,  -Os 
FAIL: gfortran.fortran-torture/execute/emptyif.f90 compilation,  -O0 
FAIL: gfortran.fortran-torture/execute/emptyif.f90 compilation,  -O1 
FAIL: gfortran.fortran-torture/execute/emptyif.f90 compilation,  -O2 
FAIL: gfortran.fortran-torture/execute/emptyif.f90 compilation,  -O2 -fomit-frame-pointer -finline-functions 
FAIL: gfortran.fortran-torture/execute/emptyif.f90 compilation,  -O2 -fomit-frame-pointer -finline-functions -funroll-loops 
FAIL: gfortran.fortran-torture/execute/emptyif.f90 compilation,  -O2 -fomit-frame-pointer -finline-functions -funroll-all-loops 
FAIL: gfortran.fortran-torture/execute/emptyif.f90 compilation,  -O2 -fno-repack-arrays 
FAIL: gfortran.fortran-torture/execute/emptyif.f90 compilation,  -O2 -fg77-calls 
FAIL: gfortran.fortran-torture/execute/emptyif.f90 compilation,  -O3 -g 
FAIL: gfortran.fortran-torture/execute/emptyif.f90 compilation,  -Os 
FAIL: gfortran.fortran-torture/execute/forall.f90 compilation,  -O0 
FAIL: gfortran.fortran-torture/execute/forall.f90 compilation,  -O1 
FAIL: gfortran.fortran-torture/execute/forall.f90 compilation,  -O2 
FAIL: gfortran.fortran-torture/execute/forall.f90 compilation,  -O2 -fomit-frame-pointer -finline-functions 
FAIL: gfortran.fortran-torture/execute/forall.f90 compilation,  -O2 -fomit-frame-pointer -finline-functions -funroll-loops 
FAIL: gfortran.fortran-torture/execute/forall.f90 compilation,  -O2 -fomit-frame-pointer -finline-functions -funroll-all-loops 
FAIL: gfortran.fortran-torture/execute/forall.f90 compilation,  -O2 -fno-repack-arrays 
FAIL: gfortran.fortran-torture/execute/forall.f90 compilation,  -O2 -fg77-calls 
FAIL: gfortran.fortran-torture/execute/forall.f90 compilation,  -O3 -g 
FAIL: gfortran.fortran-torture/execute/forall.f90 compilation,  -Os 
FAIL: gfortran.fortran-torture/execute/forall_1.f90 compilation,  -O0 
FAIL: gfortran.fortran-torture/execute/forall_1.f90 compilation,  -O1 
FAIL: gfortran.fortran-torture/execute/forall_1.f90 compilation,  -O2 
FAIL: gfortran.fortran-torture/execute/forall_1.f90 compilation,  -O2 -fomit-frame-pointer -finline-functions 
FAIL: gfortran.fortran-torture/execute/forall_1.f90 compilation,  -O2 -fomit-frame-pointer -finline-functions -funroll-loops 
FAIL: gfortran.fortran-torture/execute/forall_1.f90 compilation,  -O2 -fomit-frame-pointer -finline-functions -funroll-all-loops 
FAIL: gfortran.fortran-torture/execute/forall_1.f90 compilation,  -O2 -fno-repack-arrays 
FAIL: gfortran.fortran-torture/execute/forall_1.f90 compilation,  -O2 -fg77-calls 
FAIL: gfortran.fortran-torture/execute/forall_1.f90 compilation,  -O3 -g 
FAIL: gfortran.fortran-torture/execute/forall_1.f90 compilation,  -Os 
FAIL: gfortran.fortran-torture/execute/forall_2.f90 compilation,  -O0 
FAIL: gfortran.fortran-torture/execute/forall_2.f90 compilation,  -O1 
FAIL: gfortran.fortran-torture/execute/forall_2.f90 compilation,  -O2 
FAIL: gfortran.fortran-torture/execute/forall_2.f90 compilation,  -O2 -fomit-frame-pointer -finline-functions 
FAIL: gfortran.fortran-torture/execute/forall_2.f90 compilation,  -O2 -fomit-frame-pointer -finline-functions -funroll-loops 
FAIL: gfortran.fortran-torture/execute/forall_2.f90 compilation,  -O2 -fomit-frame-pointer -finline-functions -funroll-all-loops 
FAIL: gfortran.fortran-torture/execute/forall_2.f90 compilation,  -O2 -fno-repack-arrays 
FAIL: gfortran.fortran-torture/execute/forall_2.f90 compilation,  -O2 -fg77-calls 
FAIL: gfortran.fortran-torture/execute/forall_2.f90 compilation,  -O3 -g 
FAIL: gfortran.fortran-torture/execute/forall_2.f90 compilation,  -Os 
FAIL: gfortran.fortran-torture/execute/forall_3.f90 compilation,  -O0 
FAIL: gfortran.fortran-torture/execute/forall_3.f90 compilation,  -O1 
FAIL: gfortran.fortran-torture/execute/forall_3.f90 compilation,  -O2 
FAIL: gfortran.fortran-torture/execute/forall_3.f90 compilation,  -O2 -fomit-frame-pointer -finline-functions 
FAIL: gfortran.fortran-torture/execute/forall_3.f90 compilation,  -O2 -fomit-frame-pointer -finline-functions -funroll-loops 
FAIL: gfortran.fortran-torture/execute/forall_3.f90 compilation,  -O2 -fomit-frame-pointer -finline-functions -funroll-all-loops 
FAIL: gfortran.fortran-torture/execute/forall_3.f90 compilation,  -O2 -fno-repack-arrays 
FAIL: gfortran.fortran-torture/execute/forall_3.f90 compilation,  -O2 -fg77-calls 
FAIL: gfortran.fortran-torture/execute/forall_3.f90 compilation,  -O3 -g 
FAIL: gfortran.fortran-torture/execute/forall_3.f90 compilation,  -Os 
FAIL: gfortran.fortran-torture/execute/forall_4.f90 compilation,  -O0 
FAIL: gfortran.fortran-torture/execute/forall_4.f90 compilation,  -O1 
FAIL: gfortran.fortran-torture/execute/forall_4.f90 compilation,  -O2 
FAIL: gfortran.fortran-torture/execute/forall_4.f90 compilation,  -O2 -fomit-frame-pointer -finline-functions 
FAIL: gfortran.fortran-torture/execute/forall_4.f90 compilation,  -O2 -fomit-frame-pointer -finline-functions -funroll-loops 
FAIL: gfortran.fortran-torture/execute/forall_4.f90 compilation,  -O2 -fomit-frame-pointer -finline-functions -funroll-all-loops 
FAIL: gfortran.fortran-torture/execute/forall_4.f90 compilation,  -O2 -fno-repack-arrays 
FAIL: gfortran.fortran-torture/execute/forall_4.f90 compilation,  -O2 -fg77-calls 
FAIL: gfortran.fortran-torture/execute/forall_4.f90 compilation,  -O3 -g 
FAIL: gfortran.fortran-torture/execute/forall_4.f90 compilation,  -Os 
FAIL: gfortran.fortran-torture/execute/forall_5.f90 compilation,  -O0 
FAIL: gfortran.fortran-torture/execute/forall_5.f90 compilation,  -O1 
FAIL: gfortran.fortran-torture/execute/forall_5.f90 compilation,  -O2 
FAIL: gfortran.fortran-torture/execute/forall_5.f90 compilation,  -O2 -fomit-frame-pointer -finline-functions 
FAIL: gfortran.fortran-torture/execute/forall_5.f90 compilation,  -O2 -fomit-frame-pointer -finline-functions -funroll-loops 
FAIL: gfortran.fortran-torture/execute/forall_5.f90 compilation,  -O2 -fomit-frame-pointer -finline-functions -funroll-all-loops 
FAIL: gfortran.fortran-torture/execute/forall_5.f90 compilation,  -O2 -fno-repack-arrays 
FAIL: gfortran.fortran-torture/execute/forall_5.f90 compilation,  -O2 -fg77-calls 
FAIL: gfortran.fortran-torture/execute/forall_5.f90 compilation,  -O3 -g 
FAIL: gfortran.fortran-torture/execute/forall_5.f90 compilation,  -Os 
FAIL: gfortran.fortran-torture/execute/forall_6.f90 compilation,  -O0 
FAIL: gfortran.fortran-torture/execute/forall_6.f90 compilation,  -O1 
FAIL: gfortran.fortran-torture/execute/forall_6.f90 compilation,  -O2 
FAIL: gfortran.fortran-torture/execute/forall_6.f90 compilation,  -O2 -fomit-frame-pointer -finline-functions 
FAIL: gfortran.fortran-torture/execute/forall_6.f90 compilation,  -O2 -fomit-frame-pointer -finline-functions -funroll-loops 
FAIL: gfortran.fortran-torture/execute/forall_6.f90 compilation,  -O2 -fomit-frame-pointer -finline-functions -funroll-all-loops 
FAIL: gfortran.fortran-torture/execute/forall_6.f90 compilation,  -O2 -fno-repack-arrays 
FAIL: gfortran.fortran-torture/execute/forall_6.f90 compilation,  -O2 -fg77-calls 
FAIL: gfortran.fortran-torture/execute/forall_6.f90 compilation,  -O3 -g 
FAIL: gfortran.fortran-torture/execute/forall_6.f90 compilation,  -Os 
FAIL: gfortran.fortran-torture/execute/function_module_1.f90 compilation,  -O0 
FAIL: gfortran.fortran-torture/execute/function_module_1.f90 compilation,  -O1 
FAIL: gfortran.fortran-torture/execute/function_module_1.f90 compilation,  -O2 
FAIL: gfortran.fortran-torture/execute/function_module_1.f90 compilation,  -O2 -fomit-frame-pointer -finline-functions 
FAIL: gfortran.fortran-torture/execute/function_module_1.f90 compilation,  -O2 -fomit-frame-pointer -finline-functions -funroll-loops 
FAIL: gfortran.fortran-torture/execute/function_module_1.f90 compilation,  -O2 -fomit-frame-pointer -finline-functions -funroll-all-loops 
FAIL: gfortran.fortran-torture/execute/function_module_1.f90 compilation,  -O2 -fno-repack-arrays 
FAIL: gfortran.fortran-torture/execute/function_module_1.f90 compilation,  -O2 -fg77-calls 
FAIL: gfortran.fortran-torture/execute/function_module_1.f90 compilation,  -O3 -g 
FAIL: gfortran.fortran-torture/execute/function_module_1.f90 compilation,  -Os 
FAIL: gfortran.fortran-torture/execute/hollerith.f90 compilation,  -O0 
FAIL: gfortran.fortran-torture/execute/hollerith.f90 compilation,  -O1 
FAIL: gfortran.fortran-torture/execute/hollerith.f90 compilation,  -O2 
FAIL: gfortran.fortran-torture/execute/hollerith.f90 compilation,  -O2 -fomit-frame-pointer -finline-functions 
FAIL: gfortran.fortran-torture/execute/hollerith.f90 compilation,  -O2 -fomit-frame-pointer -finline-functions -funroll-loops 
FAIL: gfortran.fortran-torture/execute/hollerith.f90 compilation,  -O2 -fomit-frame-pointer -finline-functions -funroll-all-loops 
FAIL: gfortran.fortran-torture/execute/hollerith.f90 compilation,  -O2 -fno-repack-arrays 
FAIL: gfortran.fortran-torture/execute/hollerith.f90 compilation,  -O2 -fg77-calls 
FAIL: gfortran.fortran-torture/execute/hollerith.f90 compilation,  -O3 -g 
FAIL: gfortran.fortran-torture/execute/hollerith.f90 compilation,  -Os 
FAIL: gfortran.fortran-torture/execute/initializer.f90 compilation,  -O0 
FAIL: gfortran.fortran-torture/execute/initializer.f90 compilation,  -O1 
FAIL: gfortran.fortran-torture/execute/initializer.f90 compilation,  -O2 
FAIL: gfortran.fortran-torture/execute/initializer.f90 compilation,  -O2 -fomit-frame-pointer -finline-functions 
FAIL: gfortran.fortran-torture/execute/initializer.f90 compilation,  -O2 -fomit-frame-pointer -finline-functions -funroll-loops 
FAIL: gfortran.fortran-torture/execute/initializer.f90 compilation,  -O2 -fomit-frame-pointer -finline-functions -funroll-all-loops 
FAIL: gfortran.fortran-torture/execute/initializer.f90 compilation,  -O2 -fno-repack-arrays 
FAIL: gfortran.fortran-torture/execute/initializer.f90 compilation,  -O2 -fg77-calls 
FAIL: gfortran.fortran-torture/execute/initializer.f90 compilation,  -O3 -g 
FAIL: gfortran.fortran-torture/execute/initializer.f90 compilation,  -Os 
FAIL: gfortran.fortran-torture/execute/integer_select.f90 compilation,  -O0 
FAIL: gfortran.fortran-torture/execute/integer_select.f90 compilation,  -O1 
FAIL: gfortran.fortran-torture/execute/integer_select.f90 compilation,  -O2 
FAIL: gfortran.fortran-torture/execute/integer_select.f90 compilation,  -O2 -fomit-frame-pointer -finline-functions 
FAIL: gfortran.fortran-torture/execute/integer_select.f90 compilation,  -O2 -fomit-frame-pointer -finline-functions -funroll-loops 
FAIL: gfortran.fortran-torture/execute/integer_select.f90 compilation,  -O2 -fomit-frame-pointer -finline-functions -funroll-all-loops 
FAIL: gfortran.fortran-torture/execute/integer_select.f90 compilation,  -O2 -fno-repack-arrays 
FAIL: gfortran.fortran-torture/execute/integer_select.f90 compilation,  -O2 -fg77-calls 
FAIL: gfortran.fortran-torture/execute/integer_select.f90 compilation,  -O3 -g 
FAIL: gfortran.fortran-torture/execute/integer_select.f90 compilation,  -Os 
FAIL: gfortran.fortran-torture/execute/integer_select_1.f90 compilation,  -O0 
FAIL: gfortran.fortran-torture/execute/integer_select_1.f90 compilation,  -O1 
FAIL: gfortran.fortran-torture/execute/integer_select_1.f90 compilation,  -O2 
FAIL: gfortran.fortran-torture/execute/integer_select_1.f90 compilation,  -O2 -fomit-frame-pointer -finline-functions 
FAIL: gfortran.fortran-torture/execute/integer_select_1.f90 compilation,  -O2 -fomit-frame-pointer -finline-functions -funroll-loops 
FAIL: gfortran.fortran-torture/execute/integer_select_1.f90 compilation,  -O2 -fomit-frame-pointer -finline-functions -funroll-all-loops 
FAIL: gfortran.fortran-torture/execute/integer_select_1.f90 compilation,  -O2 -fno-repack-arrays 
FAIL: gfortran.fortran-torture/execute/integer_select_1.f90 compilation,  -O2 -fg77-calls 
FAIL: gfortran.fortran-torture/execute/integer_select_1.f90 compilation,  -O3 -g 
FAIL: gfortran.fortran-torture/execute/integer_select_1.f90 compilation,  -Os 
FAIL: gfortran.fortran-torture/execute/intrinsic_abs.f90 compilation,  -O0 
FAIL: gfortran.fortran-torture/execute/intrinsic_abs.f90 compilation,  -O1 
FAIL: gfortran.fortran-torture/execute/intrinsic_abs.f90 compilation,  -O2 
FAIL: gfortran.fortran-torture/execute/intrinsic_abs.f90 compilation,  -O2 -fomit-frame-pointer -finline-functions 
FAIL: gfortran.fortran-torture/execute/intrinsic_abs.f90 compilation,  -O2 -fomit-frame-pointer -finline-functions -funroll-loops 
FAIL: gfortran.fortran-torture/execute/intrinsic_abs.f90 compilation,  -O2 -fomit-frame-pointer -finline-functions -funroll-all-loops 
FAIL: gfortran.fortran-torture/execute/intrinsic_abs.f90 compilation,  -O2 -fno-repack-arrays 
FAIL: gfortran.fortran-torture/execute/intrinsic_abs.f90 compilation,  -O2 -fg77-calls 
FAIL: gfortran.fortran-torture/execute/intrinsic_abs.f90 compilation,  -O3 -g 
FAIL: gfortran.fortran-torture/execute/intrinsic_abs.f90 compilation,  -Os 
FAIL: gfortran.fortran-torture/execute/intrinsic_achar.f90 compilation,  -O0 
FAIL: gfortran.fortran-torture/execute/intrinsic_achar.f90 compilation,  -O1 
FAIL: gfortran.fortran-torture/execute/intrinsic_achar.f90 compilation,  -O2 
FAIL: gfortran.fortran-torture/execute/intrinsic_achar.f90 compilation,  -O2 -fomit-frame-pointer -finline-functions 
FAIL: gfortran.fortran-torture/execute/intrinsic_achar.f90 compilation,  -O2 -fomit-frame-pointer -finline-functions -funroll-loops 
FAIL: gfortran.fortran-torture/execute/intrinsic_achar.f90 compilation,  -O2 -fomit-frame-pointer -finline-functions -funroll-all-loops 
FAIL: gfortran.fortran-torture/execute/intrinsic_achar.f90 compilation,  -O2 -fno-repack-arrays 
FAIL: gfortran.fortran-torture/execute/intrinsic_achar.f90 compilation,  -O2 -fg77-calls 
FAIL: gfortran.fortran-torture/execute/intrinsic_achar.f90 compilation,  -O3 -g 
FAIL: gfortran.fortran-torture/execute/intrinsic_achar.f90 compilation,  -Os 
FAIL: gfortran.fortran-torture/execute/intrinsic_aint_anint.f90 compilation,  -O0 
FAIL: gfortran.fortran-torture/execute/intrinsic_aint_anint.f90 compilation,  -O1 
FAIL: gfortran.fortran-torture/execute/intrinsic_aint_anint.f90 compilation,  -O2 
FAIL: gfortran.fortran-torture/execute/intrinsic_aint_anint.f90 compilation,  -O2 -fomit-frame-pointer -finline-functions 
FAIL: gfortran.fortran-torture/execute/intrinsic_aint_anint.f90 compilation,  -O2 -fomit-frame-pointer -finline-functions -funroll-loops 
FAIL: gfortran.fortran-torture/execute/intrinsic_aint_anint.f90 compilation,  -O2 -fomit-frame-pointer -finline-functions -funroll-all-loops 
FAIL: gfortran.fortran-torture/execute/intrinsic_aint_anint.f90 compilation,  -O2 -fno-repack-arrays 
FAIL: gfortran.fortran-torture/execute/intrinsic_aint_anint.f90 compilation,  -O2 -fg77-calls 
FAIL: gfortran.fortran-torture/execute/intrinsic_aint_anint.f90 compilation,  -O3 -g 
FAIL: gfortran.fortran-torture/execute/intrinsic_aint_anint.f90 compilation,  -Os 
FAIL: gfortran.fortran-torture/execute/intrinsic_anyall.f90 compilation,  -O0 
FAIL: gfortran.fortran-torture/execute/intrinsic_anyall.f90 compilation,  -O1 
FAIL: gfortran.fortran-torture/execute/intrinsic_anyall.f90 compilation,  -O2 
FAIL: gfortran.fortran-torture/execute/intrinsic_anyall.f90 compilation,  -O2 -fomit-frame-pointer -finline-functions 
FAIL: gfortran.fortran-torture/execute/intrinsic_anyall.f90 compilation,  -O2 -fomit-frame-pointer -finline-functions -funroll-loops 
FAIL: gfortran.fortran-torture/execute/intrinsic_anyall.f90 compilation,  -O2 -fomit-frame-pointer -finline-functions -funroll-all-loops 
FAIL: gfortran.fortran-torture/execute/intrinsic_anyall.f90 compilation,  -O2 -fno-repack-arrays 
FAIL: gfortran.fortran-torture/execute/intrinsic_anyall.f90 compilation,  -O2 -fg77-calls 
FAIL: gfortran.fortran-torture/execute/intrinsic_anyall.f90 compilation,  -O3 -g 
FAIL: gfortran.fortran-torture/execute/intrinsic_anyall.f90 compilation,  -Os 
FAIL: gfortran.fortran-torture/execute/intrinsic_associated.f90 compilation,  -O0 
FAIL: gfortran.fortran-torture/execute/intrinsic_associated.f90 compilation,  -O1 
FAIL: gfortran.fortran-torture/execute/intrinsic_associated.f90 compilation,  -O2 
FAIL: gfortran.fortran-torture/execute/intrinsic_associated.f90 compilation,  -O2 -fomit-frame-pointer -finline-functions 
FAIL: gfortran.fortran-torture/execute/intrinsic_associated.f90 compilation,  -O2 -fomit-frame-pointer -finline-functions -funroll-loops 
FAIL: gfortran.fortran-torture/execute/intrinsic_associated.f90 compilation,  -O2 -fomit-frame-pointer -finline-functions -funroll-all-loops 
FAIL: gfortran.fortran-torture/execute/intrinsic_associated.f90 compilation,  -O2 -fno-repack-arrays 
FAIL: gfortran.fortran-torture/execute/intrinsic_associated.f90 compilation,  -O2 -fg77-calls 
FAIL: gfortran.fortran-torture/execute/intrinsic_associated.f90 compilation,  -O3 -g 
FAIL: gfortran.fortran-torture/execute/intrinsic_associated.f90 compilation,  -Os 
FAIL: gfortran.fortran-torture/execute/intrinsic_associated_2.f90 compilation,  -O0 
FAIL: gfortran.fortran-torture/execute/intrinsic_associated_2.f90 compilation,  -O1 
FAIL: gfortran.fortran-torture/execute/intrinsic_associated_2.f90 compilation,  -O2 
FAIL: gfortran.fortran-torture/execute/intrinsic_associated_2.f90 compilation,  -O2 -fomit-frame-pointer -finline-functions 
FAIL: gfortran.fortran-torture/execute/intrinsic_associated_2.f90 compilation,  -O2 -fomit-frame-pointer -finline-functions -funroll-loops 
FAIL: gfortran.fortran-torture/execute/intrinsic_associated_2.f90 compilation,  -O2 -fomit-frame-pointer -finline-functions -funroll-all-loops 
FAIL: gfortran.fortran-torture/execute/intrinsic_associated_2.f90 compilation,  -O2 -fno-repack-arrays 
FAIL: gfortran.fortran-torture/execute/intrinsic_associated_2.f90 compilation,  -O2 -fg77-calls 
FAIL: gfortran.fortran-torture/execute/intrinsic_associated_2.f90 compilation,  -O3 -g 
FAIL: gfortran.fortran-torture/execute/intrinsic_associated_2.f90 compilation,  -Os 
FAIL: gfortran.fortran-torture/execute/intrinsic_bitops.f90 compilation,  -O0 
FAIL: gfortran.fortran-torture/execute/intrinsic_bitops.f90 compilation,  -O1 
FAIL: gfortran.fortran-torture/execute/intrinsic_bitops.f90 compilation,  -O2 
FAIL: gfortran.fortran-torture/execute/intrinsic_bitops.f90 compilation,  -O2 -fomit-frame-pointer -finline-functions 
FAIL: gfortran.fortran-torture/execute/intrinsic_bitops.f90 compilation,  -O2 -fomit-frame-pointer -finline-functions -funroll-loops 
FAIL: gfortran.fortran-torture/execute/intrinsic_bitops.f90 compilation,  -O2 -fomit-frame-pointer -finline-functions -funroll-all-loops 
FAIL: gfortran.fortran-torture/execute/intrinsic_bitops.f90 compilation,  -O2 -fno-repack-arrays 
FAIL: gfortran.fortran-torture/execute/intrinsic_bitops.f90 compilation,  -O2 -fg77-calls 
FAIL: gfortran.fortran-torture/execute/intrinsic_bitops.f90 compilation,  -O3 -g 
FAIL: gfortran.fortran-torture/execute/intrinsic_bitops.f90 compilation,  -Os 
FAIL: gfortran.fortran-torture/execute/intrinsic_count.f90 compilation,  -O0 
FAIL: gfortran.fortran-torture/execute/intrinsic_count.f90 compilation,  -O1 
FAIL: gfortran.fortran-torture/execute/intrinsic_count.f90 compilation,  -O2 
FAIL: gfortran.fortran-torture/execute/intrinsic_count.f90 compilation,  -O2 -fomit-frame-pointer -finline-functions 
FAIL: gfortran.fortran-torture/execute/intrinsic_count.f90 compilation,  -O2 -fomit-frame-pointer -finline-functions -funroll-loops 
FAIL: gfortran.fortran-torture/execute/intrinsic_count.f90 compilation,  -O2 -fomit-frame-pointer -finline-functions -funroll-all-loops 
FAIL: gfortran.fortran-torture/execute/intrinsic_count.f90 compilation,  -O2 -fno-repack-arrays 
FAIL: gfortran.fortran-torture/execute/intrinsic_count.f90 compilation,  -O2 -fg77-calls 
FAIL: gfortran.fortran-torture/execute/intrinsic_count.f90 compilation,  -O3 -g 
FAIL: gfortran.fortran-torture/execute/intrinsic_count.f90 compilation,  -Os 
FAIL: gfortran.fortran-torture/execute/intrinsic_cshift.f90 compilation,  -O0 
FAIL: gfortran.fortran-torture/execute/intrinsic_cshift.f90 compilation,  -O1 
FAIL: gfortran.fortran-torture/execute/intrinsic_cshift.f90 compilation,  -O2 
FAIL: gfortran.fortran-torture/execute/intrinsic_cshift.f90 compilation,  -O2 -fomit-frame-pointer -finline-functions 
FAIL: gfortran.fortran-torture/execute/intrinsic_cshift.f90 compilation,  -O2 -fomit-frame-pointer -finline-functions -funroll-loops 
FAIL: gfortran.fortran-torture/execute/intrinsic_cshift.f90 compilation,  -O2 -fomit-frame-pointer -finline-functions -funroll-all-loops 
FAIL: gfortran.fortran-torture/execute/intrinsic_cshift.f90 compilation,  -O2 -fno-repack-arrays 
FAIL: gfortran.fortran-torture/execute/intrinsic_cshift.f90 compilation,  -O2 -fg77-calls 
FAIL: gfortran.fortran-torture/execute/intrinsic_cshift.f90 compilation,  -O3 -g 
FAIL: gfortran.fortran-torture/execute/intrinsic_cshift.f90 compilation,  -Os 
FAIL: gfortran.fortran-torture/execute/intrinsic_dim.f90 compilation,  -O0 
FAIL: gfortran.fortran-torture/execute/intrinsic_dim.f90 compilation,  -O1 
FAIL: gfortran.fortran-torture/execute/intrinsic_dim.f90 compilation,  -O2 
FAIL: gfortran.fortran-torture/execute/intrinsic_dim.f90 compilation,  -O2 -fomit-frame-pointer -finline-functions 
FAIL: gfortran.fortran-torture/execute/intrinsic_dim.f90 compilation,  -O2 -fomit-frame-pointer -finline-functions -funroll-loops 
FAIL: gfortran.fortran-torture/execute/intrinsic_dim.f90 compilation,  -O2 -fomit-frame-pointer -finline-functions -funroll-all-loops 
FAIL: gfortran.fortran-torture/execute/intrinsic_dim.f90 compilation,  -O2 -fno-repack-arrays 
FAIL: gfortran.fortran-torture/execute/intrinsic_dim.f90 compilation,  -O2 -fg77-calls 
FAIL: gfortran.fortran-torture/execute/intrinsic_dim.f90 compilation,  -O3 -g 
FAIL: gfortran.fortran-torture/execute/intrinsic_dim.f90 compilation,  -Os 
FAIL: gfortran.fortran-torture/execute/intrinsic_dotprod.f90 compilation,  -O0 
FAIL: gfortran.fortran-torture/execute/intrinsic_dotprod.f90 compilation,  -O1 
FAIL: gfortran.fortran-torture/execute/intrinsic_dotprod.f90 compilation,  -O2 
FAIL: gfortran.fortran-torture/execute/intrinsic_dotprod.f90 compilation,  -O2 -fomit-frame-pointer -finline-functions 
FAIL: gfortran.fortran-torture/execute/intrinsic_dotprod.f90 compilation,  -O2 -fomit-frame-pointer -finline-functions -funroll-loops 
FAIL: gfortran.fortran-torture/execute/intrinsic_dotprod.f90 compilation,  -O2 -fomit-frame-pointer -finline-functions -funroll-all-loops 
FAIL: gfortran.fortran-torture/execute/intrinsic_dotprod.f90 compilation,  -O2 -fno-repack-arrays 
FAIL: gfortran.fortran-torture/execute/intrinsic_dotprod.f90 compilation,  -O2 -fg77-calls 
FAIL: gfortran.fortran-torture/execute/intrinsic_dotprod.f90 compilation,  -O3 -g 
FAIL: gfortran.fortran-torture/execute/intrinsic_dotprod.f90 compilation,  -Os 
FAIL: gfortran.fortran-torture/execute/intrinsic_dprod.f90 compilation,  -O0 
FAIL: gfortran.fortran-torture/execute/intrinsic_dprod.f90 compilation,  -O1 
FAIL: gfortran.fortran-torture/execute/intrinsic_dprod.f90 compilation,  -O2 
FAIL: gfortran.fortran-torture/execute/intrinsic_dprod.f90 compilation,  -O2 -fomit-frame-pointer -finline-functions 
FAIL: gfortran.fortran-torture/execute/intrinsic_dprod.f90 compilation,  -O2 -fomit-frame-pointer -finline-functions -funroll-loops 
FAIL: gfortran.fortran-torture/execute/intrinsic_dprod.f90 compilation,  -O2 -fomit-frame-pointer -finline-functions -funroll-all-loops 
FAIL: gfortran.fortran-torture/execute/intrinsic_dprod.f90 compilation,  -O2 -fno-repack-arrays 
FAIL: gfortran.fortran-torture/execute/intrinsic_dprod.f90 compilation,  -O2 -fg77-calls 
FAIL: gfortran.fortran-torture/execute/intrinsic_dprod.f90 compilation,  -O3 -g 
FAIL: gfortran.fortran-torture/execute/intrinsic_dprod.f90 compilation,  -Os 
FAIL: gfortran.fortran-torture/execute/intrinsic_dummy.f90 compilation,  -O0 
FAIL: gfortran.fortran-torture/execute/intrinsic_dummy.f90 compilation,  -O1 
FAIL: gfortran.fortran-torture/execute/intrinsic_dummy.f90 compilation,  -O2 
FAIL: gfortran.fortran-torture/execute/intrinsic_dummy.f90 compilation,  -O2 -fomit-frame-pointer -finline-functions 
FAIL: gfortran.fortran-torture/execute/intrinsic_dummy.f90 compilation,  -O2 -fomit-frame-pointer -finline-functions -funroll-loops 
FAIL: gfortran.fortran-torture/execute/intrinsic_dummy.f90 compilation,  -O2 -fomit-frame-pointer -finline-functions -funroll-all-loops 
FAIL: gfortran.fortran-torture/execute/intrinsic_dummy.f90 compilation,  -O2 -fno-repack-arrays 
FAIL: gfortran.fortran-torture/execute/intrinsic_dummy.f90 compilation,  -O2 -fg77-calls 
FAIL: gfortran.fortran-torture/execute/intrinsic_dummy.f90 compilation,  -O3 -g 
FAIL: gfortran.fortran-torture/execute/intrinsic_dummy.f90 compilation,  -Os 
FAIL: gfortran.fortran-torture/execute/intrinsic_eoshift.f90 compilation,  -O0 
FAIL: gfortran.fortran-torture/execute/intrinsic_eoshift.f90 compilation,  -O1 
FAIL: gfortran.fortran-torture/execute/intrinsic_eoshift.f90 compilation,  -O2 
FAIL: gfortran.fortran-torture/execute/intrinsic_eoshift.f90 compilation,  -O2 -fomit-frame-pointer -finline-functions 
FAIL: gfortran.fortran-torture/execute/intrinsic_eoshift.f90 compilation,  -O2 -fomit-frame-pointer -finline-functions -funroll-loops 
FAIL: gfortran.fortran-torture/execute/intrinsic_eoshift.f90 compilation,  -O2 -fomit-frame-pointer -finline-functions -funroll-all-loops 
FAIL: gfortran.fortran-torture/execute/intrinsic_eoshift.f90 compilation,  -O2 -fno-repack-arrays 
FAIL: gfortran.fortran-torture/execute/intrinsic_eoshift.f90 compilation,  -O2 -fg77-calls 
FAIL: gfortran.fortran-torture/execute/intrinsic_eoshift.f90 compilation,  -O3 -g 
FAIL: gfortran.fortran-torture/execute/intrinsic_eoshift.f90 compilation,  -Os 
FAIL: gfortran.fortran-torture/execute/intrinsic_fraction_exponent.f90 compilation,  -O0 
FAIL: gfortran.fortran-torture/execute/intrinsic_fraction_exponent.f90 compilation,  -O1 
FAIL: gfortran.fortran-torture/execute/intrinsic_fraction_exponent.f90 compilation,  -O2 
FAIL: gfortran.fortran-torture/execute/intrinsic_fraction_exponent.f90 compilation,  -O2 -fomit-frame-pointer -finline-functions 
FAIL: gfortran.fortran-torture/execute/intrinsic_fraction_exponent.f90 compilation,  -O2 -fomit-frame-pointer -finline-functions -funroll-loops 
FAIL: gfortran.fortran-torture/execute/intrinsic_fraction_exponent.f90 compilation,  -O2 -fomit-frame-pointer -finline-functions -funroll-all-loops 
FAIL: gfortran.fortran-torture/execute/intrinsic_fraction_exponent.f90 compilation,  -O2 -fno-repack-arrays 
FAIL: gfortran.fortran-torture/execute/intrinsic_fraction_exponent.f90 compilation,  -O2 -fg77-calls 
FAIL: gfortran.fortran-torture/execute/intrinsic_fraction_exponent.f90 compilation,  -O3 -g 
FAIL: gfortran.fortran-torture/execute/intrinsic_fraction_exponent.f90 compilation,  -Os 
FAIL: gfortran.fortran-torture/execute/intrinsic_index.f90 compilation,  -O0 
FAIL: gfortran.fortran-torture/execute/intrinsic_index.f90 compilation,  -O1 
FAIL: gfortran.fortran-torture/execute/intrinsic_index.f90 compilation,  -O2 
FAIL: gfortran.fortran-torture/execute/intrinsic_index.f90 compilation,  -O2 -fomit-frame-pointer -finline-functions 
FAIL: gfortran.fortran-torture/execute/intrinsic_index.f90 compilation,  -O2 -fomit-frame-pointer -finline-functions -funroll-loops 
FAIL: gfortran.fortran-torture/execute/intrinsic_index.f90 compilation,  -O2 -fomit-frame-pointer -finline-functions -funroll-all-loops 
FAIL: gfortran.fortran-torture/execute/intrinsic_index.f90 compilation,  -O2 -fno-repack-arrays 
FAIL: gfortran.fortran-torture/execute/intrinsic_index.f90 compilation,  -O2 -fg77-calls 
FAIL: gfortran.fortran-torture/execute/intrinsic_index.f90 compilation,  -O3 -g 
FAIL: gfortran.fortran-torture/execute/intrinsic_index.f90 compilation,  -Os 
FAIL: gfortran.fortran-torture/execute/intrinsic_integer.f90 compilation,  -O0 
FAIL: gfortran.fortran-torture/execute/intrinsic_integer.f90 compilation,  -O1 
FAIL: gfortran.fortran-torture/execute/intrinsic_integer.f90 compilation,  -O2 
FAIL: gfortran.fortran-torture/execute/intrinsic_integer.f90 compilation,  -O2 -fomit-frame-pointer -finline-functions 
FAIL: gfortran.fortran-torture/execute/intrinsic_integer.f90 compilation,  -O2 -fomit-frame-pointer -finline-functions -funroll-loops 
FAIL: gfortran.fortran-torture/execute/intrinsic_integer.f90 compilation,  -O2 -fomit-frame-pointer -finline-functions -funroll-all-loops 
FAIL: gfortran.fortran-torture/execute/intrinsic_integer.f90 compilation,  -O2 -fno-repack-arrays 
FAIL: gfortran.fortran-torture/execute/intrinsic_integer.f90 compilation,  -O2 -fg77-calls 
FAIL: gfortran.fortran-torture/execute/intrinsic_integer.f90 compilation,  -O3 -g 
FAIL: gfortran.fortran-torture/execute/intrinsic_integer.f90 compilation,  -Os 
FAIL: gfortran.fortran-torture/execute/intrinsic_len.f90 compilation,  -O0 
FAIL: gfortran.fortran-torture/execute/intrinsic_len.f90 compilation,  -O1 
FAIL: gfortran.fortran-torture/execute/intrinsic_len.f90 compilation,  -O2 
FAIL: gfortran.fortran-torture/execute/intrinsic_len.f90 compilation,  -O2 -fomit-frame-pointer -finline-functions 
FAIL: gfortran.fortran-torture/execute/intrinsic_len.f90 compilation,  -O2 -fomit-frame-pointer -finline-functions -funroll-loops 
FAIL: gfortran.fortran-torture/execute/intrinsic_len.f90 compilation,  -O2 -fomit-frame-pointer -finline-functions -funroll-all-loops 
FAIL: gfortran.fortran-torture/execute/intrinsic_len.f90 compilation,  -O2 -fno-repack-arrays 
FAIL: gfortran.fortran-torture/execute/intrinsic_len.f90 compilation,  -O2 -fg77-calls 
FAIL: gfortran.fortran-torture/execute/intrinsic_len.f90 compilation,  -O3 -g 
FAIL: gfortran.fortran-torture/execute/intrinsic_len.f90 compilation,  -Os 
FAIL: gfortran.fortran-torture/execute/intrinsic_matmul.f90 compilation,  -O0 
FAIL: gfortran.fortran-torture/execute/intrinsic_matmul.f90 compilation,  -O1 
FAIL: gfortran.fortran-torture/execute/intrinsic_matmul.f90 compilation,  -O2 
FAIL: gfortran.fortran-torture/execute/intrinsic_matmul.f90 compilation,  -O2 -fomit-frame-pointer -finline-functions 
FAIL: gfortran.fortran-torture/execute/intrinsic_matmul.f90 compilation,  -O2 -fomit-frame-pointer -finline-functions -funroll-loops 
FAIL: gfortran.fortran-torture/execute/intrinsic_matmul.f90 compilation,  -O2 -fomit-frame-pointer -finline-functions -funroll-all-loops 
FAIL: gfortran.fortran-torture/execute/intrinsic_matmul.f90 compilation,  -O2 -fno-repack-arrays 
FAIL: gfortran.fortran-torture/execute/intrinsic_matmul.f90 compilation,  -O2 -fg77-calls 
FAIL: gfortran.fortran-torture/execute/intrinsic_matmul.f90 compilation,  -O3 -g 
FAIL: gfortran.fortran-torture/execute/intrinsic_matmul.f90 compilation,  -Os 
FAIL: gfortran.fortran-torture/execute/intrinsic_merge.f90 compilation,  -O0 
FAIL: gfortran.fortran-torture/execute/intrinsic_merge.f90 compilation,  -O1 
FAIL: gfortran.fortran-torture/execute/intrinsic_merge.f90 compilation,  -O2 
FAIL: gfortran.fortran-torture/execute/intrinsic_merge.f90 compilation,  -O2 -fomit-frame-pointer -finline-functions 
FAIL: gfortran.fortran-torture/execute/intrinsic_merge.f90 compilation,  -O2 -fomit-frame-pointer -finline-functions -funroll-loops 
FAIL: gfortran.fortran-torture/execute/intrinsic_merge.f90 compilation,  -O2 -fomit-frame-pointer -finline-functions -funroll-all-loops 
FAIL: gfortran.fortran-torture/execute/intrinsic_merge.f90 compilation,  -O2 -fno-repack-arrays 
FAIL: gfortran.fortran-torture/execute/intrinsic_merge.f90 compilation,  -O2 -fg77-calls 
FAIL: gfortran.fortran-torture/execute/intrinsic_merge.f90 compilation,  -O3 -g 
FAIL: gfortran.fortran-torture/execute/intrinsic_merge.f90 compilation,  -Os 
FAIL: gfortran.fortran-torture/execute/intrinsic_minmax.f90 compilation,  -O0 
FAIL: gfortran.fortran-torture/execute/intrinsic_minmax.f90 compilation,  -O1 
FAIL: gfortran.fortran-torture/execute/intrinsic_minmax.f90 compilation,  -O2 
FAIL: gfortran.fortran-torture/execute/intrinsic_minmax.f90 compilation,  -O2 -fomit-frame-pointer -finline-functions 
FAIL: gfortran.fortran-torture/execute/intrinsic_minmax.f90 compilation,  -O2 -fomit-frame-pointer -finline-functions -funroll-loops 
FAIL: gfortran.fortran-torture/execute/intrinsic_minmax.f90 compilation,  -O2 -fomit-frame-pointer -finline-functions -funroll-all-loops 
FAIL: gfortran.fortran-torture/execute/intrinsic_minmax.f90 compilation,  -O2 -fno-repack-arrays 
FAIL: gfortran.fortran-torture/execute/intrinsic_minmax.f90 compilation,  -O2 -fg77-calls 
FAIL: gfortran.fortran-torture/execute/intrinsic_minmax.f90 compilation,  -O3 -g 
FAIL: gfortran.fortran-torture/execute/intrinsic_minmax.f90 compilation,  -Os 
FAIL: gfortran.fortran-torture/execute/intrinsic_mmloc.f90 compilation,  -O0 
FAIL: gfortran.fortran-torture/execute/intrinsic_mmloc.f90 compilation,  -O1 
FAIL: gfortran.fortran-torture/execute/intrinsic_mmloc.f90 compilation,  -O2 
FAIL: gfortran.fortran-torture/execute/intrinsic_mmloc.f90 compilation,  -O2 -fomit-frame-pointer -finline-functions 
FAIL: gfortran.fortran-torture/execute/intrinsic_mmloc.f90 compilation,  -O2 -fomit-frame-pointer -finline-functions -funroll-loops 
FAIL: gfortran.fortran-torture/execute/intrinsic_mmloc.f90 compilation,  -O2 -fomit-frame-pointer -finline-functions -funroll-all-loops 
FAIL: gfortran.fortran-torture/execute/intrinsic_mmloc.f90 compilation,  -O2 -fno-repack-arrays 
FAIL: gfortran.fortran-torture/execute/intrinsic_mmloc.f90 compilation,  -O2 -fg77-calls 
FAIL: gfortran.fortran-torture/execute/intrinsic_mmloc.f90 compilation,  -O3 -g 
FAIL: gfortran.fortran-torture/execute/intrinsic_mmloc.f90 compilation,  -Os 
FAIL: gfortran.fortran-torture/execute/intrinsic_mmloc_2.f90 compilation,  -O0 
FAIL: gfortran.fortran-torture/execute/intrinsic_mmloc_2.f90 compilation,  -O1 
FAIL: gfortran.fortran-torture/execute/intrinsic_mmloc_2.f90 compilation,  -O2 
FAIL: gfortran.fortran-torture/execute/intrinsic_mmloc_2.f90 compilation,  -O2 -fomit-frame-pointer -finline-functions 
FAIL: gfortran.fortran-torture/execute/intrinsic_mmloc_2.f90 compilation,  -O2 -fomit-frame-pointer -finline-functions -funroll-loops 
FAIL: gfortran.fortran-torture/execute/intrinsic_mmloc_2.f90 compilation,  -O2 -fomit-frame-pointer -finline-functions -funroll-all-loops 
FAIL: gfortran.fortran-torture/execute/intrinsic_mmloc_2.f90 compilation,  -O2 -fno-repack-arrays 
FAIL: gfortran.fortran-torture/execute/intrinsic_mmloc_2.f90 compilation,  -O2 -fg77-calls 
FAIL: gfortran.fortran-torture/execute/intrinsic_mmloc_2.f90 compilation,  -O3 -g 
FAIL: gfortran.fortran-torture/execute/intrinsic_mmloc_2.f90 compilation,  -Os 
FAIL: gfortran.fortran-torture/execute/intrinsic_mmloc_3.f90 compilation,  -O0 
FAIL: gfortran.fortran-torture/execute/intrinsic_mmloc_3.f90 compilation,  -O1 
FAIL: gfortran.fortran-torture/execute/intrinsic_mmloc_3.f90 compilation,  -O2 
FAIL: gfortran.fortran-torture/execute/intrinsic_mmloc_3.f90 compilation,  -O2 -fomit-frame-pointer -finline-functions 
FAIL: gfortran.fortran-torture/execute/intrinsic_mmloc_3.f90 compilation,  -O2 -fomit-frame-pointer -finline-functions -funroll-loops 
FAIL: gfortran.fortran-torture/execute/intrinsic_mmloc_3.f90 compilation,  -O2 -fomit-frame-pointer -finline-functions -funroll-all-loops 
FAIL: gfortran.fortran-torture/execute/intrinsic_mmloc_3.f90 compilation,  -O2 -fno-repack-arrays 
FAIL: gfortran.fortran-torture/execute/intrinsic_mmloc_3.f90 compilation,  -O2 -fg77-calls 
FAIL: gfortran.fortran-torture/execute/intrinsic_mmloc_3.f90 compilation,  -O3 -g 
FAIL: gfortran.fortran-torture/execute/intrinsic_mmloc_3.f90 compilation,  -Os 
FAIL: gfortran.fortran-torture/execute/intrinsic_mmloc_4.f90 compilation,  -O0 
FAIL: gfortran.fortran-torture/execute/intrinsic_mmloc_4.f90 compilation,  -O1 
FAIL: gfortran.fortran-torture/execute/intrinsic_mmloc_4.f90 compilation,  -O2 
FAIL: gfortran.fortran-torture/execute/intrinsic_mmloc_4.f90 compilation,  -O2 -fomit-frame-pointer -finline-functions 
FAIL: gfortran.fortran-torture/execute/intrinsic_mmloc_4.f90 compilation,  -O2 -fomit-frame-pointer -finline-functions -funroll-loops 
FAIL: gfortran.fortran-torture/execute/intrinsic_mmloc_4.f90 compilation,  -O2 -fomit-frame-pointer -finline-functions -funroll-all-loops 
FAIL: gfortran.fortran-torture/execute/intrinsic_mmloc_4.f90 compilation,  -O2 -fno-repack-arrays 
FAIL: gfortran.fortran-torture/execute/intrinsic_mmloc_4.f90 compilation,  -O2 -fg77-calls 
FAIL: gfortran.fortran-torture/execute/intrinsic_mmloc_4.f90 compilation,  -O3 -g 
FAIL: gfortran.fortran-torture/execute/intrinsic_mmloc_4.f90 compilation,  -Os 
FAIL: gfortran.fortran-torture/execute/intrinsic_mmval.f90 compilation,  -O0 
FAIL: gfortran.fortran-torture/execute/intrinsic_mmval.f90 compilation,  -O1 
FAIL: gfortran.fortran-torture/execute/intrinsic_mmval.f90 compilation,  -O2 
FAIL: gfortran.fortran-torture/execute/intrinsic_mmval.f90 compilation,  -O2 -fomit-frame-pointer -finline-functions 
FAIL: gfortran.fortran-torture/execute/intrinsic_mmval.f90 compilation,  -O2 -fomit-frame-pointer -finline-functions -funroll-loops 
FAIL: gfortran.fortran-torture/execute/intrinsic_mmval.f90 compilation,  -O2 -fomit-frame-pointer -finline-functions -funroll-all-loops 
FAIL: gfortran.fortran-torture/execute/intrinsic_mmval.f90 compilation,  -O2 -fno-repack-arrays 
FAIL: gfortran.fortran-torture/execute/intrinsic_mmval.f90 compilation,  -O2 -fg77-calls 
FAIL: gfortran.fortran-torture/execute/intrinsic_mmval.f90 compilation,  -O3 -g 
FAIL: gfortran.fortran-torture/execute/intrinsic_mmval.f90 compilation,  -Os 
FAIL: gfortran.fortran-torture/execute/intrinsic_mod_ulo.f90 compilation,  -O0 
FAIL: gfortran.fortran-torture/execute/intrinsic_mod_ulo.f90 compilation,  -O1 
FAIL: gfortran.fortran-torture/execute/intrinsic_mod_ulo.f90 compilation,  -O2 
FAIL: gfortran.fortran-torture/execute/intrinsic_mod_ulo.f90 compilation,  -O2 -fomit-frame-pointer -finline-functions 
FAIL: gfortran.fortran-torture/execute/intrinsic_mod_ulo.f90 compilation,  -O2 -fomit-frame-pointer -finline-functions -funroll-loops 
FAIL: gfortran.fortran-torture/execute/intrinsic_mod_ulo.f90 compilation,  -O2 -fomit-frame-pointer -finline-functions -funroll-all-loops 
FAIL: gfortran.fortran-torture/execute/intrinsic_mod_ulo.f90 compilation,  -O2 -fno-repack-arrays 
FAIL: gfortran.fortran-torture/execute/intrinsic_mod_ulo.f90 compilation,  -O2 -fg77-calls 
FAIL: gfortran.fortran-torture/execute/intrinsic_mod_ulo.f90 compilation,  -O3 -g 
FAIL: gfortran.fortran-torture/execute/intrinsic_mod_ulo.f90 compilation,  -Os 
FAIL: gfortran.fortran-torture/execute/intrinsic_nearest.f90 compilation,  -O0 
FAIL: gfortran.fortran-torture/execute/intrinsic_nearest.f90 compilation,  -O1 
FAIL: gfortran.fortran-torture/execute/intrinsic_nearest.f90 compilation,  -O2 
FAIL: gfortran.fortran-torture/execute/intrinsic_nearest.f90 compilation,  -O2 -fomit-frame-pointer -finline-functions 
FAIL: gfortran.fortran-torture/execute/intrinsic_nearest.f90 compilation,  -O2 -fomit-frame-pointer -finline-functions -funroll-loops 
FAIL: gfortran.fortran-torture/execute/intrinsic_nearest.f90 compilation,  -O2 -fomit-frame-pointer -finline-functions -funroll-all-loops 
FAIL: gfortran.fortran-torture/execute/intrinsic_nearest.f90 compilation,  -O2 -fno-repack-arrays 
FAIL: gfortran.fortran-torture/execute/intrinsic_nearest.f90 compilation,  -O2 -fg77-calls 
FAIL: gfortran.fortran-torture/execute/intrinsic_nearest.f90 compilation,  -O3 -g 
FAIL: gfortran.fortran-torture/execute/intrinsic_nearest.f90 compilation,  -Os 
FAIL: gfortran.fortran-torture/execute/intrinsic_pack.f90 compilation,  -O0 
FAIL: gfortran.fortran-torture/execute/intrinsic_pack.f90 compilation,  -O1 
FAIL: gfortran.fortran-torture/execute/intrinsic_pack.f90 compilation,  -O2 
FAIL: gfortran.fortran-torture/execute/intrinsic_pack.f90 compilation,  -O2 -fomit-frame-pointer -finline-functions 
FAIL: gfortran.fortran-torture/execute/intrinsic_pack.f90 compilation,  -O2 -fomit-frame-pointer -finline-functions -funroll-loops 
FAIL: gfortran.fortran-torture/execute/intrinsic_pack.f90 compilation,  -O2 -fomit-frame-pointer -finline-functions -funroll-all-loops 
FAIL: gfortran.fortran-torture/execute/intrinsic_pack.f90 compilation,  -O2 -fno-repack-arrays 
FAIL: gfortran.fortran-torture/execute/intrinsic_pack.f90 compilation,  -O2 -fg77-calls 
FAIL: gfortran.fortran-torture/execute/intrinsic_pack.f90 compilation,  -O3 -g 
FAIL: gfortran.fortran-torture/execute/intrinsic_pack.f90 compilation,  -Os 
FAIL: gfortran.fortran-torture/execute/intrinsic_present.f90 compilation,  -O0 
FAIL: gfortran.fortran-torture/execute/intrinsic_present.f90 compilation,  -O1 
FAIL: gfortran.fortran-torture/execute/intrinsic_present.f90 compilation,  -O2 
FAIL: gfortran.fortran-torture/execute/intrinsic_present.f90 compilation,  -O2 -fomit-frame-pointer -finline-functions 
FAIL: gfortran.fortran-torture/execute/intrinsic_present.f90 compilation,  -O2 -fomit-frame-pointer -finline-functions -funroll-loops 
FAIL: gfortran.fortran-torture/execute/intrinsic_present.f90 compilation,  -O2 -fomit-frame-pointer -finline-functions -funroll-all-loops 
FAIL: gfortran.fortran-torture/execute/intrinsic_present.f90 compilation,  -O2 -fno-repack-arrays 
FAIL: gfortran.fortran-torture/execute/intrinsic_present.f90 compilation,  -O2 -fg77-calls 
FAIL: gfortran.fortran-torture/execute/intrinsic_present.f90 compilation,  -O3 -g 
FAIL: gfortran.fortran-torture/execute/intrinsic_present.f90 compilation,  -Os 
FAIL: gfortran.fortran-torture/execute/intrinsic_product.f90 compilation,  -O0 
FAIL: gfortran.fortran-torture/execute/intrinsic_product.f90 compilation,  -O1 
FAIL: gfortran.fortran-torture/execute/intrinsic_product.f90 compilation,  -O2 
FAIL: gfortran.fortran-torture/execute/intrinsic_product.f90 compilation,  -O2 -fomit-frame-pointer -finline-functions 
FAIL: gfortran.fortran-torture/execute/intrinsic_product.f90 compilation,  -O2 -fomit-frame-pointer -finline-functions -funroll-loops 
FAIL: gfortran.fortran-torture/execute/intrinsic_product.f90 compilation,  -O2 -fomit-frame-pointer -finline-functions -funroll-all-loops 
FAIL: gfortran.fortran-torture/execute/intrinsic_product.f90 compilation,  -O2 -fno-repack-arrays 
FAIL: gfortran.fortran-torture/execute/intrinsic_product.f90 compilation,  -O2 -fg77-calls 
FAIL: gfortran.fortran-torture/execute/intrinsic_product.f90 compilation,  -O3 -g 
FAIL: gfortran.fortran-torture/execute/intrinsic_product.f90 compilation,  -Os 
FAIL: gfortran.fortran-torture/execute/intrinsic_rrspacing.f90 compilation,  -O0 
FAIL: gfortran.fortran-torture/execute/intrinsic_rrspacing.f90 compilation,  -O1 
FAIL: gfortran.fortran-torture/execute/intrinsic_rrspacing.f90 compilation,  -O2 
FAIL: gfortran.fortran-torture/execute/intrinsic_rrspacing.f90 compilation,  -O2 -fomit-frame-pointer -finline-functions 
FAIL: gfortran.fortran-torture/execute/intrinsic_rrspacing.f90 compilation,  -O2 -fomit-frame-pointer -finline-functions -funroll-loops 
FAIL: gfortran.fortran-torture/execute/intrinsic_rrspacing.f90 compilation,  -O2 -fomit-frame-pointer -finline-functions -funroll-all-loops 
FAIL: gfortran.fortran-torture/execute/intrinsic_rrspacing.f90 compilation,  -O2 -fno-repack-arrays 
FAIL: gfortran.fortran-torture/execute/intrinsic_rrspacing.f90 compilation,  -O2 -fg77-calls 
FAIL: gfortran.fortran-torture/execute/intrinsic_rrspacing.f90 compilation,  -O3 -g 
FAIL: gfortran.fortran-torture/execute/intrinsic_rrspacing.f90 compilation,  -Os 
FAIL: gfortran.fortran-torture/execute/intrinsic_scale.f90 compilation,  -O0 
FAIL: gfortran.fortran-torture/execute/intrinsic_scale.f90 compilation,  -O1 
FAIL: gfortran.fortran-torture/execute/intrinsic_scale.f90 compilation,  -O2 
FAIL: gfortran.fortran-torture/execute/intrinsic_scale.f90 compilation,  -O2 -fomit-frame-pointer -finline-functions 
FAIL: gfortran.fortran-torture/execute/intrinsic_scale.f90 compilation,  -O2 -fomit-frame-pointer -finline-functions -funroll-loops 
FAIL: gfortran.fortran-torture/execute/intrinsic_scale.f90 compilation,  -O2 -fomit-frame-pointer -finline-functions -funroll-all-loops 
FAIL: gfortran.fortran-torture/execute/intrinsic_scale.f90 compilation,  -O2 -fno-repack-arrays 
FAIL: gfortran.fortran-torture/execute/intrinsic_scale.f90 compilation,  -O2 -fg77-calls 
FAIL: gfortran.fortran-torture/execute/intrinsic_scale.f90 compilation,  -O3 -g 
FAIL: gfortran.fortran-torture/execute/intrinsic_scale.f90 compilation,  -Os 
FAIL: gfortran.fortran-torture/execute/intrinsic_set_exponent.f90 compilation,  -O0 
FAIL: gfortran.fortran-torture/execute/intrinsic_set_exponent.f90 compilation,  -O1 
FAIL: gfortran.fortran-torture/execute/intrinsic_set_exponent.f90 compilation,  -O2 
FAIL: gfortran.fortran-torture/execute/intrinsic_set_exponent.f90 compilation,  -O2 -fomit-frame-pointer -finline-functions 
FAIL: gfortran.fortran-torture/execute/intrinsic_set_exponent.f90 compilation,  -O2 -fomit-frame-pointer -finline-functions -funroll-loops 
FAIL: gfortran.fortran-torture/execute/intrinsic_set_exponent.f90 compilation,  -O2 -fomit-frame-pointer -finline-functions -funroll-all-loops 
FAIL: gfortran.fortran-torture/execute/intrinsic_set_exponent.f90 compilation,  -O2 -fno-repack-arrays 
FAIL: gfortran.fortran-torture/execute/intrinsic_set_exponent.f90 compilation,  -O2 -fg77-calls 
FAIL: gfortran.fortran-torture/execute/intrinsic_set_exponent.f90 compilation,  -O3 -g 
FAIL: gfortran.fortran-torture/execute/intrinsic_set_exponent.f90 compilation,  -Os 
FAIL: gfortran.fortran-torture/execute/intrinsic_shape.f90 compilation,  -O0 
FAIL: gfortran.fortran-torture/execute/intrinsic_shape.f90 compilation,  -O1 
FAIL: gfortran.fortran-torture/execute/intrinsic_shape.f90 compilation,  -O2 
FAIL: gfortran.fortran-torture/execute/intrinsic_shape.f90 compilation,  -O2 -fomit-frame-pointer -finline-functions 
FAIL: gfortran.fortran-torture/execute/intrinsic_shape.f90 compilation,  -O2 -fomit-frame-pointer -finline-functions -funroll-loops 
FAIL: gfortran.fortran-torture/execute/intrinsic_shape.f90 compilation,  -O2 -fomit-frame-pointer -finline-functions -funroll-all-loops 
FAIL: gfortran.fortran-torture/execute/intrinsic_shape.f90 compilation,  -O2 -fno-repack-arrays 
FAIL: gfortran.fortran-torture/execute/intrinsic_shape.f90 compilation,  -O2 -fg77-calls 
FAIL: gfortran.fortran-torture/execute/intrinsic_shape.f90 compilation,  -O3 -g 
FAIL: gfortran.fortran-torture/execute/intrinsic_shape.f90 compilation,  -Os 
FAIL: gfortran.fortran-torture/execute/intrinsic_si_kind.f90 compilation,  -O0 
FAIL: gfortran.fortran-torture/execute/intrinsic_si_kind.f90 compilation,  -O1 
FAIL: gfortran.fortran-torture/execute/intrinsic_si_kind.f90 compilation,  -O2 
FAIL: gfortran.fortran-torture/execute/intrinsic_si_kind.f90 compilation,  -O2 -fomit-frame-pointer -finline-functions 
FAIL: gfortran.fortran-torture/execute/intrinsic_si_kind.f90 compilation,  -O2 -fomit-frame-pointer -finline-functions -funroll-loops 
FAIL: gfortran.fortran-torture/execute/intrinsic_si_kind.f90 compilation,  -O2 -fomit-frame-pointer -finline-functions -funroll-all-loops 
FAIL: gfortran.fortran-torture/execute/intrinsic_si_kind.f90 compilation,  -O2 -fno-repack-arrays 
FAIL: gfortran.fortran-torture/execute/intrinsic_si_kind.f90 compilation,  -O2 -fg77-calls 
FAIL: gfortran.fortran-torture/execute/intrinsic_si_kind.f90 compilation,  -O3 -g 
FAIL: gfortran.fortran-torture/execute/intrinsic_si_kind.f90 compilation,  -Os 
FAIL: gfortran.fortran-torture/execute/intrinsic_sign.f90 compilation,  -O0 
FAIL: gfortran.fortran-torture/execute/intrinsic_sign.f90 compilation,  -O1 
FAIL: gfortran.fortran-torture/execute/intrinsic_sign.f90 compilation,  -O2 
FAIL: gfortran.fortran-torture/execute/intrinsic_sign.f90 compilation,  -O2 -fomit-frame-pointer -finline-functions 
FAIL: gfortran.fortran-torture/execute/intrinsic_sign.f90 compilation,  -O2 -fomit-frame-pointer -finline-functions -funroll-loops 
FAIL: gfortran.fortran-torture/execute/intrinsic_sign.f90 compilation,  -O2 -fomit-frame-pointer -finline-functions -funroll-all-loops 
FAIL: gfortran.fortran-torture/execute/intrinsic_sign.f90 compilation,  -O2 -fno-repack-arrays 
FAIL: gfortran.fortran-torture/execute/intrinsic_sign.f90 compilation,  -O2 -fg77-calls 
FAIL: gfortran.fortran-torture/execute/intrinsic_sign.f90 compilation,  -O3 -g 
FAIL: gfortran.fortran-torture/execute/intrinsic_sign.f90 compilation,  -Os 
FAIL: gfortran.fortran-torture/execute/intrinsic_size.f90 compilation,  -O0 
FAIL: gfortran.fortran-torture/execute/intrinsic_size.f90 compilation,  -O1 
FAIL: gfortran.fortran-torture/execute/intrinsic_size.f90 compilation,  -O2 
FAIL: gfortran.fortran-torture/execute/intrinsic_size.f90 compilation,  -O2 -fomit-frame-pointer -finline-functions 
FAIL: gfortran.fortran-torture/execute/intrinsic_size.f90 compilation,  -O2 -fomit-frame-pointer -finline-functions -funroll-loops 
FAIL: gfortran.fortran-torture/execute/intrinsic_size.f90 compilation,  -O2 -fomit-frame-pointer -finline-functions -funroll-all-loops 
FAIL: gfortran.fortran-torture/execute/intrinsic_size.f90 compilation,  -O2 -fno-repack-arrays 
FAIL: gfortran.fortran-torture/execute/intrinsic_size.f90 compilation,  -O2 -fg77-calls 
FAIL: gfortran.fortran-torture/execute/intrinsic_size.f90 compilation,  -O3 -g 
FAIL: gfortran.fortran-torture/execute/intrinsic_size.f90 compilation,  -Os 
FAIL: gfortran.fortran-torture/execute/intrinsic_spacing.f90 compilation,  -O0 
FAIL: gfortran.fortran-torture/execute/intrinsic_spacing.f90 compilation,  -O1 
FAIL: gfortran.fortran-torture/execute/intrinsic_spacing.f90 compilation,  -O2 
FAIL: gfortran.fortran-torture/execute/intrinsic_spacing.f90 compilation,  -O2 -fomit-frame-pointer -finline-functions 
FAIL: gfortran.fortran-torture/execute/intrinsic_spacing.f90 compilation,  -O2 -fomit-frame-pointer -finline-functions -funroll-loops 
FAIL: gfortran.fortran-torture/execute/intrinsic_spacing.f90 compilation,  -O2 -fomit-frame-pointer -finline-functions -funroll-all-loops 
FAIL: gfortran.fortran-torture/execute/intrinsic_spacing.f90 compilation,  -O2 -fno-repack-arrays 
FAIL: gfortran.fortran-torture/execute/intrinsic_spacing.f90 compilation,  -O2 -fg77-calls 
FAIL: gfortran.fortran-torture/execute/intrinsic_spacing.f90 compilation,  -O3 -g 
FAIL: gfortran.fortran-torture/execute/intrinsic_spacing.f90 compilation,  -Os 
FAIL: gfortran.fortran-torture/execute/intrinsic_spread.f90 compilation,  -O0 
FAIL: gfortran.fortran-torture/execute/intrinsic_spread.f90 compilation,  -O1 
FAIL: gfortran.fortran-torture/execute/intrinsic_spread.f90 compilation,  -O2 
FAIL: gfortran.fortran-torture/execute/intrinsic_spread.f90 compilation,  -O2 -fomit-frame-pointer -finline-functions 
FAIL: gfortran.fortran-torture/execute/intrinsic_spread.f90 compilation,  -O2 -fomit-frame-pointer -finline-functions -funroll-loops 
FAIL: gfortran.fortran-torture/execute/intrinsic_spread.f90 compilation,  -O2 -fomit-frame-pointer -finline-functions -funroll-all-loops 
FAIL: gfortran.fortran-torture/execute/intrinsic_spread.f90 compilation,  -O2 -fno-repack-arrays 
FAIL: gfortran.fortran-torture/execute/intrinsic_spread.f90 compilation,  -O2 -fg77-calls 
FAIL: gfortran.fortran-torture/execute/intrinsic_spread.f90 compilation,  -O3 -g 
FAIL: gfortran.fortran-torture/execute/intrinsic_spread.f90 compilation,  -Os 
FAIL: gfortran.fortran-torture/execute/intrinsic_sr_kind.f90 compilation,  -O0 
FAIL: gfortran.fortran-torture/execute/intrinsic_sr_kind.f90 compilation,  -O1 
FAIL: gfortran.fortran-torture/execute/intrinsic_sr_kind.f90 compilation,  -O2 
FAIL: gfortran.fortran-torture/execute/intrinsic_sr_kind.f90 compilation,  -O2 -fomit-frame-pointer -finline-functions 
FAIL: gfortran.fortran-torture/execute/intrinsic_sr_kind.f90 compilation,  -O2 -fomit-frame-pointer -finline-functions -funroll-loops 
FAIL: gfortran.fortran-torture/execute/intrinsic_sr_kind.f90 compilation,  -O2 -fomit-frame-pointer -finline-functions -funroll-all-loops 
FAIL: gfortran.fortran-torture/execute/intrinsic_sr_kind.f90 compilation,  -O2 -fno-repack-arrays 
FAIL: gfortran.fortran-torture/execute/intrinsic_sr_kind.f90 compilation,  -O2 -fg77-calls 
FAIL: gfortran.fortran-torture/execute/intrinsic_sr_kind.f90 compilation,  -O3 -g 
FAIL: gfortran.fortran-torture/execute/intrinsic_sr_kind.f90 compilation,  -Os 
FAIL: gfortran.fortran-torture/execute/intrinsic_sum.f90 compilation,  -O0 
FAIL: gfortran.fortran-torture/execute/intrinsic_sum.f90 compilation,  -O1 
FAIL: gfortran.fortran-torture/execute/intrinsic_sum.f90 compilation,  -O2 
FAIL: gfortran.fortran-torture/execute/intrinsic_sum.f90 compilation,  -O2 -fomit-frame-pointer -finline-functions 
FAIL: gfortran.fortran-torture/execute/intrinsic_sum.f90 compilation,  -O2 -fomit-frame-pointer -finline-functions -funroll-loops 
FAIL: gfortran.fortran-torture/execute/intrinsic_sum.f90 compilation,  -O2 -fomit-frame-pointer -finline-functions -funroll-all-loops 
FAIL: gfortran.fortran-torture/execute/intrinsic_sum.f90 compilation,  -O2 -fno-repack-arrays 
FAIL: gfortran.fortran-torture/execute/intrinsic_sum.f90 compilation,  -O2 -fg77-calls 
FAIL: gfortran.fortran-torture/execute/intrinsic_sum.f90 compilation,  -O3 -g 
FAIL: gfortran.fortran-torture/execute/intrinsic_sum.f90 compilation,  -Os 
FAIL: gfortran.fortran-torture/execute/intrinsic_transpose.f90 compilation,  -O0 
FAIL: gfortran.fortran-torture/execute/intrinsic_transpose.f90 compilation,  -O1 
FAIL: gfortran.fortran-torture/execute/intrinsic_transpose.f90 compilation,  -O2 
FAIL: gfortran.fortran-torture/execute/intrinsic_transpose.f90 compilation,  -O2 -fomit-frame-pointer -finline-functions 
FAIL: gfortran.fortran-torture/execute/intrinsic_transpose.f90 compilation,  -O2 -fomit-frame-pointer -finline-functions -funroll-loops 
FAIL: gfortran.fortran-torture/execute/intrinsic_transpose.f90 compilation,  -O2 -fomit-frame-pointer -finline-functions -funroll-all-loops 
FAIL: gfortran.fortran-torture/execute/intrinsic_transpose.f90 compilation,  -O2 -fno-repack-arrays 
FAIL: gfortran.fortran-torture/execute/intrinsic_transpose.f90 compilation,  -O2 -fg77-calls 
FAIL: gfortran.fortran-torture/execute/intrinsic_transpose.f90 compilation,  -O3 -g 
FAIL: gfortran.fortran-torture/execute/intrinsic_transpose.f90 compilation,  -Os 
FAIL: gfortran.fortran-torture/execute/intrinsic_trim.f90 compilation,  -O0 
FAIL: gfortran.fortran-torture/execute/intrinsic_trim.f90 compilation,  -O1 
FAIL: gfortran.fortran-torture/execute/intrinsic_trim.f90 compilation,  -O2 
FAIL: gfortran.fortran-torture/execute/intrinsic_trim.f90 compilation,  -O2 -fomit-frame-pointer -finline-functions 
FAIL: gfortran.fortran-torture/execute/intrinsic_trim.f90 compilation,  -O2 -fomit-frame-pointer -finline-functions -funroll-loops 
FAIL: gfortran.fortran-torture/execute/intrinsic_trim.f90 compilation,  -O2 -fomit-frame-pointer -finline-functions -funroll-all-loops 
FAIL: gfortran.fortran-torture/execute/intrinsic_trim.f90 compilation,  -O2 -fno-repack-arrays 
FAIL: gfortran.fortran-torture/execute/intrinsic_trim.f90 compilation,  -O2 -fg77-calls 
FAIL: gfortran.fortran-torture/execute/intrinsic_trim.f90 compilation,  -O3 -g 
FAIL: gfortran.fortran-torture/execute/intrinsic_trim.f90 compilation,  -Os 
FAIL: gfortran.fortran-torture/execute/intrinsic_unpack.f90 compilation,  -O0 
FAIL: gfortran.fortran-torture/execute/intrinsic_unpack.f90 compilation,  -O1 
FAIL: gfortran.fortran-torture/execute/intrinsic_unpack.f90 compilation,  -O2 
FAIL: gfortran.fortran-torture/execute/intrinsic_unpack.f90 compilation,  -O2 -fomit-frame-pointer -finline-functions 
FAIL: gfortran.fortran-torture/execute/intrinsic_unpack.f90 compilation,  -O2 -fomit-frame-pointer -finline-functions -funroll-loops 
FAIL: gfortran.fortran-torture/execute/intrinsic_unpack.f90 compilation,  -O2 -fomit-frame-pointer -finline-functions -funroll-all-loops 
FAIL: gfortran.fortran-torture/execute/intrinsic_unpack.f90 compilation,  -O2 -fno-repack-arrays 
FAIL: gfortran.fortran-torture/execute/intrinsic_unpack.f90 compilation,  -O2 -fg77-calls 
FAIL: gfortran.fortran-torture/execute/intrinsic_unpack.f90 compilation,  -O3 -g 
FAIL: gfortran.fortran-torture/execute/intrinsic_unpack.f90 compilation,  -Os 
FAIL: gfortran.fortran-torture/execute/logical_select_1.f90 compilation,  -O0 
FAIL: gfortran.fortran-torture/execute/logical_select_1.f90 compilation,  -O1 
FAIL: gfortran.fortran-torture/execute/logical_select_1.f90 compilation,  -O2 
FAIL: gfortran.fortran-torture/execute/logical_select_1.f90 compilation,  -O2 -fomit-frame-pointer -finline-functions 
FAIL: gfortran.fortran-torture/execute/logical_select_1.f90 compilation,  -O2 -fomit-frame-pointer -finline-functions -funroll-loops 
FAIL: gfortran.fortran-torture/execute/logical_select_1.f90 compilation,  -O2 -fomit-frame-pointer -finline-functions -funroll-all-loops 
FAIL: gfortran.fortran-torture/execute/logical_select_1.f90 compilation,  -O2 -fno-repack-arrays 
FAIL: gfortran.fortran-torture/execute/logical_select_1.f90 compilation,  -O2 -fg77-calls 
FAIL: gfortran.fortran-torture/execute/logical_select_1.f90 compilation,  -O3 -g 
FAIL: gfortran.fortran-torture/execute/logical_select_1.f90 compilation,  -Os 
FAIL: gfortran.fortran-torture/execute/mainsub.f90 compilation,  -O0 
FAIL: gfortran.fortran-torture/execute/mainsub.f90 compilation,  -O1 
FAIL: gfortran.fortran-torture/execute/mainsub.f90 compilation,  -O2 
FAIL: gfortran.fortran-torture/execute/mainsub.f90 compilation,  -O2 -fomit-frame-pointer -finline-functions 
FAIL: gfortran.fortran-torture/execute/mainsub.f90 compilation,  -O2 -fomit-frame-pointer -finline-functions -funroll-loops 
FAIL: gfortran.fortran-torture/execute/mainsub.f90 compilation,  -O2 -fomit-frame-pointer -finline-functions -funroll-all-loops 
FAIL: gfortran.fortran-torture/execute/mainsub.f90 compilation,  -O2 -fno-repack-arrays 
FAIL: gfortran.fortran-torture/execute/mainsub.f90 compilation,  -O2 -fg77-calls 
FAIL: gfortran.fortran-torture/execute/mainsub.f90 compilation,  -O3 -g 
FAIL: gfortran.fortran-torture/execute/mainsub.f90 compilation,  -Os 
FAIL: gfortran.fortran-torture/execute/math.f90 compilation,  -O0 
FAIL: gfortran.fortran-torture/execute/math.f90 compilation,  -O1 
FAIL: gfortran.fortran-torture/execute/math.f90 compilation,  -O2 
FAIL: gfortran.fortran-torture/execute/math.f90 compilation,  -O2 -fomit-frame-pointer -finline-functions 
FAIL: gfortran.fortran-torture/execute/math.f90 compilation,  -O2 -fomit-frame-pointer -finline-functions -funroll-loops 
FAIL: gfortran.fortran-torture/execute/math.f90 compilation,  -O2 -fomit-frame-pointer -finline-functions -funroll-all-loops 
FAIL: gfortran.fortran-torture/execute/math.f90 compilation,  -O2 -fno-repack-arrays 
FAIL: gfortran.fortran-torture/execute/math.f90 compilation,  -O2 -fg77-calls 
FAIL: gfortran.fortran-torture/execute/math.f90 compilation,  -O3 -g 
FAIL: gfortran.fortran-torture/execute/math.f90 compilation,  -Os 
FAIL: gfortran.fortran-torture/execute/module_interface.f90 compilation,  -O0 
FAIL: gfortran.fortran-torture/execute/module_interface.f90 compilation,  -O1 
FAIL: gfortran.fortran-torture/execute/module_interface.f90 compilation,  -O2 
FAIL: gfortran.fortran-torture/execute/module_interface.f90 compilation,  -O2 -fomit-frame-pointer -finline-functions 
FAIL: gfortran.fortran-torture/execute/module_interface.f90 compilation,  -O2 -fomit-frame-pointer -finline-functions -funroll-loops 
FAIL: gfortran.fortran-torture/execute/module_interface.f90 compilation,  -O2 -fomit-frame-pointer -finline-functions -funroll-all-loops 
FAIL: gfortran.fortran-torture/execute/module_interface.f90 compilation,  -O2 -fno-repack-arrays 
FAIL: gfortran.fortran-torture/execute/module_interface.f90 compilation,  -O2 -fg77-calls 
FAIL: gfortran.fortran-torture/execute/module_interface.f90 compilation,  -O3 -g 
FAIL: gfortran.fortran-torture/execute/module_interface.f90 compilation,  -Os 
FAIL: gfortran.fortran-torture/execute/module_interface_2.f90 compilation,  -O0 
FAIL: gfortran.fortran-torture/execute/module_interface_2.f90 compilation,  -O1 
FAIL: gfortran.fortran-torture/execute/module_interface_2.f90 compilation,  -O2 
FAIL: gfortran.fortran-torture/execute/module_interface_2.f90 compilation,  -O2 -fomit-frame-pointer -finline-functions 
FAIL: gfortran.fortran-torture/execute/module_interface_2.f90 compilation,  -O2 -fomit-frame-pointer -finline-functions -funroll-loops 
FAIL: gfortran.fortran-torture/execute/module_interface_2.f90 compilation,  -O2 -fomit-frame-pointer -finline-functions -funroll-all-loops 
FAIL: gfortran.fortran-torture/execute/module_interface_2.f90 compilation,  -O2 -fno-repack-arrays 
FAIL: gfortran.fortran-torture/execute/module_interface_2.f90 compilation,  -O2 -fg77-calls 
FAIL: gfortran.fortran-torture/execute/module_interface_2.f90 compilation,  -O3 -g 
FAIL: gfortran.fortran-torture/execute/module_interface_2.f90 compilation,  -Os 
FAIL: gfortran.fortran-torture/execute/mystery_proc.f90 compilation,  -O0 
FAIL: gfortran.fortran-torture/execute/mystery_proc.f90 compilation,  -O1 
FAIL: gfortran.fortran-torture/execute/mystery_proc.f90 compilation,  -O2 
FAIL: gfortran.fortran-torture/execute/mystery_proc.f90 compilation,  -O2 -fomit-frame-pointer -finline-functions 
FAIL: gfortran.fortran-torture/execute/mystery_proc.f90 compilation,  -O2 -fomit-frame-pointer -finline-functions -funroll-loops 
FAIL: gfortran.fortran-torture/execute/mystery_proc.f90 compilation,  -O2 -fomit-frame-pointer -finline-functions -funroll-all-loops 
FAIL: gfortran.fortran-torture/execute/mystery_proc.f90 compilation,  -O2 -fno-repack-arrays 
FAIL: gfortran.fortran-torture/execute/mystery_proc.f90 compilation,  -O2 -fg77-calls 
FAIL: gfortran.fortran-torture/execute/mystery_proc.f90 compilation,  -O3 -g 
FAIL: gfortran.fortran-torture/execute/mystery_proc.f90 compilation,  -Os 
FAIL: gfortran.fortran-torture/execute/nestcons.f90 compilation,  -O0 
FAIL: gfortran.fortran-torture/execute/nestcons.f90 compilation,  -O1 
FAIL: gfortran.fortran-torture/execute/nestcons.f90 compilation,  -O2 
FAIL: gfortran.fortran-torture/execute/nestcons.f90 compilation,  -O2 -fomit-frame-pointer -finline-functions 
FAIL: gfortran.fortran-torture/execute/nestcons.f90 compilation,  -O2 -fomit-frame-pointer -finline-functions -funroll-loops 
FAIL: gfortran.fortran-torture/execute/nestcons.f90 compilation,  -O2 -fomit-frame-pointer -finline-functions -funroll-all-loops 
FAIL: gfortran.fortran-torture/execute/nestcons.f90 compilation,  -O2 -fno-repack-arrays 
FAIL: gfortran.fortran-torture/execute/nestcons.f90 compilation,  -O2 -fg77-calls 
FAIL: gfortran.fortran-torture/execute/nestcons.f90 compilation,  -O3 -g 
FAIL: gfortran.fortran-torture/execute/nestcons.f90 compilation,  -Os 
FAIL: gfortran.fortran-torture/execute/parameter_1.f90 compilation,  -O0 
FAIL: gfortran.fortran-torture/execute/parameter_1.f90 compilation,  -O1 
FAIL: gfortran.fortran-torture/execute/parameter_1.f90 compilation,  -O2 
FAIL: gfortran.fortran-torture/execute/parameter_1.f90 compilation,  -O2 -fomit-frame-pointer -finline-functions 
FAIL: gfortran.fortran-torture/execute/parameter_1.f90 compilation,  -O2 -fomit-frame-pointer -finline-functions -funroll-loops 
FAIL: gfortran.fortran-torture/execute/parameter_1.f90 compilation,  -O2 -fomit-frame-pointer -finline-functions -funroll-all-loops 
FAIL: gfortran.fortran-torture/execute/parameter_1.f90 compilation,  -O2 -fno-repack-arrays 
FAIL: gfortran.fortran-torture/execute/parameter_1.f90 compilation,  -O2 -fg77-calls 
FAIL: gfortran.fortran-torture/execute/parameter_1.f90 compilation,  -O3 -g 
FAIL: gfortran.fortran-torture/execute/parameter_1.f90 compilation,  -Os 
FAIL: gfortran.fortran-torture/execute/partparm.f90 compilation,  -O0 
FAIL: gfortran.fortran-torture/execute/partparm.f90 compilation,  -O1 
FAIL: gfortran.fortran-torture/execute/partparm.f90 compilation,  -O2 
FAIL: gfortran.fortran-torture/execute/partparm.f90 compilation,  -O2 -fomit-frame-pointer -finline-functions 
FAIL: gfortran.fortran-torture/execute/partparm.f90 compilation,  -O2 -fomit-frame-pointer -finline-functions -funroll-loops 
FAIL: gfortran.fortran-torture/execute/partparm.f90 compilation,  -O2 -fomit-frame-pointer -finline-functions -funroll-all-loops 
FAIL: gfortran.fortran-torture/execute/partparm.f90 compilation,  -O2 -fno-repack-arrays 
FAIL: gfortran.fortran-torture/execute/partparm.f90 compilation,  -O2 -fg77-calls 
FAIL: gfortran.fortran-torture/execute/partparm.f90 compilation,  -O3 -g 
FAIL: gfortran.fortran-torture/execute/partparm.f90 compilation,  -Os 
FAIL: gfortran.fortran-torture/execute/power.f90 compilation,  -O0 
FAIL: gfortran.fortran-torture/execute/power.f90 compilation,  -O1 
FAIL: gfortran.fortran-torture/execute/power.f90 compilation,  -O2 
FAIL: gfortran.fortran-torture/execute/power.f90 compilation,  -O2 -fomit-frame-pointer -finline-functions 
FAIL: gfortran.fortran-torture/execute/power.f90 compilation,  -O2 -fomit-frame-pointer -finline-functions -funroll-loops 
FAIL: gfortran.fortran-torture/execute/power.f90 compilation,  -O2 -fomit-frame-pointer -finline-functions -funroll-all-loops 
FAIL: gfortran.fortran-torture/execute/power.f90 compilation,  -O2 -fno-repack-arrays 
FAIL: gfortran.fortran-torture/execute/power.f90 compilation,  -O2 -fg77-calls 
FAIL: gfortran.fortran-torture/execute/power.f90 compilation,  -O3 -g 
FAIL: gfortran.fortran-torture/execute/power.f90 compilation,  -Os 
FAIL: gfortran.fortran-torture/execute/procarg.f90 compilation,  -O0 
FAIL: gfortran.fortran-torture/execute/procarg.f90 compilation,  -O1 
FAIL: gfortran.fortran-torture/execute/procarg.f90 compilation,  -O2 
FAIL: gfortran.fortran-torture/execute/procarg.f90 compilation,  -O2 -fomit-frame-pointer -finline-functions 
FAIL: gfortran.fortran-torture/execute/procarg.f90 compilation,  -O2 -fomit-frame-pointer -finline-functions -funroll-loops 
FAIL: gfortran.fortran-torture/execute/procarg.f90 compilation,  -O2 -fomit-frame-pointer -finline-functions -funroll-all-loops 
FAIL: gfortran.fortran-torture/execute/procarg.f90 compilation,  -O2 -fno-repack-arrays 
FAIL: gfortran.fortran-torture/execute/procarg.f90 compilation,  -O2 -fg77-calls 
FAIL: gfortran.fortran-torture/execute/procarg.f90 compilation,  -O3 -g 
FAIL: gfortran.fortran-torture/execute/procarg.f90 compilation,  -Os 
FAIL: gfortran.fortran-torture/execute/ptr.f90 compilation,  -O0 
FAIL: gfortran.fortran-torture/execute/ptr.f90 compilation,  -O1 
FAIL: gfortran.fortran-torture/execute/ptr.f90 compilation,  -O2 
FAIL: gfortran.fortran-torture/execute/ptr.f90 compilation,  -O2 -fomit-frame-pointer -finline-functions 
FAIL: gfortran.fortran-torture/execute/ptr.f90 compilation,  -O2 -fomit-frame-pointer -finline-functions -funroll-loops 
FAIL: gfortran.fortran-torture/execute/ptr.f90 compilation,  -O2 -fomit-frame-pointer -finline-functions -funroll-all-loops 
FAIL: gfortran.fortran-torture/execute/ptr.f90 compilation,  -O2 -fno-repack-arrays 
FAIL: gfortran.fortran-torture/execute/ptr.f90 compilation,  -O2 -fg77-calls 
FAIL: gfortran.fortran-torture/execute/ptr.f90 compilation,  -O3 -g 
FAIL: gfortran.fortran-torture/execute/ptr.f90 compilation,  -Os 
FAIL: gfortran.fortran-torture/execute/retarray.f90 compilation,  -O0 
FAIL: gfortran.fortran-torture/execute/retarray.f90 compilation,  -O1 
FAIL: gfortran.fortran-torture/execute/retarray.f90 compilation,  -O2 
FAIL: gfortran.fortran-torture/execute/retarray.f90 compilation,  -O2 -fomit-frame-pointer -finline-functions 
FAIL: gfortran.fortran-torture/execute/retarray.f90 compilation,  -O2 -fomit-frame-pointer -finline-functions -funroll-loops 
FAIL: gfortran.fortran-torture/execute/retarray.f90 compilation,  -O2 -fomit-frame-pointer -finline-functions -funroll-all-loops 
FAIL: gfortran.fortran-torture/execute/retarray.f90 compilation,  -O2 -fno-repack-arrays 
FAIL: gfortran.fortran-torture/execute/retarray.f90 compilation,  -O2 -fg77-calls 
FAIL: gfortran.fortran-torture/execute/retarray.f90 compilation,  -O3 -g 
FAIL: gfortran.fortran-torture/execute/retarray.f90 compilation,  -Os 
FAIL: gfortran.fortran-torture/execute/retarray_2.f90 compilation,  -O0 
FAIL: gfortran.fortran-torture/execute/retarray_2.f90 compilation,  -O1 
FAIL: gfortran.fortran-torture/execute/retarray_2.f90 compilation,  -O2 
FAIL: gfortran.fortran-torture/execute/retarray_2.f90 compilation,  -O2 -fomit-frame-pointer -finline-functions 
FAIL: gfortran.fortran-torture/execute/retarray_2.f90 compilation,  -O2 -fomit-frame-pointer -finline-functions -funroll-loops 
FAIL: gfortran.fortran-torture/execute/retarray_2.f90 compilation,  -O2 -fomit-frame-pointer -finline-functions -funroll-all-loops 
FAIL: gfortran.fortran-torture/execute/retarray_2.f90 compilation,  -O2 -fno-repack-arrays 
FAIL: gfortran.fortran-torture/execute/retarray_2.f90 compilation,  -O2 -fg77-calls 
FAIL: gfortran.fortran-torture/execute/retarray_2.f90 compilation,  -O3 -g 
FAIL: gfortran.fortran-torture/execute/retarray_2.f90 compilation,  -Os 
FAIL: gfortran.fortran-torture/execute/scalarize.f90 compilation,  -O0 
FAIL: gfortran.fortran-torture/execute/scalarize.f90 compilation,  -O1 
FAIL: gfortran.fortran-torture/execute/scalarize.f90 compilation,  -O2 
FAIL: gfortran.fortran-torture/execute/scalarize.f90 compilation,  -O2 -fomit-frame-pointer -finline-functions 
FAIL: gfortran.fortran-torture/execute/scalarize.f90 compilation,  -O2 -fomit-frame-pointer -finline-functions -funroll-loops 
FAIL: gfortran.fortran-torture/execute/scalarize.f90 compilation,  -O2 -fomit-frame-pointer -finline-functions -funroll-all-loops 
FAIL: gfortran.fortran-torture/execute/scalarize.f90 compilation,  -O2 -fno-repack-arrays 
FAIL: gfortran.fortran-torture/execute/scalarize.f90 compilation,  -O2 -fg77-calls 
FAIL: gfortran.fortran-torture/execute/scalarize.f90 compilation,  -O3 -g 
FAIL: gfortran.fortran-torture/execute/scalarize.f90 compilation,  -Os 
FAIL: gfortran.fortran-torture/execute/scalarize2.f90 compilation,  -O0 
FAIL: gfortran.fortran-torture/execute/scalarize2.f90 compilation,  -O1 
FAIL: gfortran.fortran-torture/execute/scalarize2.f90 compilation,  -O2 
FAIL: gfortran.fortran-torture/execute/scalarize2.f90 compilation,  -O2 -fomit-frame-pointer -finline-functions 
FAIL: gfortran.fortran-torture/execute/scalarize2.f90 compilation,  -O2 -fomit-frame-pointer -finline-functions -funroll-loops 
FAIL: gfortran.fortran-torture/execute/scalarize2.f90 compilation,  -O2 -fomit-frame-pointer -finline-functions -funroll-all-loops 
FAIL: gfortran.fortran-torture/execute/scalarize2.f90 compilation,  -O2 -fno-repack-arrays 
FAIL: gfortran.fortran-torture/execute/scalarize2.f90 compilation,  -O2 -fg77-calls 
FAIL: gfortran.fortran-torture/execute/scalarize2.f90 compilation,  -O3 -g 
FAIL: gfortran.fortran-torture/execute/scalarize2.f90 compilation,  -Os 
FAIL: gfortran.fortran-torture/execute/scalarize3.f90 compilation,  -O0 
FAIL: gfortran.fortran-torture/execute/scalarize3.f90 compilation,  -O1 
FAIL: gfortran.fortran-torture/execute/scalarize3.f90 compilation,  -O2 
FAIL: gfortran.fortran-torture/execute/scalarize3.f90 compilation,  -O2 -fomit-frame-pointer -finline-functions 
FAIL: gfortran.fortran-torture/execute/scalarize3.f90 compilation,  -O2 -fomit-frame-pointer -finline-functions -funroll-loops 
FAIL: gfortran.fortran-torture/execute/scalarize3.f90 compilation,  -O2 -fomit-frame-pointer -finline-functions -funroll-all-loops 
FAIL: gfortran.fortran-torture/execute/scalarize3.f90 compilation,  -O2 -fno-repack-arrays 
FAIL: gfortran.fortran-torture/execute/scalarize3.f90 compilation,  -O2 -fg77-calls 
FAIL: gfortran.fortran-torture/execute/scalarize3.f90 compilation,  -O3 -g 
FAIL: gfortran.fortran-torture/execute/scalarize3.f90 compilation,  -Os 
FAIL: gfortran.fortran-torture/execute/specifics.f90 compilation,  -O0 
FAIL: gfortran.fortran-torture/execute/specifics.f90 compilation,  -O1 
FAIL: gfortran.fortran-torture/execute/specifics.f90 compilation,  -O2 
FAIL: gfortran.fortran-torture/execute/specifics.f90 compilation,  -O2 -fomit-frame-pointer -finline-functions 
FAIL: gfortran.fortran-torture/execute/specifics.f90 compilation,  -O2 -fomit-frame-pointer -finline-functions -funroll-loops 
FAIL: gfortran.fortran-torture/execute/specifics.f90 compilation,  -O2 -fomit-frame-pointer -finline-functions -funroll-all-loops 
FAIL: gfortran.fortran-torture/execute/specifics.f90 compilation,  -O2 -fno-repack-arrays 
FAIL: gfortran.fortran-torture/execute/specifics.f90 compilation,  -O2 -fg77-calls 
FAIL: gfortran.fortran-torture/execute/specifics.f90 compilation,  -O3 -g 
FAIL: gfortran.fortran-torture/execute/specifics.f90 compilation,  -Os 
FAIL: gfortran.fortran-torture/execute/st_function.f90 compilation,  -O0 
FAIL: gfortran.fortran-torture/execute/st_function.f90 compilation,  -O1 
FAIL: gfortran.fortran-torture/execute/st_function.f90 compilation,  -O2 
FAIL: gfortran.fortran-torture/execute/st_function.f90 compilation,  -O2 -fomit-frame-pointer -finline-functions 
FAIL: gfortran.fortran-torture/execute/st_function.f90 compilation,  -O2 -fomit-frame-pointer -finline-functions -funroll-loops 
FAIL: gfortran.fortran-torture/execute/st_function.f90 compilation,  -O2 -fomit-frame-pointer -finline-functions -funroll-all-loops 
FAIL: gfortran.fortran-torture/execute/st_function.f90 compilation,  -O2 -fno-repack-arrays 
FAIL: gfortran.fortran-torture/execute/st_function.f90 compilation,  -O2 -fg77-calls 
FAIL: gfortran.fortran-torture/execute/st_function.f90 compilation,  -O3 -g 
FAIL: gfortran.fortran-torture/execute/st_function.f90 compilation,  -Os 
FAIL: gfortran.fortran-torture/execute/stack_varsize.f90 compilation,  -O0 
FAIL: gfortran.fortran-torture/execute/stack_varsize.f90 compilation,  -O1 
FAIL: gfortran.fortran-torture/execute/stack_varsize.f90 compilation,  -O2 
FAIL: gfortran.fortran-torture/execute/stack_varsize.f90 compilation,  -O2 -fomit-frame-pointer -finline-functions 
FAIL: gfortran.fortran-torture/execute/stack_varsize.f90 compilation,  -O2 -fomit-frame-pointer -finline-functions -funroll-loops 
FAIL: gfortran.fortran-torture/execute/stack_varsize.f90 compilation,  -O2 -fomit-frame-pointer -finline-functions -funroll-all-loops 
FAIL: gfortran.fortran-torture/execute/stack_varsize.f90 compilation,  -O2 -fno-repack-arrays 
FAIL: gfortran.fortran-torture/execute/stack_varsize.f90 compilation,  -O2 -fg77-calls 
FAIL: gfortran.fortran-torture/execute/stack_varsize.f90 compilation,  -O3 -g 
FAIL: gfortran.fortran-torture/execute/stack_varsize.f90 compilation,  -Os 
FAIL: gfortran.fortran-torture/execute/straret.f90 compilation,  -O0 
FAIL: gfortran.fortran-torture/execute/straret.f90 compilation,  -O1 
FAIL: gfortran.fortran-torture/execute/straret.f90 compilation,  -O2 
FAIL: gfortran.fortran-torture/execute/straret.f90 compilation,  -O2 -fomit-frame-pointer -finline-functions 
FAIL: gfortran.fortran-torture/execute/straret.f90 compilation,  -O2 -fomit-frame-pointer -finline-functions -funroll-loops 
FAIL: gfortran.fortran-torture/execute/straret.f90 compilation,  -O2 -fomit-frame-pointer -finline-functions -funroll-all-loops 
FAIL: gfortran.fortran-torture/execute/straret.f90 compilation,  -O2 -fno-repack-arrays 
FAIL: gfortran.fortran-torture/execute/straret.f90 compilation,  -O2 -fg77-calls 
FAIL: gfortran.fortran-torture/execute/straret.f90 compilation,  -O3 -g 
FAIL: gfortran.fortran-torture/execute/straret.f90 compilation,  -Os 
FAIL: gfortran.fortran-torture/execute/strcmp.f90 compilation,  -O0 
FAIL: gfortran.fortran-torture/execute/strcmp.f90 compilation,  -O1 
FAIL: gfortran.fortran-torture/execute/strcmp.f90 compilation,  -O2 
FAIL: gfortran.fortran-torture/execute/strcmp.f90 compilation,  -O2 -fomit-frame-pointer -finline-functions 
FAIL: gfortran.fortran-torture/execute/strcmp.f90 compilation,  -O2 -fomit-frame-pointer -finline-functions -funroll-loops 
FAIL: gfortran.fortran-torture/execute/strcmp.f90 compilation,  -O2 -fomit-frame-pointer -finline-functions -funroll-all-loops 
FAIL: gfortran.fortran-torture/execute/strcmp.f90 compilation,  -O2 -fno-repack-arrays 
FAIL: gfortran.fortran-torture/execute/strcmp.f90 compilation,  -O2 -fg77-calls 
FAIL: gfortran.fortran-torture/execute/strcmp.f90 compilation,  -O3 -g 
FAIL: gfortran.fortran-torture/execute/strcmp.f90 compilation,  -Os 
FAIL: gfortran.fortran-torture/execute/string.f90 compilation,  -O0 
FAIL: gfortran.fortran-torture/execute/string.f90 compilation,  -O1 
FAIL: gfortran.fortran-torture/execute/string.f90 compilation,  -O2 
FAIL: gfortran.fortran-torture/execute/string.f90 compilation,  -O2 -fomit-frame-pointer -finline-functions 
FAIL: gfortran.fortran-torture/execute/string.f90 compilation,  -O2 -fomit-frame-pointer -finline-functions -funroll-loops 
FAIL: gfortran.fortran-torture/execute/string.f90 compilation,  -O2 -fomit-frame-pointer -finline-functions -funroll-all-loops 
FAIL: gfortran.fortran-torture/execute/string.f90 compilation,  -O2 -fno-repack-arrays 
FAIL: gfortran.fortran-torture/execute/string.f90 compilation,  -O2 -fg77-calls 
FAIL: gfortran.fortran-torture/execute/string.f90 compilation,  -O3 -g 
FAIL: gfortran.fortran-torture/execute/string.f90 compilation,  -Os 
FAIL: gfortran.fortran-torture/execute/strlen.f90 compilation,  -O0 
FAIL: gfortran.fortran-torture/execute/strlen.f90 compilation,  -O1 
FAIL: gfortran.fortran-torture/execute/strlen.f90 compilation,  -O2 
FAIL: gfortran.fortran-torture/execute/strlen.f90 compilation,  -O2 -fomit-frame-pointer -finline-functions 
FAIL: gfortran.fortran-torture/execute/strlen.f90 compilation,  -O2 -fomit-frame-pointer -finline-functions -funroll-loops 
FAIL: gfortran.fortran-torture/execute/strlen.f90 compilation,  -O2 -fomit-frame-pointer -finline-functions -funroll-all-loops 
FAIL: gfortran.fortran-torture/execute/strlen.f90 compilation,  -O2 -fno-repack-arrays 
FAIL: gfortran.fortran-torture/execute/strlen.f90 compilation,  -O2 -fg77-calls 
FAIL: gfortran.fortran-torture/execute/strlen.f90 compilation,  -O3 -g 
FAIL: gfortran.fortran-torture/execute/strlen.f90 compilation,  -Os 
FAIL: gfortran.fortran-torture/execute/strret.f90 compilation,  -O0 
FAIL: gfortran.fortran-torture/execute/strret.f90 compilation,  -O1 
FAIL: gfortran.fortran-torture/execute/strret.f90 compilation,  -O2 
FAIL: gfortran.fortran-torture/execute/strret.f90 compilation,  -O2 -fomit-frame-pointer -finline-functions 
FAIL: gfortran.fortran-torture/execute/strret.f90 compilation,  -O2 -fomit-frame-pointer -finline-functions -funroll-loops 
FAIL: gfortran.fortran-torture/execute/strret.f90 compilation,  -O2 -fomit-frame-pointer -finline-functions -funroll-all-loops 
FAIL: gfortran.fortran-torture/execute/strret.f90 compilation,  -O2 -fno-repack-arrays 
FAIL: gfortran.fortran-torture/execute/strret.f90 compilation,  -O2 -fg77-calls 
FAIL: gfortran.fortran-torture/execute/strret.f90 compilation,  -O3 -g 
FAIL: gfortran.fortran-torture/execute/strret.f90 compilation,  -Os 
FAIL: gfortran.fortran-torture/execute/test_slice.f90 compilation,  -O0 
FAIL: gfortran.fortran-torture/execute/test_slice.f90 compilation,  -O1 
FAIL: gfortran.fortran-torture/execute/test_slice.f90 compilation,  -O2 
FAIL: gfortran.fortran-torture/execute/test_slice.f90 compilation,  -O2 -fomit-frame-pointer -finline-functions 
FAIL: gfortran.fortran-torture/execute/test_slice.f90 compilation,  -O2 -fomit-frame-pointer -finline-functions -funroll-loops 
FAIL: gfortran.fortran-torture/execute/test_slice.f90 compilation,  -O2 -fomit-frame-pointer -finline-functions -funroll-all-loops 
FAIL: gfortran.fortran-torture/execute/test_slice.f90 compilation,  -O2 -fno-repack-arrays 
FAIL: gfortran.fortran-torture/execute/test_slice.f90 compilation,  -O2 -fg77-calls 
FAIL: gfortran.fortran-torture/execute/test_slice.f90 compilation,  -O3 -g 
FAIL: gfortran.fortran-torture/execute/test_slice.f90 compilation,  -Os 
FAIL: gfortran.fortran-torture/execute/userop.f90 compilation,  -O0 
FAIL: gfortran.fortran-torture/execute/userop.f90 compilation,  -O1 
FAIL: gfortran.fortran-torture/execute/userop.f90 compilation,  -O2 
FAIL: gfortran.fortran-torture/execute/userop.f90 compilation,  -O2 -fomit-frame-pointer -finline-functions 
FAIL: gfortran.fortran-torture/execute/userop.f90 compilation,  -O2 -fomit-frame-pointer -finline-functions -funroll-loops 
FAIL: gfortran.fortran-torture/execute/userop.f90 compilation,  -O2 -fomit-frame-pointer -finline-functions -funroll-all-loops 
FAIL: gfortran.fortran-torture/execute/userop.f90 compilation,  -O2 -fno-repack-arrays 
FAIL: gfortran.fortran-torture/execute/userop.f90 compilation,  -O2 -fg77-calls 
FAIL: gfortran.fortran-torture/execute/userop.f90 compilation,  -O3 -g 
FAIL: gfortran.fortran-torture/execute/userop.f90 compilation,  -Os 
FAIL: gfortran.fortran-torture/execute/where_1.f90 compilation,  -O0 
FAIL: gfortran.fortran-torture/execute/where_1.f90 compilation,  -O1 
FAIL: gfortran.fortran-torture/execute/where_1.f90 compilation,  -O2 
FAIL: gfortran.fortran-torture/execute/where_1.f90 compilation,  -O2 -fomit-frame-pointer -finline-functions 
FAIL: gfortran.fortran-torture/execute/where_1.f90 compilation,  -O2 -fomit-frame-pointer -finline-functions -funroll-loops 
FAIL: gfortran.fortran-torture/execute/where_1.f90 compilation,  -O2 -fomit-frame-pointer -finline-functions -funroll-all-loops 
FAIL: gfortran.fortran-torture/execute/where_1.f90 compilation,  -O2 -fno-repack-arrays 
FAIL: gfortran.fortran-torture/execute/where_1.f90 compilation,  -O2 -fg77-calls 
FAIL: gfortran.fortran-torture/execute/where_1.f90 compilation,  -O3 -g 
FAIL: gfortran.fortran-torture/execute/where_1.f90 compilation,  -Os 
FAIL: gfortran.fortran-torture/execute/where_2.f90 compilation,  -O0 
FAIL: gfortran.fortran-torture/execute/where_2.f90 compilation,  -O1 
FAIL: gfortran.fortran-torture/execute/where_2.f90 compilation,  -O2 
FAIL: gfortran.fortran-torture/execute/where_2.f90 compilation,  -O2 -fomit-frame-pointer -finline-functions 
FAIL: gfortran.fortran-torture/execute/where_2.f90 compilation,  -O2 -fomit-frame-pointer -finline-functions -funroll-loops 
FAIL: gfortran.fortran-torture/execute/where_2.f90 compilation,  -O2 -fomit-frame-pointer -finline-functions -funroll-all-loops 
FAIL: gfortran.fortran-torture/execute/where_2.f90 compilation,  -O2 -fno-repack-arrays 
FAIL: gfortran.fortran-torture/execute/where_2.f90 compilation,  -O2 -fg77-calls 
FAIL: gfortran.fortran-torture/execute/where_2.f90 compilation,  -O3 -g 
FAIL: gfortran.fortran-torture/execute/where_2.f90 compilation,  -Os 
FAIL: gfortran.fortran-torture/execute/where_3.f90 compilation,  -O0 
FAIL: gfortran.fortran-torture/execute/where_3.f90 compilation,  -O1 
FAIL: gfortran.fortran-torture/execute/where_3.f90 compilation,  -O2 
FAIL: gfortran.fortran-torture/execute/where_3.f90 compilation,  -O2 -fomit-frame-pointer -finline-functions 
FAIL: gfortran.fortran-torture/execute/where_3.f90 compilation,  -O2 -fomit-frame-pointer -finline-functions -funroll-loops 
FAIL: gfortran.fortran-torture/execute/where_3.f90 compilation,  -O2 -fomit-frame-pointer -finline-functions -funroll-all-loops 
FAIL: gfortran.fortran-torture/execute/where_3.f90 compilation,  -O2 -fno-repack-arrays 
FAIL: gfortran.fortran-torture/execute/where_3.f90 compilation,  -O2 -fg77-calls 
FAIL: gfortran.fortran-torture/execute/where_3.f90 compilation,  -O3 -g 
FAIL: gfortran.fortran-torture/execute/where_3.f90 compilation,  -Os 
FAIL: gfortran.fortran-torture/execute/where_4.f90 compilation,  -O0 
FAIL: gfortran.fortran-torture/execute/where_4.f90 compilation,  -O1 
FAIL: gfortran.fortran-torture/execute/where_4.f90 compilation,  -O2 
FAIL: gfortran.fortran-torture/execute/where_4.f90 compilation,  -O2 -fomit-frame-pointer -finline-functions 
FAIL: gfortran.fortran-torture/execute/where_4.f90 compilation,  -O2 -fomit-frame-pointer -finline-functions -funroll-loops 
FAIL: gfortran.fortran-torture/execute/where_4.f90 compilation,  -O2 -fomit-frame-pointer -finline-functions -funroll-all-loops 
FAIL: gfortran.fortran-torture/execute/where_4.f90 compilation,  -O2 -fno-repack-arrays 
FAIL: gfortran.fortran-torture/execute/where_4.f90 compilation,  -O2 -fg77-calls 
FAIL: gfortran.fortran-torture/execute/where_4.f90 compilation,  -O3 -g 
FAIL: gfortran.fortran-torture/execute/where_4.f90 compilation,  -Os 
FAIL: gfortran.fortran-torture/execute/where_5.f90 compilation,  -O0 
FAIL: gfortran.fortran-torture/execute/where_5.f90 compilation,  -O1 
FAIL: gfortran.fortran-torture/execute/where_5.f90 compilation,  -O2 
FAIL: gfortran.fortran-torture/execute/where_5.f90 compilation,  -O2 -fomit-frame-pointer -finline-functions 
FAIL: gfortran.fortran-torture/execute/where_5.f90 compilation,  -O2 -fomit-frame-pointer -finline-functions -funroll-loops 
FAIL: gfortran.fortran-torture/execute/where_5.f90 compilation,  -O2 -fomit-frame-pointer -finline-functions -funroll-all-loops 
FAIL: gfortran.fortran-torture/execute/where_5.f90 compilation,  -O2 -fno-repack-arrays 
FAIL: gfortran.fortran-torture/execute/where_5.f90 compilation,  -O2 -fg77-calls 
FAIL: gfortran.fortran-torture/execute/where_5.f90 compilation,  -O3 -g 
FAIL: gfortran.fortran-torture/execute/where_5.f90 compilation,  -Os 
FAIL: gfortran.fortran-torture/execute/where_6.f90 compilation,  -O0 
FAIL: gfortran.fortran-torture/execute/where_6.f90 compilation,  -O1 
FAIL: gfortran.fortran-torture/execute/where_6.f90 compilation,  -O2 
FAIL: gfortran.fortran-torture/execute/where_6.f90 compilation,  -O2 -fomit-frame-pointer -finline-functions 
FAIL: gfortran.fortran-torture/execute/where_6.f90 compilation,  -O2 -fomit-frame-pointer -finline-functions -funroll-loops 
FAIL: gfortran.fortran-torture/execute/where_6.f90 compilation,  -O2 -fomit-frame-pointer -finline-functions -funroll-all-loops 
FAIL: gfortran.fortran-torture/execute/where_6.f90 compilation,  -O2 -fno-repack-arrays 
FAIL: gfortran.fortran-torture/execute/where_6.f90 compilation,  -O2 -fg77-calls 
FAIL: gfortran.fortran-torture/execute/where_6.f90 compilation,  -O3 -g 
FAIL: gfortran.fortran-torture/execute/where_6.f90 compilation,  -Os 

		=== gfortran Summary ===

# of unexpected failures	1420
# of untested testcases		1140
/j/ljrittle/gcc-build-beast-0225/gcc/testsuite/../gfortran version 3.5-tree-ssa 20040225 (merged 20040211)

		=== objc tests ===


Running target unix/-pthread
FAIL: objc.dg/proto-lossage-3.m execution test

		=== objc Summary ===

# of expected passes		1340
# of unexpected failures	1
# of unsupported tests		8
/j/ljrittle/gcc-build-beast-0225/gcc/xgcc version 3.5-tree-ssa 20040225 (merged 20040211)


Compiler version: 3.5-tree-ssa 20040225 (merged 20040211) 
Platform: alpha-unknown-freebsd5.2
configure flags: --prefix=/home/ljrittle/beast/tmp/install-beast --with-gmp=/home/ljrittle/beast --with-gnu-as --with-as=/usr/bin/as --with-gnu-ld --with-ld=/usr/bin/ld --with-libbanshee
BOOT_CFLAGS=-g -O2
Key: gmake is GNU make
     srcdir means in-source configuration was done within the gcc source tree
     objdir means out-source configuration was done within a fresh directory
See http://people.freebsd.org/~ljrittle/daily-gcc-bootstrap-reports
for all related transcript logs and log.sent files (not staged
until after all daily bootstraps for a machine complete).


Index Nav: [Date Index] [Subject Index] [Author Index] [Thread Index]
Message Nav: [Date Prev] [Date Next] [Thread Prev] [Thread Next]