This is the mail archive of the
gcc-testresults@gcc.gnu.org
mailing list for the GCC project.
Results for 3.5.0 20040224 (experimental) testsuite on mips-sgi-irix6.5
- From: "Kaveh R. Ghazi" <ghazi at caip dot rutgers dot edu>
- To: gcc-testresults at gcc dot gnu dot org
- Date: Tue, 24 Feb 2004 18:07:49 -0500 (EST)
- Subject: Results for 3.5.0 20040224 (experimental) testsuite on mips-sgi-irix6.5
LAST_UPDATED:
Native configuration is mips-sgi-irix6.5
=== g++ tests ===
Running target unix
FAIL: g++.dg/expr/anew1.C execution test
FAIL: g++.dg/expr/anew2.C execution test
FAIL: g++.dg/expr/anew3.C execution test
FAIL: g++.dg/expr/anew4.C execution test
FAIL: g++.dg/pch/system-1.C -g assembly comparison
FAIL: g++.dg/pch/system-2.C -g assembly comparison
XPASS: g++.old-deja/g++.jason/thunk3.C execution test
WARNING: g++.old-deja/g++.mike/p10769a.C compilation failed to produce executable
WARNING: g++.old-deja/g++.other/enum5.C compilation failed to produce executable
WARNING: g++.old-deja/g++.pt/friend44.C compilation failed to produce executable
=== g++ Summary ===
# of expected passes 9197
# of unexpected failures 6
# of unexpected successes 1
# of expected failures 79
# of unsupported tests 75
/caip/u58/ghazi/gcc-testing/build/gcc/testsuite/../g++ version 3.5.0 20040224 (experimental)
=== g77 tests ===
Running target unix
=== g77 Summary ===
# of expected passes 1788
# of unsupported tests 6
/caip/u58/ghazi/gcc-testing/build/gcc/testsuite/../g77 version 3.5.0 20040224 (experimental)
=== gcc tests ===
Running target unix
FAIL: gcc.dg/builtins-18.c (test for excess errors)
FAIL: gcc.dg/builtins-20.c (test for excess errors)
FAIL: gcc.dg/builtins-32.c execution test
XPASS: gcc.dg/sibcall-3.c execution test
XPASS: gcc.dg/sibcall-4.c execution test
UNRESOLVED: gcc.dg/visibility-1.c
UNRESOLVED: gcc.dg/visibility-2.c
UNRESOLVED: gcc.dg/visibility-3.c
UNRESOLVED: gcc.dg/visibility-4.c
UNRESOLVED: gcc.dg/visibility-5.c
UNRESOLVED: gcc.dg/visibility-6.c
UNRESOLVED: gcc.dg/visibility-7.c
UNRESOLVED: gcc.dg/visibility-8.c
=== gcc Summary ===
# of expected passes 24691
# of unexpected failures 3
# of unexpected successes 2
# of expected failures 67
# of unresolved testcases 8
# of untested testcases 7
# of unsupported tests 295
/caip/u58/ghazi/gcc-testing/build/gcc/xgcc version 3.5.0 20040224 (experimental)
=== objc tests ===
Running target unix
=== objc Summary ===
# of expected passes 1341
# of unsupported tests 8
/caip/u58/ghazi/gcc-testing/build/gcc/xgcc version 3.5.0 20040224 (experimental)
=== libstdc++ tests ===
Running target unix
FAIL: 22_locale/ctype/cons/char/1.cc execution test
FAIL: 23_containers/multiset/insert/1.cc execution test
FAIL: 23_containers/multiset/invalidation/2.cc execution test
FAIL: 23_containers/set/invalidation/2.cc execution test
=== libstdc++ Summary ===
# of expected passes 1902
# of unexpected failures 4
# of expected failures 1
# of unsupported tests 7
Compiler version: 3.5.0 20040224 (experimental)
Platform: mips-sgi-irix6.5
configure flags: --verbose --enable-languages=c,objc,c++,f77,java --with-included-gettext