This is the mail archive of the
gcc-testresults@gcc.gnu.org
mailing list for the GCC project.
Results for gcc acats testsuite on
- From: Eric Botcazou <eric at localhost dot localdomain>
- To: gcc-testresults at gcc dot gnu dot org
- Date: Tue, 24 Feb 2004 14:39:53 +0100
- Subject: Results for gcc acats testsuite on
LAST_UPDATED: Mon Feb 23 08:59:48 UTC 2004
=== acats tests ===
FAIL: c34005a
FAIL: c34005d
FAIL: c34005g
FAIL: c34005j
FAIL: cc3601a
FAIL: cxb3010
FAIL: cxb3014
FAIL: cxb3015
=== acats Summary ===
# of expected passes 2314
# of unexpected failures 8
Compiler version: gcc acats
Platform:
configure flags: --host=i586-redhat-linux-gnu --prefix=/home/eric/gnat/local --enable-languages=c,ada --enable-checking=misc,tree,rtlflag