This is the mail archive of the
gcc-testresults@gcc.gnu.org
mailing list for the GCC project.
Results for 3.3.3 testsuite on sparc-sun-solaris2.8
- From: Vinnie Shelton <shelton at graycliff dot icd dot teradyne dot com>
- To: gcc-testresults at gcc dot gnu dot org
- Date: Mon, 23 Feb 2004 15:29:23 -0500 (EST)
- Subject: Results for 3.3.3 testsuite on sparc-sun-solaris2.8
LAST_UPDATED:
Native configuration is sparc-sun-solaris2.8
=== g++ tests ===
Running target unix
=== g++ Summary ===
# of expected passes 8148
# of expected failures 97
# of untested testcases 21
# of unsupported tests 28
/u/shelton/software/SunOS-5.8/build/gcc-3.3.3/gcc/testsuite/../g++ version 3.3.3
=== gcc tests ===
Running target unix
WARNING: gcc.dg/20021014-1.c compilation failed to produce executable
FAIL: gcc.dg/duff-2.c (test for excess errors)
ERROR: tcl error sourcing /u/shelton/software/src/gcc-3.3.3/gcc/testsuite/gcc.misc-tests/linkage.exp.
ERROR: file: Couldn't find any magic files!
=== gcc Summary ===
# of expected passes 21484
# of unexpected failures 1
# of expected failures 67
# of unsupported tests 183
/u/shelton/software/SunOS-5.8/build/gcc-3.3.3/gcc/xgcc version 3.3.3
=== libstdc++-v3 tests ===
Running target unix
=== libstdc++-v3 Summary ===
# of expected passes 429
# of expected failures 18
Compiler version: 3.3.3
Platform: sparc-sun-solaris2.8
configure flags: --host=sparc-sun-solaris2.8 --prefix=/u/shelton/software/SunOS-5.8/gcc-3.3.3 --with-local_prefix= --disable-nls