This is the mail archive of the
gcc-testresults@gcc.gnu.org
mailing list for the GCC project.
Results for 3.4.0 20040221 (prerelease) testsuite on sparc-sun-solaris2.9
- From: Brad Lucier <lucier at math dot purdue dot edu>
- To: gcc-testresults at gcc dot gnu dot org
- Date: Sat, 21 Feb 2004 20:29:40 -0500 (EST)
- Subject: Results for 3.4.0 20040221 (prerelease) testsuite on sparc-sun-solaris2.9
LAST_UPDATED: Sat Feb 21 17:50:09 UTC 2004
Native configuration is sparc-sun-solaris2.9
=== g++ tests ===
Running target unix/-m64
FAIL: g++.dg/debug/debug7.C (test for errors, line 10)
FAIL: g++.dg/debug/debug7.C (test for excess errors)
WARNING: g++.dg/eh/simd-1.C compilation failed to produce executable
FAIL: g++.dg/eh/simd-2.C PR target/12916 (test for errors, line 15)
FAIL: g++.dg/eh/simd-2.C (test for excess errors)
WARNING: g++.dg/eh/simd-2.C compilation failed to produce executable
FAIL: g++.dg/expr/sizeof1.C (test for errors, line 5)
FAIL: g++.dg/expr/sizeof1.C (test for excess errors)
FAIL: g++.dg/parse/new2.C (test for errors, line 7)
FAIL: g++.dg/parse/new2.C (test for excess errors)
FAIL: g++.old-deja/g++.brendan/err-msg8.C (test for errors, line 3)
FAIL: g++.old-deja/g++.brendan/err-msg8.C (test for excess errors)
WARNING: g++.old-deja/g++.mike/p10769a.C compilation failed to produce executable
WARNING: g++.old-deja/g++.other/enum5.C compilation failed to produce executable
WARNING: g++.old-deja/g++.pt/friend44.C compilation failed to produce executable
=== g++ Summary for unix/-m64 ===
# of expected passes 9385
# of unexpected failures 10
# of expected failures 64
# of unsupported tests 67
Running target unix
FAIL: g++.dg/eh/simd-1.C (test for excess errors)
WARNING: g++.dg/eh/simd-1.C compilation failed to produce executable
FAIL: g++.dg/eh/simd-2.C (test for excess errors)
WARNING: g++.dg/eh/simd-2.C compilation failed to produce executable
FAIL: g++.dg/template/warn1.C (test for warnings, line 13)
FAIL: g++.dg/warn/Wswitch-2.C enum e4 (test for warnings, line 20)
FAIL: g++.dg/warn/Wswitch-2.C enum e1 (test for warnings, line 29)
FAIL: g++.dg/warn/format1.C printf warning (test for warnings, line 12)
FAIL: g++.dg/warn/format1.C scanf warning (test for warnings, line 14)
FAIL: g++.old-deja/g++.benjamin/17930.C (test for errors, line 6)
FAIL: g++.old-deja/g++.benjamin/17930.C (test for excess errors)
FAIL: g++.old-deja/g++.brendan/misc6.C (test for errors, line 9)
FAIL: g++.old-deja/g++.law/typeck4.C (test for errors, line 18)
FAIL: g++.old-deja/g++.law/typeck4.C (test for excess errors)
WARNING: g++.old-deja/g++.mike/p10769a.C compilation failed to produce executable
WARNING: g++.old-deja/g++.other/enum5.C compilation failed to produce executable
FAIL: g++.old-deja/g++.other/friend1.C (test for errors, line 82)
FAIL: g++.old-deja/g++.pt/crash65.C (test for errors, line 11)
FAIL: g++.old-deja/g++.pt/crash65.C (test for excess errors)
WARNING: g++.old-deja/g++.pt/friend44.C compilation failed to produce executable
=== g++ Summary for unix ===
# of expected passes 9380
# of unexpected failures 15
# of expected failures 64
# of unsupported tests 67
=== g++ Summary ===
# of expected passes 18765
# of unexpected failures 25
# of expected failures 128
# of unsupported tests 134
/export/mdd0/users/lucier/programs/gcc/3.4/objdir/gcc/testsuite/../g++ version 3.4.0 20040221 (prerelease)
=== g77 tests ===
Running target unix/-m64
=== g77 Summary for unix/-m64 ===
# of expected passes 1800
# of unsupported tests 6
Running target unix
=== g77 Summary for unix ===
# of expected passes 1800
# of unsupported tests 6
=== g77 Summary ===
# of expected passes 3600
# of unsupported tests 12
/export/mdd0/users/lucier/programs/gcc/3.4/objdir/gcc/testsuite/../g77 version 3.4.0 20040221 (prerelease)
=== gcc tests ===
Running target unix/-m64
UNRESOLVED: gcc.c-torture/execute/simd-4.c execution, -O0
UNRESOLVED: gcc.c-torture/execute/va-arg-25.c execution, -O0
UNRESOLVED: gcc.c-torture/execute/va-arg-25.c execution, -O1
UNRESOLVED: gcc.c-torture/execute/va-arg-25.c execution, -O2
UNRESOLVED: gcc.c-torture/execute/va-arg-25.c execution, -O3 -fomit-frame-pointer
UNRESOLVED: gcc.c-torture/execute/va-arg-25.c execution, -O3 -g
UNRESOLVED: gcc.c-torture/execute/va-arg-25.c execution, -Os
UNRESOLVED: gcc.dg/compat/vector-1 c_compat_x_tst.o-c_compat_y_tst.o link
UNRESOLVED: gcc.dg/compat/vector-1 c_compat_x_tst.o-c_compat_y_tst.o execute
UNRESOLVED: gcc.dg/compat/vector-2 c_compat_x_tst.o-c_compat_y_tst.o link
UNRESOLVED: gcc.dg/compat/vector-2 c_compat_x_tst.o-c_compat_y_tst.o execute
XPASS: gcc.dg/uninit-4.c uninitialized variable warning (test for bogus messages, line 26)
UNRESOLVED: gcc.dg/visibility-1.c
UNRESOLVED: gcc.dg/visibility-2.c
UNRESOLVED: gcc.dg/visibility-3.c
UNRESOLVED: gcc.dg/visibility-4.c
UNRESOLVED: gcc.dg/visibility-5.c
UNRESOLVED: gcc.dg/visibility-6.c
UNRESOLVED: gcc.dg/visibility-7.c
UNRESOLVED: gcc.dg/visibility-8.c
=== gcc Summary for unix/-m64 ===
# of expected passes 24684
# of unexpected successes 1
# of expected failures 84
# of unresolved testcases 19
# of untested testcases 7
# of unsupported tests 309
Running target unix
UNRESOLVED: gcc.c-torture/execute/simd-4.c execution, -O0
UNRESOLVED: gcc.dg/compat/vector-1 c_compat_x_tst.o-c_compat_y_tst.o link
UNRESOLVED: gcc.dg/compat/vector-1 c_compat_x_tst.o-c_compat_y_tst.o execute
UNRESOLVED: gcc.dg/compat/vector-2 c_compat_x_tst.o-c_compat_y_tst.o link
UNRESOLVED: gcc.dg/compat/vector-2 c_compat_x_tst.o-c_compat_y_tst.o execute
XPASS: gcc.dg/uninit-4.c uninitialized variable warning (test for bogus messages, line 26)
UNRESOLVED: gcc.dg/visibility-1.c
UNRESOLVED: gcc.dg/visibility-2.c
UNRESOLVED: gcc.dg/visibility-3.c
UNRESOLVED: gcc.dg/visibility-4.c
UNRESOLVED: gcc.dg/visibility-5.c
UNRESOLVED: gcc.dg/visibility-6.c
UNRESOLVED: gcc.dg/visibility-7.c
UNRESOLVED: gcc.dg/visibility-8.c
=== gcc Summary for unix ===
# of expected passes 24704
# of unexpected successes 1
# of expected failures 72
# of unresolved testcases 13
# of untested testcases 7
# of unsupported tests 309
=== gcc Summary ===
# of expected passes 49388
# of unexpected successes 2
# of expected failures 156
# of unresolved testcases 32
# of untested testcases 14
# of unsupported tests 618
/export/mdd0/users/lucier/programs/gcc/3.4/objdir/gcc/xgcc version 3.4.0 20040221 (prerelease)
=== objc tests ===
Running target unix/-m64
FAIL: objc.dg/comp-types-1.m (test for warnings, line 83)
=== objc Summary for unix/-m64 ===
# of expected passes 1340
# of unexpected failures 1
# of unsupported tests 8
Running target unix
=== objc Summary for unix ===
# of expected passes 1341
# of unsupported tests 8
=== objc Summary ===
# of expected passes 2681
# of unexpected failures 1
# of unsupported tests 16
=== libffi tests ===
Running target unix/-m64
=== libffi Summary for unix/-m64 ===
# of expected passes 212
# of unsupported tests 2
Running target unix
=== libffi Summary for unix ===
# of expected passes 212
# of unsupported tests 2
=== libffi Summary ===
# of expected passes 424
# of unsupported tests 4
=== libjava tests ===
Running target unix/-m64
ERROR: tcl error sourcing /homes/lucier/programs/gcc/3.4/libjava/testsuite/libjava.compile/compile.exp.
ERROR: can't read "x": no such variable
FAIL: linking simple
FAIL: cxxtest output
FAIL: Array_3 execution - gij test
FAIL: Array_3 execution - gij test
FAIL: FileHandleGcTest execution - source compiled test
FAIL: FileHandleGcTest execution - gij test
FAIL: FileHandleGcTest execution - bytecode->native test
FAIL: FileHandleGcTest -O3 execution - source compiled test
FAIL: FileHandleGcTest execution - gij test
FAIL: FileHandleGcTest -O3 execution - bytecode->native test
FAIL: Float_1 -O3 compilation from bytecode
FAIL: N19990310_5 -O3 compilation from bytecode
ERROR: No \`main' given in program PR160
UNRESOLVED: PR160 -O3 compilation from source
FAIL: PR5057_2 compilation from bytecode
FAIL: PR6085 compilation from bytecode
FAIL: StringBuffer_1 compilation from bytecode
ERROR: No \`main' given in program Thread_Interrupt
UNRESOLVED: Thread_Join compilation from source
WARNING: program timed out.
FAIL: Thread_Wait_2 execution - gij test
FAIL: anon_ctor_itf_arg compilation from bytecode
FAIL: anonarray compilation from bytecode
FAIL: assign compilation from bytecode
ERROR: No \`main' given in program direct_read
UNRESOLVED: direct_read -O3 compilation from source
FAIL: err11 -O3 compilation from bytecode
FAIL: err3 -O3 compilation from bytecode
FAIL: err4 compilation from bytecode
FAIL: inner1 -O3 compilation from bytecode
FAIL: instance -O3 compilation from bytecode
FAIL: instinit2 -O3 compilation from bytecode
ERROR: No \`main' given in program pr8415
UNRESOLVED: pr8676 compilation from source
FAIL: tmi -O3 compilation from bytecode
FAIL: utf8concat compilation from bytecode
=== libjava Summary for unix/-m64 ===
# of expected passes 2672
# of unexpected failures 27
# of expected failures 7
# of unresolved testcases 4
# of untested testcases 41
Running target unix
ERROR: tcl error sourcing /homes/lucier/programs/gcc/3.4/libjava/testsuite/libjava.compile/compile.exp.
ERROR: can't read "x": no such variable
FAIL: linking simple
FAIL: cxxtest run
ERROR: No \`main' given in program ArrayStore2
UNRESOLVED: ArrayStore2 -O3 compilation from source
FAIL: Array_1 compilation from bytecode
FAIL: Array_3 execution - gij test
FAIL: Array_3 execution - gij test
ERROR: No \`main' given in program EvaluationOrder
UNRESOLVED: EvaluationOrder -O3 compilation from source
FAIL: FileHandleGcTest execution - source compiled test
FAIL: FileHandleGcTest execution - gij test
FAIL: FileHandleGcTest execution - bytecode->native test
FAIL: FileHandleGcTest -O3 execution - source compiled test
FAIL: FileHandleGcTest execution - gij test
FAIL: FileHandleGcTest -O3 execution - bytecode->native test
FAIL: G19990301_01 compilation from bytecode
FAIL: G19990304_01 -O3 compilation from bytecode
ERROR: No \`main' given in program InterfaceDispatch
UNRESOLVED: InvokeReturn compilation from source
ERROR: No \`main' given in program KeepInline
UNRESOLVED: MathBuiltin compilation from source
FAIL: N19990310_3 compilation from bytecode
ERROR: No \`main' given in program PR5057_2
UNRESOLVED: PR5057_2 -O3 compilation from source
FAIL: SyncTest execution - gij test
FAIL: SyncTest execution - gij test
FAIL: TLtest execution - gij test
FAIL: TLtest execution - gij test
FAIL: Thread_Join execution - gij test
FAIL: Thread_Join execution - gij test
FAIL: Thread_Monitor execution - gij test
FAIL: Thread_Monitor -O3 compilation from bytecode
FAIL: Thread_Wait_2 execution - gij test
FAIL: Thread_Wait_2 execution - gij test
FAIL: anon_ctor_itf_arg -O3 compilation from bytecode
ERROR: No \`main' given in program direct_write
UNRESOLVED: direct_write -O3 compilation from source
FAIL: err1 -O3 compilation from bytecode
ERROR: No \`main' given in program err2
UNRESOLVED: err3 compilation from source
ERROR: No \`main' given in program err3
UNRESOLVED: err4 compilation from source
FAIL: err7 -O3 compilation from bytecode
FAIL: initfield compilation from bytecode
FAIL: pr133 -O3 compilation from bytecode
ERROR: No \`main' given in program pr8945
UNRESOLVED: private_direct_read compilation from source
FAIL: search_outer -O3 compilation from bytecode
FAIL: verify -O3 compilation from bytecode
=== libjava Summary for unix ===
# of expected passes 2617
# of unexpected failures 31
# of expected failures 7
# of unresolved testcases 9
# of untested testcases 42
=== libjava Summary ===
# of expected passes 5289
# of unexpected failures 58
# of expected failures 14
# of unresolved testcases 13
# of untested testcases 83
=== libstdc++ tests ===
Running target unix/-m64
=== libstdc++ Summary for unix/-m64 ===
# of expected passes 2556
# of expected failures 3
Running target unix
FAIL: 22_locale/num_get/get/char/4.cc execution test
=== libstdc++ Summary for unix ===
# of expected passes 2555
# of unexpected failures 1
# of expected failures 3
=== libstdc++ Summary ===
# of expected passes 5111
# of unexpected failures 1
# of expected failures 6
Compiler version: 3.4.0 20040221 (prerelease)
Platform: sparc-sun-solaris2.9
configure flags: none
Counting all warnings,
there are 23 warnings in stage3 of this bootstrap.
Number of warnings per file:
5 /pkgs/gnu/share/bison.simple
4 gcc/unwind-dw2.c
4 gcc/libgcc2.c
3 gengtype-lex.c
2 gcc/objc/lang-specs.h
2 gcc/gcc.c
2 gcc/f/sta.c
1 gcc/java/jvspec.c
Number of warning types:
8 old-style parameter declaration
5 string length \`???' is greater than the length \`???' ISO C89 compilers are required to support
2 missing braces around initializer
2 implicit declaration of function \`???'
2 dereferencing type-punned pointer will break strict-aliasing rules
2 comparison between signed and unsigned
2 (near initialization for \`???')