This is the mail archive of the gcc-testresults@gcc.gnu.org mailing list for the GCC project.


Index Nav: [Date Index] [Subject Index] [Author Index] [Thread Index]
Message Nav: [Date Prev] [Date Next] [Thread Prev] [Thread Next]
Other format: [Raw text]

Results for 3.4.0 20040215 (prerelease) testsuite on hppa-unknown-linux-gnu


LAST_UPDATED: Sun Feb 15 16:20:48 UTC 2004

		=== acats tests ===

		=== acats Summary ===
# of expected passes		1965
# of unexpected failures	0
# of unsupported tests		357
Native configuration is hppa-unknown-linux-gnu

		=== g++ tests ===


Running target unix
XPASS: g++.dg/other/packed1.C execution test
WARNING: g++.old-deja/g++.mike/p10769a.C compilation failed to produce executable
WARNING: g++.old-deja/g++.other/enum5.C compilation failed to produce executable
XPASS: g++.old-deja/g++.other/init5.C execution test
WARNING: g++.old-deja/g++.pt/friend44.C compilation failed to produce executable

		=== g++ Summary ===

# of expected passes		9385
# of unexpected successes	2
# of expected failures		62
# of unsupported tests		70
/build/packages/gcc/snap/gcc-snapshot-20040215/build/gcc/testsuite/../g++ version 3.4.0 20040215 (prerelease)

		=== g77 tests ===


Running target unix

		=== g77 Summary ===

# of expected passes		1800
# of unsupported tests		6
/build/packages/gcc/snap/gcc-snapshot-20040215/build/gcc/testsuite/../g77 version 3.4.0 20040215 (prerelease)

		=== gcc tests ===


Running target unix
FAIL: gcc.dg/20031202-1.c execution test
FAIL: gcc.dg/const-elim-1.c scan-assembler-not L\\\\\$?C[^A-Z]

		=== gcc Summary ===

# of expected passes		23978
# of unexpected failures	2
# of expected failures		68
# of untested testcases		7
# of unsupported tests		309
/build/packages/gcc/snap/gcc-snapshot-20040215/build/gcc/xgcc version 3.4.0 20040215 (prerelease)

		=== objc tests ===


Running target unix

		=== objc Summary ===

# of expected passes		1341
# of unsupported tests		8
/build/packages/gcc/snap/gcc-snapshot-20040215/build/gcc/xgcc version 3.4.0 20040215 (prerelease)

		=== treelang tests ===


Running target unix
WARNING: /build/packages/gcc/snap/gcc-snapshot-20040215/src/gcc/testsuite/treelang/a01gcc.out01 doesn't exist
WARNING: /build/packages/gcc/snap/gcc-snapshot-20040215/src/gcc/testsuite/treelang/a01gcc.out01err doesn't exist
WARNING: /build/packages/gcc/snap/gcc-snapshot-20040215/src/gcc/testsuite/treelang/a01gcco01runpgmerr doesn't exist
UNRESOLVED: gcc 01 01 fail code=11. gcc 01 01 diff stdout failed rc=0

		=== treelang Summary ===

# of unresolved testcases	1

		=== libstdc++-v3 check-abi Summary ===

# of added symbols:		 257
# of missing symbols:		 257
# of incompatible symbols:	 288

using: /build/packages/gcc/snap/gcc-snapshot-20040215/src/libstdc++-v3/config/abi/hppa-linux-gnu/baseline_symbols.txt

		=== libstdc++ tests ===


Running target unix
XPASS: 26_numerics/c99_classification_macros_c.cc (test for excess errors)
FAIL: ext/enc_filebuf/char/13189.cc execution test
FAIL: ext/enc_filebuf/wchar_t/13189.cc execution test
FAIL: thread/pthread6.cc execution test
WARNING: program timed out.
FAIL: thread/pthread7-rope.cc execution test

		=== libstdc++ Summary ===

# of expected passes		2552
# of unexpected failures	4
# of unexpected successes	1
# of expected failures		2

Compiler version: 3.4.0 20040215 (prerelease) 
Platform: hppa-unknown-linux-gnu
configure flags: -v --enable-languages=c,c++,f77,objc,ada,treelang --prefix=/usr/lib/gcc-snapshot --enable-shared --with-system-zlib --enable-nls --enable-threads=posix --without-included-gettext --enable-__cxa_atexit --enable-clocale=gnu --enable-libstdcxx-debug --with-cpp-install-dir=bin --disable-werror hppa-linux
BOOT_CFLAGS=-O2 


Build Dependencies:
Desired=Unknown/Install/Remove/Purge/Hold
| Status=Not/Installed/Config-files/Unpacked/Failed-config/Half-installed
|/ Err?=(none)/Hold/Reinst-required/X=both-problems (Status,Err: uppercase=bad)
||/ Name           Version        Description
+++-==============-==============-============================================
ii  binutils       2.14.90.0.7-5  The GNU assembler, linker and binary utiliti
ii  libc6-dev      2.3.2.ds1-11   GNU C Library: Development Libraries and Hea


Patches that Debian applied in this version:

test-summary:
  add libstdc++-v3's abi baseline to the test summary

amd64-specs:
  Use 64bits mode assembly except with -m32


Index Nav: [Date Index] [Subject Index] [Author Index] [Thread Index]
Message Nav: [Date Prev] [Date Next] [Thread Prev] [Thread Next]