This is the mail archive of the
gcc-testresults@gcc.gnu.org
mailing list for the GCC project.
Results for 3.5.0 20040219 (experimental) testsuite on hppa-unknown-linux-gnu
- From: dave at hiauly6 dot hia dot nrc dot ca (John David Anglin)
- To: dave at hiauly6 dot hia dot nrc dot ca, gcc-testresults at gcc dot gnu dot org
- Date: Thu, 19 Feb 2004 17:02:24 -0500 (EST)
- Subject: Results for 3.5.0 20040219 (experimental) testsuite on hppa-unknown-linux-gnu
LAST_UPDATED: Thu Feb 19 03:17:23 UTC 2004
=== acats tests ===
=== acats Summary ===
# of expected passes 1965
# of unexpected failures 0
# of unsupported tests 357
Native configuration is hppa-unknown-linux-gnu
=== g++ tests ===
Running target unix
XPASS: g++.dg/other/packed1.C execution test
WARNING: g++.old-deja/g++.mike/p10769a.C compilation failed to produce executable
WARNING: g++.old-deja/g++.other/enum5.C compilation failed to produce executable
XPASS: g++.old-deja/g++.other/init5.C execution test
WARNING: g++.old-deja/g++.pt/friend44.C compilation failed to produce executable
=== g++ Summary ===
# of expected passes 9513
# of unexpected successes 2
# of expected failures 79
# of unsupported tests 71
/home/dave/gnu/gcc-3.4/objdir/gcc/testsuite/../g++ version 3.5.0 20040219 (experimental)
=== g77 tests ===
Running target unix
=== g77 Summary ===
# of expected passes 1788
# of unsupported tests 6
/home/dave/gnu/gcc-3.4/objdir/gcc/testsuite/../g77 version 3.5.0 20040219 (experimental)
=== gcc tests ===
Running target unix
FAIL: gcc.c-torture/compile/20000504-1.c -O1 (test for excess errors)
FAIL: gcc.dg/20031202-1.c execution test
FAIL: gcc.dg/const-elim-1.c scan-assembler-not L\\\\\$?C[^A-Z]
FAIL: gcc.dg/fwritable-strings-1.c (test for errors, line )
=== gcc Summary ===
# of expected passes 24327
# of unexpected failures 4
# of expected failures 61
# of untested testcases 7
# of unsupported tests 311
/home/dave/gnu/gcc-3.4/objdir/gcc/xgcc version 3.5.0 20040219 (experimental)
=== objc tests ===
Running target unix
FAIL: objc/execute/bf-9.m execution, -O3 -fomit-frame-pointer
FAIL: objc/execute/bf-9.m execution, -O3 -g
FAIL: objc/execute/bf-9.m execution, -Os
FAIL: objc/execute/bycopy-1.m execution, -O0
FAIL: objc/execute/bycopy-1.m execution, -O1
FAIL: objc/execute/bycopy-1.m execution, -O2
FAIL: objc/execute/bycopy-1.m execution, -O3 -fomit-frame-pointer
FAIL: objc/execute/bycopy-1.m execution, -O3 -g
FAIL: objc/execute/bycopy-1.m execution, -Os
FAIL: objc/execute/bycopy-2.m execution, -O0
FAIL: objc/execute/bycopy-2.m execution, -O1
FAIL: objc/execute/bycopy-2.m execution, -O2
FAIL: objc/execute/bycopy-2.m execution, -O3 -fomit-frame-pointer
FAIL: objc/execute/bycopy-2.m execution, -O3 -g
FAIL: objc/execute/bycopy-2.m execution, -Os
FAIL: objc/execute/bycopy-3.m execution, -O0
FAIL: objc/execute/bycopy-3.m execution, -O1
FAIL: objc/execute/bycopy-3.m execution, -O2
FAIL: objc/execute/bycopy-3.m execution, -O3 -fomit-frame-pointer
FAIL: objc/execute/bycopy-3.m execution, -O3 -g
FAIL: objc/execute/bycopy-3.m execution, -Os
FAIL: objc/execute/cascading-1.m execution, -O0
FAIL: objc/execute/cascading-1.m execution, -O1
FAIL: objc/execute/cascading-1.m execution, -O2
FAIL: objc/execute/cascading-1.m execution, -O3 -fomit-frame-pointer
FAIL: objc/execute/cascading-1.m execution, -O3 -g
FAIL: objc/execute/cascading-1.m execution, -Os
FAIL: objc/execute/class-1.m execution, -O0
FAIL: objc/execute/class-1.m execution, -O1
FAIL: objc/execute/class-1.m execution, -O2
FAIL: objc/execute/class-1.m execution, -O3 -fomit-frame-pointer
FAIL: objc/execute/class-1.m execution, -O3 -g
FAIL: objc/execute/class-1.m execution, -Os
FAIL: objc/execute/class-10.m execution, -O0
FAIL: objc/execute/class-10.m execution, -O1
FAIL: objc/execute/class-10.m execution, -O2
FAIL: objc/execute/class-10.m execution, -O3 -fomit-frame-pointer
FAIL: objc/execute/class-10.m execution, -O3 -g
FAIL: objc/execute/class-10.m compilation, -Os
UNRESOLVED: objc/execute/class-10.m execution, -Os
FAIL: objc/execute/class-11.m compilation, -O0
UNRESOLVED: objc/execute/class-11.m execution, -O0
FAIL: objc/execute/class-11.m compilation, -O1
UNRESOLVED: objc/execute/class-11.m execution, -O1
FAIL: objc/execute/class-11.m compilation, -O2
UNRESOLVED: objc/execute/class-11.m execution, -O2
FAIL: objc/execute/class-11.m compilation, -O3 -fomit-frame-pointer
UNRESOLVED: objc/execute/class-11.m execution, -O3 -fomit-frame-pointer
FAIL: objc/execute/class-11.m compilation, -O3 -g
UNRESOLVED: objc/execute/class-11.m execution, -O3 -g
FAIL: objc/execute/class-11.m compilation, -Os
UNRESOLVED: objc/execute/class-11.m execution, -Os
FAIL: objc/execute/class-12.m compilation, -O0
UNRESOLVED: objc/execute/class-12.m execution, -O0
FAIL: objc/execute/class-12.m compilation, -O1
UNRESOLVED: objc/execute/class-12.m execution, -O1
FAIL: objc/execute/class-12.m compilation, -O2
UNRESOLVED: objc/execute/class-12.m execution, -O2
FAIL: objc/execute/class-12.m compilation, -O3 -fomit-frame-pointer
UNRESOLVED: objc/execute/class-12.m execution, -O3 -fomit-frame-pointer
FAIL: objc/execute/class-12.m compilation, -O3 -g
UNRESOLVED: objc/execute/class-12.m execution, -O3 -g
FAIL: objc/execute/class-12.m compilation, -Os
UNRESOLVED: objc/execute/class-12.m execution, -Os
FAIL: objc/execute/class-13.m compilation, -O0
UNRESOLVED: objc/execute/class-13.m execution, -O0
FAIL: objc/execute/class-13.m compilation, -O1
UNRESOLVED: objc/execute/class-13.m execution, -O1
FAIL: objc/execute/class-13.m compilation, -O2
UNRESOLVED: objc/execute/class-13.m execution, -O2
FAIL: objc/execute/class-13.m compilation, -O3 -fomit-frame-pointer
UNRESOLVED: objc/execute/class-13.m execution, -O3 -fomit-frame-pointer
FAIL: objc/execute/class-13.m compilation, -O3 -g
UNRESOLVED: objc/execute/class-13.m execution, -O3 -g
FAIL: objc/execute/class-13.m compilation, -Os
UNRESOLVED: objc/execute/class-13.m execution, -Os
FAIL: objc/execute/class-14.m compilation, -O0
UNRESOLVED: objc/execute/class-14.m execution, -O0
FAIL: objc/execute/class-14.m compilation, -O1
UNRESOLVED: objc/execute/class-14.m execution, -O1
FAIL: objc/execute/class-14.m compilation, -O2
UNRESOLVED: objc/execute/class-14.m execution, -O2
FAIL: objc/execute/class-14.m compilation, -O3 -fomit-frame-pointer
UNRESOLVED: objc/execute/class-14.m execution, -O3 -fomit-frame-pointer
FAIL: objc/execute/class-14.m compilation, -O3 -g
UNRESOLVED: objc/execute/class-14.m execution, -O3 -g
FAIL: objc/execute/class-14.m compilation, -Os
UNRESOLVED: objc/execute/class-14.m execution, -Os
FAIL: objc/execute/class-2.m compilation, -O0
UNRESOLVED: objc/execute/class-2.m execution, -O0
FAIL: objc/execute/class-2.m compilation, -O1
UNRESOLVED: objc/execute/class-2.m execution, -O1
FAIL: objc/execute/class-2.m compilation, -O2
UNRESOLVED: objc/execute/class-2.m execution, -O2
FAIL: objc/execute/class-2.m compilation, -O3 -fomit-frame-pointer
UNRESOLVED: objc/execute/class-2.m execution, -O3 -fomit-frame-pointer
FAIL: objc/execute/class-2.m compilation, -O3 -g
UNRESOLVED: objc/execute/class-2.m execution, -O3 -g
FAIL: objc/execute/class-2.m compilation, -Os
UNRESOLVED: objc/execute/class-2.m execution, -Os
FAIL: objc/execute/class-3.m compilation, -O0
UNRESOLVED: objc/execute/class-3.m execution, -O0
FAIL: objc/execute/class-3.m compilation, -O1
UNRESOLVED: objc/execute/class-3.m execution, -O1
FAIL: objc/execute/class-3.m compilation, -O2
UNRESOLVED: objc/execute/class-3.m execution, -O2
FAIL: objc/execute/class-3.m compilation, -O3 -fomit-frame-pointer
UNRESOLVED: objc/execute/class-3.m execution, -O3 -fomit-frame-pointer
FAIL: objc/execute/class-3.m compilation, -O3 -g
UNRESOLVED: objc/execute/class-3.m execution, -O3 -g
FAIL: objc/execute/class-3.m compilation, -Os
UNRESOLVED: objc/execute/class-3.m execution, -Os
FAIL: objc/execute/class-4.m compilation, -O0
UNRESOLVED: objc/execute/class-4.m execution, -O0
FAIL: objc/execute/class-4.m compilation, -O1
UNRESOLVED: objc/execute/class-4.m execution, -O1
FAIL: objc/execute/class-4.m compilation, -O2
UNRESOLVED: objc/execute/class-4.m execution, -O2
FAIL: objc/execute/class-4.m compilation, -O3 -fomit-frame-pointer
UNRESOLVED: objc/execute/class-4.m execution, -O3 -fomit-frame-pointer
FAIL: objc/execute/class-4.m compilation, -O3 -g
UNRESOLVED: objc/execute/class-4.m execution, -O3 -g
FAIL: objc/execute/class-4.m compilation, -Os
UNRESOLVED: objc/execute/class-4.m execution, -Os
FAIL: objc/execute/class-5.m compilation, -O0
UNRESOLVED: objc/execute/class-5.m execution, -O0
FAIL: objc/execute/class-5.m compilation, -O1
UNRESOLVED: objc/execute/class-5.m execution, -O1
FAIL: objc/execute/class-5.m compilation, -O2
UNRESOLVED: objc/execute/class-5.m execution, -O2
FAIL: objc/execute/class-5.m compilation, -O3 -fomit-frame-pointer
UNRESOLVED: objc/execute/class-5.m execution, -O3 -fomit-frame-pointer
FAIL: objc/execute/class-5.m compilation, -O3 -g
UNRESOLVED: objc/execute/class-5.m execution, -O3 -g
FAIL: objc/execute/class-5.m compilation, -Os
UNRESOLVED: objc/execute/class-5.m execution, -Os
FAIL: objc/execute/class-6.m compilation, -O0
UNRESOLVED: objc/execute/class-6.m execution, -O0
FAIL: objc/execute/class-6.m compilation, -O1
UNRESOLVED: objc/execute/class-6.m execution, -O1
FAIL: objc/execute/class-6.m compilation, -O2
UNRESOLVED: objc/execute/class-6.m execution, -O2
FAIL: objc/execute/class-6.m compilation, -O3 -fomit-frame-pointer
UNRESOLVED: objc/execute/class-6.m execution, -O3 -fomit-frame-pointer
FAIL: objc/execute/class-6.m compilation, -O3 -g
UNRESOLVED: objc/execute/class-6.m execution, -O3 -g
FAIL: objc/execute/class-6.m compilation, -Os
UNRESOLVED: objc/execute/class-6.m execution, -Os
FAIL: objc/execute/class-7.m compilation, -O0
UNRESOLVED: objc/execute/class-7.m execution, -O0
FAIL: objc/execute/class-7.m compilation, -O1
UNRESOLVED: objc/execute/class-7.m execution, -O1
FAIL: objc/execute/class-7.m compilation, -O2
UNRESOLVED: objc/execute/class-7.m execution, -O2
FAIL: objc/execute/class-7.m compilation, -O3 -fomit-frame-pointer
UNRESOLVED: objc/execute/class-7.m execution, -O3 -fomit-frame-pointer
FAIL: objc/execute/class-7.m compilation, -O3 -g
UNRESOLVED: objc/execute/class-7.m execution, -O3 -g
FAIL: objc/execute/class-7.m compilation, -Os
UNRESOLVED: objc/execute/class-7.m execution, -Os
FAIL: objc/execute/class-8.m compilation, -O0
UNRESOLVED: objc/execute/class-8.m execution, -O0
FAIL: objc/execute/class-8.m compilation, -O1
UNRESOLVED: objc/execute/class-8.m execution, -O1
FAIL: objc/execute/class-8.m compilation, -O2
UNRESOLVED: objc/execute/class-8.m execution, -O2
FAIL: objc/execute/class-8.m compilation, -O3 -fomit-frame-pointer
UNRESOLVED: objc/execute/class-8.m execution, -O3 -fomit-frame-pointer
FAIL: objc/execute/class-8.m compilation, -O3 -g
UNRESOLVED: objc/execute/class-8.m execution, -O3 -g
FAIL: objc/execute/class-8.m compilation, -Os
UNRESOLVED: objc/execute/class-8.m execution, -Os
FAIL: objc/execute/class-9.m compilation, -O0
UNRESOLVED: objc/execute/class-9.m execution, -O0
FAIL: objc/execute/class-9.m compilation, -O1
UNRESOLVED: objc/execute/class-9.m execution, -O1
FAIL: objc/execute/class-9.m compilation, -O2
UNRESOLVED: objc/execute/class-9.m execution, -O2
FAIL: objc/execute/class-9.m compilation, -O3 -fomit-frame-pointer
UNRESOLVED: objc/execute/class-9.m execution, -O3 -fomit-frame-pointer
FAIL: objc/execute/class-9.m compilation, -O3 -g
UNRESOLVED: objc/execute/class-9.m execution, -O3 -g
FAIL: objc/execute/class-9.m compilation, -Os
UNRESOLVED: objc/execute/class-9.m execution, -Os
FAIL: objc/execute/class_self-1.m compilation, -O0
UNRESOLVED: objc/execute/class_self-1.m execution, -O0
FAIL: objc/execute/class_self-1.m compilation, -O1
UNRESOLVED: objc/execute/class_self-1.m execution, -O1
FAIL: objc/execute/class_self-1.m compilation, -O2
UNRESOLVED: objc/execute/class_self-1.m execution, -O2
FAIL: objc/execute/class_self-1.m compilation, -O3 -fomit-frame-pointer
UNRESOLVED: objc/execute/class_self-1.m execution, -O3 -fomit-frame-pointer
FAIL: objc/execute/class_self-1.m compilation, -O3 -g
UNRESOLVED: objc/execute/class_self-1.m execution, -O3 -g
FAIL: objc/execute/class_self-1.m compilation, -Os
UNRESOLVED: objc/execute/class_self-1.m execution, -Os
FAIL: objc/execute/class_self-2.m compilation, -O0
UNRESOLVED: objc/execute/class_self-2.m execution, -O0
FAIL: objc/execute/class_self-2.m compilation, -O1
UNRESOLVED: objc/execute/class_self-2.m execution, -O1
FAIL: objc/execute/class_self-2.m compilation, -O2
UNRESOLVED: objc/execute/class_self-2.m execution, -O2
FAIL: objc/execute/class_self-2.m compilation, -O3 -fomit-frame-pointer
UNRESOLVED: objc/execute/class_self-2.m execution, -O3 -fomit-frame-pointer
FAIL: objc/execute/class_self-2.m compilation, -O3 -g
UNRESOLVED: objc/execute/class_self-2.m execution, -O3 -g
FAIL: objc/execute/class_self-2.m compilation, -Os
UNRESOLVED: objc/execute/class_self-2.m execution, -Os
FAIL: objc/execute/compatibility_alias.m compilation, -O0
UNRESOLVED: objc/execute/compatibility_alias.m execution, -O0
FAIL: objc/execute/compatibility_alias.m compilation, -O1
UNRESOLVED: objc/execute/compatibility_alias.m execution, -O1
FAIL: objc/execute/compatibility_alias.m compilation, -O2
UNRESOLVED: objc/execute/compatibility_alias.m execution, -O2
FAIL: objc/execute/compatibility_alias.m compilation, -O3 -fomit-frame-pointer
UNRESOLVED: objc/execute/compatibility_alias.m execution, -O3 -fomit-frame-pointer
FAIL: objc/execute/compatibility_alias.m compilation, -O3 -g
UNRESOLVED: objc/execute/compatibility_alias.m execution, -O3 -g
FAIL: objc/execute/compatibility_alias.m compilation, -Os
UNRESOLVED: objc/execute/compatibility_alias.m execution, -Os
FAIL: objc/execute/encode-1.m compilation, -O0
UNRESOLVED: objc/execute/encode-1.m execution, -O0
FAIL: objc/execute/encode-1.m compilation, -O1
UNRESOLVED: objc/execute/encode-1.m execution, -O1
FAIL: objc/execute/encode-1.m compilation, -O2
UNRESOLVED: objc/execute/encode-1.m execution, -O2
FAIL: objc/execute/encode-1.m compilation, -O3 -fomit-frame-pointer
UNRESOLVED: objc/execute/encode-1.m execution, -O3 -fomit-frame-pointer
FAIL: objc/execute/encode-1.m compilation, -O3 -g
UNRESOLVED: objc/execute/encode-1.m execution, -O3 -g
FAIL: objc/execute/encode-1.m compilation, -Os
UNRESOLVED: objc/execute/encode-1.m execution, -Os
FAIL: objc/execute/enumeration-1.m compilation, -O0
UNRESOLVED: objc/execute/enumeration-1.m execution, -O0
FAIL: objc/execute/enumeration-1.m compilation, -O1
UNRESOLVED: objc/execute/enumeration-1.m execution, -O1
FAIL: objc/execute/enumeration-1.m compilation, -O2
UNRESOLVED: objc/execute/enumeration-1.m execution, -O2
FAIL: objc/execute/enumeration-1.m compilation, -O3 -fomit-frame-pointer
UNRESOLVED: objc/execute/enumeration-1.m execution, -O3 -fomit-frame-pointer
FAIL: objc/execute/enumeration-1.m compilation, -O3 -g
UNRESOLVED: objc/execute/enumeration-1.m execution, -O3 -g
FAIL: objc/execute/enumeration-1.m compilation, -Os
UNRESOLVED: objc/execute/enumeration-1.m execution, -Os
FAIL: objc/execute/enumeration-2.m compilation, -O0
UNRESOLVED: objc/execute/enumeration-2.m execution, -O0
FAIL: objc/execute/enumeration-2.m compilation, -O1
UNRESOLVED: objc/execute/enumeration-2.m execution, -O1
FAIL: objc/execute/enumeration-2.m compilation, -O2
UNRESOLVED: objc/execute/enumeration-2.m execution, -O2
FAIL: objc/execute/enumeration-2.m compilation, -O3 -fomit-frame-pointer
UNRESOLVED: objc/execute/enumeration-2.m execution, -O3 -fomit-frame-pointer
FAIL: objc/execute/enumeration-2.m compilation, -O3 -g
UNRESOLVED: objc/execute/enumeration-2.m execution, -O3 -g
FAIL: objc/execute/enumeration-2.m compilation, -Os
UNRESOLVED: objc/execute/enumeration-2.m execution, -Os
FAIL: objc/execute/fdecl.m compilation, -O0
UNRESOLVED: objc/execute/fdecl.m execution, -O0
FAIL: objc/execute/fdecl.m compilation, -O1
UNRESOLVED: objc/execute/fdecl.m execution, -O1
FAIL: objc/execute/fdecl.m compilation, -O2
UNRESOLVED: objc/execute/fdecl.m execution, -O2
FAIL: objc/execute/fdecl.m compilation, -O3 -fomit-frame-pointer
UNRESOLVED: objc/execute/fdecl.m execution, -O3 -fomit-frame-pointer
FAIL: objc/execute/fdecl.m compilation, -O3 -g
UNRESOLVED: objc/execute/fdecl.m execution, -O3 -g
FAIL: objc/execute/fdecl.m compilation, -Os
UNRESOLVED: objc/execute/fdecl.m execution, -Os
FAIL: objc/execute/formal_protocol-1.m compilation, -O0
UNRESOLVED: objc/execute/formal_protocol-1.m execution, -O0
FAIL: objc/execute/formal_protocol-1.m compilation, -O1
UNRESOLVED: objc/execute/formal_protocol-1.m execution, -O1
FAIL: objc/execute/formal_protocol-1.m compilation, -O2
UNRESOLVED: objc/execute/formal_protocol-1.m execution, -O2
FAIL: objc/execute/formal_protocol-1.m compilation, -O3 -fomit-frame-pointer
UNRESOLVED: objc/execute/formal_protocol-1.m execution, -O3 -fomit-frame-pointer
FAIL: objc/execute/formal_protocol-1.m compilation, -O3 -g
UNRESOLVED: objc/execute/formal_protocol-1.m execution, -O3 -g
FAIL: objc/execute/formal_protocol-1.m compilation, -Os
UNRESOLVED: objc/execute/formal_protocol-1.m execution, -Os
FAIL: objc/execute/formal_protocol-2.m compilation, -O0
UNRESOLVED: objc/execute/formal_protocol-2.m execution, -O0
FAIL: objc/execute/formal_protocol-2.m compilation, -O1
UNRESOLVED: objc/execute/formal_protocol-2.m execution, -O1
FAIL: objc/execute/formal_protocol-2.m compilation, -O2
UNRESOLVED: objc/execute/formal_protocol-2.m execution, -O2
FAIL: objc/execute/formal_protocol-2.m compilation, -O3 -fomit-frame-pointer
UNRESOLVED: objc/execute/formal_protocol-2.m execution, -O3 -fomit-frame-pointer
FAIL: objc/execute/formal_protocol-2.m compilation, -O3 -g
UNRESOLVED: objc/execute/formal_protocol-2.m execution, -O3 -g
FAIL: objc/execute/formal_protocol-2.m compilation, -Os
UNRESOLVED: objc/execute/formal_protocol-2.m execution, -Os
FAIL: objc/execute/formal_protocol-3.m compilation, -O0
UNRESOLVED: objc/execute/formal_protocol-3.m execution, -O0
FAIL: objc/execute/formal_protocol-3.m compilation, -O1
UNRESOLVED: objc/execute/formal_protocol-3.m execution, -O1
FAIL: objc/execute/formal_protocol-3.m compilation, -O2
UNRESOLVED: objc/execute/formal_protocol-3.m execution, -O2
FAIL: objc/execute/formal_protocol-3.m compilation, -O3 -fomit-frame-pointer
UNRESOLVED: objc/execute/formal_protocol-3.m execution, -O3 -fomit-frame-pointer
FAIL: objc/execute/formal_protocol-3.m compilation, -O3 -g
UNRESOLVED: objc/execute/formal_protocol-3.m execution, -O3 -g
FAIL: objc/execute/formal_protocol-3.m compilation, -Os
UNRESOLVED: objc/execute/formal_protocol-3.m execution, -Os
FAIL: objc/execute/formal_protocol-4.m compilation, -O0
UNRESOLVED: objc/execute/formal_protocol-4.m execution, -O0
FAIL: objc/execute/formal_protocol-4.m compilation, -O1
UNRESOLVED: objc/execute/formal_protocol-4.m execution, -O1
FAIL: objc/execute/formal_protocol-4.m compilation, -O2
UNRESOLVED: objc/execute/formal_protocol-4.m execution, -O2
FAIL: objc/execute/formal_protocol-4.m compilation, -O3 -fomit-frame-pointer
UNRESOLVED: objc/execute/formal_protocol-4.m execution, -O3 -fomit-frame-pointer
FAIL: objc/execute/formal_protocol-4.m compilation, -O3 -g
UNRESOLVED: objc/execute/formal_protocol-4.m execution, -O3 -g
FAIL: objc/execute/formal_protocol-4.m compilation, -Os
UNRESOLVED: objc/execute/formal_protocol-4.m execution, -Os
FAIL: objc/execute/formal_protocol-5.m compilation, -O0
UNRESOLVED: objc/execute/formal_protocol-5.m execution, -O0
FAIL: objc/execute/formal_protocol-5.m compilation, -O1
UNRESOLVED: objc/execute/formal_protocol-5.m execution, -O1
FAIL: objc/execute/formal_protocol-5.m compilation, -O2
UNRESOLVED: objc/execute/formal_protocol-5.m execution, -O2
FAIL: objc/execute/formal_protocol-5.m compilation, -O3 -fomit-frame-pointer
UNRESOLVED: objc/execute/formal_protocol-5.m execution, -O3 -fomit-frame-pointer
FAIL: objc/execute/formal_protocol-5.m compilation, -O3 -g
UNRESOLVED: objc/execute/formal_protocol-5.m execution, -O3 -g
FAIL: objc/execute/formal_protocol-5.m compilation, -Os
UNRESOLVED: objc/execute/formal_protocol-5.m execution, -Os
FAIL: objc/execute/formal_protocol-6.m compilation, -O0
UNRESOLVED: objc/execute/formal_protocol-6.m execution, -O0
FAIL: objc/execute/formal_protocol-6.m compilation, -O1
UNRESOLVED: objc/execute/formal_protocol-6.m execution, -O1
FAIL: objc/execute/formal_protocol-6.m compilation, -O2
UNRESOLVED: objc/execute/formal_protocol-6.m execution, -O2
FAIL: objc/execute/formal_protocol-6.m compilation, -O3 -fomit-frame-pointer
UNRESOLVED: objc/execute/formal_protocol-6.m execution, -O3 -fomit-frame-pointer
FAIL: objc/execute/formal_protocol-6.m compilation, -O3 -g
UNRESOLVED: objc/execute/formal_protocol-6.m execution, -O3 -g
FAIL: objc/execute/formal_protocol-6.m compilation, -Os
UNRESOLVED: objc/execute/formal_protocol-6.m execution, -Os
FAIL: objc/execute/formal_protocol-7.m compilation, -O0
UNRESOLVED: objc/execute/formal_protocol-7.m execution, -O0
FAIL: objc/execute/formal_protocol-7.m compilation, -O1
UNRESOLVED: objc/execute/formal_protocol-7.m execution, -O1
FAIL: objc/execute/formal_protocol-7.m compilation, -O2
UNRESOLVED: objc/execute/formal_protocol-7.m execution, -O2
FAIL: objc/execute/formal_protocol-7.m compilation, -O3 -fomit-frame-pointer
UNRESOLVED: objc/execute/formal_protocol-7.m execution, -O3 -fomit-frame-pointer
FAIL: objc/execute/formal_protocol-7.m compilation, -O3 -g
UNRESOLVED: objc/execute/formal_protocol-7.m execution, -O3 -g
FAIL: objc/execute/formal_protocol-7.m compilation, -Os
UNRESOLVED: objc/execute/formal_protocol-7.m execution, -Os
FAIL: objc/execute/function-message-1.m compilation, -O0
UNRESOLVED: objc/execute/function-message-1.m execution, -O0
FAIL: objc/execute/function-message-1.m compilation, -O1
UNRESOLVED: objc/execute/function-message-1.m execution, -O1
FAIL: objc/execute/function-message-1.m compilation, -O2
UNRESOLVED: objc/execute/function-message-1.m execution, -O2
FAIL: objc/execute/function-message-1.m compilation, -O3 -fomit-frame-pointer
UNRESOLVED: objc/execute/function-message-1.m execution, -O3 -fomit-frame-pointer
FAIL: objc/execute/function-message-1.m compilation, -O3 -g
UNRESOLVED: objc/execute/function-message-1.m execution, -O3 -g
FAIL: objc/execute/function-message-1.m compilation, -Os
UNRESOLVED: objc/execute/function-message-1.m execution, -Os
FAIL: objc/execute/informal_protocol.m compilation, -O0
UNRESOLVED: objc/execute/informal_protocol.m execution, -O0
FAIL: objc/execute/informal_protocol.m compilation, -O1
UNRESOLVED: objc/execute/informal_protocol.m execution, -O1
FAIL: objc/execute/informal_protocol.m compilation, -O2
UNRESOLVED: objc/execute/informal_protocol.m execution, -O2
FAIL: objc/execute/informal_protocol.m compilation, -O3 -fomit-frame-pointer
UNRESOLVED: objc/execute/informal_protocol.m execution, -O3 -fomit-frame-pointer
FAIL: objc/execute/informal_protocol.m compilation, -O3 -g
UNRESOLVED: objc/execute/informal_protocol.m execution, -O3 -g
FAIL: objc/execute/informal_protocol.m compilation, -Os
UNRESOLVED: objc/execute/informal_protocol.m execution, -Os
FAIL: objc/execute/initialize.m compilation, -O0
UNRESOLVED: objc/execute/initialize.m execution, -O0
FAIL: objc/execute/initialize.m compilation, -O1
UNRESOLVED: objc/execute/initialize.m execution, -O1
FAIL: objc/execute/initialize.m compilation, -O2
UNRESOLVED: objc/execute/initialize.m execution, -O2
FAIL: objc/execute/initialize.m compilation, -O3 -fomit-frame-pointer
UNRESOLVED: objc/execute/initialize.m execution, -O3 -fomit-frame-pointer
FAIL: objc/execute/initialize.m compilation, -O3 -g
UNRESOLVED: objc/execute/initialize.m execution, -O3 -g
FAIL: objc/execute/initialize.m compilation, -Os
UNRESOLVED: objc/execute/initialize.m execution, -Os
FAIL: objc/execute/load-2.m compilation, -O0
UNRESOLVED: objc/execute/load-2.m execution, -O0
FAIL: objc/execute/load-2.m compilation, -O1
UNRESOLVED: objc/execute/load-2.m execution, -O1
FAIL: objc/execute/load-2.m compilation, -O2
UNRESOLVED: objc/execute/load-2.m execution, -O2
FAIL: objc/execute/load-2.m compilation, -O3 -fomit-frame-pointer
UNRESOLVED: objc/execute/load-2.m execution, -O3 -fomit-frame-pointer
FAIL: objc/execute/load-2.m compilation, -O3 -g
UNRESOLVED: objc/execute/load-2.m execution, -O3 -g
FAIL: objc/execute/load-2.m compilation, -Os
UNRESOLVED: objc/execute/load-2.m execution, -Os
FAIL: objc/execute/load-3.m compilation, -O0
UNRESOLVED: objc/execute/load-3.m execution, -O0
FAIL: objc/execute/load-3.m compilation, -O1
UNRESOLVED: objc/execute/load-3.m execution, -O1
FAIL: objc/execute/load-3.m compilation, -O2
UNRESOLVED: objc/execute/load-3.m execution, -O2
FAIL: objc/execute/load-3.m compilation, -O3 -fomit-frame-pointer
UNRESOLVED: objc/execute/load-3.m execution, -O3 -fomit-frame-pointer
FAIL: objc/execute/load-3.m compilation, -O3 -fomit-frame-pointer -funroll-loops
UNRESOLVED: objc/execute/load-3.m execution, -O3 -fomit-frame-pointer -funroll-loops
FAIL: objc/execute/load-3.m compilation, -O3 -fomit-frame-pointer -funroll-all-loops -finline-functions
UNRESOLVED: objc/execute/load-3.m execution, -O3 -fomit-frame-pointer -funroll-all-loops -finline-functions
FAIL: objc/execute/load-3.m compilation, -O3 -g
UNRESOLVED: objc/execute/load-3.m execution, -O3 -g
FAIL: objc/execute/load-3.m compilation, -Os
UNRESOLVED: objc/execute/load-3.m execution, -Os
FAIL: objc/execute/load.m compilation, -O0
UNRESOLVED: objc/execute/load.m execution, -O0
FAIL: objc/execute/load.m compilation, -O1
UNRESOLVED: objc/execute/load.m execution, -O1
FAIL: objc/execute/load.m compilation, -O2
UNRESOLVED: objc/execute/load.m execution, -O2
FAIL: objc/execute/load.m compilation, -O3 -fomit-frame-pointer
UNRESOLVED: objc/execute/load.m execution, -O3 -fomit-frame-pointer
FAIL: objc/execute/load.m compilation, -O3 -g
UNRESOLVED: objc/execute/load.m execution, -O3 -g
FAIL: objc/execute/load.m compilation, -Os
UNRESOLVED: objc/execute/load.m execution, -Os
FAIL: objc/execute/many_args_method.m compilation, -O0
UNRESOLVED: objc/execute/many_args_method.m execution, -O0
FAIL: objc/execute/many_args_method.m compilation, -O1
UNRESOLVED: objc/execute/many_args_method.m execution, -O1
FAIL: objc/execute/many_args_method.m compilation, -O2
UNRESOLVED: objc/execute/many_args_method.m execution, -O2
FAIL: objc/execute/many_args_method.m compilation, -O3 -fomit-frame-pointer
UNRESOLVED: objc/execute/many_args_method.m execution, -O3 -fomit-frame-pointer
FAIL: objc/execute/many_args_method.m compilation, -O3 -g
UNRESOLVED: objc/execute/many_args_method.m execution, -O3 -g
FAIL: objc/execute/many_args_method.m compilation, -Os
UNRESOLVED: objc/execute/many_args_method.m execution, -Os
FAIL: objc/execute/nested-1.m compilation, -O0
UNRESOLVED: objc/execute/nested-1.m execution, -O0
FAIL: objc/execute/nested-1.m compilation, -O1
UNRESOLVED: objc/execute/nested-1.m execution, -O1
FAIL: objc/execute/nested-1.m compilation, -O2
UNRESOLVED: objc/execute/nested-1.m execution, -O2
FAIL: objc/execute/nested-1.m compilation, -O3 -fomit-frame-pointer
UNRESOLVED: objc/execute/nested-1.m execution, -O3 -fomit-frame-pointer
FAIL: objc/execute/nested-1.m compilation, -O3 -g
UNRESOLVED: objc/execute/nested-1.m execution, -O3 -g
FAIL: objc/execute/nested-1.m compilation, -Os
UNRESOLVED: objc/execute/nested-1.m execution, -Os
FAIL: objc/execute/nested-2.m compilation, -O0
UNRESOLVED: objc/execute/nested-2.m execution, -O0
FAIL: objc/execute/nested-2.m compilation, -O1
UNRESOLVED: objc/execute/nested-2.m execution, -O1
FAIL: objc/execute/nested-2.m compilation, -O2
UNRESOLVED: objc/execute/nested-2.m execution, -O2
FAIL: objc/execute/nested-2.m compilation, -O3 -fomit-frame-pointer
UNRESOLVED: objc/execute/nested-2.m execution, -O3 -fomit-frame-pointer
FAIL: objc/execute/nested-2.m compilation, -O3 -g
UNRESOLVED: objc/execute/nested-2.m execution, -O3 -g
FAIL: objc/execute/nested-2.m compilation, -Os
UNRESOLVED: objc/execute/nested-2.m execution, -Os
FAIL: objc/execute/nested-3.m compilation, -O0
UNRESOLVED: objc/execute/nested-3.m execution, -O0
FAIL: objc/execute/nested-3.m compilation, -O1
UNRESOLVED: objc/execute/nested-3.m execution, -O1
FAIL: objc/execute/nested-3.m compilation, -O2
UNRESOLVED: objc/execute/nested-3.m execution, -O2
FAIL: objc/execute/nested-3.m compilation, -O3 -fomit-frame-pointer
UNRESOLVED: objc/execute/nested-3.m execution, -O3 -fomit-frame-pointer
FAIL: objc/execute/nested-3.m compilation, -O3 -g
UNRESOLVED: objc/execute/nested-3.m execution, -O3 -g
FAIL: objc/execute/nested-3.m compilation, -Os
UNRESOLVED: objc/execute/nested-3.m execution, -Os
FAIL: objc/execute/nil_method-1.m compilation, -O0
UNRESOLVED: objc/execute/nil_method-1.m execution, -O0
FAIL: objc/execute/nil_method-1.m compilation, -O1
UNRESOLVED: objc/execute/nil_method-1.m execution, -O1
FAIL: objc/execute/nil_method-1.m compilation, -O2
UNRESOLVED: objc/execute/nil_method-1.m execution, -O2
FAIL: objc/execute/nil_method-1.m compilation, -O3 -fomit-frame-pointer
UNRESOLVED: objc/execute/nil_method-1.m execution, -O3 -fomit-frame-pointer
FAIL: objc/execute/nil_method-1.m compilation, -O3 -g
UNRESOLVED: objc/execute/nil_method-1.m execution, -O3 -g
FAIL: objc/execute/nil_method-1.m compilation, -Os
UNRESOLVED: objc/execute/nil_method-1.m execution, -Os
FAIL: objc/execute/no_clash.m compilation, -O0
UNRESOLVED: objc/execute/no_clash.m execution, -O0
FAIL: objc/execute/no_clash.m compilation, -O1
UNRESOLVED: objc/execute/no_clash.m execution, -O1
FAIL: objc/execute/no_clash.m compilation, -O2
UNRESOLVED: objc/execute/no_clash.m execution, -O2
FAIL: objc/execute/no_clash.m compilation, -O3 -fomit-frame-pointer
UNRESOLVED: objc/execute/no_clash.m execution, -O3 -fomit-frame-pointer
FAIL: objc/execute/no_clash.m compilation, -O3 -g
UNRESOLVED: objc/execute/no_clash.m execution, -O3 -g
FAIL: objc/execute/no_clash.m compilation, -Os
UNRESOLVED: objc/execute/no_clash.m execution, -Os
FAIL: objc/execute/np-1.m compilation, -O0
UNRESOLVED: objc/execute/np-1.m execution, -O0
FAIL: objc/execute/np-1.m compilation, -O1
UNRESOLVED: objc/execute/np-1.m execution, -O1
FAIL: objc/execute/np-1.m compilation, -O2
UNRESOLVED: objc/execute/np-1.m execution, -O2
FAIL: objc/execute/np-1.m compilation, -O3 -fomit-frame-pointer
UNRESOLVED: objc/execute/np-1.m execution, -O3 -fomit-frame-pointer
FAIL: objc/execute/np-1.m compilation, -O3 -g
UNRESOLVED: objc/execute/np-1.m execution, -O3 -g
FAIL: objc/execute/np-1.m compilation, -Os
UNRESOLVED: objc/execute/np-1.m execution, -Os
FAIL: objc/execute/np-2.m compilation, -O0
UNRESOLVED: objc/execute/np-2.m execution, -O0
FAIL: objc/execute/np-2.m compilation, -O1
UNRESOLVED: objc/execute/np-2.m execution, -O1
FAIL: objc/execute/np-2.m compilation, -O2
UNRESOLVED: objc/execute/np-2.m execution, -O2
FAIL: objc/execute/np-2.m compilation, -O3 -fomit-frame-pointer
UNRESOLVED: objc/execute/np-2.m execution, -O3 -fomit-frame-pointer
FAIL: objc/execute/np-2.m compilation, -O3 -g
UNRESOLVED: objc/execute/np-2.m execution, -O3 -g
FAIL: objc/execute/np-2.m compilation, -Os
UNRESOLVED: objc/execute/np-2.m execution, -Os
FAIL: objc/execute/object_is_class.m compilation, -O0
UNRESOLVED: objc/execute/object_is_class.m execution, -O0
FAIL: objc/execute/object_is_class.m compilation, -O1
UNRESOLVED: objc/execute/object_is_class.m execution, -O1
FAIL: objc/execute/object_is_class.m compilation, -O2
UNRESOLVED: objc/execute/object_is_class.m execution, -O2
FAIL: objc/execute/object_is_class.m compilation, -O3 -fomit-frame-pointer
UNRESOLVED: objc/execute/object_is_class.m execution, -O3 -fomit-frame-pointer
FAIL: objc/execute/object_is_class.m compilation, -O3 -g
UNRESOLVED: objc/execute/object_is_class.m execution, -O3 -g
FAIL: objc/execute/object_is_class.m compilation, -Os
UNRESOLVED: objc/execute/object_is_class.m execution, -Os
FAIL: objc/execute/object_is_meta_class.m compilation, -O0
UNRESOLVED: objc/execute/object_is_meta_class.m execution, -O0
FAIL: objc/execute/object_is_meta_class.m compilation, -O1
UNRESOLVED: objc/execute/object_is_meta_class.m execution, -O1
FAIL: objc/execute/object_is_meta_class.m compilation, -O2
UNRESOLVED: objc/execute/object_is_meta_class.m execution, -O2
FAIL: objc/execute/object_is_meta_class.m compilation, -O3 -fomit-frame-pointer
UNRESOLVED: objc/execute/object_is_meta_class.m execution, -O3 -fomit-frame-pointer
FAIL: objc/execute/object_is_meta_class.m compilation, -O3 -g
UNRESOLVED: objc/execute/object_is_meta_class.m execution, -O3 -g
FAIL: objc/execute/object_is_meta_class.m compilation, -Os
UNRESOLVED: objc/execute/object_is_meta_class.m execution, -Os
FAIL: objc/execute/private.m compilation, -O0
UNRESOLVED: objc/execute/private.m execution, -O0
FAIL: objc/execute/private.m compilation, -O1
UNRESOLVED: objc/execute/private.m execution, -O1
FAIL: objc/execute/private.m compilation, -O2
UNRESOLVED: objc/execute/private.m execution, -O2
FAIL: objc/execute/private.m compilation, -O3 -fomit-frame-pointer
UNRESOLVED: objc/execute/private.m execution, -O3 -fomit-frame-pointer
FAIL: objc/execute/private.m compilation, -O3 -g
UNRESOLVED: objc/execute/private.m execution, -O3 -g
FAIL: objc/execute/private.m compilation, -Os
UNRESOLVED: objc/execute/private.m execution, -Os
FAIL: objc/execute/protocol.m compilation, -O0
UNRESOLVED: objc/execute/protocol.m execution, -O0
FAIL: objc/execute/protocol.m compilation, -O1
UNRESOLVED: objc/execute/protocol.m execution, -O1
FAIL: objc/execute/protocol.m compilation, -O2
UNRESOLVED: objc/execute/protocol.m execution, -O2
FAIL: objc/execute/protocol.m compilation, -O3 -fomit-frame-pointer
UNRESOLVED: objc/execute/protocol.m execution, -O3 -fomit-frame-pointer
FAIL: objc/execute/protocol.m compilation, -O3 -g
UNRESOLVED: objc/execute/protocol.m execution, -O3 -g
FAIL: objc/execute/protocol.m compilation, -Os
UNRESOLVED: objc/execute/protocol.m execution, -Os
FAIL: objc/execute/redefining_self.m compilation, -O0
UNRESOLVED: objc/execute/redefining_self.m execution, -O0
FAIL: objc/execute/redefining_self.m compilation, -O1
UNRESOLVED: objc/execute/redefining_self.m execution, -O1
FAIL: objc/execute/redefining_self.m compilation, -O2
UNRESOLVED: objc/execute/redefining_self.m execution, -O2
FAIL: objc/execute/redefining_self.m compilation, -O3 -fomit-frame-pointer
UNRESOLVED: objc/execute/redefining_self.m execution, -O3 -fomit-frame-pointer
FAIL: objc/execute/redefining_self.m compilation, -O3 -g
UNRESOLVED: objc/execute/redefining_self.m execution, -O3 -g
FAIL: objc/execute/redefining_self.m compilation, -Os
UNRESOLVED: objc/execute/redefining_self.m execution, -Os
FAIL: objc/execute/root_methods.m compilation, -O0
UNRESOLVED: objc/execute/root_methods.m execution, -O0
FAIL: objc/execute/root_methods.m compilation, -O1
UNRESOLVED: objc/execute/root_methods.m execution, -O1
FAIL: objc/execute/root_methods.m compilation, -O2
UNRESOLVED: objc/execute/root_methods.m execution, -O2
FAIL: objc/execute/root_methods.m compilation, -O3 -fomit-frame-pointer
UNRESOLVED: objc/execute/root_methods.m execution, -O3 -fomit-frame-pointer
FAIL: objc/execute/root_methods.m compilation, -O3 -g
UNRESOLVED: objc/execute/root_methods.m execution, -O3 -g
FAIL: objc/execute/root_methods.m compilation, -Os
UNRESOLVED: objc/execute/root_methods.m execution, -Os
FAIL: objc/execute/selector-1.m compilation, -O0
UNRESOLVED: objc/execute/selector-1.m execution, -O0
FAIL: objc/execute/selector-1.m compilation, -O1
UNRESOLVED: objc/execute/selector-1.m execution, -O1
FAIL: objc/execute/selector-1.m compilation, -O2
UNRESOLVED: objc/execute/selector-1.m execution, -O2
FAIL: objc/execute/selector-1.m compilation, -O3 -fomit-frame-pointer
UNRESOLVED: objc/execute/selector-1.m execution, -O3 -fomit-frame-pointer
FAIL: objc/execute/selector-1.m compilation, -O3 -g
UNRESOLVED: objc/execute/selector-1.m execution, -O3 -g
FAIL: objc/execute/selector-1.m compilation, -Os
UNRESOLVED: objc/execute/selector-1.m execution, -Os
FAIL: objc/execute/static-1.m compilation, -O0
UNRESOLVED: objc/execute/static-1.m execution, -O0
FAIL: objc/execute/static-1.m compilation, -O1
UNRESOLVED: objc/execute/static-1.m execution, -O1
FAIL: objc/execute/static-1.m compilation, -O2
UNRESOLVED: objc/execute/static-1.m execution, -O2
FAIL: objc/execute/static-1.m compilation, -O3 -fomit-frame-pointer
UNRESOLVED: objc/execute/static-1.m execution, -O3 -fomit-frame-pointer
FAIL: objc/execute/static-1.m compilation, -O3 -g
UNRESOLVED: objc/execute/static-1.m execution, -O3 -g
FAIL: objc/execute/static-1.m compilation, -Os
UNRESOLVED: objc/execute/static-1.m execution, -Os
FAIL: objc/execute/static-2.m compilation, -O0
UNRESOLVED: objc/execute/static-2.m execution, -O0
FAIL: objc/execute/static-2.m compilation, -O1
UNRESOLVED: objc/execute/static-2.m execution, -O1
FAIL: objc/execute/static-2.m compilation, -O2
UNRESOLVED: objc/execute/static-2.m execution, -O2
FAIL: objc/execute/static-2.m compilation, -O3 -fomit-frame-pointer
UNRESOLVED: objc/execute/static-2.m execution, -O3 -fomit-frame-pointer
FAIL: objc/execute/static-2.m compilation, -O3 -g
UNRESOLVED: objc/execute/static-2.m execution, -O3 -g
FAIL: objc/execute/static-2.m compilation, -Os
UNRESOLVED: objc/execute/static-2.m execution, -Os
FAIL: objc/execute/string1.m compilation, -O0
UNRESOLVED: objc/execute/string1.m execution, -O0
FAIL: objc/execute/string1.m compilation, -O1
UNRESOLVED: objc/execute/string1.m execution, -O1
FAIL: objc/execute/string1.m compilation, -O2
UNRESOLVED: objc/execute/string1.m execution, -O2
FAIL: objc/execute/string1.m compilation, -O3 -fomit-frame-pointer
UNRESOLVED: objc/execute/string1.m execution, -O3 -fomit-frame-pointer
FAIL: objc/execute/string1.m compilation, -O3 -g
UNRESOLVED: objc/execute/string1.m execution, -O3 -g
FAIL: objc/execute/string1.m compilation, -Os
UNRESOLVED: objc/execute/string1.m execution, -Os
FAIL: objc/execute/string2.m compilation, -O0
UNRESOLVED: objc/execute/string2.m execution, -O0
FAIL: objc/execute/string2.m compilation, -O1
UNRESOLVED: objc/execute/string2.m execution, -O1
FAIL: objc/execute/string2.m compilation, -O2
UNRESOLVED: objc/execute/string2.m execution, -O2
FAIL: objc/execute/string2.m compilation, -O3 -fomit-frame-pointer
UNRESOLVED: objc/execute/string2.m execution, -O3 -fomit-frame-pointer
FAIL: objc/execute/string2.m compilation, -O3 -g
UNRESOLVED: objc/execute/string2.m execution, -O3 -g
FAIL: objc/execute/string2.m compilation, -Os
UNRESOLVED: objc/execute/string2.m execution, -Os
FAIL: objc/execute/string3.m compilation, -O0
UNRESOLVED: objc/execute/string3.m execution, -O0
FAIL: objc/execute/string3.m compilation, -O1
UNRESOLVED: objc/execute/string3.m execution, -O1
FAIL: objc/execute/string3.m compilation, -O2
UNRESOLVED: objc/execute/string3.m execution, -O2
FAIL: objc/execute/string3.m compilation, -O3 -fomit-frame-pointer
UNRESOLVED: objc/execute/string3.m execution, -O3 -fomit-frame-pointer
FAIL: objc/execute/string3.m compilation, -O3 -g
UNRESOLVED: objc/execute/string3.m execution, -O3 -g
FAIL: objc/execute/string3.m compilation, -Os
UNRESOLVED: objc/execute/string3.m execution, -Os
FAIL: objc/execute/string4.m compilation, -O0
UNRESOLVED: objc/execute/string4.m execution, -O0
FAIL: objc/execute/string4.m compilation, -O1
UNRESOLVED: objc/execute/string4.m execution, -O1
FAIL: objc/execute/string4.m compilation, -O2
UNRESOLVED: objc/execute/string4.m execution, -O2
FAIL: objc/execute/string4.m compilation, -O3 -fomit-frame-pointer
UNRESOLVED: objc/execute/string4.m execution, -O3 -fomit-frame-pointer
FAIL: objc/execute/string4.m compilation, -O3 -g
UNRESOLVED: objc/execute/string4.m execution, -O3 -g
FAIL: objc/execute/string4.m compilation, -Os
UNRESOLVED: objc/execute/string4.m execution, -Os
FAIL: objc/execute/va_method.m compilation, -O0
UNRESOLVED: objc/execute/va_method.m execution, -O0
FAIL: objc/execute/va_method.m compilation, -O1
UNRESOLVED: objc/execute/va_method.m execution, -O1
FAIL: objc/execute/va_method.m compilation, -O2
UNRESOLVED: objc/execute/va_method.m execution, -O2
FAIL: objc/execute/va_method.m compilation, -O3 -fomit-frame-pointer
UNRESOLVED: objc/execute/va_method.m execution, -O3 -fomit-frame-pointer
FAIL: objc/execute/va_method.m compilation, -O3 -fomit-frame-pointer -funroll-loops
UNRESOLVED: objc/execute/va_method.m execution, -O3 -fomit-frame-pointer -funroll-loops
FAIL: objc/execute/va_method.m compilation, -O3 -fomit-frame-pointer -funroll-all-loops -finline-functions
UNRESOLVED: objc/execute/va_method.m execution, -O3 -fomit-frame-pointer -funroll-all-loops -finline-functions
FAIL: objc/execute/va_method.m compilation, -O3 -g
UNRESOLVED: objc/execute/va_method.m execution, -O3 -g
FAIL: objc/execute/va_method.m compilation, -Os
UNRESOLVED: objc/execute/va_method.m execution, -Os
=== libstdc++-v3 check-abi Summary ===
# of added symbols: 305
# of missing symbols: 321
# of incompatible symbols: 352
=== libstdc++ tests ===
Running target unix
FAIL: 22_locale/money_get/get/char/5.cc execution test
FAIL: 22_locale/money_get/get/wchar_t/5.cc execution test
FAIL: 22_locale/num_get/get/char/10.cc execution test
FAIL: 22_locale/num_get/get/char/4.cc execution test
FAIL: 22_locale/num_get/get/wchar_t/10.cc execution test
FAIL: 22_locale/num_get/get/wchar_t/4.cc execution test
FAIL: 23_containers/multiset/invalidation/2.cc execution test
FAIL: 23_containers/set/invalidation/2.cc execution test
XPASS: 26_numerics/c99_classification_macros_c.cc (test for excess errors)
FAIL: 26_numerics/complex_inserters_extractors.cc execution test
FAIL: 27_io/basic_filebuf/sgetn/char/1-in.cc execution test
FAIL: 27_io/basic_filebuf/sgetn/char/1-io.cc execution test
FAIL: 27_io/basic_filebuf/sgetn/char/2-in.cc execution test
FAIL: 27_io/basic_filebuf/sgetn/char/2-io.cc execution test
FAIL: 27_io/basic_filebuf/underflow/wchar_t/11603.cc execution test
FAIL: 27_io/basic_istream/extractors_arithmetic/char/01.cc execution test
FAIL: 27_io/basic_istream/readsome/char/6746-2.cc execution test
=== libstdc++ Summary ===
# of expected passes 2546
# of unexpected failures 16
# of unexpected successes 1
# of expected failures 2
Compiler version: 3.5.0 20040219 (experimental)
Platform: hppa-unknown-linux-gnu
configure flags: --with-gnu-as --with-as=/home/dave/opt/gnu/bin/as --with-gnu-ld --with-ld=/home/dave/opt/gnu/bin/ld --enable-shared --disable-nls --prefix=/home/dave/opt/gnu/gcc/gcc-3.5-sjlj --with-local-prefix=/home/dave/opt/gnu --enable-threads=posix --enable-__cxa_atexit --host=hppa-linux --enable-sjlj-exceptions=yes --enable-languages=c++,objc,f77,java,ada