This is the mail archive of the
gcc-testresults@gcc.gnu.org
mailing list for the GCC project.
Results for 3.4.0 20040218 (prerelease) testsuite on sparc-sun-solaris2.9
- From: Brad Lucier <lucier at math dot purdue dot edu>
- To: gcc-testresults at gcc dot gnu dot org
- Date: Wed, 18 Feb 2004 14:20:00 -0500 (EST)
- Subject: Results for 3.4.0 20040218 (prerelease) testsuite on sparc-sun-solaris2.9
LAST_UPDATED: Wed Feb 18 05:50:03 UTC 2004
Native configuration is sparc-sun-solaris2.9
=== g++ tests ===
Running target unix/-m64
WARNING: g++.dg/eh/simd-1.C compilation failed to produce executable
FAIL: g++.dg/eh/simd-2.C PR target/12916 (test for errors, line 15)
FAIL: g++.dg/eh/simd-2.C (test for excess errors)
WARNING: g++.dg/eh/simd-2.C compilation failed to produce executable
UNRESOLVED: g++.dg/ext/attrib10.C
UNRESOLVED: g++.old-deja/g++.ext/attrib5.C
WARNING: g++.old-deja/g++.mike/p10769a.C compilation failed to produce executable
WARNING: g++.old-deja/g++.other/enum5.C compilation failed to produce executable
FAIL: g++.old-deja/g++.pt/crash66.C (test for errors, line 38)
WARNING: g++.old-deja/g++.pt/friend44.C compilation failed to produce executable
FAIL: g++.old-deja/g++.pt/t05.C (test for errors, line 3)
FAIL: g++.old-deja/g++.pt/t05.C (test for errors, line 6)
FAIL: g++.old-deja/g++.pt/t05.C (test for errors, line 9)
FAIL: g++.old-deja/g++.pt/t05.C (test for excess errors)
=== g++ Summary for unix/-m64 ===
# of expected passes 9379
# of unexpected failures 7
# of expected failures 64
# of unresolved testcases 2
# of unsupported tests 69
Running target unix
FAIL: g++.dg/eh/simd-1.C (test for excess errors)
WARNING: g++.dg/eh/simd-1.C compilation failed to produce executable
FAIL: g++.dg/eh/simd-2.C (test for excess errors)
WARNING: g++.dg/eh/simd-2.C compilation failed to produce executable
UNRESOLVED: g++.dg/ext/attrib10.C
UNRESOLVED: g++.old-deja/g++.ext/attrib5.C
FAIL: g++.old-deja/g++.law/cvt8.C (test for errors, line 27)
FAIL: g++.old-deja/g++.law/cvt8.C (test for errors, line 34)
FAIL: g++.old-deja/g++.law/cvt8.C (test for excess errors)
WARNING: g++.old-deja/g++.mike/p10769a.C compilation failed to produce executable
WARNING: g++.old-deja/g++.other/enum5.C compilation failed to produce executable
WARNING: g++.old-deja/g++.pt/friend44.C compilation failed to produce executable
=== g++ Summary for unix ===
# of expected passes 9381
# of unexpected failures 5
# of expected failures 64
# of unresolved testcases 2
# of unsupported tests 69
=== g++ Summary ===
# of expected passes 18760
# of unexpected failures 12
# of expected failures 128
# of unresolved testcases 4
# of unsupported tests 138
/export/users/lucier/programs/gcc/3.4/objdir/gcc/testsuite/../g++ version 3.4.0 20040218 (prerelease)
=== g77 tests ===
Running target unix/-m64
=== g77 Summary for unix/-m64 ===
# of expected passes 1800
# of unsupported tests 6
Running target unix
=== g77 Summary for unix ===
# of expected passes 1800
# of unsupported tests 6
=== g77 Summary ===
# of expected passes 3600
# of unsupported tests 12
/export/users/lucier/programs/gcc/3.4/objdir/gcc/testsuite/../g77 version 3.4.0 20040218 (prerelease)
=== gcc tests ===
Running target unix/-m64
UNRESOLVED: gcc.c-torture/execute/simd-4.c execution, -O0
UNRESOLVED: gcc.c-torture/execute/va-arg-25.c execution, -O0
UNRESOLVED: gcc.c-torture/execute/va-arg-25.c execution, -O1
UNRESOLVED: gcc.c-torture/execute/va-arg-25.c execution, -O2
UNRESOLVED: gcc.c-torture/execute/va-arg-25.c execution, -O3 -fomit-frame-pointer
UNRESOLVED: gcc.c-torture/execute/va-arg-25.c execution, -O3 -g
UNRESOLVED: gcc.c-torture/execute/va-arg-25.c execution, -Os
UNRESOLVED: gcc.dg/compat/vector-1 c_compat_x_tst.o-c_compat_y_tst.o link
UNRESOLVED: gcc.dg/compat/vector-1 c_compat_x_tst.o-c_compat_y_tst.o execute
UNRESOLVED: gcc.dg/compat/vector-2 c_compat_x_tst.o-c_compat_y_tst.o link
UNRESOLVED: gcc.dg/compat/vector-2 c_compat_x_tst.o-c_compat_y_tst.o execute
WARNING: gcc.dg/20021014-1.c compilation failed to produce executable
XPASS: gcc.dg/uninit-4.c uninitialized variable warning (test for bogus messages, line 26)
UNRESOLVED: gcc.dg/visibility-1.c
UNRESOLVED: gcc.dg/visibility-2.c
UNRESOLVED: gcc.dg/visibility-3.c
UNRESOLVED: gcc.dg/visibility-4.c
UNRESOLVED: gcc.dg/visibility-5.c
UNRESOLVED: gcc.dg/visibility-6.c
UNRESOLVED: gcc.dg/visibility-7.c
UNRESOLVED: gcc.dg/visibility-8.c
=== gcc Summary for unix/-m64 ===
# of expected passes 24635
# of unexpected successes 1
# of expected failures 84
# of unresolved testcases 19
# of untested testcases 7
# of unsupported tests 308
Running target unix
UNRESOLVED: gcc.c-torture/execute/simd-4.c execution, -O0
UNRESOLVED: gcc.dg/compat/vector-1 c_compat_x_tst.o-c_compat_y_tst.o link
UNRESOLVED: gcc.dg/compat/vector-1 c_compat_x_tst.o-c_compat_y_tst.o execute
UNRESOLVED: gcc.dg/compat/vector-2 c_compat_x_tst.o-c_compat_y_tst.o link
UNRESOLVED: gcc.dg/compat/vector-2 c_compat_x_tst.o-c_compat_y_tst.o execute
WARNING: gcc.dg/20021014-1.c compilation failed to produce executable
XPASS: gcc.dg/uninit-4.c uninitialized variable warning (test for bogus messages, line 26)
UNRESOLVED: gcc.dg/visibility-1.c
UNRESOLVED: gcc.dg/visibility-2.c
UNRESOLVED: gcc.dg/visibility-3.c
UNRESOLVED: gcc.dg/visibility-4.c
UNRESOLVED: gcc.dg/visibility-5.c
UNRESOLVED: gcc.dg/visibility-6.c
UNRESOLVED: gcc.dg/visibility-7.c
UNRESOLVED: gcc.dg/visibility-8.c
=== gcc Summary for unix ===
# of expected passes 24655
# of unexpected successes 1
# of expected failures 72
# of unresolved testcases 13
# of untested testcases 7
# of unsupported tests 308
=== gcc Summary ===
# of expected passes 49290
# of unexpected successes 2
# of expected failures 156
# of unresolved testcases 32
# of untested testcases 14
# of unsupported tests 616
/export/users/lucier/programs/gcc/3.4/objdir/gcc/xgcc version 3.4.0 20040218 (prerelease)
=== objc tests ===
Running target unix/-m64
=== objc Summary for unix/-m64 ===
# of expected passes 1341
# of unsupported tests 8
Running target unix
=== objc Summary for unix ===
# of expected passes 1341
# of unsupported tests 8
=== objc Summary ===
# of expected passes 2682
# of unsupported tests 16
/export/users/lucier/programs/gcc/3.4/objdir/gcc/xgcc version 3.4.0 20040218 (prerelease)
=== libffi tests ===
Running target unix/-m64
=== libffi Summary for unix/-m64 ===
# of expected passes 212
# of unsupported tests 2
Running target unix
=== libffi Summary for unix ===
# of expected passes 212
# of unsupported tests 2
=== libffi Summary ===
# of expected passes 424
# of unsupported tests 4
=== libjava tests ===
Running target unix/-m64
ERROR: tcl error sourcing /homes/lucier/programs/gcc/3.4/libjava/testsuite/libjava.compile/compile.exp.
ERROR: can't read "x": no such variable
FAIL: linking simple
FAIL: cxxtest output
FAIL: Array_3 execution - gij test
FAIL: Array_3 compilation from bytecode
FAIL: Array_3 execution - gij test
FAIL: FileHandleGcTest execution - source compiled test
FAIL: FileHandleGcTest execution - gij test
FAIL: FileHandleGcTest execution - bytecode->native test
FAIL: FileHandleGcTest -O3 execution - source compiled test
FAIL: FileHandleGcTest execution - gij test
FAIL: FileHandleGcTest -O3 execution - bytecode->native test
ERROR: No \`main' given in program G19990304_01
UNRESOLVED: G19990310_01 compilation from source
FAIL: Thread_Wait_Interrupt execution - gij test
FAIL: Thread_Wait_Interrupt execution - gij test
ERROR: No \`main' given in program klass
UNRESOLVED: multiple_finit compilation from source
ERROR: No \`main' given in program override
UNRESOLVED: pr109 compilation from source
ERROR: No \`main' given in program private_direct_read
UNRESOLVED: private_direct_read -O3 compilation from source
=== libjava Summary for unix/-m64 ===
# of expected passes 3073
# of unexpected failures 13
# of expected failures 11
# of unresolved testcases 4
# of untested testcases 20
Running target unix
ERROR: tcl error sourcing /homes/lucier/programs/gcc/3.4/libjava/testsuite/libjava.compile/compile.exp.
ERROR: can't read "x": no such variable
FAIL: linking simple
FAIL: cxxtest run
FAIL: Array_3 execution - gij test
FAIL: Array_3 execution - gij test
FAIL: FileHandleGcTest execution - source compiled test
FAIL: FileHandleGcTest execution - gij test
FAIL: FileHandleGcTest execution - bytecode->native test
FAIL: FileHandleGcTest -O3 execution - source compiled test
FAIL: FileHandleGcTest execution - gij test
FAIL: FileHandleGcTest -O3 execution - bytecode->native test
FAIL: PR12416 compilation from bytecode
FAIL: SyncTest execution - gij test
FAIL: SyncTest execution - gij test
FAIL: TLtest execution - gij test
FAIL: TLtest execution - gij test
FAIL: Thread_Monitor execution - gij test
FAIL: Thread_Wait_Interrupt execution - gij test
FAIL: inner_array compilation from bytecode
FAIL: multiple_finit -O3 compilation from bytecode
=== libjava Summary for unix ===
# of expected passes 2992
# of unexpected failures 19
# of expected failures 9
# of untested testcases 25
=== libjava Summary ===
# of expected passes 6065
# of unexpected failures 32
# of expected failures 20
# of unresolved testcases 4
# of untested testcases 45
=== libstdc++ tests ===
Running target unix/-m64
=== libstdc++ Summary for unix/-m64 ===
# of expected passes 2556
# of expected failures 3
Running target unix
=== libstdc++ Summary for unix ===
# of expected passes 2556
# of expected failures 3
=== libstdc++ Summary ===
# of expected passes 5112
# of expected failures 6
Compiler version: 3.4.0 20040218 (prerelease)
Platform: sparc-sun-solaris2.9
configure flags: none
Counting all warnings,
there are 23 warnings in stage3 of this bootstrap.
Number of warnings per file:
5 /pkgs/gnu/share/bison.simple
4 gcc/unwind-dw2.c
4 gcc/libgcc2.c
3 gengtype-lex.c
2 gcc/objc/lang-specs.h
2 gcc/gcc.c
2 gcc/f/sta.c
1 gcc/java/jvspec.c
Number of warning types:
8 old-style parameter declaration
5 string length \`???' is greater than the length \`???' ISO C89 compilers are required to support
2 missing braces around initializer
2 implicit declaration of function \`???'
2 dereferencing type-punned pointer will break strict-aliasing rules
2 comparison between signed and unsigned
2 (near initialization for \`???')