This is the mail archive of the
gcc-testresults@gcc.gnu.org
mailing list for the GCC project.
Results for 3.4.020040216(prerelease) testsuite on arm-unknown-elf
- From: Karel Gardas <kgardas at objectsecurity dot com>
- To: gcc-testresults at gcc dot gnu dot org
- Date: Mon, 16 Feb 2004 23:41:19 +0100
- Subject: Results for 3.4.020040216(prerelease) testsuite on arm-unknown-elf
LAST_UPDATED: Mon Feb 16 17:06:51 UTC 2004
Target is arm-unknown-elf
Host is arm-unknown-elf
=== libstdc++ tests ===
Running target arm-sim
FAIL: 21_strings/basic_string/cons/char/6.cc execution test
WARNING: program timed out.
FAIL: 21_strings/basic_string/element_access/char/4.cc execution test
FAIL: 27_io/basic_filebuf/close/char/4879.cc (test for excess errors)
WARNING: 27_io/basic_filebuf/close/char/4879.cc compilation failed to produce executable
FAIL: 27_io/basic_filebuf/close/char/9964.cc (test for excess errors)
WARNING: 27_io/basic_filebuf/close/char/9964.cc compilation failed to produce executable
FAIL: 27_io/basic_filebuf/imbue/char/13171-2.cc (test for excess errors)
WARNING: 27_io/basic_filebuf/imbue/char/13171-2.cc compilation failed to produce executable
FAIL: 27_io/basic_filebuf/imbue/char/13582-2.cc (test for excess errors)
WARNING: 27_io/basic_filebuf/imbue/char/13582-2.cc compilation failed to produce executable
FAIL: 27_io/basic_filebuf/open/char/9507.cc (test for excess errors)
WARNING: 27_io/basic_filebuf/open/char/9507.cc compilation failed to produce executable
FAIL: 27_io/basic_filebuf/sgetn/char/1-in.cc execution test
FAIL: 27_io/basic_filebuf/sgetn/char/1-io.cc execution test
FAIL: 27_io/basic_filebuf/sgetn/char/2-in.cc execution test
FAIL: 27_io/basic_filebuf/sgetn/char/2-io.cc execution test
FAIL: 27_io/basic_filebuf/showmanyc/char/9533-1.cc (test for excess errors)
WARNING: 27_io/basic_filebuf/showmanyc/char/9533-1.cc compilation failed to produce executable
FAIL: 27_io/basic_filebuf/underflow/char/10097.cc (test for excess errors)
WARNING: 27_io/basic_filebuf/underflow/char/10097.cc compilation failed to produce executable
FAIL: 27_io/basic_istream/readsome/char/6746-2.cc execution test
FAIL: 27_io/objects/char/7.cc (test for excess errors)
WARNING: 27_io/objects/char/7.cc compilation failed to produce executable
FAIL: 27_io/objects/char/9.cc execution test
FAIL: 27_io/objects/char/9661-1.cc (test for excess errors)
WARNING: 27_io/objects/char/9661-1.cc compilation failed to produce executable
=== libstdc++ Summary ===
# of expected passes 1874
# of unexpected failures 17
# of expected failures 1
# of unsupported tests 7
Host is i686-pc-linux-gnu
=== g++ tests ===
Running target arm-sim
FAIL: g++.dg/abi/bitfield4.C (test for excess errors)
WARNING: g++.dg/abi/bitfield4.C compilation failed to produce executable
FAIL: g++.dg/init/enum2.C (test for excess errors)
XPASS: g++.dg/other/packed1.C execution test
FAIL: g++.old-deja/g++.benjamin/bool01.C (test for excess errors)
WARNING: g++.old-deja/g++.benjamin/bool01.C compilation failed to produce executable
FAIL: g++.old-deja/g++.benjamin/p12475.C (test for excess errors)
FAIL: g++.old-deja/g++.jason/rfg10.C (test for excess errors)
WARNING: g++.old-deja/g++.mike/p10769a.C compilation failed to produce executable
WARNING: g++.old-deja/g++.other/enum5.C compilation failed to produce executable
WARNING: g++.old-deja/g++.pt/friend44.C compilation failed to produce executable
=== g++ Summary ===
# of expected passes 9337
# of unexpected failures 5
# of unexpected successes 1
# of expected failures 64
# of unsupported tests 78
/mnt/karel/gcc340-sim/obj/gcc/testsuite/../g++ version 3.4.0 20040216 (prerelease)
Host is i686-pc-linux-gnu
=== gcc tests ===
Running target arm-sim
UNRESOLVED: gcc.c-torture/execute/20020720-1.c execution, -O1
UNRESOLVED: gcc.c-torture/execute/20020720-1.c execution, -O2
UNRESOLVED: gcc.c-torture/execute/20020720-1.c execution, -O3 -fomit-frame-pointer
UNRESOLVED: gcc.c-torture/execute/20020720-1.c execution, -O3 -g
UNRESOLVED: gcc.c-torture/execute/20020720-1.c execution, -Os
XPASS: gcc.c-torture/execute/990208-1.c execution, -O3 -fomit-frame-pointer
XPASS: gcc.c-torture/execute/990208-1.c execution, -O3 -g
FAIL: gcc.dg/c90-intconst-1.c (test for excess errors)
FAIL: gcc.dg/c99-intconst-1.c (test for excess errors)
XPASS: gcc.dg/setjmp-1.c spurious clobbered warning (test for bogus messages, line 16)
XPASS: gcc.dg/uninit-4.c uninitialized variable warning (test for bogus messages, line 26)
=== gcc Summary ===
# of expected passes 24553
# of unexpected failures 2
# of unexpected successes 4
# of expected failures 72
# of unresolved testcases 5
# of untested testcases 7
# of unsupported tests 326
/mnt/karel/gcc340-sim/obj/gcc/xgcc version 3.4.0 20040216 (prerelease)
Compiler version: 3.4.020040216(prerelease)
Platform: arm-unknown-elf
configure flags: --target=arm-elf --prefix=/mnt/karel/gcc340-sim/arm-elf --with-newlib --disable-gdbtk --enable-languages=c++