This is the mail archive of the gcc-testresults@gcc.gnu.org mailing list for the GCC project.


Index Nav: [Date Index] [Subject Index] [Author Index] [Thread Index]
Message Nav: [Date Prev] [Date Next] [Thread Prev] [Thread Next]
Other format: [Raw text]

Results for 3.5.0 20040212 (experimental) testsuite on sparc-sun-solaris2.9


LAST_UPDATED: Thu Feb 12 16:09:27 UTC 2004

Native configuration is sparc-sun-solaris2.9

		=== g++ tests ===


Running target unix/-m64
FAIL: g++.dg/abi/covariant2.C (test for excess errors)
FAIL: g++.dg/abi/covariant3.C (test for excess errors)
WARNING: g++.dg/abi/covariant3.C compilation failed to produce executable
WARNING: g++.dg/eh/simd-1.C compilation failed to produce executable
FAIL: g++.dg/eh/simd-2.C PR target/12916 (test for errors, line 15)
FAIL: g++.dg/eh/simd-2.C (test for excess errors)
WARNING: g++.dg/eh/simd-2.C compilation failed to produce executable
UNRESOLVED: g++.dg/ext/attrib10.C
FAIL: g++.dg/inherit/covariant11.C (test for excess errors)
FAIL: g++.dg/inherit/covariant3.C (test for excess errors)
WARNING: g++.dg/inherit/covariant3.C compilation failed to produce executable
FAIL: g++.dg/inherit/covariant4.C (test for excess errors)
WARNING: g++.dg/inherit/covariant4.C compilation failed to produce executable
FAIL: g++.dg/inherit/covariant6.C (test for excess errors)
FAIL: g++.dg/inherit/covariant8.C (test for excess errors)
FAIL: g++.dg/inherit/covariant9.C (test for excess errors)
UNRESOLVED: g++.old-deja/g++.ext/attrib5.C
WARNING: g++.old-deja/g++.mike/p10769a.C compilation failed to produce executable
WARNING: g++.old-deja/g++.other/enum5.C compilation failed to produce executable
WARNING: g++.old-deja/g++.pt/friend44.C compilation failed to produce executable
FAIL: g++.old-deja/g++.robertl/eb17.C (test for excess errors)
WARNING: g++.old-deja/g++.robertl/eb17.C compilation failed to produce executable

		=== g++ Summary for unix/-m64 ===

# of expected passes		9423
# of unexpected failures	11
# of expected failures		69
# of unresolved testcases	2
# of unsupported tests		68

Running target unix
FAIL: g++.dg/abi/covariant2.C (test for excess errors)
FAIL: g++.dg/abi/covariant3.C (test for excess errors)
WARNING: g++.dg/abi/covariant3.C compilation failed to produce executable
FAIL: g++.dg/eh/simd-1.C (test for excess errors)
WARNING: g++.dg/eh/simd-1.C compilation failed to produce executable
FAIL: g++.dg/eh/simd-2.C (test for excess errors)
WARNING: g++.dg/eh/simd-2.C compilation failed to produce executable
UNRESOLVED: g++.dg/ext/attrib10.C
FAIL: g++.dg/inherit/covariant11.C (test for excess errors)
FAIL: g++.dg/inherit/covariant3.C (test for excess errors)
WARNING: g++.dg/inherit/covariant3.C compilation failed to produce executable
FAIL: g++.dg/inherit/covariant4.C (test for excess errors)
WARNING: g++.dg/inherit/covariant4.C compilation failed to produce executable
FAIL: g++.dg/inherit/covariant6.C (test for excess errors)
FAIL: g++.dg/inherit/covariant8.C (test for excess errors)
FAIL: g++.dg/inherit/covariant9.C (test for excess errors)
UNRESOLVED: g++.old-deja/g++.ext/attrib5.C
WARNING: g++.old-deja/g++.mike/p10769a.C compilation failed to produce executable
WARNING: g++.old-deja/g++.other/enum5.C compilation failed to produce executable
WARNING: g++.old-deja/g++.pt/friend44.C compilation failed to produce executable
FAIL: g++.old-deja/g++.robertl/eb17.C (test for excess errors)
WARNING: g++.old-deja/g++.robertl/eb17.C compilation failed to produce executable

		=== g++ Summary for unix ===

# of expected passes		9423
# of unexpected failures	11
# of expected failures		69
# of unresolved testcases	2
# of unsupported tests		68

		=== g++ Summary ===

# of expected passes		18846
# of unexpected failures	22
# of expected failures		138
# of unresolved testcases	4
# of unsupported tests		136
/opt/gcc/gcc-cvs/objdir/gcc/testsuite/../g++ version 3.5.0 20040212 (experimental)

		=== gcc tests ===


Running target unix/-m64
UNRESOLVED: gcc.c-torture/execute/simd-4.c execution,  -O0 
UNRESOLVED: gcc.c-torture/execute/va-arg-25.c execution,  -O0 
UNRESOLVED: gcc.c-torture/execute/va-arg-25.c execution,  -O1 
UNRESOLVED: gcc.c-torture/execute/va-arg-25.c execution,  -O2 
UNRESOLVED: gcc.c-torture/execute/va-arg-25.c execution,  -O3 -fomit-frame-pointer 
UNRESOLVED: gcc.c-torture/execute/va-arg-25.c execution,  -O3 -g 
UNRESOLVED: gcc.c-torture/execute/va-arg-25.c execution,  -Os 
FAIL: gcc.c-torture/unsorted/pp.c,  -O0  
FAIL: gcc.c-torture/unsorted/pp.c,  -O1  
FAIL: gcc.c-torture/unsorted/pp.c,  -O2  
FAIL: gcc.c-torture/unsorted/pp.c,  -O3 -fomit-frame-pointer  
FAIL: gcc.c-torture/unsorted/pp.c,  -O3 -g  
FAIL: gcc.c-torture/unsorted/pp.c,  -Os  
FAIL: gcc.c-torture/unsorted/pret-arg.c,  -O0  
FAIL: gcc.c-torture/unsorted/pret-arg.c,  -O1  
FAIL: gcc.c-torture/unsorted/pret-arg.c,  -O2  
FAIL: gcc.c-torture/unsorted/pret-arg.c,  -O3 -fomit-frame-pointer  
FAIL: gcc.c-torture/unsorted/pret-arg.c,  -O3 -g  
FAIL: gcc.c-torture/unsorted/pret-arg.c,  -Os  
FAIL: gcc.dg/compat/struct-by-value-19 c_compat_x_tst.o compile
FAIL: gcc.dg/compat/struct-by-value-19 c_compat_y_tst.o compile
UNRESOLVED: gcc.dg/compat/struct-by-value-19 c_compat_x_tst.o-c_compat_y_tst.o link 
UNRESOLVED: gcc.dg/compat/struct-by-value-19 c_compat_x_tst.o-c_compat_y_tst.o execute 
FAIL: gcc.dg/compat/struct-by-value-20 c_compat_x_tst.o compile
FAIL: gcc.dg/compat/struct-by-value-20 c_compat_y_tst.o compile
UNRESOLVED: gcc.dg/compat/struct-by-value-20 c_compat_x_tst.o-c_compat_y_tst.o link 
UNRESOLVED: gcc.dg/compat/struct-by-value-20 c_compat_x_tst.o-c_compat_y_tst.o execute 
UNRESOLVED: gcc.dg/compat/vector-1 c_compat_x_tst.o-c_compat_y_tst.o link 
UNRESOLVED: gcc.dg/compat/vector-1 c_compat_x_tst.o-c_compat_y_tst.o execute 
UNRESOLVED: gcc.dg/compat/vector-2 c_compat_x_tst.o-c_compat_y_tst.o link 
UNRESOLVED: gcc.dg/compat/vector-2 c_compat_x_tst.o-c_compat_y_tst.o execute 
WARNING: gcc.dg/20021014-1.c compilation failed to produce executable
FAIL: gcc.dg/fwritable-strings-1.c  (test for errors, line )
XPASS: gcc.dg/uninit-4.c uninitialized variable warning (test for bogus messages, line 26)
UNRESOLVED: gcc.dg/visibility-1.c
UNRESOLVED: gcc.dg/visibility-2.c
UNRESOLVED: gcc.dg/visibility-3.c
UNRESOLVED: gcc.dg/visibility-4.c
UNRESOLVED: gcc.dg/visibility-5.c
UNRESOLVED: gcc.dg/visibility-6.c
UNRESOLVED: gcc.dg/visibility-7.c
UNRESOLVED: gcc.dg/visibility-8.c

		=== gcc Summary for unix/-m64 ===

# of expected passes		24926
# of unexpected failures	17
# of unexpected successes	1
# of expected failures		77
# of unresolved testcases	23
# of untested testcases		7
# of unsupported tests		306

Running target unix
UNRESOLVED: gcc.c-torture/execute/simd-4.c execution,  -O0 
UNRESOLVED: gcc.dg/compat/vector-1 c_compat_x_tst.o-c_compat_y_tst.o link 
UNRESOLVED: gcc.dg/compat/vector-1 c_compat_x_tst.o-c_compat_y_tst.o execute 
UNRESOLVED: gcc.dg/compat/vector-2 c_compat_x_tst.o-c_compat_y_tst.o link 
UNRESOLVED: gcc.dg/compat/vector-2 c_compat_x_tst.o-c_compat_y_tst.o execute 
WARNING: gcc.dg/20021014-1.c compilation failed to produce executable
FAIL: gcc.dg/fwritable-strings-1.c  (test for errors, line )
XPASS: gcc.dg/uninit-4.c uninitialized variable warning (test for bogus messages, line 26)
UNRESOLVED: gcc.dg/visibility-1.c
UNRESOLVED: gcc.dg/visibility-2.c
UNRESOLVED: gcc.dg/visibility-3.c
UNRESOLVED: gcc.dg/visibility-4.c
UNRESOLVED: gcc.dg/visibility-5.c
UNRESOLVED: gcc.dg/visibility-6.c
UNRESOLVED: gcc.dg/visibility-7.c
UNRESOLVED: gcc.dg/visibility-8.c

		=== gcc Summary for unix ===

# of expected passes		24966
# of unexpected failures	1
# of unexpected successes	1
# of expected failures		65
# of unresolved testcases	13
# of untested testcases		7
# of unsupported tests		306

		=== gcc Summary ===

# of expected passes		49892
# of unexpected failures	18
# of unexpected successes	2
# of expected failures		142
# of unresolved testcases	36
# of untested testcases		14
# of unsupported tests		612
/opt/gcc/gcc-cvs/objdir/gcc/xgcc version 3.5.0 20040212 (experimental)

		=== libffi tests ===


Running target unix/-m64

		=== libffi Summary for unix/-m64 ===

# of expected passes		212
# of unsupported tests		2

Running target unix

		=== libffi Summary for unix ===

# of expected passes		212
# of unsupported tests		2

		=== libffi Summary ===

# of expected passes		424
# of unsupported tests		4
		=== libjava tests ===


Running target unix/-m64
FAIL: 10.6-syntax-4
FAIL: 14.10-assignable-2
FAIL: 14.10-assignable-8
FAIL: 14.10-assignable-9
FAIL: 14.10-assignable-10
FAIL: 14.10-assignable-11
FAIL: 14.10-assignable-12
FAIL: 14.20-block-5
FAIL: 14.20-block-10
FAIL: 14.20-label-6
FAIL: 14.20-switch-9
FAIL: 14.20-switch-15
FAIL: 14.20-while-5
FAIL: 14.20-do-7
FAIL: 14.20-for-5
FAIL: 14.20-for-9
FAIL: 14.20-abrupt-3
FAIL: 14.20-abrupt-7
FAIL: 14.20-abrupt-11
FAIL: 14.20-abrupt-15
FAIL: 14.20-synchronized-4
FAIL: 14.20-try-4
FAIL: 14.20-try-10
FAIL: 14.20-try-15
FAIL: 14.20-try-19
FAIL: 14.20-try-23
FAIL: 14.20-try-28
FAIL: 14.20-try-32
FAIL: 14.20-catch-1
FAIL: 14.20-catch-2
FAIL: 14.20-catch-10
FAIL: 14.20-catch-12
FAIL: 14.20-catch-13
FAIL: 14.20-catch-14
FAIL: 14.20-catch-16
FAIL: 14.20-catch-18
FAIL: 14.20-catch-20
FAIL: 14.20-if-7
FAIL: 8.1.3-circular-1
FAIL: 8.1.3-circular-2
FAIL: 8.1.3-circular-5
FAIL: 8.2-accessibility-inherited-member-5
FAIL: 8.8.3-invalid-modifiers-5
FAIL: 5.2-byte-narrowing-1
FAIL: 5.2-short-narrowing-1
FAIL: 5.2-short-narrowing-2
FAIL: 5.2-char-narrowing-1
FAIL: 5.2-char-narrowing-2
FAIL: 5.1.1-reference-2
FAIL: 16.2.7-final-2
XPASS: 16.2.7-final-4
XPASS: 16.2.7-final-6
FAIL: 16.2.8-final-3
FAIL: 16.2.8-unassigned-4
XPASS: 16.2.8-unassigned-6
FAIL: 15.18.2-assoc-2
FAIL: 15.18.2-assoc-3
FAIL: 15.18.1-5
FAIL: 15.18.1-6
FAIL: 15.18.1-7
FAIL: 15.10-initializer-syntax-4
XPASS: 15.9.1-unqualified-anonymous-2
XPASS: 15.9.1-unqualified-anonymous-4
XPASS: 15.9.1-unqualified-anonymous-5
XPASS: 15.9.1-unqualified-anonymous-12
XPASS: 15.9.1-unqualified-anonymous-14
XPASS: 15.9.1-unqualified-anonymous-15
XPASS: 15.9.1-unqualified-anonymous-24
XPASS: 15.9.1-qualified-anonymous-4
XPASS: 15.9.1-qualified-anonymous-5
FAIL: 15.9.1-qualified-anonymous-6
FAIL: 15.9.1-qualified-anonymous-7
XPASS: 15.9.1-unqualified-concrete-2
XPASS: 15.9.1-unqualified-concrete-4
XPASS: 15.9.1-unqualified-concrete-5
FAIL: 15.9.1-unqualified-concrete-6
FAIL: 15.9.1-unqualified-concrete-7
XPASS: 15.9.1-unqualified-concrete-14
XPASS: 15.9.1-qualified-concrete-4
XPASS: 15.9.1-qualified-concrete-5
FAIL: 15.9.1-qualified-concrete-6
FAIL: 15.9.1-qualified-concrete-7
FAIL: 15.25-byte-operand-type-mismatch-4
FAIL: 15.25-short-operand-type-mismatch-5
FAIL: 15.25-char-operand-type-mismatch-4
FAIL: 15.28-primitive-4
XPASS: 15.28-primitive-15
FAIL: 15.28-simple-name-9
FAIL: 15.28-string-1
FAIL: 15.28-string-3
FAIL: 15.28-string-4
FAIL: 15.28-string-6
FAIL: 15.28-string-7
FAIL: 15.28-string-8
FAIL: 15.28-string-10
FAIL: 15.28-string-12
FAIL: 15.28-string-14
FAIL: 15.28-qualified-namestr-1
XPASS: 15.28-qualified-namestr-7
XPASS: 15.28-qualified-namestr-8
XPASS: 15.28-qualified-namestr-9
XPASS: 15.28-notstring-1
XPASS: 15.28-null-3
FAIL: 15.28-example-2
FAIL: 15.28-instanceof-1
XPASS: 15.28-instanceof-3
FAIL: 15.17-type-3
FAIL: 15.17.2-int-3
FAIL: 15.17.2-long-3
FAIL: 15.17.1-assoc-2
FAIL: 15.17.1-assoc-3
FAIL: 15.17.3-int-2
FAIL: 15.17.3-int-3
FAIL: 15.17.3-long-2
FAIL: 15.17.3-long-3
FAIL: 15.14.2-argument-9
FAIL: 15.14.1-argument-9
FAIL: 15.15-group-1
FAIL: 15.15.2-argument-9
FAIL: 15.15.1-argument-9
FAIL: 3.7-16
FAIL: 3.10.7-valid-13
FAIL: 3.10.7-valid-15
FAIL: 3.10.2-round-5
XPASS: 3.10.2-round-7
FAIL: 3.10.2-float-13
FAIL: 3.10.1-invalid-5
FAIL: 3.10.1-invalid-6
FAIL: 3.10.1-invalid-10
FAIL: 3.10.1-invalid-11
FAIL: 3.10.1-invalid-13
FAIL: 7.3-1
FAIL: 7.3-2
FAIL: 7.3-3
FAIL: 7.3-5
XPASS: 7.4.2-2
FAIL: 7.6-syntax-1
XPASS: 7.6-optional-restrictions-1
FAIL: Array_3 execution - gij test
FAIL: Array_3 execution - gij test
FAIL: FileHandleGcTest execution - source compiled test
FAIL: FileHandleGcTest execution - gij test
FAIL: FileHandleGcTest execution - bytecode->native test
FAIL: FileHandleGcTest -O3 execution - source compiled test
FAIL: FileHandleGcTest execution - gij test
FAIL: FileHandleGcTest -O3 execution - bytecode->native test
FAIL: Thread_Wait_Interrupt execution - gij test
FAIL: Thread_Wait_Interrupt execution - gij test
FAIL: err8 compilation from bytecode
FAIL: pr8823 compilation from bytecode
FAIL: gnu.testlet.BinaryCompatibility.BinaryCompatibilityTest: IL bin_04:  (number 1)
FAIL: gnu.testlet.BinaryCompatibility.BinaryCompatibilityTest: IL bin_04:  (number 1)
FAIL: gnu.testlet.java.awt.geom.RoundRectangle2D.intersects (number 10)
FAIL: gnu.testlet.java.awt.geom.RoundRectangle2D.intersects (number 11)
FAIL: gnu.testlet.java.awt.geom.RoundRectangle2D.intersects (number 12)
FAIL: gnu.testlet.java.awt.geom.RoundRectangle2D.intersects (number 16)
FAIL: gnu.testlet.java.awt.geom.RoundRectangle2D.intersects (number 20)
FAIL: gnu.testlet.java.awt.geom.RoundRectangle2D.intersects (number 23)
FAIL: gnu.testlet.java.awt.geom.RoundRectangle2D.intersects (number 27)
FAIL: gnu.testlet.java.awt.geom.RoundRectangle2D.intersects (number 30)
FAIL: gnu.testlet.java.awt.geom.RoundRectangle2D.intersects (number 34)
FAIL: gnu.testlet.java.awt.geom.RoundRectangle2D.intersects (number 38)
FAIL: gnu.testlet.java.awt.geom.RoundRectangle2D.intersects (number 39)
FAIL: gnu.testlet.java.awt.geom.RoundRectangle2D.intersects (number 40)
FAIL: gnu.testlet.java.awt.image.PixelGrabber.SimpleGrabber: uncaught exception at  number 1: java.awt.AWTError: Cannot load AWT toolkit: 
FAIL: gnu.testlet.java.io.File.security: dir.canWrite() (number 1)
FAIL: gnu.testlet.java.io.File.security: dir.canRead() (number 1)
FAIL: gnu.testlet.java.io.File.security: file.createNewFile() (number 1)
FAIL: gnu.testlet.java.io.File.security: file.delete() (number 1)
FAIL: gnu.testlet.java.io.File.security: dir.list(null) (number 1)
FAIL: gnu.testlet.java.io.File.security: dir.list() (number 1)
FAIL: gnu.testlet.java.io.File.security: dir.listFiles() (number 1)
FAIL: gnu.testlet.java.io.File.security: dir.listFiles(FilenameFilter) (number 1)
FAIL: gnu.testlet.java.io.File.security: dir.listFiles(FileFilter) (number 1)
FAIL: gnu.testlet.java.io.File.security: dir.createTempFile(2-args) (number 1)
FAIL: gnu.testlet.java.io.File.security: File.createTempFile(3-args) (number 1)
FAIL: gnu.testlet.java.io.File.security: dir.setReadOnly() (number 1)
FAIL: gnu.testlet.java.io.File.security: File.listRoots() (number 1)
FAIL: gnu.testlet.java.io.File.security: file.renameTo() (number 1)
FAIL: gnu.testlet.java.io.File.security: dir.setLastModified() (number 1)
FAIL: gnu.testlet.java.io.File.security: dir.deleteOnExit() (number 1)
FAIL: gnu.testlet.java.io.ObjectInputOutput.Compat2: Compatibility test for type mismatch when calling get methods (number 2)
FAIL: gnu.testlet.java.io.ObjectInputOutput.Compat2: Compatibility test for type mismatch when calling get methods (number 3)
FAIL: gnu.testlet.java.io.ObjectInputOutput.InputTest: gnu.testlet.java.io.ObjectInputOutput.Test\$GetPutField (number 1)
FAIL: gnu.testlet.java.io.ObjectInputOutput.OutputTest: gnu.testlet.java.io.ObjectInputOutput.Test\$CallDefault (number 1)
FAIL: gnu.testlet.java.io.ObjectInputOutput.OutputTest: gnu.testlet.java.io.ObjectInputOutput.Test\$NoCallDefault (number 1)
FAIL: gnu.testlet.java.io.ObjectInputOutput.OutputTest: gnu.testlet.java.io.ObjectInputOutput.Test\$HairyGraph (number 1)
FAIL: gnu.testlet.java.io.ObjectInputOutput.OutputTest: Serializable: test(str=null, x=0) (number 2)
FAIL: gnu.testlet.java.io.ObjectInputOutput.OutputTest: gnu.testlet.java.io.ObjectInputOutput.Test\$BadField (number 1)
FAIL: gnu.testlet.java.io.OutputStreamWriter.jdk11: OutputStreamWriter(writer, encoding) (number 1)
FAIL: gnu.testlet.java.io.OutputStreamWriter.jdk11: OutputStreamWriter(writer, encoding) // alias (number 1)
FAIL: gnu.testlet.java.io.PrintWriter.jdk11: checkError() after close() (number 1)
FAIL: gnu.testlet.java.lang.Math.MathTest: Error : test_asinacosatan failed - 4 (number 1)
FAIL: gnu.testlet.java.lang.Math.MathTest: Error : test_asinacosatan failed - 6 (number 1)
FAIL: gnu.testlet.java.lang.Math.MathTest: Error : test_log failed - 2 (number 1)
WARNING: program timed out.
FAIL: gnu.testlet.java.lang.String.getBytes13: String.getBytes("Cp1252") (number 1)
FAIL: gnu.testlet.java.lang.String.getBytes14: String.getBytes("windows-1252") (number 1)
FAIL: gnu.testlet.java.lang.Thread.contextClassLoader: null is a valid contextClassLoader (number 1)
FAIL: gnu.testlet.java.lang.Thread.contextClassLoader: New thread inherits null classloader (number 1)
FAIL: gnu.testlet.java.lang.Thread.contextClassLoader: run with null classloader (number 1)
FAIL: gnu.testlet.java.lang.Thread.daemon: Can change daemon state on an exitted Thread (number 1)
FAIL: gnu.testlet.java.lang.Thread.daemon: Daemon status changed when set on an exitted Thread (number 1)
FAIL: gnu.testlet.java.lang.Thread.stop: Unexpected exception during test() (number 1)
FAIL: gnu.testlet.java.lang.reflect.Constructor.newInstance: int arg (number 1)
FAIL: gnu.testlet.java.lang.reflect.Constructor.newInstance: uncaught exception at "int arg" number 2: java.lang.ClassCastException: java.lang.IllegalAccessException cannot be cast to gnu.testlet.java.lang.reflect.Constructor.newInstance
FAIL: gnu.testlet.java.lang.reflect.Field.access (number 1)
FAIL: gnu.testlet.java.lang.reflect.ReflectAccess: java.lang.IllegalAccessException (number 1)
FAIL: gnu.testlet.java.net.DatagramPacket.DatagramPacketOffset: DatagramPacket Offset Test java.io.IOException: Invalid argument (number 1)
FAIL: gnu.testlet.java.net.Socket.SocketTest: Error : test_BasicServer failed - 7 no more data available (number 1)
FAIL: gnu.testlet.java.net.URL.URLTest: new URL(string) (number 10)
FAIL: gnu.testlet.java.net.URLClassLoader.getResource: Unexpected exception: java.io.IOException: Permission denied (number 1)
FAIL: gnu.testlet.java.text.DecimalFormat.formatExp: pattern ##0.####E0 (number 2)
FAIL: gnu.testlet.java.text.DecimalFormat.formatExp: pattern ##.###E0 (number 2)
FAIL: gnu.testlet.java.text.RuleBasedCollator.jdk11: constructor rule parsing (number 4)
FAIL: gnu.testlet.java.text.RuleBasedCollator.jdk11: constructor rule parsing (number 5)
FAIL: gnu.testlet.java.text.RuleBasedCollator.jdk11: constructor rule parsing (number 21)
FAIL: gnu.testlet.java.text.RuleBasedCollator.jdk11: constructor rule parsing (number 22)
FAIL: gnu.testlet.java.text.RuleBasedCollator.jdk11: constructor rule parsing (number 23)
FAIL: gnu.testlet.java.text.RuleBasedCollator.jdk11: constructor rule parsing (number 24)
FAIL: gnu.testlet.java.text.RuleBasedCollator.jdk11: constructor rule parsing (number 25)
FAIL: gnu.testlet.java.text.RuleBasedCollator.jdk11: constructor rule parsing (number 26)
FAIL: gnu.testlet.java.text.RuleBasedCollator.jdk11: constructor rule parsing (number 27)
FAIL: gnu.testlet.java.text.RuleBasedCollator.jdk11: constructor rule parsing (number 28)
FAIL: gnu.testlet.java.text.RuleBasedCollator.jdk11: constructor rule parsing (number 29)
FAIL: gnu.testlet.java.text.RuleBasedCollator.jdk11: constructor rule parsing (number 30)
FAIL: gnu.testlet.java.text.RuleBasedCollator.jdk11: constructor rule parsing (number 31)
FAIL: gnu.testlet.java.text.RuleBasedCollator.jdk11: single character ordering (number 19)
FAIL: gnu.testlet.java.text.RuleBasedCollator.jdk11: single character ordering (number 73)
FAIL: gnu.testlet.java.text.RuleBasedCollator.jdk11: contraction ordering (number 5)
FAIL: gnu.testlet.java.text.RuleBasedCollator.jdk11: expansion ordering: ParseException (offset is 26) (number 1)
FAIL: gnu.testlet.java.util.ArrayList.serial (number 1)
FAIL: gnu.testlet.java.util.ArrayList.serial (number 2)
FAIL: gnu.testlet.java.util.regex.CharacterClasses: uncaught exception at "test: [a]" number 1: java.lang.Error: Not implemented
FAIL: gnu.testlet.java.util.regex.PatternSplit: uncaught exception at "test: @" number 1: java.lang.Error: Not implemented
FAIL: gnu.testlet.java.util.zip.ZipFile.newZipFile: java.io.IOException: Permission denied (number 1)
FAIL: gnu.testlet.javax.swing.undo.AbstractUndoableEdit.getRedoPresentationName: uncaught exception at  number 1: java.awt.AWTError: Cannot load AWT toolkit: 
FAIL: gnu.testlet.javax.swing.undo.AbstractUndoableEdit.getUndoPresentationName: uncaught exception at  number 1: java.awt.AWTError: Cannot load AWT toolkit: 

		=== libjava Summary for unix/-m64 ===

# of expected passes		15907
# of unexpected failures	209
# of unexpected successes	28
# of expected failures		346
# of untested testcases		30

Running target unix
FAIL: 10.6-syntax-4
FAIL: 14.10-assignable-2
FAIL: 14.10-assignable-8
FAIL: 14.10-assignable-9
FAIL: 14.10-assignable-10
FAIL: 14.10-assignable-11
FAIL: 14.10-assignable-12
FAIL: 14.20-block-5
FAIL: 14.20-block-10
FAIL: 14.20-label-6
FAIL: 14.20-switch-9
FAIL: 14.20-switch-15
FAIL: 14.20-while-5
FAIL: 14.20-do-7
FAIL: 14.20-for-5
FAIL: 14.20-for-9
FAIL: 14.20-abrupt-3
FAIL: 14.20-abrupt-7
FAIL: 14.20-abrupt-11
FAIL: 14.20-abrupt-15
FAIL: 14.20-synchronized-4
FAIL: 14.20-try-4
FAIL: 14.20-try-10
FAIL: 14.20-try-15
FAIL: 14.20-try-19
FAIL: 14.20-try-23
FAIL: 14.20-try-28
FAIL: 14.20-try-32
FAIL: 14.20-catch-1
FAIL: 14.20-catch-2
FAIL: 14.20-catch-10
FAIL: 14.20-catch-12
FAIL: 14.20-catch-13
FAIL: 14.20-catch-14
FAIL: 14.20-catch-16
FAIL: 14.20-catch-18
FAIL: 14.20-catch-20
FAIL: 14.20-if-7
FAIL: 8.1.3-circular-1
FAIL: 8.1.3-circular-2
FAIL: 8.1.3-circular-5
FAIL: 8.2-accessibility-inherited-member-5
FAIL: 8.8.3-invalid-modifiers-5
FAIL: 5.2-byte-narrowing-1
FAIL: 5.2-short-narrowing-1
FAIL: 5.2-short-narrowing-2
FAIL: 5.2-char-narrowing-1
FAIL: 5.2-char-narrowing-2
FAIL: 5.1.1-reference-2
FAIL: 16.2.7-final-2
XPASS: 16.2.7-final-4
XPASS: 16.2.7-final-6
FAIL: 16.2.8-final-3
FAIL: 16.2.8-unassigned-4
XPASS: 16.2.8-unassigned-6
FAIL: 15.18.2-assoc-2
FAIL: 15.18.2-assoc-3
FAIL: 15.18.1-5
FAIL: 15.18.1-6
FAIL: 15.18.1-7
FAIL: 15.10-initializer-syntax-4
XPASS: 15.9.1-unqualified-anonymous-2
XPASS: 15.9.1-unqualified-anonymous-4
XPASS: 15.9.1-unqualified-anonymous-5
XPASS: 15.9.1-unqualified-anonymous-12
XPASS: 15.9.1-unqualified-anonymous-14
XPASS: 15.9.1-unqualified-anonymous-15
XPASS: 15.9.1-unqualified-anonymous-24
XPASS: 15.9.1-qualified-anonymous-4
XPASS: 15.9.1-qualified-anonymous-5
FAIL: 15.9.1-qualified-anonymous-6
FAIL: 15.9.1-qualified-anonymous-7
XPASS: 15.9.1-unqualified-concrete-2
XPASS: 15.9.1-unqualified-concrete-4
XPASS: 15.9.1-unqualified-concrete-5
FAIL: 15.9.1-unqualified-concrete-6
FAIL: 15.9.1-unqualified-concrete-7
XPASS: 15.9.1-unqualified-concrete-14
XPASS: 15.9.1-qualified-concrete-4
XPASS: 15.9.1-qualified-concrete-5
FAIL: 15.9.1-qualified-concrete-6
FAIL: 15.9.1-qualified-concrete-7
FAIL: 15.25-byte-operand-type-mismatch-4
FAIL: 15.25-short-operand-type-mismatch-5
FAIL: 15.25-char-operand-type-mismatch-4
FAIL: 15.28-primitive-4
XPASS: 15.28-primitive-15
FAIL: 15.28-simple-name-9
FAIL: 15.28-string-1
FAIL: 15.28-string-3
FAIL: 15.28-string-4
FAIL: 15.28-string-6
FAIL: 15.28-string-7
FAIL: 15.28-string-8
FAIL: 15.28-string-10
FAIL: 15.28-string-12
FAIL: 15.28-string-14
FAIL: 15.28-qualified-namestr-1
XPASS: 15.28-qualified-namestr-7
XPASS: 15.28-qualified-namestr-8
XPASS: 15.28-qualified-namestr-9
XPASS: 15.28-notstring-1
XPASS: 15.28-null-3
FAIL: 15.28-example-2
FAIL: 15.28-instanceof-1
XPASS: 15.28-instanceof-3
FAIL: 15.17-type-3
FAIL: 15.17.2-int-3
FAIL: 15.17.2-long-3
FAIL: 15.17.1-assoc-2
FAIL: 15.17.1-assoc-3
FAIL: 15.17.3-int-2
FAIL: 15.17.3-int-3
FAIL: 15.17.3-long-2
FAIL: 15.17.3-long-3
FAIL: 15.14.2-argument-9
FAIL: 15.14.1-argument-9
FAIL: 15.15-group-1
FAIL: 15.15.2-argument-9
FAIL: 15.15.1-argument-9
FAIL: 3.7-16
FAIL: 3.10.7-valid-13
FAIL: 3.10.7-valid-15
FAIL: 3.10.2-round-5
XPASS: 3.10.2-round-7
FAIL: 3.10.2-float-13
FAIL: 3.10.1-invalid-5
FAIL: 3.10.1-invalid-6
FAIL: 3.10.1-invalid-10
FAIL: 3.10.1-invalid-11
FAIL: 3.10.1-invalid-13
FAIL: 7.3-1
FAIL: 7.3-2
FAIL: 7.3-3
FAIL: 7.3-5
XPASS: 7.4.2-2
FAIL: 7.6-syntax-1
XPASS: 7.6-optional-restrictions-1
FAIL: linking simple
FAIL: Array_3 execution - gij test
FAIL: Array_3 execution - gij test
FAIL: Thread_Join execution - gij test
FAIL: Thread_Monitor execution - gij test
FAIL: Thread_Monitor execution - gij test
FAIL: Thread_Wait_Interrupt execution - gij test
FAIL: Thread_Wait_Interrupt execution - gij test
ERROR: No \`main' given in program err6
UNRESOLVED: err7 compilation from source
FAIL: gnu.testlet.java.awt.geom.RoundRectangle2D.intersects (number 10)
FAIL: gnu.testlet.java.awt.geom.RoundRectangle2D.intersects (number 11)
FAIL: gnu.testlet.java.awt.geom.RoundRectangle2D.intersects (number 12)
FAIL: gnu.testlet.java.awt.geom.RoundRectangle2D.intersects (number 16)
FAIL: gnu.testlet.java.awt.geom.RoundRectangle2D.intersects (number 20)
FAIL: gnu.testlet.java.awt.geom.RoundRectangle2D.intersects (number 23)
FAIL: gnu.testlet.java.awt.geom.RoundRectangle2D.intersects (number 27)
FAIL: gnu.testlet.java.awt.geom.RoundRectangle2D.intersects (number 30)
FAIL: gnu.testlet.java.awt.geom.RoundRectangle2D.intersects (number 34)
FAIL: gnu.testlet.java.awt.geom.RoundRectangle2D.intersects (number 38)
FAIL: gnu.testlet.java.awt.geom.RoundRectangle2D.intersects (number 39)
FAIL: gnu.testlet.java.awt.geom.RoundRectangle2D.intersects (number 40)
FAIL: gnu.testlet.java.awt.image.PixelGrabber.SimpleGrabber: uncaught exception at  number 1: java.awt.AWTError: Cannot load AWT toolkit: 
FAIL: gnu.testlet.java.io.File.canWrite: dir.canWrite() (number 1)
FAIL: gnu.testlet.java.io.File.canWrite: dir.canWrite() after recreation (number 1)
FAIL: gnu.testlet.java.io.File.canWrite: creating file in new dir (number 1)
FAIL: gnu.testlet.java.io.File.canWrite: file.canRead() after recreation (number 1)
FAIL: gnu.testlet.java.io.File.canWrite: file.canWrite() after recreation (number 1)
FAIL: gnu.testlet.java.io.File.canWrite: Actually write to new file (number 1)
FAIL: gnu.testlet.java.io.File.canWrite: file.setReadOnly() (number 1)
FAIL: gnu.testlet.java.io.File.list: empty directory (number 1)
FAIL: gnu.testlet.java.io.File.list: empty directory, null filter (number 1)
FAIL: gnu.testlet.java.io.File.list: no real file in dir (number 1)
FAIL: gnu.testlet.java.io.File.list: no real file in dir, null filter (number 1)
FAIL: gnu.testlet.java.io.File.list: Unexpected exception: java.io.IOException: Permission denied (number 1)
FAIL: gnu.testlet.java.io.File.listFiles: empty directory (number 1)
FAIL: gnu.testlet.java.io.File.listFiles: empty directory, null filter (number 1)
FAIL: gnu.testlet.java.io.File.listFiles: no real file in dir (number 1)
FAIL: gnu.testlet.java.io.File.listFiles: no real file in dir, null filter (number 1)
FAIL: gnu.testlet.java.io.File.listFiles: Unexpected exception: java.io.IOException: Permission denied (number 1)
FAIL: gnu.testlet.java.io.File.security: dir.canWrite() (number 1)
FAIL: gnu.testlet.java.io.File.security: dir.canRead() (number 1)
FAIL: gnu.testlet.java.io.File.security: file.createNewFile() (number 1)
FAIL: gnu.testlet.java.io.File.security: file.delete() (number 1)
FAIL: gnu.testlet.java.io.File.security: dir.list(null) (number 1)
FAIL: gnu.testlet.java.io.File.security: dir.list() (number 1)
FAIL: gnu.testlet.java.io.File.security: dir.listFiles() (number 1)
FAIL: gnu.testlet.java.io.File.security: dir.listFiles(FilenameFilter) (number 1)
FAIL: gnu.testlet.java.io.File.security: dir.listFiles(FileFilter) (number 1)
FAIL: gnu.testlet.java.io.File.security: dir.createTempFile(2-args) (number 1)
FAIL: gnu.testlet.java.io.File.security: File.createTempFile(3-args) (number 1)
FAIL: gnu.testlet.java.io.File.security: dir.setReadOnly() (number 1)
FAIL: gnu.testlet.java.io.File.security: File.listRoots() (number 1)
FAIL: gnu.testlet.java.io.File.security: file.renameTo() (number 1)
FAIL: gnu.testlet.java.io.File.security: dir.setLastModified() (number 1)
FAIL: gnu.testlet.java.io.File.security: dir.deleteOnExit() (number 1)
FAIL: gnu.testlet.java.io.ObjectInputOutput.Compat2: Compatibility test for type mismatch when calling get methods (number 2)
FAIL: gnu.testlet.java.io.ObjectInputOutput.Compat2: Compatibility test for type mismatch when calling get methods (number 3)
FAIL: gnu.testlet.java.io.ObjectInputOutput.InputTest: gnu.testlet.java.io.ObjectInputOutput.Test\$GetPutField (number 1)
FAIL: gnu.testlet.java.io.OutputStreamWriter.jdk11: OutputStreamWriter(writer, encoding) (number 1)
FAIL: gnu.testlet.java.io.OutputStreamWriter.jdk11: OutputStreamWriter(writer, encoding) // alias (number 1)
FAIL: gnu.testlet.java.io.PrintWriter.jdk11: checkError() after close() (number 1)
FAIL: gnu.testlet.java.lang.Math.MathTest: Error : test_asinacosatan failed - 4 (number 1)
FAIL: gnu.testlet.java.lang.Math.MathTest: Error : test_asinacosatan failed - 6 (number 1)
FAIL: gnu.testlet.java.lang.Math.MathTest: Error : test_log failed - 2 (number 1)
WARNING: program timed out.
FAIL: gnu.testlet.java.lang.String.getBytes13: String.getBytes("Cp1252") (number 1)
FAIL: gnu.testlet.java.lang.String.getBytes14: String.getBytes("windows-1252") (number 1)
FAIL: gnu.testlet.java.lang.Thread.contextClassLoader: null is a valid contextClassLoader (number 1)
FAIL: gnu.testlet.java.lang.Thread.contextClassLoader: New thread inherits null classloader (number 1)
FAIL: gnu.testlet.java.lang.Thread.contextClassLoader: run with null classloader (number 1)
FAIL: gnu.testlet.java.lang.Thread.contextClassLoader: run with null classloader (number 1)
FAIL: gnu.testlet.java.lang.Thread.daemon: Can change daemon state on an exitted Thread (number 1)
FAIL: gnu.testlet.java.lang.Thread.daemon: Daemon status changed when set on an exitted Thread (number 1)
FAIL: gnu.testlet.java.lang.Thread.stop: Unexpected exception during test() (number 1)
FAIL: gnu.testlet.java.lang.reflect.Constructor.newInstance: int arg (number 1)
FAIL: gnu.testlet.java.lang.reflect.Constructor.newInstance: uncaught exception at "int arg" number 2: java.lang.ClassCastException: java.lang.IllegalAccessException cannot be cast to gnu.testlet.java.lang.reflect.Constructor.newInstance
FAIL: gnu.testlet.java.lang.reflect.ReflectAccess: java.lang.IllegalAccessException (number 1)
FAIL: gnu.testlet.java.net.DatagramPacket.DatagramPacketOffset: DatagramPacket Offset Test java.io.IOException: Invalid argument (number 1)
FAIL: gnu.testlet.java.net.URL.URLTest: new URL(string) (number 10)
FAIL: gnu.testlet.java.net.URLClassLoader.getResource: Unexpected exception: java.io.IOException: Permission denied (number 1)
FAIL: gnu.testlet.java.text.DecimalFormat.formatExp: pattern ##0.####E0 (number 2)
FAIL: gnu.testlet.java.text.DecimalFormat.formatExp: pattern ##.###E0 (number 2)
FAIL: gnu.testlet.java.text.RuleBasedCollator.jdk11: constructor rule parsing (number 4)
FAIL: gnu.testlet.java.text.RuleBasedCollator.jdk11: constructor rule parsing (number 5)
FAIL: gnu.testlet.java.text.RuleBasedCollator.jdk11: constructor rule parsing (number 21)
FAIL: gnu.testlet.java.text.RuleBasedCollator.jdk11: constructor rule parsing (number 22)
FAIL: gnu.testlet.java.text.RuleBasedCollator.jdk11: constructor rule parsing (number 23)
FAIL: gnu.testlet.java.text.RuleBasedCollator.jdk11: constructor rule parsing (number 24)
FAIL: gnu.testlet.java.text.RuleBasedCollator.jdk11: constructor rule parsing (number 25)
FAIL: gnu.testlet.java.text.RuleBasedCollator.jdk11: constructor rule parsing (number 26)
FAIL: gnu.testlet.java.text.RuleBasedCollator.jdk11: constructor rule parsing (number 27)
FAIL: gnu.testlet.java.text.RuleBasedCollator.jdk11: constructor rule parsing (number 28)
FAIL: gnu.testlet.java.text.RuleBasedCollator.jdk11: constructor rule parsing (number 29)
FAIL: gnu.testlet.java.text.RuleBasedCollator.jdk11: constructor rule parsing (number 30)
FAIL: gnu.testlet.java.text.RuleBasedCollator.jdk11: constructor rule parsing (number 31)
FAIL: gnu.testlet.java.text.RuleBasedCollator.jdk11: single character ordering (number 19)
FAIL: gnu.testlet.java.text.RuleBasedCollator.jdk11: single character ordering (number 73)
FAIL: gnu.testlet.java.text.RuleBasedCollator.jdk11: contraction ordering (number 5)
FAIL: gnu.testlet.java.text.RuleBasedCollator.jdk11: expansion ordering: ParseException (offset is 26) (number 1)
FAIL: gnu.testlet.java.util.ArrayList.serial (number 1)
FAIL: gnu.testlet.java.util.ArrayList.serial (number 2)
FAIL: gnu.testlet.java.util.regex.CharacterClasses: uncaught exception at "test: [a]" number 1: java.lang.Error: Not implemented
FAIL: gnu.testlet.java.util.regex.PatternSplit: uncaught exception at "test: @" number 1: java.lang.Error: Not implemented
FAIL: gnu.testlet.java.util.zip.ZipFile.newZipFile: java.io.IOException: Permission denied (number 1)
FAIL: gnu.testlet.javax.swing.undo.AbstractUndoableEdit.getRedoPresentationName: uncaught exception at  number 1: java.awt.AWTError: Cannot load AWT toolkit: 
FAIL: gnu.testlet.javax.swing.undo.AbstractUndoableEdit.getUndoPresentationName: uncaught exception at  number 1: java.awt.AWTError: Cannot load AWT toolkit: 

		=== libjava Summary for unix ===

# of expected passes		16168
# of unexpected failures	214
# of unexpected successes	28
# of expected failures		347
# of unresolved testcases	1
# of untested testcases		23

		=== libjava Summary ===

# of expected passes		32075
# of unexpected failures	423
# of unexpected successes	56
# of expected failures		693
# of unresolved testcases	1
# of untested testcases		53
		=== libstdc++ tests ===


Running target unix/-m64

		=== libstdc++ Summary for unix/-m64 ===

# of expected passes		2558
# of expected failures		3

Running target unix
FAIL: 22_locale/num_get/get/wchar_t/4.cc execution test

		=== libstdc++ Summary for unix ===

# of expected passes		2557
# of unexpected failures	1
# of expected failures		3

		=== libstdc++ Summary ===

# of expected passes		5115
# of unexpected failures	1
# of expected failures		6

Compiler version: 3.5.0 20040212 (experimental) 
Platform: sparc-sun-solaris2.9
configure flags: --prefix=/var/tmp --enable-languages=c,c++,java --with-dwarf2 --disable-checking

Index Nav: [Date Index] [Subject Index] [Author Index] [Thread Index]
Message Nav: [Date Prev] [Date Next] [Thread Prev] [Thread Next]