This is the mail archive of the
gcc-testresults@gcc.gnu.org
mailing list for the GCC project.
Results for 3.5.0 20040210 (experimental) testsuite on mips-sgi-irix6.5
- From: Rainer Orth <ro at TechFak dot Uni-Bielefeld dot DE>
- To: gcc-testresults at gcc dot gnu dot org
- Date: Fri, 13 Feb 2004 11:42:32 +0100 (MET)
- Subject: Results for 3.5.0 20040210 (experimental) testsuite on mips-sgi-irix6.5
LAST_UPDATED: Tue Feb 10 18:05:06 UTC 2004
=== acats tests ===
FAIL: c34005a
FAIL: c34005d
FAIL: c34005g
FAIL: c34005j
FAIL: cd5014e
FAIL: ce3806d
FAIL: ce3806e
FAIL: ce3810a
FAIL: cxaa008
FAIL: cxaa009
FAIL: cxb3010
FAIL: cxb3014
Native configuration is mips-sgi-irix6.5
=== g++ tests ===
Running target unix
FAIL: g++.dg/expr/anew1.C execution test
FAIL: g++.dg/expr/anew2.C execution test
FAIL: g++.dg/expr/anew3.C execution test
FAIL: g++.dg/expr/anew4.C execution test
FAIL: g++.dg/pch/system-1.C -g assembly comparison
FAIL: g++.dg/pch/system-2.C -g assembly comparison
XPASS: g++.old-deja/g++.jason/thunk3.C execution test
FAIL: g++.old-deja/g++.law/profile1.C (test for excess errors)
WARNING: g++.old-deja/g++.law/profile1.C compilation failed to produce executable
WARNING: g++.old-deja/g++.mike/p10769a.C compilation failed to produce executable
WARNING: g++.old-deja/g++.other/enum5.C compilation failed to produce executable
WARNING: g++.old-deja/g++.pt/friend44.C compilation failed to produce executable
=== g++ Summary for unix ===
# of expected passes 9113
# of unexpected failures 7
# of unexpected successes 1
# of expected failures 69
# of unsupported tests 72
Running target unix/-mabi=32
WARNING: program timed out.
FAIL: g++.dg/eh/cleanup1.C (test for excess errors)
FAIL: g++.dg/expr/anew1.C execution test
FAIL: g++.dg/expr/anew2.C execution test
FAIL: g++.dg/expr/anew3.C execution test
FAIL: g++.dg/expr/anew4.C execution test
FAIL: g++.dg/parse/attr-ctor1.C (test for excess errors)
XPASS: g++.old-deja/g++.jason/thunk3.C execution test
FAIL: g++.old-deja/g++.law/profile1.C (test for excess errors)
WARNING: g++.old-deja/g++.law/profile1.C compilation failed to produce executable
WARNING: g++.old-deja/g++.mike/p10769a.C compilation failed to produce executable
WARNING: g++.old-deja/g++.other/enum5.C compilation failed to produce executable
WARNING: g++.old-deja/g++.pt/friend44.C compilation failed to produce executable
=== g++ Summary for unix/-mabi=32 ===
# of expected passes 9878
# of unexpected failures 7
# of unexpected successes 1
# of expected failures 69
# of unsupported tests 72
Running target unix/-mabi=64
FAIL: g++.dg/expr/anew1.C execution test
FAIL: g++.dg/expr/anew2.C execution test
FAIL: g++.dg/expr/anew3.C execution test
FAIL: g++.dg/expr/anew4.C execution test
FAIL: g++.dg/pch/system-1.C -g assembly comparison
FAIL: g++.dg/pch/system-2.C -g assembly comparison
XPASS: g++.old-deja/g++.jason/thunk3.C execution test
FAIL: g++.old-deja/g++.law/profile1.C (test for excess errors)
WARNING: g++.old-deja/g++.law/profile1.C compilation failed to produce executable
WARNING: g++.old-deja/g++.mike/p10769a.C compilation failed to produce executable
WARNING: g++.old-deja/g++.other/enum5.C compilation failed to produce executable
WARNING: g++.old-deja/g++.pt/friend44.C compilation failed to produce executable
=== g++ Summary for unix/-mabi=64 ===
# of expected passes 9113
# of unexpected failures 7
# of unexpected successes 1
# of expected failures 69
# of unsupported tests 72
=== g++ Summary ===
# of expected passes 28104
# of unexpected failures 21
# of unexpected successes 3
# of expected failures 207
# of unsupported tests 216
/.vol/gcc/obj/gcc-3.5.0-20040210/6.5-gcc-java/gcc/testsuite/../g++ version 3.5.0 20040210 (experimental)
=== g77 tests ===
Running target unix
=== g77 Summary for unix ===
# of expected passes 1788
# of unsupported tests 6
Running target unix/-mabi=32
FAIL: g77.dg/f77-edit-apostrophe-out.f (test for excess errors)
WARNING: g77.dg/f77-edit-apostrophe-out.f compilation failed to produce executable
FAIL: g77.dg/f77-edit-apostrophe-out.f (test for excess errors)
WARNING: g77.dg/f77-edit-apostrophe-out.f compilation failed to produce executable
FAIL: g77.dg/f77-edit-apostrophe-out.f (test for excess errors)
WARNING: g77.dg/f77-edit-apostrophe-out.f compilation failed to produce executable
FAIL: g77.dg/f77-edit-apostrophe-out.f (test for excess errors)
WARNING: g77.dg/f77-edit-apostrophe-out.f compilation failed to produce executable
FAIL: g77.dg/f77-edit-apostrophe-out.f (test for excess errors)
WARNING: g77.dg/f77-edit-apostrophe-out.f compilation failed to produce executable
FAIL: g77.dg/f77-edit-apostrophe-out.f (test for excess errors)
WARNING: g77.dg/f77-edit-apostrophe-out.f compilation failed to produce executable
FAIL: g77.dg/f77-edit-apostrophe-out.f (test for excess errors)
WARNING: g77.dg/f77-edit-apostrophe-out.f compilation failed to produce executable
FAIL: g77.dg/f77-edit-apostrophe-out.f (test for excess errors)
WARNING: g77.dg/f77-edit-apostrophe-out.f compilation failed to produce executable
FAIL: g77.dg/fbackslash.f (test for excess errors)
WARNING: g77.dg/fbackslash.f compilation failed to produce executable
FAIL: g77.dg/fbackslash.f (test for excess errors)
WARNING: g77.dg/fbackslash.f compilation failed to produce executable
FAIL: g77.dg/fbackslash.f (test for excess errors)
WARNING: g77.dg/fbackslash.f compilation failed to produce executable
FAIL: g77.dg/fbackslash.f (test for excess errors)
WARNING: g77.dg/fbackslash.f compilation failed to produce executable
FAIL: g77.dg/fbackslash.f (test for excess errors)
WARNING: g77.dg/fbackslash.f compilation failed to produce executable
FAIL: g77.dg/fbackslash.f (test for excess errors)
WARNING: g77.dg/fbackslash.f compilation failed to produce executable
FAIL: g77.dg/fcase-preserve.f (test for excess errors)
WARNING: g77.dg/fcase-preserve.f compilation failed to produce executable
FAIL: g77.dg/fcase-preserve.f (test for excess errors)
WARNING: g77.dg/fcase-preserve.f compilation failed to produce executable
FAIL: g77.dg/fcase-preserve.f (test for excess errors)
WARNING: g77.dg/fcase-preserve.f compilation failed to produce executable
FAIL: g77.dg/fcase-preserve.f (test for excess errors)
WARNING: g77.dg/fcase-preserve.f compilation failed to produce executable
FAIL: g77.dg/fcase-preserve.f (test for excess errors)
WARNING: g77.dg/fcase-preserve.f compilation failed to produce executable
FAIL: g77.dg/fcase-preserve.f (test for excess errors)
WARNING: g77.dg/fcase-preserve.f compilation failed to produce executable
FAIL: g77.dg/fno-backslash.f (test for excess errors)
WARNING: g77.dg/fno-backslash.f compilation failed to produce executable
FAIL: g77.dg/fno-backslash.f (test for excess errors)
WARNING: g77.dg/fno-backslash.f compilation failed to produce executable
FAIL: g77.dg/fno-backslash.f (test for excess errors)
WARNING: g77.dg/fno-backslash.f compilation failed to produce executable
FAIL: g77.dg/fno-backslash.f (test for excess errors)
WARNING: g77.dg/fno-backslash.f compilation failed to produce executable
FAIL: g77.dg/fno-backslash.f (test for excess errors)
WARNING: g77.dg/fno-backslash.f compilation failed to produce executable
FAIL: g77.dg/fno-backslash.f (test for excess errors)
WARNING: g77.dg/fno-backslash.f compilation failed to produce executable
FAIL: g77.dg/fno-onetrip.f (test for excess errors)
WARNING: g77.dg/fno-onetrip.f compilation failed to produce executable
FAIL: g77.dg/fno-onetrip.f (test for excess errors)
WARNING: g77.dg/fno-onetrip.f compilation failed to produce executable
FAIL: g77.dg/fno-onetrip.f (test for excess errors)
WARNING: g77.dg/fno-onetrip.f compilation failed to produce executable
FAIL: g77.dg/fno-onetrip.f (test for excess errors)
WARNING: g77.dg/fno-onetrip.f compilation failed to produce executable
FAIL: g77.dg/fno-onetrip.f (test for excess errors)
WARNING: g77.dg/fno-onetrip.f compilation failed to produce executable
FAIL: g77.dg/fno-onetrip.f (test for excess errors)
WARNING: g77.dg/fno-onetrip.f compilation failed to produce executable
FAIL: g77.dg/pr3743-1.f (test for excess errors)
FAIL: g77.dg/pr3743-1.f (test for excess errors)
FAIL: g77.dg/pr3743-1.f (test for excess errors)
FAIL: g77.dg/pr3743-1.f (test for excess errors)
FAIL: g77.dg/pr3743-1.f (test for excess errors)
FAIL: g77.dg/pr3743-1.f (test for excess errors)
FAIL: g77.dg/pr3743-2.f (test for excess errors)
FAIL: g77.dg/pr3743-2.f (test for excess errors)
FAIL: g77.dg/pr3743-2.f (test for excess errors)
FAIL: g77.dg/pr3743-2.f (test for excess errors)
FAIL: g77.dg/pr3743-2.f (test for excess errors)
FAIL: g77.dg/pr3743-2.f (test for excess errors)
FAIL: g77.dg/pr3743-3.f (test for excess errors)
FAIL: g77.dg/pr3743-3.f (test for excess errors)
FAIL: g77.dg/pr3743-3.f (test for excess errors)
FAIL: g77.dg/pr3743-3.f (test for excess errors)
FAIL: g77.dg/pr3743-3.f (test for excess errors)
FAIL: g77.dg/pr3743-3.f (test for excess errors)
FAIL: g77.dg/pr3743-4.f (test for excess errors)
FAIL: g77.dg/pr3743-4.f (test for excess errors)
FAIL: g77.dg/pr3743-4.f (test for excess errors)
FAIL: g77.dg/pr3743-4.f (test for excess errors)
FAIL: g77.dg/pr3743-4.f (test for excess errors)
FAIL: g77.dg/pr3743-4.f (test for excess errors)
FAIL: g77.f-torture/execute/19981119-0.f compilation, -O0
FAIL: g77.f-torture/execute/19981119-0.f compilation, -O1
FAIL: g77.f-torture/execute/19981119-0.f compilation, -O2
FAIL: g77.f-torture/execute/19981119-0.f compilation, -O3 -fomit-frame-pointer
FAIL: g77.f-torture/execute/19981119-0.f compilation, -O3 -g
FAIL: g77.f-torture/execute/19981119-0.f compilation, -Os
FAIL: g77.f-torture/execute/19990313-0.f compilation, -O0
FAIL: g77.f-torture/execute/19990313-0.f compilation, -O1
FAIL: g77.f-torture/execute/19990313-0.f compilation, -O2
FAIL: g77.f-torture/execute/19990313-0.f compilation, -O3 -fomit-frame-pointer
FAIL: g77.f-torture/execute/19990313-0.f compilation, -O3 -g
FAIL: g77.f-torture/execute/19990313-0.f compilation, -Os
FAIL: g77.f-torture/execute/19990313-1.f compilation, -O0
FAIL: g77.f-torture/execute/19990313-1.f compilation, -O1
FAIL: g77.f-torture/execute/19990313-1.f compilation, -O2
FAIL: g77.f-torture/execute/19990313-1.f compilation, -O3 -fomit-frame-pointer
FAIL: g77.f-torture/execute/19990313-1.f compilation, -O3 -g
FAIL: g77.f-torture/execute/19990313-1.f compilation, -Os
FAIL: g77.f-torture/execute/19990313-2.f compilation, -O0
FAIL: g77.f-torture/execute/19990313-2.f compilation, -O1
FAIL: g77.f-torture/execute/19990313-2.f compilation, -O2
FAIL: g77.f-torture/execute/19990313-2.f compilation, -O3 -fomit-frame-pointer
FAIL: g77.f-torture/execute/19990313-2.f compilation, -O3 -g
FAIL: g77.f-torture/execute/19990313-2.f compilation, -Os
FAIL: g77.f-torture/execute/19990313-3.f compilation, -O0
FAIL: g77.f-torture/execute/19990313-3.f compilation, -O1
FAIL: g77.f-torture/execute/19990313-3.f compilation, -O2
FAIL: g77.f-torture/execute/19990313-3.f compilation, -O3 -fomit-frame-pointer
FAIL: g77.f-torture/execute/19990313-3.f compilation, -O3 -g
FAIL: g77.f-torture/execute/19990313-3.f compilation, -Os
FAIL: g77.f-torture/execute/19990419-1.f compilation, -O0
FAIL: g77.f-torture/execute/19990419-1.f compilation, -O1
FAIL: g77.f-torture/execute/19990419-1.f compilation, -O2
FAIL: g77.f-torture/execute/19990419-1.f compilation, -O3 -fomit-frame-pointer
FAIL: g77.f-torture/execute/19990419-1.f compilation, -O3 -fomit-frame-pointer -funroll-loops
FAIL: g77.f-torture/execute/19990419-1.f compilation, -O3 -fomit-frame-pointer -funroll-all-loops -finline-functions
FAIL: g77.f-torture/execute/19990419-1.f compilation, -O3 -g
FAIL: g77.f-torture/execute/19990419-1.f compilation, -Os
FAIL: g77.f-torture/execute/19990826-0.f compilation, -O0
FAIL: g77.f-torture/execute/19990826-0.f compilation, -O1
FAIL: g77.f-torture/execute/19990826-0.f compilation, -O2
FAIL: g77.f-torture/execute/19990826-0.f compilation, -O3 -fomit-frame-pointer
FAIL: g77.f-torture/execute/19990826-0.f compilation, -O3 -g
FAIL: g77.f-torture/execute/19990826-0.f compilation, -Os
FAIL: g77.f-torture/execute/20010610.f compilation, -O0
FAIL: g77.f-torture/execute/20010610.f compilation, -O1
FAIL: g77.f-torture/execute/20010610.f compilation, -O2
FAIL: g77.f-torture/execute/20010610.f compilation, -O3 -fomit-frame-pointer
FAIL: g77.f-torture/execute/20010610.f compilation, -O3 -fomit-frame-pointer -funroll-loops
FAIL: g77.f-torture/execute/20010610.f compilation, -O3 -fomit-frame-pointer -funroll-all-loops -finline-functions
FAIL: g77.f-torture/execute/20010610.f compilation, -O3 -g
FAIL: g77.f-torture/execute/20010610.f compilation, -Os
FAIL: g77.f-torture/execute/980520-1.f compilation, -O0
FAIL: g77.f-torture/execute/980520-1.f compilation, -O1
FAIL: g77.f-torture/execute/980520-1.f compilation, -O2
FAIL: g77.f-torture/execute/980520-1.f compilation, -O3 -fomit-frame-pointer
FAIL: g77.f-torture/execute/980520-1.f compilation, -O3 -g
FAIL: g77.f-torture/execute/980520-1.f compilation, -Os
FAIL: g77.f-torture/execute/auto0.f compilation, -O0
FAIL: g77.f-torture/execute/auto0.f compilation, -O1
FAIL: g77.f-torture/execute/auto0.f compilation, -O2
FAIL: g77.f-torture/execute/auto0.f compilation, -O3 -fomit-frame-pointer
FAIL: g77.f-torture/execute/auto0.f compilation, -O3 -fomit-frame-pointer -funroll-loops
FAIL: g77.f-torture/execute/auto0.f compilation, -O3 -fomit-frame-pointer -funroll-all-loops -finline-functions
FAIL: g77.f-torture/execute/auto0.f compilation, -O3 -g
FAIL: g77.f-torture/execute/auto0.f compilation, -Os
FAIL: g77.f-torture/execute/auto1.f compilation, -O0
FAIL: g77.f-torture/execute/auto1.f compilation, -O1
FAIL: g77.f-torture/execute/auto1.f compilation, -O2
FAIL: g77.f-torture/execute/auto1.f compilation, -O3 -fomit-frame-pointer
FAIL: g77.f-torture/execute/auto1.f compilation, -O3 -fomit-frame-pointer -funroll-loops
FAIL: g77.f-torture/execute/auto1.f compilation, -O3 -fomit-frame-pointer -funroll-all-loops -finline-functions
FAIL: g77.f-torture/execute/auto1.f compilation, -O3 -g
FAIL: g77.f-torture/execute/auto1.f compilation, -Os
FAIL: g77.f-torture/execute/labug1.f compilation, -O0
FAIL: g77.f-torture/execute/labug1.f compilation, -Os
FAIL: g77.f-torture/execute/large_vec.f compilation, -O0
FAIL: g77.f-torture/execute/large_vec.f compilation, -O1
FAIL: g77.f-torture/execute/large_vec.f compilation, -O2
FAIL: g77.f-torture/execute/large_vec.f compilation, -O3 -fomit-frame-pointer
FAIL: g77.f-torture/execute/large_vec.f compilation, -O3 -g
FAIL: g77.f-torture/execute/large_vec.f compilation, -Os
FAIL: g77.f-torture/execute/cpp2.F compilation, -O0
FAIL: g77.f-torture/execute/cpp2.F compilation, -O1
FAIL: g77.f-torture/execute/cpp2.F compilation, -O2
FAIL: g77.f-torture/execute/cpp2.F compilation, -O3 -fomit-frame-pointer
FAIL: g77.f-torture/execute/cpp2.F compilation, -O3 -g
FAIL: g77.f-torture/execute/cpp2.F compilation, -Os
=== g77 Summary for unix/-mabi=32 ===
# of expected passes 1516
# of unexpected failures 144
# of untested testcases 88
# of unsupported tests 6
Running target unix/-mabi=64
=== g77 Summary for unix/-mabi=64 ===
# of expected passes 1788
# of unsupported tests 6
=== g77 Summary ===
# of expected passes 5092
# of unexpected failures 144
# of untested testcases 88
# of unsupported tests 18
/.vol/gcc/obj/gcc-3.5.0-20040210/6.5-gcc-java/gcc/testsuite/../g77 version 3.5.0 20040210 (experimental)
=== gcc tests ===
Running target unix
WARNING: program timed out.
FAIL: gcc.c-torture/compile/20001226-1.c (test for excess errors)
WARNING: program timed out.
FAIL: gcc.c-torture/compile/20001226-1.c (test for excess errors)
WARNING: program timed out.
FAIL: gcc.c-torture/compile/20001226-1.c (test for excess errors)
WARNING: program timed out.
FAIL: gcc.c-torture/compile/20001226-1.c (test for excess errors)
WARNING: gcc.dg/20021014-1.c compilation failed to produce executable
FAIL: gcc.dg/builtins-18.c (test for excess errors)
FAIL: gcc.dg/builtins-20.c (test for excess errors)
FAIL: gcc.dg/builtins-32.c execution test
FAIL: gcc.dg/fwritable-strings-1.c (test for errors, line )
WARNING: gcc.dg/nest.c compilation failed to produce executable
XPASS: gcc.dg/sibcall-3.c execution test
XPASS: gcc.dg/sibcall-4.c execution test
UNRESOLVED: gcc.dg/visibility-1.c
UNRESOLVED: gcc.dg/visibility-2.c
UNRESOLVED: gcc.dg/visibility-3.c
UNRESOLVED: gcc.dg/visibility-4.c
UNRESOLVED: gcc.dg/visibility-5.c
UNRESOLVED: gcc.dg/visibility-6.c
UNRESOLVED: gcc.dg/visibility-7.c
UNRESOLVED: gcc.dg/visibility-8.c
WARNING: program timed out.
=== gcc Summary for unix ===
# of expected passes 23911
# of unexpected failures 8
# of unexpected successes 2
# of expected failures 67
# of unresolved testcases 8
# of untested testcases 7
# of unsupported tests 287
Running target unix/-mabi=32
WARNING: program timed out.
FAIL: gcc.c-torture/compile/20001226-1.c (test for excess errors)
WARNING: program timed out.
FAIL: gcc.c-torture/compile/20001226-1.c (test for excess errors)
WARNING: program timed out.
FAIL: gcc.c-torture/compile/20001226-1.c (test for excess errors)
WARNING: program timed out.
FAIL: gcc.c-torture/compile/20001226-1.c (test for excess errors)
XPASS: gcc.c-torture/execute/20020227-1.c execution, -O0
XPASS: gcc.c-torture/execute/20020227-1.c execution, -O1
XPASS: gcc.c-torture/execute/20020227-1.c execution, -O2
XPASS: gcc.c-torture/execute/20020227-1.c execution, -O3 -fomit-frame-pointer
XPASS: gcc.c-torture/execute/20020227-1.c execution, -O3 -g
XPASS: gcc.c-torture/execute/20020227-1.c execution, -Os
FAIL: gcc.dg/compat/sdata-1 c_compat_x_tst.o compile
FAIL: gcc.dg/compat/sdata-1 c_compat_y_tst.o compile
UNRESOLVED: gcc.dg/compat/sdata-1 c_compat_x_tst.o-c_compat_y_tst.o link
UNRESOLVED: gcc.dg/compat/sdata-1 c_compat_x_tst.o-c_compat_y_tst.o execute
FAIL: gcc.dg/debug/debug-1.c scan-assembler xyzzy
FAIL: gcc.dg/debug/debug-1.c scan-assembler xyzzy
FAIL: gcc.dg/debug/debug-1.c scan-assembler xyzzy
FAIL: gcc.dg/debug/debug-1.c scan-assembler xyzzy
FAIL: gcc.dg/debug/debug-1.c scan-assembler xyzzy
FAIL: gcc.dg/debug/debug-1.c scan-assembler xyzzy
FAIL: gcc.dg/debug/debug-1.c scan-assembler xyzzy
FAIL: gcc.dg/debug/debug-1.c scan-assembler xyzzy
FAIL: gcc.dg/debug/debug-1.c scan-assembler xyzzy
FAIL: gcc.dg/debug/debug-1.c scan-assembler xyzzy
FAIL: gcc.dg/debug/debug-1.c scan-assembler xyzzy
FAIL: gcc.dg/debug/debug-1.c scan-assembler xyzzy
FAIL: gcc.dg/debug/debug-1.c scan-assembler xyzzy
FAIL: gcc.dg/debug/debug-1.c scan-assembler xyzzy
FAIL: gcc.dg/debug/debug-1.c scan-assembler xyzzy
FAIL: gcc.dg/debug/debug-1.c scan-assembler xyzzy
FAIL: gcc.dg/debug/debug-2.c scan-assembler xyzzy
FAIL: gcc.dg/debug/debug-2.c scan-assembler xyzzy
FAIL: gcc.dg/debug/debug-2.c scan-assembler xyzzy
FAIL: gcc.dg/debug/debug-2.c scan-assembler xyzzy
FAIL: gcc.dg/debug/debug-2.c scan-assembler xyzzy
FAIL: gcc.dg/debug/debug-2.c scan-assembler xyzzy
FAIL: gcc.dg/debug/debug-2.c scan-assembler xyzzy
FAIL: gcc.dg/debug/debug-2.c scan-assembler xyzzy
FAIL: gcc.dg/debug/debug-2.c scan-assembler xyzzy
FAIL: gcc.dg/debug/debug-2.c scan-assembler xyzzy
FAIL: gcc.dg/debug/debug-2.c scan-assembler xyzzy
FAIL: gcc.dg/debug/debug-2.c scan-assembler xyzzy
FAIL: gcc.dg/debug/debug-2.c scan-assembler xyzzy
FAIL: gcc.dg/debug/debug-2.c scan-assembler xyzzy
FAIL: gcc.dg/debug/debug-2.c scan-assembler xyzzy
FAIL: gcc.dg/debug/debug-2.c scan-assembler xyzzy
FAIL: gcc.dg/debug/debug-6.c scan-assembler xyzzy
FAIL: gcc.dg/debug/debug-6.c scan-assembler xyzzy
FAIL: gcc.dg/debug/debug-6.c scan-assembler xyzzy
FAIL: gcc.dg/debug/debug-6.c scan-assembler xyzzy
FAIL: gcc.dg/debug/debug-6.c scan-assembler xyzzy
FAIL: gcc.dg/debug/debug-6.c scan-assembler xyzzy
FAIL: gcc.dg/debug/debug-6.c scan-assembler xyzzy
FAIL: gcc.dg/debug/debug-6.c scan-assembler xyzzy
FAIL: gcc.dg/debug/debug-6.c scan-assembler xyzzy
FAIL: gcc.dg/debug/debug-6.c scan-assembler xyzzy
FAIL: gcc.dg/debug/debug-6.c scan-assembler xyzzy
FAIL: gcc.dg/debug/debug-6.c scan-assembler xyzzy
FAIL: gcc.dg/debug/debug-6.c scan-assembler xyzzy
FAIL: gcc.dg/debug/debug-6.c scan-assembler xyzzy
FAIL: gcc.dg/debug/debug-6.c scan-assembler xyzzy
FAIL: gcc.dg/debug/debug-6.c scan-assembler xyzzy
FAIL: gcc.dg/debug/debug-6.c scan-assembler xyzzy
FAIL: gcc.dg/debug/debug-6.c scan-assembler xyzzy
FAIL: gcc.dg/debug/debug-6.c scan-assembler xyzzy
FAIL: gcc.dg/debug/debug-6.c scan-assembler xyzzy
FAIL: gcc.dg/debug/debug-6.c scan-assembler xyzzy
FAIL: gcc.dg/debug/debug-6.c scan-assembler xyzzy
FAIL: gcc.dg/debug/debug-6.c scan-assembler xyzzy
FAIL: gcc.dg/debug/debug-6.c scan-assembler xyzzy
FAIL: gcc.dg/debug/debug-6.c scan-assembler xyzzy
FAIL: gcc.dg/debug/debug-6.c scan-assembler xyzzy
FAIL: gcc.dg/debug/debug-6.c scan-assembler xyzzy
FAIL: gcc.dg/debug/debug-6.c scan-assembler xyzzy
FAIL: gcc.dg/debug/debug-6.c scan-assembler xyzzy
FAIL: gcc.dg/debug/debug-6.c scan-assembler xyzzy
FAIL: gcc.dg/debug/debug-6.c scan-assembler xyzzy
FAIL: gcc.dg/debug/debug-6.c scan-assembler xyzzy
FAIL: gcc.dg/debug/debug-6.c scan-assembler xyzzy
FAIL: gcc.dg/debug/debug-6.c scan-assembler xyzzy
FAIL: gcc.dg/debug/debug-6.c scan-assembler xyzzy
FAIL: gcc.dg/debug/debug-6.c scan-assembler xyzzy
FAIL: gcc.dg/debug/dwarf2/dwarf-die5.c scan-assembler 3.*DW_AT_inline
FAIL: gcc.dg/debug/dwarf2/dwarf-die7.c scan-assembler 1.*DW_AT_inline
WARNING: gcc.dg/20021014-1.c compilation failed to produce executable
FAIL: gcc.dg/array-quals-1.c scan-assembler-not \\.data(?!\\.rel\\.ro)
FAIL: gcc.dg/builtins-18.c (test for excess errors)
FAIL: gcc.dg/builtins-20.c (test for excess errors)
FAIL: gcc.dg/builtins-32.c execution test
FAIL: gcc.dg/fwritable-strings-1.c (test for errors, line )
WARNING: gcc.dg/nest.c compilation failed to produce executable
XPASS: gcc.dg/sibcall-3.c execution test
XPASS: gcc.dg/sibcall-4.c execution test
UNRESOLVED: gcc.dg/visibility-1.c
UNRESOLVED: gcc.dg/visibility-2.c
UNRESOLVED: gcc.dg/visibility-3.c
UNRESOLVED: gcc.dg/visibility-4.c
UNRESOLVED: gcc.dg/visibility-5.c
UNRESOLVED: gcc.dg/visibility-6.c
UNRESOLVED: gcc.dg/visibility-7.c
UNRESOLVED: gcc.dg/visibility-8.c
FAIL: gcc.dg/torture/mips-sdata-1.c (test for excess errors)
ERROR: gcc.dg/torture/mips-sdata-1.c: error executing dg-final: couldn't open "mips-sdata-1.s": no such file or directory
UNRESOLVED: gcc.dg/torture/mips-sdata-1.c: error executing dg-final: couldn't open "mips-sdata-1.s": no such file or directory
FAIL: gcc.dg/torture/mips-sdata-1.c (test for excess errors)
ERROR: gcc.dg/torture/mips-sdata-1.c: error executing dg-final: couldn't open "mips-sdata-1.s": no such file or directory
UNRESOLVED: gcc.dg/torture/mips-sdata-1.c: error executing dg-final: couldn't open "mips-sdata-1.s": no such file or directory
FAIL: gcc.dg/torture/mips-sdata-1.c (test for excess errors)
ERROR: gcc.dg/torture/mips-sdata-1.c: error executing dg-final: couldn't open "mips-sdata-1.s": no such file or directory
UNRESOLVED: gcc.dg/torture/mips-sdata-1.c: error executing dg-final: couldn't open "mips-sdata-1.s": no such file or directory
FAIL: gcc.dg/torture/mips-sdata-1.c (test for excess errors)
ERROR: gcc.dg/torture/mips-sdata-1.c: error executing dg-final: couldn't open "mips-sdata-1.s": no such file or directory
UNRESOLVED: gcc.dg/torture/mips-sdata-1.c: error executing dg-final: couldn't open "mips-sdata-1.s": no such file or directory
FAIL: gcc.dg/torture/mips-sdata-1.c (test for excess errors)
ERROR: gcc.dg/torture/mips-sdata-1.c: error executing dg-final: couldn't open "mips-sdata-1.s": no such file or directory
UNRESOLVED: gcc.dg/torture/mips-sdata-1.c: error executing dg-final: couldn't open "mips-sdata-1.s": no such file or directory
FAIL: gcc.dg/torture/mips-sdata-1.c (test for excess errors)
ERROR: gcc.dg/torture/mips-sdata-1.c: error executing dg-final: couldn't open "mips-sdata-1.s": no such file or directory
UNRESOLVED: gcc.dg/torture/mips-sdata-1.c: error executing dg-final: couldn't open "mips-sdata-1.s": no such file or directory
=== gcc Summary for unix/-mabi=32 ===
# of expected passes 24734
# of unexpected failures 87
# of unexpected successes 8
# of expected failures 61
# of unresolved testcases 16
# of untested testcases 7
# of unsupported tests 287
Running target unix/-mabi=64
WARNING: program timed out.
FAIL: gcc.c-torture/compile/20001226-1.c (test for excess errors)
WARNING: program timed out.
FAIL: gcc.c-torture/compile/20001226-1.c (test for excess errors)
WARNING: program timed out.
FAIL: gcc.c-torture/compile/20001226-1.c (test for excess errors)
WARNING: program timed out.
FAIL: gcc.c-torture/compile/20001226-1.c (test for excess errors)
FAIL: gcc.c-torture/compile/20031023-1.c (test for excess errors)
FAIL: gcc.c-torture/compile/20031023-1.c (test for excess errors)
FAIL: gcc.c-torture/compile/20031023-1.c (test for excess errors)
FAIL: gcc.c-torture/compile/20031023-1.c (test for excess errors)
FAIL: gcc.c-torture/compile/20031023-1.c (test for excess errors)
FAIL: gcc.c-torture/compile/20031023-1.c (test for excess errors)
FAIL: gcc.c-torture/compile/20031023-2.c (test for excess errors)
FAIL: gcc.c-torture/compile/20031023-2.c (test for excess errors)
FAIL: gcc.c-torture/compile/20031023-2.c (test for excess errors)
FAIL: gcc.c-torture/compile/20031023-2.c (test for excess errors)
FAIL: gcc.c-torture/compile/20031023-2.c (test for excess errors)
FAIL: gcc.c-torture/compile/20031023-2.c (test for excess errors)
FAIL: gcc.c-torture/compile/20031023-3.c (test for excess errors)
FAIL: gcc.c-torture/compile/20031023-3.c (test for excess errors)
FAIL: gcc.c-torture/compile/20031023-3.c (test for excess errors)
FAIL: gcc.c-torture/compile/20031023-3.c (test for excess errors)
FAIL: gcc.c-torture/compile/20031023-3.c (test for excess errors)
FAIL: gcc.c-torture/compile/20031023-3.c (test for excess errors)
WARNING: gcc.dg/20021014-1.c compilation failed to produce executable
FAIL: gcc.dg/builtins-18.c (test for excess errors)
FAIL: gcc.dg/builtins-20.c (test for excess errors)
FAIL: gcc.dg/builtins-32.c execution test
WARNING: program timed out.
FAIL: gcc.dg/funcorder.c scan-assembler-not link_error
FAIL: gcc.dg/fwritable-strings-1.c (test for errors, line )
WARNING: gcc.dg/nest.c compilation failed to produce executable
FAIL: gcc.dg/pr14092-1.c (test for excess errors)
XPASS: gcc.dg/sibcall-3.c execution test
XPASS: gcc.dg/sibcall-4.c execution test
UNRESOLVED: gcc.dg/visibility-1.c
UNRESOLVED: gcc.dg/visibility-2.c
UNRESOLVED: gcc.dg/visibility-3.c
UNRESOLVED: gcc.dg/visibility-4.c
UNRESOLVED: gcc.dg/visibility-5.c
UNRESOLVED: gcc.dg/visibility-6.c
UNRESOLVED: gcc.dg/visibility-7.c
UNRESOLVED: gcc.dg/visibility-8.c
WARNING: program timed out.
WARNING: program timed out.
=== gcc Summary for unix/-mabi=64 ===
# of expected passes 23891
# of unexpected failures 28
# of unexpected successes 2
# of expected failures 67
# of unresolved testcases 8
# of untested testcases 7
# of unsupported tests 287
=== gcc Summary ===
# of expected passes 72536
# of unexpected failures 123
# of unexpected successes 12
# of expected failures 195
# of unresolved testcases 32
# of untested testcases 21
# of unsupported tests 861
/.vol/gcc/obj/gcc-3.5.0-20040210/6.5-gcc-java/gcc/xgcc version 3.5.0 20040210 (experimental)
=== objc tests ===
Running target unix
=== objc Summary for unix ===
# of expected passes 1341
# of unsupported tests 8
Running target unix/-mabi=32
=== objc Summary for unix/-mabi=32 ===
# of expected passes 1341
# of unsupported tests 8
Running target unix/-mabi=64
=== objc Summary for unix/-mabi=64 ===
# of expected passes 1341
# of unsupported tests 8
=== objc Summary ===
# of expected passes 4023
# of unsupported tests 24
/.vol/gcc/obj/gcc-3.5.0-20040210/6.5-gcc-java/gcc/xgcc version 3.5.0 20040210 (experimental)
=== libffi tests ===
Running target unix
FAIL: libffi.call/closure_fn0.c (test for excess errors)
WARNING: libffi.call/closure_fn0.c compilation failed to produce executable
FAIL: libffi.call/closure_fn1.c (test for excess errors)
WARNING: libffi.call/closure_fn1.c compilation failed to produce executable
FAIL: libffi.call/closure_fn2.c (test for excess errors)
WARNING: libffi.call/closure_fn2.c compilation failed to produce executable
FAIL: libffi.call/closure_fn3.c (test for excess errors)
WARNING: libffi.call/closure_fn3.c compilation failed to produce executable
FAIL: libffi.call/closure_fn4.c (test for excess errors)
WARNING: libffi.call/closure_fn4.c compilation failed to produce executable
FAIL: libffi.call/closure_fn5.c (test for excess errors)
WARNING: libffi.call/closure_fn5.c compilation failed to produce executable
FAIL: libffi.call/cls_12byte.c (test for excess errors)
WARNING: libffi.call/cls_12byte.c compilation failed to produce executable
FAIL: libffi.call/cls_16byte.c (test for excess errors)
WARNING: libffi.call/cls_16byte.c compilation failed to produce executable
FAIL: libffi.call/cls_18byte.c (test for excess errors)
WARNING: libffi.call/cls_18byte.c compilation failed to produce executable
FAIL: libffi.call/cls_19byte.c (test for excess errors)
WARNING: libffi.call/cls_19byte.c compilation failed to produce executable
FAIL: libffi.call/cls_1_1byte.c (test for excess errors)
WARNING: libffi.call/cls_1_1byte.c compilation failed to produce executable
FAIL: libffi.call/cls_20byte.c (test for excess errors)
WARNING: libffi.call/cls_20byte.c compilation failed to produce executable
FAIL: libffi.call/cls_20byte1.c (test for excess errors)
WARNING: libffi.call/cls_20byte1.c compilation failed to produce executable
FAIL: libffi.call/cls_24byte.c (test for excess errors)
WARNING: libffi.call/cls_24byte.c compilation failed to produce executable
FAIL: libffi.call/cls_2byte.c (test for excess errors)
WARNING: libffi.call/cls_2byte.c compilation failed to produce executable
FAIL: libffi.call/cls_3_1byte.c (test for excess errors)
WARNING: libffi.call/cls_3_1byte.c compilation failed to produce executable
FAIL: libffi.call/cls_3byte1.c (test for excess errors)
WARNING: libffi.call/cls_3byte1.c compilation failed to produce executable
FAIL: libffi.call/cls_3byte2.c (test for excess errors)
WARNING: libffi.call/cls_3byte2.c compilation failed to produce executable
FAIL: libffi.call/cls_4_1byte.c (test for excess errors)
WARNING: libffi.call/cls_4_1byte.c compilation failed to produce executable
FAIL: libffi.call/cls_4byte.c (test for excess errors)
WARNING: libffi.call/cls_4byte.c compilation failed to produce executable
FAIL: libffi.call/cls_5byte.c (test for excess errors)
WARNING: libffi.call/cls_5byte.c compilation failed to produce executable
FAIL: libffi.call/cls_64byte.c (test for excess errors)
WARNING: libffi.call/cls_64byte.c compilation failed to produce executable
FAIL: libffi.call/cls_6byte.c (test for excess errors)
WARNING: libffi.call/cls_6byte.c compilation failed to produce executable
FAIL: libffi.call/cls_7byte.c (test for excess errors)
WARNING: libffi.call/cls_7byte.c compilation failed to produce executable
FAIL: libffi.call/cls_8byte.c (test for excess errors)
WARNING: libffi.call/cls_8byte.c compilation failed to produce executable
FAIL: libffi.call/cls_9byte1.c (test for excess errors)
WARNING: libffi.call/cls_9byte1.c compilation failed to produce executable
FAIL: libffi.call/cls_9byte2.c (test for excess errors)
WARNING: libffi.call/cls_9byte2.c compilation failed to produce executable
FAIL: libffi.call/cls_align_double.c (test for excess errors)
WARNING: libffi.call/cls_align_double.c compilation failed to produce executable
FAIL: libffi.call/cls_align_float.c (test for excess errors)
WARNING: libffi.call/cls_align_float.c compilation failed to produce executable
FAIL: libffi.call/cls_align_longdouble.c (test for excess errors)
WARNING: libffi.call/cls_align_longdouble.c compilation failed to produce executable
FAIL: libffi.call/cls_align_pointer.c (test for excess errors)
WARNING: libffi.call/cls_align_pointer.c compilation failed to produce executable
FAIL: libffi.call/cls_align_sint16.c (test for excess errors)
WARNING: libffi.call/cls_align_sint16.c compilation failed to produce executable
FAIL: libffi.call/cls_align_sint32.c (test for excess errors)
WARNING: libffi.call/cls_align_sint32.c compilation failed to produce executable
FAIL: libffi.call/cls_align_sint64.c (test for excess errors)
WARNING: libffi.call/cls_align_sint64.c compilation failed to produce executable
FAIL: libffi.call/cls_align_uint16.c (test for excess errors)
WARNING: libffi.call/cls_align_uint16.c compilation failed to produce executable
FAIL: libffi.call/cls_align_uint32.c (test for excess errors)
WARNING: libffi.call/cls_align_uint32.c compilation failed to produce executable
FAIL: libffi.call/cls_align_uint64.c (test for excess errors)
WARNING: libffi.call/cls_align_uint64.c compilation failed to produce executable
FAIL: libffi.call/cls_double.c (test for excess errors)
WARNING: libffi.call/cls_double.c compilation failed to produce executable
FAIL: libffi.call/cls_float.c (test for excess errors)
WARNING: libffi.call/cls_float.c compilation failed to produce executable
FAIL: libffi.call/cls_multi_schar.c (test for excess errors)
WARNING: libffi.call/cls_multi_schar.c compilation failed to produce executable
FAIL: libffi.call/cls_multi_sshort.c (test for excess errors)
WARNING: libffi.call/cls_multi_sshort.c compilation failed to produce executable
FAIL: libffi.call/cls_multi_sshortchar.c (test for excess errors)
WARNING: libffi.call/cls_multi_sshortchar.c compilation failed to produce executable
FAIL: libffi.call/cls_multi_uchar.c (test for excess errors)
WARNING: libffi.call/cls_multi_uchar.c compilation failed to produce executable
FAIL: libffi.call/cls_multi_ushort.c (test for excess errors)
WARNING: libffi.call/cls_multi_ushort.c compilation failed to produce executable
FAIL: libffi.call/cls_multi_ushortchar.c (test for excess errors)
WARNING: libffi.call/cls_multi_ushortchar.c compilation failed to produce executable
FAIL: libffi.call/cls_schar.c (test for excess errors)
WARNING: libffi.call/cls_schar.c compilation failed to produce executable
FAIL: libffi.call/cls_sint.c (test for excess errors)
WARNING: libffi.call/cls_sint.c compilation failed to produce executable
FAIL: libffi.call/cls_sshort.c (test for excess errors)
WARNING: libffi.call/cls_sshort.c compilation failed to produce executable
FAIL: libffi.call/cls_uchar.c (test for excess errors)
WARNING: libffi.call/cls_uchar.c compilation failed to produce executable
FAIL: libffi.call/cls_uint.c (test for excess errors)
WARNING: libffi.call/cls_uint.c compilation failed to produce executable
FAIL: libffi.call/cls_ulonglong.c (test for excess errors)
WARNING: libffi.call/cls_ulonglong.c compilation failed to produce executable
FAIL: libffi.call/cls_ushort.c (test for excess errors)
WARNING: libffi.call/cls_ushort.c compilation failed to produce executable
FAIL: libffi.call/nested_struct.c (test for excess errors)
WARNING: libffi.call/nested_struct.c compilation failed to produce executable
FAIL: libffi.call/nested_struct1.c (test for excess errors)
WARNING: libffi.call/nested_struct1.c compilation failed to produce executable
FAIL: libffi.call/nested_struct2.c (test for excess errors)
WARNING: libffi.call/nested_struct2.c compilation failed to produce executable
FAIL: libffi.call/nested_struct3.c (test for excess errors)
WARNING: libffi.call/nested_struct3.c compilation failed to produce executable
FAIL: libffi.call/problem1.c (test for excess errors)
WARNING: libffi.call/problem1.c compilation failed to produce executable
FAIL: libffi.call/struct6.c execution test
FAIL: libffi.call/struct7.c execution test
FAIL: libffi.special/unwindtest.cc (test for excess errors)
WARNING: libffi.special/unwindtest.cc compilation failed to produce executable
=== libffi Summary for unix ===
# of expected passes 36
# of unexpected failures 60
# of unsupported tests 2
Running target unix/-mabi=32
FAIL: libffi.call/closure_fn0.c (test for excess errors)
WARNING: libffi.call/closure_fn0.c compilation failed to produce executable
FAIL: libffi.call/closure_fn1.c (test for excess errors)
WARNING: libffi.call/closure_fn1.c compilation failed to produce executable
FAIL: libffi.call/closure_fn2.c (test for excess errors)
WARNING: libffi.call/closure_fn2.c compilation failed to produce executable
FAIL: libffi.call/closure_fn3.c (test for excess errors)
WARNING: libffi.call/closure_fn3.c compilation failed to produce executable
FAIL: libffi.call/closure_fn4.c (test for excess errors)
WARNING: libffi.call/closure_fn4.c compilation failed to produce executable
FAIL: libffi.call/closure_fn5.c (test for excess errors)
WARNING: libffi.call/closure_fn5.c compilation failed to produce executable
FAIL: libffi.call/cls_12byte.c (test for excess errors)
WARNING: libffi.call/cls_12byte.c compilation failed to produce executable
FAIL: libffi.call/cls_16byte.c (test for excess errors)
WARNING: libffi.call/cls_16byte.c compilation failed to produce executable
FAIL: libffi.call/cls_18byte.c (test for excess errors)
WARNING: libffi.call/cls_18byte.c compilation failed to produce executable
FAIL: libffi.call/cls_19byte.c (test for excess errors)
WARNING: libffi.call/cls_19byte.c compilation failed to produce executable
FAIL: libffi.call/cls_1_1byte.c (test for excess errors)
WARNING: libffi.call/cls_1_1byte.c compilation failed to produce executable
FAIL: libffi.call/cls_20byte.c (test for excess errors)
WARNING: libffi.call/cls_20byte.c compilation failed to produce executable
FAIL: libffi.call/cls_20byte1.c (test for excess errors)
WARNING: libffi.call/cls_20byte1.c compilation failed to produce executable
FAIL: libffi.call/cls_24byte.c (test for excess errors)
WARNING: libffi.call/cls_24byte.c compilation failed to produce executable
FAIL: libffi.call/cls_2byte.c (test for excess errors)
WARNING: libffi.call/cls_2byte.c compilation failed to produce executable
FAIL: libffi.call/cls_3_1byte.c (test for excess errors)
WARNING: libffi.call/cls_3_1byte.c compilation failed to produce executable
FAIL: libffi.call/cls_3byte1.c (test for excess errors)
WARNING: libffi.call/cls_3byte1.c compilation failed to produce executable
FAIL: libffi.call/cls_3byte2.c (test for excess errors)
WARNING: libffi.call/cls_3byte2.c compilation failed to produce executable
FAIL: libffi.call/cls_4_1byte.c (test for excess errors)
WARNING: libffi.call/cls_4_1byte.c compilation failed to produce executable
FAIL: libffi.call/cls_4byte.c (test for excess errors)
WARNING: libffi.call/cls_4byte.c compilation failed to produce executable
FAIL: libffi.call/cls_5byte.c (test for excess errors)
WARNING: libffi.call/cls_5byte.c compilation failed to produce executable
FAIL: libffi.call/cls_64byte.c (test for excess errors)
WARNING: libffi.call/cls_64byte.c compilation failed to produce executable
FAIL: libffi.call/cls_6byte.c (test for excess errors)
WARNING: libffi.call/cls_6byte.c compilation failed to produce executable
FAIL: libffi.call/cls_7byte.c (test for excess errors)
WARNING: libffi.call/cls_7byte.c compilation failed to produce executable
FAIL: libffi.call/cls_8byte.c (test for excess errors)
WARNING: libffi.call/cls_8byte.c compilation failed to produce executable
FAIL: libffi.call/cls_9byte1.c (test for excess errors)
WARNING: libffi.call/cls_9byte1.c compilation failed to produce executable
FAIL: libffi.call/cls_9byte2.c (test for excess errors)
WARNING: libffi.call/cls_9byte2.c compilation failed to produce executable
FAIL: libffi.call/cls_align_double.c (test for excess errors)
WARNING: libffi.call/cls_align_double.c compilation failed to produce executable
FAIL: libffi.call/cls_align_float.c (test for excess errors)
WARNING: libffi.call/cls_align_float.c compilation failed to produce executable
FAIL: libffi.call/cls_align_longdouble.c (test for excess errors)
WARNING: libffi.call/cls_align_longdouble.c compilation failed to produce executable
FAIL: libffi.call/cls_align_pointer.c (test for excess errors)
WARNING: libffi.call/cls_align_pointer.c compilation failed to produce executable
FAIL: libffi.call/cls_align_sint16.c (test for excess errors)
WARNING: libffi.call/cls_align_sint16.c compilation failed to produce executable
FAIL: libffi.call/cls_align_sint32.c (test for excess errors)
WARNING: libffi.call/cls_align_sint32.c compilation failed to produce executable
FAIL: libffi.call/cls_align_sint64.c (test for excess errors)
WARNING: libffi.call/cls_align_sint64.c compilation failed to produce executable
FAIL: libffi.call/cls_align_uint16.c (test for excess errors)
WARNING: libffi.call/cls_align_uint16.c compilation failed to produce executable
FAIL: libffi.call/cls_align_uint32.c (test for excess errors)
WARNING: libffi.call/cls_align_uint32.c compilation failed to produce executable
FAIL: libffi.call/cls_align_uint64.c (test for excess errors)
WARNING: libffi.call/cls_align_uint64.c compilation failed to produce executable
FAIL: libffi.call/cls_double.c (test for excess errors)
WARNING: libffi.call/cls_double.c compilation failed to produce executable
FAIL: libffi.call/cls_float.c (test for excess errors)
WARNING: libffi.call/cls_float.c compilation failed to produce executable
FAIL: libffi.call/cls_multi_schar.c (test for excess errors)
WARNING: libffi.call/cls_multi_schar.c compilation failed to produce executable
FAIL: libffi.call/cls_multi_sshort.c (test for excess errors)
WARNING: libffi.call/cls_multi_sshort.c compilation failed to produce executable
FAIL: libffi.call/cls_multi_sshortchar.c (test for excess errors)
WARNING: libffi.call/cls_multi_sshortchar.c compilation failed to produce executable
FAIL: libffi.call/cls_multi_uchar.c (test for excess errors)
WARNING: libffi.call/cls_multi_uchar.c compilation failed to produce executable
FAIL: libffi.call/cls_multi_ushort.c (test for excess errors)
WARNING: libffi.call/cls_multi_ushort.c compilation failed to produce executable
FAIL: libffi.call/cls_multi_ushortchar.c (test for excess errors)
WARNING: libffi.call/cls_multi_ushortchar.c compilation failed to produce executable
FAIL: libffi.call/cls_schar.c (test for excess errors)
WARNING: libffi.call/cls_schar.c compilation failed to produce executable
FAIL: libffi.call/cls_sint.c (test for excess errors)
WARNING: libffi.call/cls_sint.c compilation failed to produce executable
FAIL: libffi.call/cls_sshort.c (test for excess errors)
WARNING: libffi.call/cls_sshort.c compilation failed to produce executable
FAIL: libffi.call/cls_uchar.c (test for excess errors)
WARNING: libffi.call/cls_uchar.c compilation failed to produce executable
FAIL: libffi.call/cls_uint.c (test for excess errors)
WARNING: libffi.call/cls_uint.c compilation failed to produce executable
FAIL: libffi.call/cls_ulonglong.c (test for excess errors)
WARNING: libffi.call/cls_ulonglong.c compilation failed to produce executable
FAIL: libffi.call/cls_ushort.c (test for excess errors)
WARNING: libffi.call/cls_ushort.c compilation failed to produce executable
FAIL: libffi.call/nested_struct.c (test for excess errors)
WARNING: libffi.call/nested_struct.c compilation failed to produce executable
FAIL: libffi.call/nested_struct1.c (test for excess errors)
WARNING: libffi.call/nested_struct1.c compilation failed to produce executable
FAIL: libffi.call/nested_struct2.c (test for excess errors)
WARNING: libffi.call/nested_struct2.c compilation failed to produce executable
FAIL: libffi.call/nested_struct3.c (test for excess errors)
WARNING: libffi.call/nested_struct3.c compilation failed to produce executable
FAIL: libffi.call/problem1.c (test for excess errors)
WARNING: libffi.call/problem1.c compilation failed to produce executable
FAIL: libffi.call/return_ll.c execution test
FAIL: libffi.special/unwindtest.cc (test for excess errors)
WARNING: libffi.special/unwindtest.cc compilation failed to produce executable
=== libffi Summary for unix/-mabi=32 ===
# of expected passes 37
# of unexpected failures 59
# of unsupported tests 2
Running target unix/-mabi=64
FAIL: libffi.call/closure_fn0.c (test for excess errors)
WARNING: libffi.call/closure_fn0.c compilation failed to produce executable
FAIL: libffi.call/closure_fn1.c (test for excess errors)
WARNING: libffi.call/closure_fn1.c compilation failed to produce executable
FAIL: libffi.call/closure_fn2.c (test for excess errors)
WARNING: libffi.call/closure_fn2.c compilation failed to produce executable
FAIL: libffi.call/closure_fn3.c (test for excess errors)
WARNING: libffi.call/closure_fn3.c compilation failed to produce executable
FAIL: libffi.call/closure_fn4.c (test for excess errors)
WARNING: libffi.call/closure_fn4.c compilation failed to produce executable
FAIL: libffi.call/closure_fn5.c (test for excess errors)
WARNING: libffi.call/closure_fn5.c compilation failed to produce executable
FAIL: libffi.call/cls_12byte.c (test for excess errors)
WARNING: libffi.call/cls_12byte.c compilation failed to produce executable
FAIL: libffi.call/cls_16byte.c (test for excess errors)
WARNING: libffi.call/cls_16byte.c compilation failed to produce executable
FAIL: libffi.call/cls_18byte.c (test for excess errors)
WARNING: libffi.call/cls_18byte.c compilation failed to produce executable
FAIL: libffi.call/cls_19byte.c (test for excess errors)
WARNING: libffi.call/cls_19byte.c compilation failed to produce executable
FAIL: libffi.call/cls_1_1byte.c (test for excess errors)
WARNING: libffi.call/cls_1_1byte.c compilation failed to produce executable
FAIL: libffi.call/cls_20byte.c (test for excess errors)
WARNING: libffi.call/cls_20byte.c compilation failed to produce executable
FAIL: libffi.call/cls_20byte1.c (test for excess errors)
WARNING: libffi.call/cls_20byte1.c compilation failed to produce executable
FAIL: libffi.call/cls_24byte.c (test for excess errors)
WARNING: libffi.call/cls_24byte.c compilation failed to produce executable
FAIL: libffi.call/cls_2byte.c (test for excess errors)
WARNING: libffi.call/cls_2byte.c compilation failed to produce executable
FAIL: libffi.call/cls_3_1byte.c (test for excess errors)
WARNING: libffi.call/cls_3_1byte.c compilation failed to produce executable
FAIL: libffi.call/cls_3byte1.c (test for excess errors)
WARNING: libffi.call/cls_3byte1.c compilation failed to produce executable
FAIL: libffi.call/cls_3byte2.c (test for excess errors)
WARNING: libffi.call/cls_3byte2.c compilation failed to produce executable
FAIL: libffi.call/cls_4_1byte.c (test for excess errors)
WARNING: libffi.call/cls_4_1byte.c compilation failed to produce executable
FAIL: libffi.call/cls_4byte.c (test for excess errors)
WARNING: libffi.call/cls_4byte.c compilation failed to produce executable
FAIL: libffi.call/cls_5byte.c (test for excess errors)
WARNING: libffi.call/cls_5byte.c compilation failed to produce executable
FAIL: libffi.call/cls_64byte.c (test for excess errors)
WARNING: libffi.call/cls_64byte.c compilation failed to produce executable
FAIL: libffi.call/cls_6byte.c (test for excess errors)
WARNING: libffi.call/cls_6byte.c compilation failed to produce executable
FAIL: libffi.call/cls_7byte.c (test for excess errors)
WARNING: libffi.call/cls_7byte.c compilation failed to produce executable
FAIL: libffi.call/cls_8byte.c (test for excess errors)
WARNING: libffi.call/cls_8byte.c compilation failed to produce executable
FAIL: libffi.call/cls_9byte1.c (test for excess errors)
WARNING: libffi.call/cls_9byte1.c compilation failed to produce executable
FAIL: libffi.call/cls_9byte2.c (test for excess errors)
WARNING: libffi.call/cls_9byte2.c compilation failed to produce executable
FAIL: libffi.call/cls_align_double.c (test for excess errors)
WARNING: libffi.call/cls_align_double.c compilation failed to produce executable
FAIL: libffi.call/cls_align_float.c (test for excess errors)
WARNING: libffi.call/cls_align_float.c compilation failed to produce executable
FAIL: libffi.call/cls_align_longdouble.c (test for excess errors)
WARNING: libffi.call/cls_align_longdouble.c compilation failed to produce executable
FAIL: libffi.call/cls_align_pointer.c (test for excess errors)
WARNING: libffi.call/cls_align_pointer.c compilation failed to produce executable
FAIL: libffi.call/cls_align_sint16.c (test for excess errors)
WARNING: libffi.call/cls_align_sint16.c compilation failed to produce executable
FAIL: libffi.call/cls_align_sint32.c (test for excess errors)
WARNING: libffi.call/cls_align_sint32.c compilation failed to produce executable
FAIL: libffi.call/cls_align_sint64.c (test for excess errors)
WARNING: libffi.call/cls_align_sint64.c compilation failed to produce executable
FAIL: libffi.call/cls_align_uint16.c (test for excess errors)
WARNING: libffi.call/cls_align_uint16.c compilation failed to produce executable
FAIL: libffi.call/cls_align_uint32.c (test for excess errors)
WARNING: libffi.call/cls_align_uint32.c compilation failed to produce executable
FAIL: libffi.call/cls_align_uint64.c (test for excess errors)
WARNING: libffi.call/cls_align_uint64.c compilation failed to produce executable
FAIL: libffi.call/cls_double.c (test for excess errors)
WARNING: libffi.call/cls_double.c compilation failed to produce executable
FAIL: libffi.call/cls_float.c (test for excess errors)
WARNING: libffi.call/cls_float.c compilation failed to produce executable
FAIL: libffi.call/cls_multi_schar.c (test for excess errors)
WARNING: libffi.call/cls_multi_schar.c compilation failed to produce executable
FAIL: libffi.call/cls_multi_sshort.c (test for excess errors)
WARNING: libffi.call/cls_multi_sshort.c compilation failed to produce executable
FAIL: libffi.call/cls_multi_sshortchar.c (test for excess errors)
WARNING: libffi.call/cls_multi_sshortchar.c compilation failed to produce executable
FAIL: libffi.call/cls_multi_uchar.c (test for excess errors)
WARNING: libffi.call/cls_multi_uchar.c compilation failed to produce executable
FAIL: libffi.call/cls_multi_ushort.c (test for excess errors)
WARNING: libffi.call/cls_multi_ushort.c compilation failed to produce executable
FAIL: libffi.call/cls_multi_ushortchar.c (test for excess errors)
WARNING: libffi.call/cls_multi_ushortchar.c compilation failed to produce executable
FAIL: libffi.call/cls_schar.c (test for excess errors)
WARNING: libffi.call/cls_schar.c compilation failed to produce executable
FAIL: libffi.call/cls_sint.c (test for excess errors)
WARNING: libffi.call/cls_sint.c compilation failed to produce executable
FAIL: libffi.call/cls_sshort.c (test for excess errors)
WARNING: libffi.call/cls_sshort.c compilation failed to produce executable
FAIL: libffi.call/cls_uchar.c (test for excess errors)
WARNING: libffi.call/cls_uchar.c compilation failed to produce executable
FAIL: libffi.call/cls_uint.c (test for excess errors)
WARNING: libffi.call/cls_uint.c compilation failed to produce executable
FAIL: libffi.call/cls_ulonglong.c (test for excess errors)
WARNING: libffi.call/cls_ulonglong.c compilation failed to produce executable
FAIL: libffi.call/cls_ushort.c (test for excess errors)
WARNING: libffi.call/cls_ushort.c compilation failed to produce executable
FAIL: libffi.call/float.c execution test
FAIL: libffi.call/float2.c execution test
FAIL: libffi.call/nested_struct.c (test for excess errors)
WARNING: libffi.call/nested_struct.c compilation failed to produce executable
FAIL: libffi.call/nested_struct1.c (test for excess errors)
WARNING: libffi.call/nested_struct1.c compilation failed to produce executable
FAIL: libffi.call/nested_struct2.c (test for excess errors)
WARNING: libffi.call/nested_struct2.c compilation failed to produce executable
FAIL: libffi.call/nested_struct3.c (test for excess errors)
WARNING: libffi.call/nested_struct3.c compilation failed to produce executable
FAIL: libffi.call/problem1.c (test for excess errors)
WARNING: libffi.call/problem1.c compilation failed to produce executable
FAIL: libffi.call/promotion.c execution test
FAIL: libffi.call/return_ll.c execution test
FAIL: libffi.call/return_sc.c execution test
FAIL: libffi.call/return_uc.c execution test
FAIL: libffi.call/strlen.c execution test
FAIL: libffi.call/struct1.c execution test
FAIL: libffi.call/struct2.c execution test
FAIL: libffi.call/struct3.c execution test
FAIL: libffi.call/struct4.c execution test
FAIL: libffi.call/struct5.c execution test
FAIL: libffi.call/struct6.c execution test
FAIL: libffi.call/struct7.c execution test
FAIL: libffi.call/struct8.c execution test
FAIL: libffi.call/struct9.c execution test
FAIL: libffi.special/unwindtest.cc (test for excess errors)
WARNING: libffi.special/unwindtest.cc compilation failed to produce executable
=== libffi Summary for unix/-mabi=64 ===
# of expected passes 22
# of unexpected failures 74
# of unsupported tests 2
=== libffi Summary ===
# of expected passes 95
# of unexpected failures 193
# of unsupported tests 6
=== libjava tests ===
Running target unix
FAIL: linking simple
FAIL: pr11951 run
FAIL: FileHandleGcTest execution - source compiled test
FAIL: FileHandleGcTest execution - bytecode->native test
FAIL: FileHandleGcTest -O3 execution - source compiled test
FAIL: FileHandleGcTest -O3 execution - bytecode->native test
FAIL: TestProxy execution - source compiled test
FAIL: TestProxy execution - bytecode->native test
FAIL: TestProxy -O3 execution - source compiled test
FAIL: TestProxy -O3 execution - bytecode->native test
FAIL: Throw_2 execution - source compiled test
FAIL: Throw_2 execution - bytecode->native test
FAIL: Throw_2 -O3 execution - source compiled test
FAIL: Throw_2 -O3 execution - bytecode->native test
FAIL: invokethrow execution - source compiled test
FAIL: invokethrow execution - bytecode->native test
FAIL: invokethrow -O3 execution - source compiled test
FAIL: invokethrow -O3 execution - bytecode->native test
FAIL: /.vol/gcc/obj/gcc-3.5.0-20040210/6.5-gcc-java/mips-sgi-irix6.5/libjava/testsuite/TestEarlyGC.exe output - /.vol/gcc/obj/gcc-3.5.0-20040210/6.5-gcc-java/mips-sgi-irix6.5/libjava/testsuite/TestEarlyGC.exe
FAIL: /.vol/gcc/obj/gcc-3.5.0-20040210/6.5-gcc-java/mips-sgi-irix6.5/libjava/testsuite/TestLeak.exe execution - /.vol/gcc/obj/gcc-3.5.0-20040210/6.5-gcc-java/mips-sgi-irix6.5/libjava/testsuite/TestLeak.exe
FAIL: /.vol/gcc/obj/gcc-3.5.0-20040210/6.5-gcc-java/mips-sgi-irix6.5/libjava/testsuite/TestMultiple.exe output - /.vol/gcc/obj/gcc-3.5.0-20040210/6.5-gcc-java/mips-sgi-irix6.5/libjava/testsuite/TestMultiple.exe
FAIL: /.vol/gcc/obj/gcc-3.5.0-20040210/6.5-gcc-java/mips-sgi-irix6.5/libjava/testsuite/TestParent.exe output - /.vol/gcc/obj/gcc-3.5.0-20040210/6.5-gcc-java/mips-sgi-irix6.5/libjava/testsuite/TestParent.exe
=== libjava Summary for unix ===
# of expected passes 2590
# of unexpected failures 22
# of expected failures 15
# of untested testcases 116
Running target unix/-mabi=32
FAIL: linking simple
FAIL: calls run
FAIL: cxxtest run
FAIL: field run
FAIL: final_method run
FAIL: findclass run
FAIL: invoke run
FAIL: jniutf run
FAIL: martin run
FAIL: noclass run
FAIL: overload run
FAIL: pr11951 run
FAIL: register run
FAIL: simple_int run
FAIL: throwit run
FAIL: virtual run
FAIL: Array_3 execution - source compiled test
FAIL: Array_3 execution - bytecode->native test
FAIL: Array_3 -O3 execution - source compiled test
FAIL: Array_3 -O3 execution - bytecode->native test
FAIL: FileHandleGcTest execution - source compiled test
FAIL: FileHandleGcTest execution - bytecode->native test
FAIL: FileHandleGcTest -O3 execution - source compiled test
FAIL: FileHandleGcTest -O3 execution - bytecode->native test
FAIL: InvokeReturn output - source compiled test
FAIL: InvokeReturn output - bytecode->native test
FAIL: InvokeReturn -O3 output - source compiled test
FAIL: InvokeReturn -O3 output - bytecode->native test
FAIL: Invoke_1 execution - source compiled test
FAIL: Invoke_1 execution - bytecode->native test
FAIL: Invoke_1 -O3 execution - source compiled test
FAIL: Invoke_1 -O3 execution - bytecode->native test
FAIL: PR218 execution - source compiled test
FAIL: PR218 execution - bytecode->native test
FAIL: PR218 -O3 execution - source compiled test
FAIL: PR218 -O3 execution - bytecode->native test
FAIL: TestProxy execution - source compiled test
FAIL: TestProxy execution - bytecode->native test
FAIL: TestProxy -O3 execution - source compiled test
FAIL: TestProxy -O3 execution - bytecode->native test
FAIL: Throw_2 execution - source compiled test
FAIL: Throw_2 execution - bytecode->native test
FAIL: Throw_2 -O3 execution - source compiled test
FAIL: Throw_2 -O3 execution - bytecode->native test
FAIL: resource compilation dummy.class
=== libjava Summary for unix/-mabi=32 ===
# of expected passes 2548
# of unexpected failures 45
# of expected failures 15
# of untested testcases 137
Running target unix/-mabi=64
FAIL: linking simple
FAIL: calls output
FAIL: cxxtest run
FAIL: martin output
FAIL: pr11951 output
FAIL: throwit output
FAIL: FileHandleGcTest execution - source compiled test
FAIL: FileHandleGcTest execution - bytecode->native test
FAIL: FileHandleGcTest -O3 execution - source compiled test
FAIL: FileHandleGcTest -O3 execution - bytecode->native test
FAIL: InvokeReturn output - source compiled test
FAIL: InvokeReturn output - bytecode->native test
FAIL: InvokeReturn -O3 output - source compiled test
FAIL: InvokeReturn -O3 output - bytecode->native test
FAIL: TestProxy execution - source compiled test
FAIL: TestProxy execution - bytecode->native test
FAIL: TestProxy -O3 execution - source compiled test
FAIL: TestProxy -O3 execution - bytecode->native test
FAIL: Throw_2 execution - source compiled test
FAIL: Throw_2 execution - bytecode->native test
FAIL: Throw_2 -O3 execution - source compiled test
FAIL: Throw_2 -O3 execution - bytecode->native test
FAIL: invokethrow output - source compiled test
FAIL: invokethrow output - bytecode->native test
FAIL: invokethrow -O3 output - source compiled test
FAIL: invokethrow -O3 output - bytecode->native test
FAIL: /.vol/gcc/obj/gcc-3.5.0-20040210/6.5-gcc-java/mips-sgi-irix6.5/libjava/testsuite/TestEarlyGC.exe output - /.vol/gcc/obj/gcc-3.5.0-20040210/6.5-gcc-java/mips-sgi-irix6.5/libjava/testsuite/TestEarlyGC.exe
FAIL: /.vol/gcc/obj/gcc-3.5.0-20040210/6.5-gcc-java/mips-sgi-irix6.5/libjava/testsuite/TestLeak.exe execution - /.vol/gcc/obj/gcc-3.5.0-20040210/6.5-gcc-java/mips-sgi-irix6.5/libjava/testsuite/TestLeak.exe
FAIL: /.vol/gcc/obj/gcc-3.5.0-20040210/6.5-gcc-java/mips-sgi-irix6.5/libjava/testsuite/TestMultiple.exe output - /.vol/gcc/obj/gcc-3.5.0-20040210/6.5-gcc-java/mips-sgi-irix6.5/libjava/testsuite/TestMultiple.exe
FAIL: /.vol/gcc/obj/gcc-3.5.0-20040210/6.5-gcc-java/mips-sgi-irix6.5/libjava/testsuite/TestParent.exe output - /.vol/gcc/obj/gcc-3.5.0-20040210/6.5-gcc-java/mips-sgi-irix6.5/libjava/testsuite/TestParent.exe
=== libjava Summary for unix/-mabi=64 ===
# of expected passes 2586
# of unexpected failures 30
# of expected failures 15
# of untested testcases 112
=== libjava Summary ===
# of expected passes 7724
# of unexpected failures 97
# of expected failures 45
# of untested testcases 365
=== libstdc++ tests ===
Running target unix
FAIL: 22_locale/ctype/cons/char/1.cc execution test
=== libstdc++ Summary for unix ===
# of expected passes 1901
# of unexpected failures 1
# of expected failures 1
# of unsupported tests 7
Running target unix/-mabi=32
FAIL: 22_locale/ctype/cons/char/1.cc execution test
FAIL: 27_io/basic_istream/extractors_arithmetic/char/12.cc execution test
=== libstdc++ Summary for unix/-mabi=32 ===
# of expected passes 1900
# of unexpected failures 2
# of expected failures 1
# of unsupported tests 7
Running target unix/-mabi=64
FAIL: 22_locale/ctype/cons/char/1.cc execution test
=== libstdc++ Summary for unix/-mabi=64 ===
# of expected passes 1901
# of unexpected failures 1
# of expected failures 1
# of unsupported tests 7
=== libstdc++ Summary ===
# of expected passes 5702
# of unexpected failures 4
# of expected failures 3
# of unsupported tests 21
Compiler version: 3.5.0 20040210 (experimental)
Platform: mips-sgi-irix6.5
configure flags: --prefix=/.vol/gcc --with-local-prefix=/.vol/gcc --disable-nls --enable-libgcj