This is the mail archive of the
gcc-testresults@gcc.gnu.org
mailing list for the GCC project.
Results for 3.5.0 20040212 (experimental) testsuite on i686-suse9-linux-gnu
- From: Manfred Hollstein <mh at suse dot de>
- To: gcc-testresults at gcc dot gnu dot org
- Date: Thu, 12 Feb 2004 18:28:24 +0100
- Subject: Results for 3.5.0 20040212 (experimental) testsuite on i686-suse9-linux-gnu
- Reply-to: Manfred Hollstein <manfred dot h at gmx dot net>
Compiler version: 3.5.0 20040212 (experimental)
Platform: i686-suse9-linux-gnu
Sources: HEAD as of 2004/02/12 15:34:35 +0100
LAST_UPDATED: Thu Feb 12 14:34:35 UTC 2004
Patches: [1] `PATCH: Fix to successfully build libjava as a shared library'
<http://gcc.gnu.org/ml/gcc-patches/2001-09/msg00714.html>
Environment: - autoconf-2.13 (FSF release)
- automake-1.7.6-41
- binutils-2.14 (FSF release)
- dejagnu-1.4.3-217
- expect-5.38-98
- SuSE Linux 9.0 + recommended updates as of today
- Linux version 2.4.21-166-smp4G (root@i386.suse.de) (gcc version 3.3.1 (SuSE Linux)) #1 SMP Fri Dec 19 15:43:30 UTC 2003
- glibc-2.3.2-88
Remarks: None.
configure flags: --host=i686-suse9-linux-gnu --target=i686-suse9-linux-gnu --build=i686-suse9-linux-gnu --srcdir=../gcc-20040212 --prefix=/opt/gnu --with-gnu-as --with-gnu-ld --enable-__cxa_atexit --disable-checking --enable-clocale=gnu --enable-interpreter --enable-shared --enable-threads=posix --with-system-zlib --with-local-prefix=/opt/gnu --with-cpu=pentium4 --enable-nls --verbose
BOOT_CC: gcc version 3.4.0 20031226 (experimental)
BOOT_CFLAGS: -O3 -march=i686 -mtune=pentium4 -fomit-frame-pointer
CFLAGS: -O3 -march=i686 -mtune=pentium4 -fomit-frame-pointer
CXXFLAGS: -O3 -march=i686 -mtune=pentium4 -fomit-frame-pointer -g
GCJFLAGS: -O3 -march=i686 -mtune=pentium4 -fomit-frame-pointer -g
=== acats tests ===
FAIL: c34005a
FAIL: c34005d
FAIL: c34005g
FAIL: c34005j
FAIL: c954025
FAIL: cc3601a
FAIL: cxb3010
FAIL: cxb3014
FAIL: cxb3015
=== acats Summary ===
# of expected passes 2313
# of unexpected failures 9
Native configuration is i686-suse9-linux-gnu
=== g++ tests ===
Running target unix
WARNING: g++.old-deja/g++.mike/p10769a.C compilation failed to produce executable
WARNING: g++.old-deja/g++.other/enum5.C compilation failed to produce executable
XPASS: g++.old-deja/g++.other/init5.C execution test
WARNING: g++.old-deja/g++.pt/friend44.C compilation failed to produce executable
=== g++ Summary ===
# of expected passes 9541
# of unexpected successes 1
# of expected failures 67
# of unsupported tests 30
/home/gnu/work/GNU/gcc-20040212-i686-suse9-linux-gnu/gcc/testsuite/../g++ version 3.5.0 20040212 (experimental)
=== g77 tests ===
Running target unix
=== g77 Summary ===
# of expected passes 1800
/home/gnu/work/GNU/gcc-20040212-i686-suse9-linux-gnu/gcc/testsuite/../g77 version 3.5.0 20040212 (experimental)
=== gcc tests ===
Running target unix
FAIL: gcc.c-torture/execute/va-arg-25.c execution, -Os
FAIL: gcc.dg/fwritable-strings-1.c (test for errors, line )
=== gcc Summary ===
# of expected passes 24654
# of unexpected failures 2
# of expected failures 63
# of untested testcases 7
# of unsupported tests 181
/home/gnu/work/GNU/gcc-20040212-i686-suse9-linux-gnu/gcc/xgcc version 3.5.0 20040212 (experimental)
=== objc tests ===
Running target unix
=== objc Summary ===
# of expected passes 1341
# of unsupported tests 8
/home/gnu/work/GNU/gcc-20040212-i686-suse9-linux-gnu/gcc/xgcc version 3.5.0 20040212 (experimental)
=== libffi tests ===
Running target unix
=== libffi Summary ===
# of expected passes 212
# of unsupported tests 2
=== libjava tests ===
Running target unix
FAIL: linking simple
=== libjava Summary ===
# of expected passes 3306
# of unexpected failures 1
# of expected failures 15
# of untested testcases 16
=== libstdc++-v3 check-abi Summary ===
# of added symbols: 262
# of missing symbols: 281
# of incompatible symbols: 312
=== libstdc++ tests ===
Running target unix
FAIL: ext/enc_filebuf/char/13189.cc (test for excess errors)
WARNING: ext/enc_filebuf/char/13189.cc compilation failed to produce executable
FAIL: ext/enc_filebuf/wchar_t/13189.cc (test for excess errors)
WARNING: ext/enc_filebuf/wchar_t/13189.cc compilation failed to produce executable
=== libstdc++ Summary ===
# of expected passes 2554
# of unexpected failures 2
# of expected failures 3
Counting all warnings,
there are 20 warnings in stage3 of this bootstrap.
Number of warnings per file:
3 insn-conditions.c
3 gengtype-lex.c
3 gcc/gcc.c
2 gcc/objc/lang-specs.h
2 gcc/f/sta.c
1 objc/objc-parse.c
1 gengtype-yacc.c
1 gcc/java/jvspec.c
1 gcc/config/i386/i386.md
1 gcc/ada/tracebak.c
1 gcc/ada/lang-specs.h
1 c-parse.c
Number of warning types:
10 string length `???' is greater than the length `???' ISO C89 compilers are required to support
6 old-style parameter declaration
2 dereferencing type-punned pointer will break strict-aliasing rules
1 operand 1 missing mode?
1 comparison of unsigned expression < 0 is always false