This is the mail archive of the gcc-testresults@gcc.gnu.org mailing list for the GCC project.


Index Nav: [Date Index] [Subject Index] [Author Index] [Thread Index]
Message Nav: [Date Prev] [Date Next] [Thread Prev] [Thread Next]
Other format: [Raw text]

Results for 3.5.0 20040212 (experimental) testsuite on ia64-suse-linux-gnu


LAST_UPDATED: Thu Feb 12 09:09:37 UTC 2004

		=== acats tests ===
FAIL:	ad8011a
FAIL:	c380004
FAIL:	c52103m
FAIL:	c91004b
FAIL:	c940010
FAIL:	c95022b
FAIL:	c95072a
FAIL:	c95072b
FAIL:	c954017
FAIL:	c974004
FAIL:	c974009
FAIL:	c9a009a
FAIL:	c9a009c
FAIL:	c9a009h
FAIL:	c9a010a
FAIL:	c9a011a
FAIL:	cb1010a
FAIL:	cb20001
FAIL:	cb20004
FAIL:	cb41002
FAIL:	cb5001a
FAIL:	cb5001b
FAIL:	cb5002a
FAIL:	cd2a83c
FAIL:	cd2a91c
FAIL:	cxaa011
FAIL:	cxg2002
FAIL:	cxg2003
FAIL:	cxg2004
FAIL:	cxg2006
FAIL:	cxg2007
FAIL:	cxg2010
FAIL:	cxg2011
FAIL:	cxg2012
FAIL:	cxg2013
FAIL:	cxg2014
FAIL:	cxg2015
FAIL:	cxg2016
FAIL:	cxg2017
FAIL:	cxg2018
FAIL:	cxg2019
FAIL:	cxg2020
FAIL:	cxg2021

		=== acats Summary ===
# of expected passes		2279
# of unexpected failures	43
Native configuration is ia64-suse-linux-gnu

		=== g++ tests ===


Running target unix
FAIL: g++.dg/opt/longbranch1.C (test for excess errors)
FAIL: g++.dg/pch/system-1.C -g assembly comparison
FAIL: g++.dg/pch/system-2.C -g assembly comparison
WARNING: g++.old-deja/g++.mike/p10769a.C compilation failed to produce executable
WARNING: g++.old-deja/g++.other/enum5.C compilation failed to produce executable
WARNING: g++.old-deja/g++.pt/friend44.C compilation failed to produce executable

		=== g++ Summary ===

# of expected passes		9159
# of unexpected failures	3
# of expected failures		68
# of unsupported tests		68
/tmp/cvs/gcc-20040212/Build/gcc/testsuite/../g++ version 3.5.0 20040212 (experimental)

		=== g77 tests ===


Running target unix

		=== g77 Summary ===

# of expected passes		1788
# of unsupported tests		6
/tmp/cvs/gcc-20040212/Build/gcc/testsuite/../g77 version 3.5.0 20040212 (experimental)

		=== gcc tests ===


Running target unix
FAIL: gcc.c-torture/execute/20030928-1.c compilation,  -O1 
UNRESOLVED: gcc.c-torture/execute/20030928-1.c execution,  -O1 
FAIL: gcc.c-torture/execute/20030928-1.c compilation,  -O2 
UNRESOLVED: gcc.c-torture/execute/20030928-1.c execution,  -O2 
FAIL: gcc.c-torture/execute/20030928-1.c compilation,  -O3 -fomit-frame-pointer 
UNRESOLVED: gcc.c-torture/execute/20030928-1.c execution,  -O3 -fomit-frame-pointer 
FAIL: gcc.c-torture/execute/20030928-1.c compilation,  -O3 -fomit-frame-pointer -funroll-loops 
UNRESOLVED: gcc.c-torture/execute/20030928-1.c execution,  -O3 -fomit-frame-pointer -funroll-loops 
FAIL: gcc.c-torture/execute/20030928-1.c compilation,  -O3 -fomit-frame-pointer -funroll-all-loops -finline-functions 
UNRESOLVED: gcc.c-torture/execute/20030928-1.c execution,  -O3 -fomit-frame-pointer -funroll-all-loops -finline-functions 
FAIL: gcc.c-torture/execute/20030928-1.c compilation,  -O3 -g 
UNRESOLVED: gcc.c-torture/execute/20030928-1.c execution,  -O3 -g 
FAIL: gcc.c-torture/execute/20030928-1.c compilation,  -Os 
UNRESOLVED: gcc.c-torture/execute/20030928-1.c execution,  -Os 
FAIL: gcc.c-torture/execute/20040208-2.c execution,  -O0 
FAIL: gcc.c-torture/execute/20040208-2.c execution,  -O1 
FAIL: gcc.c-torture/execute/20040208-2.c execution,  -O2 
FAIL: gcc.c-torture/execute/20040208-2.c execution,  -O3 -fomit-frame-pointer 
FAIL: gcc.c-torture/execute/20040208-2.c execution,  -O3 -g 
FAIL: gcc.c-torture/execute/20040208-2.c execution,  -Os 
XPASS: gcc.c-torture/execute/990208-1.c execution,  -O3 -fomit-frame-pointer 
XPASS: gcc.c-torture/execute/990208-1.c execution,  -O3 -g 
FAIL: gcc.dg/compat/scalar-by-value-3 c_compat_x_tst.o compile
UNRESOLVED: gcc.dg/compat/scalar-by-value-3 c_compat_x_tst.o-c_compat_y_tst.o link 
UNRESOLVED: gcc.dg/compat/scalar-by-value-3 c_compat_x_tst.o-c_compat_y_tst.o execute 
FAIL: gcc.dg/compat/scalar-return-3 c_compat_x_tst.o compile
UNRESOLVED: gcc.dg/compat/scalar-return-3 c_compat_x_tst.o-c_compat_y_tst.o link 
UNRESOLVED: gcc.dg/compat/scalar-return-3 c_compat_x_tst.o-c_compat_y_tst.o execute 
FAIL: gcc.dg/compat/struct-by-value-18 c_compat_x_tst.o compile
UNRESOLVED: gcc.dg/compat/struct-by-value-18 c_compat_x_tst.o-c_compat_y_tst.o link 
UNRESOLVED: gcc.dg/compat/struct-by-value-18 c_compat_x_tst.o-c_compat_y_tst.o execute 
FAIL: gcc.dg/compat/struct-by-value-7 c_compat_x_tst.o-c_compat_y_tst.o execute 
FAIL: gcc.dg/fwritable-strings-1.c  (test for errors, line )
FAIL: gcc.dg/pch/static-3.c -O0 -g assembly comparison

		=== gcc Summary ===

# of expected passes		23964
# of unexpected failures	19
# of unexpected successes	2
# of expected failures		68
# of unresolved testcases	13
# of untested testcases		7
# of unsupported tests		291
/tmp/cvs/gcc-20040212/Build/gcc/xgcc version 3.5.0 20040212 (experimental)

		=== objc tests ===


Running target unix

		=== objc Summary ===

# of expected passes		1341
# of unsupported tests		8
/tmp/cvs/gcc-20040212/Build/gcc/xgcc version 3.5.0 20040212 (experimental)

		=== libffi tests ===


Running target unix
FAIL: libffi.call/closure_fn0.c output pattern test, is 1 2 3 4 127 429 7 8 448693 10 11 0 13 19 21 1 3: 449352
FAIL: libffi.call/closure_fn1.c output pattern test, is 1 2 3 4 127 5 6 8 0 10 11 0 13 19 21 1 3: 234
FAIL: libffi.call/closure_fn2.c output pattern test, is 1 2 3 4 127 5 6 8 0 10 11 0 13 0 21 1 3: 215
FAIL: libffi.call/closure_fn3.c output pattern test, is 1 2 3 4 5 6 7 8 9 10 0 0 13 0 0 1 3: 72
FAIL: libffi.call/cls_12byte.c execution test
FAIL: libffi.call/cls_16byte.c execution test
FAIL: libffi.call/cls_18byte.c execution test
FAIL: libffi.call/cls_19byte.c execution test
FAIL: libffi.call/cls_1_1byte.c execution test
FAIL: libffi.call/cls_20byte.c execution test
FAIL: libffi.call/cls_20byte1.c execution test
FAIL: libffi.call/cls_24byte.c execution test
FAIL: libffi.call/cls_2byte.c execution test
FAIL: libffi.call/cls_3_1byte.c execution test
FAIL: libffi.call/cls_3byte1.c execution test
FAIL: libffi.call/cls_3byte2.c execution test
FAIL: libffi.call/cls_4_1byte.c execution test
FAIL: libffi.call/cls_4byte.c execution test
FAIL: libffi.call/cls_5byte.c execution test
FAIL: libffi.call/cls_64byte.c execution test
FAIL: libffi.call/cls_6byte.c execution test
FAIL: libffi.call/cls_7byte.c execution test
FAIL: libffi.call/cls_8byte.c execution test
FAIL: libffi.call/cls_9byte1.c execution test
FAIL: libffi.call/cls_9byte2.c execution test
FAIL: libffi.call/cls_align_double.c execution test
FAIL: libffi.call/cls_align_float.c execution test
FAIL: libffi.call/cls_align_longdouble.c execution test
FAIL: libffi.call/cls_align_pointer.c execution test
FAIL: libffi.call/cls_align_sint16.c execution test
FAIL: libffi.call/cls_align_sint32.c execution test
FAIL: libffi.call/cls_align_sint64.c execution test
FAIL: libffi.call/cls_align_uint16.c execution test
FAIL: libffi.call/cls_align_uint32.c execution test
FAIL: libffi.call/cls_align_uint64.c execution test
FAIL: libffi.call/float.c execution test
FAIL: libffi.call/float2.c execution test
FAIL: libffi.call/nested_struct.c execution test
FAIL: libffi.call/nested_struct1.c execution test
FAIL: libffi.call/nested_struct2.c execution test
FAIL: libffi.call/nested_struct3.c execution test
FAIL: libffi.call/problem1.c execution test
FAIL: libffi.call/pyobjc-tc.c execution test
FAIL: libffi.call/struct8.c execution test
FAIL: libffi.special/unwindtest.cc execution test

		=== libffi Summary ===

# of expected passes		130
# of unexpected failures	45
# of unsupported tests		2
		=== libjava tests ===


Running target unix
FAIL: StringBuffer_overflow -O3 execution - bytecode->native test

		=== libjava Summary ===

# of expected passes		3306
# of unexpected failures	1
# of expected failures		14
# of untested testcases		17

		=== libstdc++-v3 check-abi Summary ===

# of added symbols:		 271
# of missing symbols:		 263
# of incompatible symbols:	 294
		=== libstdc++ tests ===


Running target unix
FAIL: 22_locale/num_put/put/char/wrapped_env.cc execution test
FAIL: 22_locale/num_put/put/char/wrapped_locale.cc execution test
FAIL: 22_locale/num_put/put/wchar_t/4.cc execution test
FAIL: 22_locale/num_put/put/wchar_t/wrapped_env.cc execution test
FAIL: 22_locale/num_put/put/wchar_t/wrapped_locale.cc execution test
FAIL: 25_algorithms/min_max.cc (test for excess errors)
XPASS: 26_numerics/c99_classification_macros_c.cc (test for excess errors)

		=== libstdc++ Summary ===

# of expected passes		2552
# of unexpected failures	6
# of unexpected successes	1
# of expected failures		2

Compiler version: 3.5.0 20040212 (experimental) 
Platform: ia64-suse-linux-gnu
configure flags: --host=ia64-suse-linux --enable-shared --enable-threads --with-system-zlib


Index Nav: [Date Index] [Subject Index] [Author Index] [Thread Index]
Message Nav: [Date Prev] [Date Next] [Thread Prev] [Thread Next]