This is the mail archive of the
gcc-testresults@gcc.gnu.org
mailing list for the GCC project.
Results for 3.5.0 20040211 (experimental) testsuite on powerpc-ibm-aix5.1.0.0
- From: David Edelsohn <dje at watson dot ibm dot com>
- To: gcc-testresults at gcc dot gnu dot org
- Date: Wed, 11 Feb 2004 23:06:03 -0500
- Subject: Results for 3.5.0 20040211 (experimental) testsuite on powerpc-ibm-aix5.1.0.0
LAST_UPDATED: Wed Feb 11 17:50:27 UTC 2004
Native configuration is powerpc-ibm-aix5.1.0.0
=== g++ tests ===
Running target unix
FAIL: g++.dg/abi/covariant2.C (test for excess errors)
FAIL: g++.dg/abi/covariant3.C (test for excess errors)
WARNING: g++.dg/abi/covariant3.C compilation failed to produce executable
FAIL: g++.dg/ext/altivec-1.C (test for excess errors)
FAIL: g++.dg/inherit/covariant1.C (test for excess errors)
WARNING: g++.dg/inherit/covariant1.C compilation failed to produce executable
FAIL: g++.dg/inherit/covariant11.C (test for excess errors)
FAIL: g++.dg/inherit/covariant2.C (test for excess errors)
WARNING: g++.dg/inherit/covariant2.C compilation failed to produce executable
FAIL: g++.dg/inherit/covariant3.C (test for excess errors)
WARNING: g++.dg/inherit/covariant3.C compilation failed to produce executable
FAIL: g++.dg/inherit/covariant4.C (test for excess errors)
WARNING: g++.dg/inherit/covariant4.C compilation failed to produce executable
FAIL: g++.dg/inherit/covariant5.C (test for excess errors)
FAIL: g++.dg/inherit/covariant6.C (test for excess errors)
FAIL: g++.dg/inherit/covariant8.C (test for excess errors)
FAIL: g++.dg/inherit/covariant9.C (test for excess errors)
XPASS: g++.dg/other/packed1.C execution test
FAIL: g++.dg/pch/system-1.C -g assembly comparison
FAIL: g++.dg/pch/system-2.C -g assembly comparison
FAIL: g++.dg/pch/uninst.C -g assembly comparison
FAIL: g++.old-deja/g++.abi/cxa_vec.C execution test
FAIL: g++.old-deja/g++.abi/ptrflags.C (test for excess errors)
WARNING: g++.old-deja/g++.abi/ptrflags.C compilation failed to produce executable
FAIL: g++.old-deja/g++.brendan/new3.C execution test
FAIL: g++.old-deja/g++.eh/catchptr1.C (test for excess errors)
WARNING: g++.old-deja/g++.eh/catchptr1.C compilation failed to produce executable
WARNING: g++.old-deja/g++.mike/p10769a.C compilation failed to produce executable
WARNING: g++.old-deja/g++.other/enum5.C compilation failed to produce executable
FAIL: g++.old-deja/g++.pt/const2.C (test for errors, line )
WARNING: g++.old-deja/g++.pt/friend44.C compilation failed to produce executable
FAIL: g++.old-deja/g++.robertl/eb17.C (test for excess errors)
WARNING: g++.old-deja/g++.robertl/eb17.C compilation failed to produce executable
=== g++ Summary ===
# of expected passes 9258
# of unexpected failures 21
# of unexpected successes 1
# of expected failures 68
# of unsupported tests 70
/tmp2/powerpc-ibm-aix5.1.0.0-20040211/gcc/testsuite/../g++ version 3.5.0 20040211 (experimental)
=== g77 tests ===
Running target unix
FAIL: g77.f-torture/execute/intrinsic77.f execution, -O0
FAIL: g77.f-torture/execute/intrinsic77.f execution, -O1
FAIL: g77.f-torture/execute/intrinsic77.f execution, -O2
FAIL: g77.f-torture/execute/intrinsic77.f execution, -O3 -fomit-frame-pointer
FAIL: g77.f-torture/execute/intrinsic77.f execution, -O3 -g
FAIL: g77.f-torture/execute/intrinsic77.f execution, -Os
=== g77 Summary ===
# of expected passes 1782
# of unexpected failures 6
# of unsupported tests 6
/tmp2/powerpc-ibm-aix5.1.0.0-20040211/gcc/testsuite/../g77 version 3.5.0 20040211 (experimental)
=== gcc tests ===
Running target unix
WARNING: program timed out.
FAIL: gcc.c-torture/compile/20011119-1.c (test for excess errors)
WARNING: program timed out.
FAIL: gcc.c-torture/compile/20011119-1.c (test for excess errors)
WARNING: program timed out.
FAIL: gcc.c-torture/compile/20011119-1.c (test for excess errors)
WARNING: program timed out.
FAIL: gcc.c-torture/compile/20011119-1.c (test for excess errors)
WARNING: program timed out.
FAIL: gcc.c-torture/compile/20011119-2.c (test for excess errors)
WARNING: program timed out.
FAIL: gcc.c-torture/compile/20011119-2.c (test for excess errors)
WARNING: program timed out.
FAIL: gcc.c-torture/compile/20011119-2.c (test for excess errors)
WARNING: program timed out.
FAIL: gcc.c-torture/compile/20011119-2.c (test for excess errors)
WARNING: program timed out.
FAIL: gcc.c-torture/compile/20011119-2.c (test for excess errors)
WARNING: program timed out.
FAIL: gcc.c-torture/compile/20011119-2.c (test for excess errors)
WARNING: program timed out.
FAIL: gcc.c-torture/compile/981001-2.c (test for excess errors)
WARNING: program timed out.
FAIL: gcc.c-torture/compile/981001-2.c (test for excess errors)
WARNING: program timed out.
FAIL: gcc.c-torture/compile/981001-2.c (test for excess errors)
WARNING: program timed out.
FAIL: gcc.c-torture/compile/981001-2.c (test for excess errors)
FAIL: gcc.c-torture/execute/eeprof-1.c execution, -O0
FAIL: gcc.c-torture/execute/eeprof-1.c execution, -O1
FAIL: gcc.c-torture/execute/eeprof-1.c execution, -O2
FAIL: gcc.c-torture/execute/eeprof-1.c execution, -O3 -fomit-frame-pointer
FAIL: gcc.c-torture/execute/eeprof-1.c execution, -O3 -g
FAIL: gcc.c-torture/execute/eeprof-1.c execution, -Os
FAIL: gcc.dg/cpp/assert4.c (test for excess errors)
XPASS: gcc.dg/cpp/cmdlne-dI-M.c scan-file (^|\\n)cmdlne-dI-M.*:[^\\n]*cmdlne-dI-M.c
XPASS: gcc.dg/cpp/cmdlne-dM-M.c scan-file (^|\\n)cmdlne-dM-M[^\\n]*:[^\\n]*cmdlne-dM-M.c
FAIL: gcc.dg/20020103-1.c scan-assembler-not LC
FAIL: gcc.dg/20020118-1.c execution test
FAIL: gcc.dg/altivec-10.c (test for excess errors)
FAIL: gcc.dg/altivec-4.c (test for excess errors)
FAIL: gcc.dg/altivec-7.c (test for excess errors)
FAIL: gcc.dg/altivec-8.c (test for excess errors)
FAIL: gcc.dg/asm-names.c scan-assembler-not ____frob14
FAIL: gcc.dg/darwin-longlong.c (test for excess errors)
WARNING: gcc.dg/darwin-longlong.c compilation failed to produce executable
FAIL: gcc.dg/fwritable-strings-1.c (test for errors, line )
FAIL: gcc.dg/pch/static-1.c -O0 -g assembly comparison
FAIL: gcc.dg/pch/static-2.c -O0 -g assembly comparison
FAIL: gcc.dg/pch/static-3.c -O0 -g assembly comparison
FAIL: gcc.dg/pch/warn-1.c (test for excess errors)
FAIL: gcc.dg/pch/warn-1.c (test for excess errors)
FAIL: gcc.dg/pch/warn-1.c (test for excess errors)
FAIL: gcc.dg/pch/warn-1.c (test for excess errors)
FAIL: gcc.dg/pch/warn-1.c (test for excess errors)
FAIL: gcc.dg/pch/warn-1.c (test for excess errors)
FAIL: gcc.dg/pch/warn-1.c (test for excess errors)
=== gcc Summary ===
# of expected passes 23262
# of unexpected failures 40
# of unexpected successes 2
# of expected failures 61
# of untested testcases 7
# of unsupported tests 314
/tmp2/powerpc-ibm-aix5.1.0.0-20040211/gcc/xgcc version 3.5.0 20040211 (experimental)
=== objc tests ===
Running target unix
=== objc Summary ===
# of expected passes 1341
# of unsupported tests 8
/tmp2/powerpc-ibm-aix5.1.0.0-20040211/gcc/xgcc version 3.5.0 20040211 (experimental)
=== libstdc++ tests ===
Running target unix
FAIL: 22_locale/collate/compare/wchar_t/2.cc (test for excess errors)
WARNING: 22_locale/collate/compare/wchar_t/2.cc compilation failed to produce executable
FAIL: 22_locale/collate/compare/wchar_t/wrapped_env.cc (test for excess errors)
WARNING: 22_locale/collate/compare/wchar_t/wrapped_env.cc compilation failed to produce executable
FAIL: 22_locale/collate/compare/wchar_t/wrapped_locale.cc (test for excess errors)
WARNING: 22_locale/collate/compare/wchar_t/wrapped_locale.cc compilation failed to produce executable
FAIL: 22_locale/collate/hash/wchar_t/2.cc (test for excess errors)
WARNING: 22_locale/collate/hash/wchar_t/2.cc compilation failed to produce executable
FAIL: 22_locale/collate/hash/wchar_t/wrapped_env.cc (test for excess errors)
WARNING: 22_locale/collate/hash/wchar_t/wrapped_env.cc compilation failed to produce executable
FAIL: 22_locale/collate/hash/wchar_t/wrapped_locale.cc (test for excess errors)
WARNING: 22_locale/collate/hash/wchar_t/wrapped_locale.cc compilation failed to produce executable
FAIL: 22_locale/collate/transform/wchar_t/2.cc (test for excess errors)
WARNING: 22_locale/collate/transform/wchar_t/2.cc compilation failed to produce executable
FAIL: 22_locale/collate/transform/wchar_t/wrapped_env.cc (test for excess errors)
WARNING: 22_locale/collate/transform/wchar_t/wrapped_env.cc compilation failed to produce executable
FAIL: 22_locale/collate/transform/wchar_t/wrapped_locale.cc (test for excess errors)
WARNING: 22_locale/collate/transform/wchar_t/wrapped_locale.cc compilation failed to produce executable
FAIL: 22_locale/ctype/is/char/3.cc execution test
FAIL: 22_locale/num_get/get/char/10.cc execution test
FAIL: 22_locale/num_get/get/wchar_t/10.cc execution test
FAIL: 27_io/basic_istream/extractors_arithmetic/char/12.cc execution test
FAIL: 27_io/ios_base/storage/11584.cc execution test
FAIL: 27_io/objects/char/6.cc execution test
FAIL: 27_io/objects/wchar_t/6.cc execution test
=== libstdc++ Summary ===
# of expected passes 2520
# of unexpected failures 16
# of expected failures 2
# of unsupported tests 7
Compiler version: 3.5.0 20040211 (experimental)
Platform: powerpc-ibm-aix5.1.0.0
configure flags: --prefix=/farm/dje/install/powerpc-ibm-aix5.1.0.0-20040211 --disable-werror --disable-win32-registry