This is the mail archive of the
gcc-testresults@gcc.gnu.org
mailing list for the GCC project.
Results for 3.5.0 20040210 (experimental) testsuite on i686-pc-linux-gnu
- From: Andrew Pinski <pinskia at physics dot uc dot edu>
- To: gcc-testresults at gcc dot gnu dot org
- Date: Tue, 10 Feb 2004 10:03:07 -0500
- Subject: Results for 3.5.0 20040210 (experimental) testsuite on i686-pc-linux-gnu
LAST_UPDATED: Tue Feb 10 05:02:08 UTC 2004
Native configuration is i686-pc-linux-gnu
=== g++ tests ===
Running target unix
WARNING: g++.old-deja/g++.mike/p10769a.C compilation failed to produce executable
WARNING: g++.old-deja/g++.other/enum5.C compilation failed to produce executable
XPASS: g++.old-deja/g++.other/init5.C execution test
WARNING: g++.old-deja/g++.pt/friend44.C compilation failed to produce executable
=== g++ Summary ===
# of expected passes 9541
# of unexpected successes 1
# of expected failures 67
# of unsupported tests 30
/home/gates/pinskia/src/gnu/gcc/src/objdir.linux/gcc/testsuite/../g++ version 3.5.0 20040210 (experimental)
=== g77 tests ===
Running target unix
=== g77 Summary ===
# of expected passes 1800
/home/gates/pinskia/src/gnu/gcc/src/objdir.linux/gcc/testsuite/../g77 version 3.5.0 20040210 (experimental)
=== gcc tests ===
Running target unix
FAIL: gcc.c-torture/execute/20040208-2.c execution, -Os
FAIL: gcc.c-torture/execute/va-arg-25.c execution, -Os
FAIL: gcc.dg/cpp/assert4.c (test for excess errors)
FAIL: gcc.dg/fwritable-strings-1.c (test for errors, line )
=== gcc Summary ===
# of expected passes 25347
# of unexpected failures 4
# of expected failures 63
# of untested testcases 7
# of unsupported tests 180
/home/gates/pinskia/src/gnu/gcc/src/objdir.linux/gcc/xgcc version 3.5.0 20040210 (experimental)
=== objc tests ===
Running target unix
=== objc Summary ===
# of expected passes 1341
# of unsupported tests 8
/home/gates/pinskia/src/gnu/gcc/src/objdir.linux/gcc/xgcc version 3.5.0 20040210 (experimental)
=== libffi tests ===
Running target unix
=== libffi Summary ===
# of expected passes 212
# of unsupported tests 2
=== libjava tests ===
Running target unix
FAIL: linking simple
=== libjava Summary ===
# of expected passes 3306
# of unexpected failures 1
# of expected failures 15
# of untested testcases 16
=== libstdc++-v3 check-abi Summary ===
# of added symbols: 298
# of missing symbols: 319
# of incompatible symbols: 350
=== libstdc++ tests ===
Running target unix
XPASS: 26_numerics/c99_classification_macros_c.cc (test for excess errors)
=== libstdc++ Summary ===
# of expected passes 2558
# of unexpected successes 1
# of expected failures 2
Compiler version: 3.5.0 20040210 (experimental)
Platform: i686-pc-linux-gnu
configure flags: --target=i686-pc-linux-gnu --host=i686-pc-linux-gnu --enable-__cxa_atexit --enable-languages=java,objc,f77 --prefix=/home/gates/pinskia/linux --enable-threads=posix --enable-shared