This is the mail archive of the
gcc-testresults@gcc.gnu.org
mailing list for the GCC project.
Results for 3.4.0 20040206 (prerelease) testsuite on i686-pc-linux-gnu
- From: Andris Pavenis <pavenis at latnet dot lv>
- To: gcc-testresults at gcc dot gnu dot org
- Date: Sat, 07 Feb 2004 05:20:55 +0200
- Subject: Results for 3.4.0 20040206 (prerelease) testsuite on i686-pc-linux-gnu
Last updated from CVS: 2004 Feb 07 00:23 +0200
System: Linux kernel 2.6.2
glibc-2.3.2
binutils-2.14.90.0.7 20031029
LAST_UPDATED: Fri Feb 6 22:23:32 UTC 2004
=== acats tests ===
FAIL: c34005a
FAIL: c34005d
FAIL: c34005g
FAIL: c34005j
FAIL: c954025
FAIL: c99004a
FAIL: cc3601a
FAIL: cxb3010
FAIL: cxb3014
FAIL: cxb3015
=== acats Summary ===
# of expected passes 2312
# of unexpected failures 10
Native configuration is i686-pc-linux-gnu
=== g++ tests ===
Running target unix
WARNING: g++.old-deja/g++.mike/p10769a.C compilation failed to produce executable
WARNING: g++.old-deja/g++.other/enum5.C compilation failed to produce executable
WARNING: g++.old-deja/g++.pt/friend44.C compilation failed to produce executable
=== g++ Summary ===
# of expected passes 9469
# of expected failures 59
# of unsupported tests 30
/disk2/cvs/gcc/3.4/build/build.lnx/gcc/testsuite/../g++ version 3.4.0 20040206 (prerelease)
=== g77 tests ===
Running target unix
=== g77 Summary ===
# of expected passes 1812
/disk2/cvs/gcc/3.4/build/build.lnx/gcc/testsuite/../g77 version 3.4.0 20040206 (prerelease)
=== gcc tests ===
Running target unix
FAIL: gcc.c-torture/execute/va-arg-25.c execution, -Os
FAIL: gcc.dg/fwritable-strings-1.c (test for excess errors)
FAIL: gcc.dg/i386-sse-6.c execution test
=== gcc Summary ===
# of expected passes 24304
# of unexpected failures 3
# of expected failures 70
# of untested testcases 7
# of unsupported tests 179
/disk2/cvs/gcc/3.4/build/build.lnx/gcc/xgcc version 3.4.0 20040206 (prerelease)
=== objc tests ===
Running target unix
=== objc Summary ===
# of expected passes 1341
# of unsupported tests 8
/disk2/cvs/gcc/3.4/build/build.lnx/gcc/xgcc version 3.4.0 20040206 (prerelease)
=== libstdc++-v3 check-abi Summary ===
# of added symbols: 253
# of missing symbols: 261
# of incompatible symbols: 292
=== libstdc++ tests ===
Running target unix
XPASS: 26_numerics/c99_classification_macros_c.cc (test for excess errors)
=== libstdc++ Summary ===
# of expected passes 2544
# of unexpected successes 1
# of expected failures 2
Compiler version: 3.4.0 20040206 (prerelease)
Platform: i686-pc-linux-gnu
configure flags: --prefix=/disk2/gcc34 --enable-shared --verbose --enable-languages=c,c++,f77,objc,ada --enable-threads=posix
Counting all warnings,
there are 22 warnings in stage3 of this bootstrap.
Number of warnings per file:
5 /usr/share/bison/bison.simple
3 insn-conditions.c
3 gengtype-lex.c
3 gcc/gcc.c
2 gcc/objc/lang-specs.h
2 gcc/f/sta.c
1 gcc/config/i386/i386.md
1 gcc/c-opts.c
1 gcc/ada/tracebak.c
1 gcc/ada/lang-specs.h
Number of warning types:
9 string length `???' is greater than the length `???' ISO C89 compilers are required to support
6 old-style parameter declaration
2 label `???' defined but not used
2 dereferencing type-punned pointer will break strict-aliasing rules
1 operand 1 missing mode?
1 comparison of unsigned expression < 0 is always false
1 assignment of read-only member `???'