This is the mail archive of the
gcc-testresults@gcc.gnu.org
mailing list for the GCC project.
Results for 3.5.0 20040129 (experimental) testsuite on mips-sgi-irix5.3
- From: Rainer Orth <ro at TechFak dot Uni-Bielefeld dot DE>
- To: gcc-testresults at gcc dot gnu dot org
- Date: Wed, 4 Feb 2004 20:50:48 +0100 (MET)
- Subject: Results for 3.5.0 20040129 (experimental) testsuite on mips-sgi-irix5.3
LAST_UPDATED: Thu Jan 29 22:30:10 UTC 2004
Native configuration is mips-sgi-irix5.3
=== g++ tests ===
Running target unix
ERROR: g++.dg/abi/rtti1.C: error executing dg-final: couldn't execute "c++filt": no such file or directory
UNRESOLVED: g++.dg/abi/rtti1.C: error executing dg-final: couldn't execute "c++filt": no such file or directory
FAIL: g++.dg/ext/attrib10.C (test for excess errors)
FAIL: g++.dg/ext/attrib5.C (test for excess errors)
FAIL: g++.dg/ext/pretty1.C scan-assembler int bar\\(T\\).*with T = int
FAIL: g++.dg/ext/pretty1.C scan-assembler top level
FAIL: g++.dg/ext/pretty1.C scan-assembler int main\\(\\)
FAIL: g++.dg/ext/pretty1.C scan-assembler int bar\\(T\\).*with T = double
FAIL: g++.dg/ext/pretty1.C scan-assembler int bar\\(T\\).*with T = unsigned char*
WARNING: program timed out.
FAIL: g++.dg/parse/stack1.C (test for excess errors)
FAIL: g++.dg/special/conpr-1.C execution test
FAIL: g++.dg/special/conpr-2.C execution test
FAIL: g++.dg/special/conpr-3.C execution test
FAIL: g++.dg/special/conpr-4.C execution test
FAIL: g++.dg/special/initp1.C execution test
XPASS: g++.old-deja/g++.jason/thunk3.C execution test
FAIL: g++.old-deja/g++.law/profile1.C (test for excess errors)
WARNING: g++.old-deja/g++.law/profile1.C compilation failed to produce executable
WARNING: g++.old-deja/g++.mike/p10769a.C compilation failed to produce executable
WARNING: g++.old-deja/g++.other/enum5.C compilation failed to produce executable
WARNING: g++.old-deja/g++.pt/friend44.C compilation failed to produce executable
=== g++ Summary ===
# of expected passes 9209
# of unexpected failures 14
# of unexpected successes 1
# of expected failures 67
# of unresolved testcases 1
# of unsupported tests 70
/amnt/figaro/volumes/obj-gcc/gcc/obj.irix5/gcc-3.5.0-20040129/5.3-gcc-gas/gcc/testsuite/../g++ version 3.5.0 20040129 (experimental)
=== g77 tests ===
Running target unix
=== g77 Summary ===
# of expected passes 1788
# of unsupported tests 6
/amnt/figaro/volumes/obj-gcc/gcc/obj.irix5/gcc-3.5.0-20040129/5.3-gcc-gas/gcc/testsuite/../g77 version 3.5.0 20040129 (experimental)
=== gcc tests ===
Running target unix
WARNING: program timed out.
FAIL: gcc.c-torture/compile/20001226-1.c (test for excess errors)
WARNING: program timed out.
FAIL: gcc.c-torture/compile/20001226-1.c (test for excess errors)
WARNING: program timed out.
FAIL: gcc.c-torture/compile/20001226-1.c (test for excess errors)
WARNING: program timed out.
FAIL: gcc.c-torture/compile/20001226-1.c (test for excess errors)
WARNING: program timed out.
FAIL: gcc.c-torture/compile/20001226-1.c (test for excess errors)
FAIL: gcc.dg/compat/sdata-1 c_compat_y_tst.o compile
UNRESOLVED: gcc.dg/compat/sdata-1 c_compat_x_tst.o-c_compat_y_tst.o link
UNRESOLVED: gcc.dg/compat/sdata-1 c_compat_x_tst.o-c_compat_y_tst.o execute
FAIL: gcc.dg/compat/struct-align-2 c_compat_x_tst.o compile
UNRESOLVED: gcc.dg/compat/struct-align-2 c_compat_x_tst.o-c_compat_y_tst.o link
UNRESOLVED: gcc.dg/compat/struct-align-2 c_compat_x_tst.o-c_compat_y_tst.o execute
WARNING: program timed out.
FAIL: gcc.dg/20020425-1.c (test for excess errors)
WARNING: gcc.dg/20021014-1.c compilation failed to produce executable
FAIL: gcc.dg/builtins-18.c (test for excess errors)
FAIL: gcc.dg/builtins-20.c (test for excess errors)
FAIL: gcc.dg/const-elim-2.c scan-assembler-times hi there 1
WARNING: gcc.dg/nest.c compilation failed to produce executable
XPASS: gcc.dg/sibcall-3.c execution test
XPASS: gcc.dg/sibcall-4.c execution test
FAIL: gcc.dg/unused-5.c scan-assembler string_to_look_for
UNRESOLVED: gcc.dg/visibility-1.c
UNRESOLVED: gcc.dg/visibility-2.c
UNRESOLVED: gcc.dg/visibility-3.c
UNRESOLVED: gcc.dg/visibility-4.c
UNRESOLVED: gcc.dg/visibility-5.c
UNRESOLVED: gcc.dg/visibility-6.c
UNRESOLVED: gcc.dg/visibility-7.c
FAIL: gcc.dg/wchar_t-1.c (test for excess errors)
FAIL: gcc.dg/wint_t-1.c (test for excess errors)
=== gcc Summary ===
# of expected passes 24466
# of unexpected failures 14
# of unexpected successes 2
# of expected failures 61
# of unresolved testcases 11
# of untested testcases 7
# of unsupported tests 286
/amnt/figaro/volumes/obj-gcc/gcc/obj.irix5/gcc-3.5.0-20040129/5.3-gcc-gas/gcc/xgcc version 3.5.0 20040129 (experimental)
=== objc tests ===
Running target unix
FAIL: objc.dg/call-super-2.m (test for warnings, line 47)
FAIL: objc.dg/call-super-2.m (test for warnings, line 47)
FAIL: objc.dg/call-super-2.m (test for warnings, line 47)
FAIL: objc.dg/call-super-2.m (test for warnings, line 129)
FAIL: objc.dg/call-super-2.m (test for excess errors)
FAIL: objc.dg/encode-2.m execution test
FAIL: objc.dg/encode-3.m execution test
FAIL: objc.dg/encode-4.m execution test
=== objc Summary ===
# of expected passes 1333
# of unexpected failures 8
# of unsupported tests 8
/amnt/figaro/volumes/obj-gcc/gcc/obj.irix5/gcc-3.5.0-20040129/5.3-gcc-gas/gcc/xgcc version 3.5.0 20040129 (experimental)
=== libstdc++ tests ===
Running target unix
FAIL: 17_intro/header_cstdarg.cc (test for excess errors)
WARNING: 17_intro/header_cstdarg.cc compilation failed to produce executable
FAIL: 17_intro/headers.cc (test for excess errors)
WARNING: 17_intro/headers.cc compilation failed to produce executable
FAIL: 17_intro/headers_c++.cc (test for excess errors)
WARNING: 17_intro/headers_c++.cc compilation failed to produce executable
FAIL: 17_intro/headers_c.cc (test for excess errors)
WARNING: 17_intro/headers_c.cc compilation failed to produce executable
FAIL: 23_containers/vector/resize/1.cc execution test
WARNING: program timed out.
FAIL: 26_numerics/complex_inserters_extractors.cc (test for excess errors)
WARNING: 26_numerics/complex_inserters_extractors.cc compilation failed to produce executable
FAIL: 27_io/objects/char/1.cc (test for excess errors)
WARNING: 27_io/objects/char/1.cc compilation failed to produce executable
=== libstdc++ Summary ===
# of expected passes 1877
# of unexpected failures 7
# of expected failures 1
# of unsupported tests 7
Compiler version: 3.5.0 20040129 (experimental)
Platform: mips-sgi-irix5.3
configure flags: --prefix=/vol/gcc --with-local-prefix=/vol/gcc --with-gnu-as --with-as=/vol/gcc/lib/gas-2.14.90 --disable-nls
-----------------------------------------------------------------------------
Rainer Orth, Faculty of Technology, Bielefeld University