This is the mail archive of the
gcc-testresults@gcc.gnu.org
mailing list for the GCC project.
Results for 3.3.320040126(prerelease) testsuite on i686-pc-linux-gnu
- From: Karel Gardas <kgardas at objectsecurity dot com>
- To: gcc-testresults at gcc dot gnu dot org
- Date: Mon, 26 Jan 2004 21:50:52 +0100
- Subject: Results for 3.3.320040126(prerelease) testsuite on i686-pc-linux-gnu
The box is Debian GNU/Linux 3.0 with newer binutils-2.14 in PATH. The compiler was bootstraped with gcc3.4.0-20040126
Cheers,
Karel
LAST_UPDATED: Obtained from CVS: -rgcc-ss-3_3-20040126
Native configuration is i686-pc-linux-gnu
=== g++ tests ===
Running target unix
FAIL: g++.dg/expr/anew1.C execution test
FAIL: g++.dg/expr/anew2.C execution test
FAIL: g++.dg/expr/anew3.C execution test
XPASS: g++.other/init5.C Execution test
=== g++ Summary ===
# of expected passes 8192
# of unexpected failures 3
# of unexpected successes 1
# of expected failures 94
# of untested testcases 9
# of unsupported tests 15
/mnt/karel/gcc/gcc333/obj/gcc/testsuite/../g++ version 3.3.3 20040126 (prerelease)
=== gcc tests ===
Running target unix
FAIL: gcc.dg/duff-2.c (test for excess errors)
FAIL: gcc.dg/typespec-1.c unsigned long int long double (test for errors, line 924)
FAIL: gcc.dg/typespec-1.c unsigned long int long signed (test for errors, line 925)
FAIL: gcc.dg/typespec-1.c unsigned long int long unsigned (test for errors, line 926)
FAIL: gcc.dg/typespec-1.c unsigned long int long _Bool (test for errors, line 927)
FAIL: gcc.dg/typespec-1.c unsigned long long int void (test for errors, line 928)
FAIL: gcc.dg/typespec-1.c unsigned long long int char (test for errors, line 929)
FAIL: gcc.dg/typespec-1.c unsigned long long int short (test for errors, line 930)
FAIL: gcc.dg/typespec-1.c unsigned long long int int (test for errors, line 931)
FAIL: gcc.dg/typespec-1.c unsigned long long int long (test for errors, line 932)
FAIL: gcc.dg/typespec-1.c unsigned long long int float (test for errors, line 933)
FAIL: gcc.dg/typespec-1.c unsigned long long int double (test for errors, line 934)
FAIL: gcc.dg/typespec-1.c unsigned long long int signed (test for errors, line 935)
FAIL: gcc.dg/typespec-1.c unsigned long long int unsigned (test for errors, line 936)
FAIL: gcc.dg/typespec-1.c unsigned long long int _Bool (test for errors, line 937)
=== gcc Summary ===
# of expected passes 21251
# of unexpected failures 15
# of expected failures 68
# of unsupported tests 100
/mnt/karel/gcc/gcc333/obj/gcc/xgcc version 3.3.3 20040126 (prerelease)
=== libstdc++-v3 check-abi Summary ===
# of added symbols: 46
# of missing symbols: 46
# of incompatible symbols: 92
=== libstdc++-v3 tests ===
Running target unix
FAIL: 22_locale/ctype_scan_wchar_t.cc execution test
=== libstdc++-v3 Summary ===
# of expected passes 452
# of unexpected failures 1
# of expected failures 28
Compiler version: 3.3.320040126(prerelease)
Platform: i686-pc-linux-gnu
configure flags: --host=i686-pc-linux-gnu --enable-shared --enable-threads --enable-languages=c++ --disable-checking --enable-__cxa_atexit