This is the mail archive of the
gcc-testresults@gcc.gnu.org
mailing list for the GCC project.
Results for 3.3.3 20040121 (prerelease) testsuite on sparc-sun-solaris2.8
- From: Eric Botcazou <eric at localhost dot localdomain>
- To: gcc-testresults at gcc dot gnu dot org
- Date: Thu, 22 Jan 2004 15:10:26 +0100
- Subject: Results for 3.3.3 20040121 (prerelease) testsuite on sparc-sun-solaris2.8
LAST_UPDATED: Wed Jan 21 06:47:43 UTC 2004
Native configuration is sparc-sun-solaris2.8
=== g++ tests ===
Running target unix
FAIL: g++.other/decl5.C caused compiler crash
=== g++ Summary ===
# of expected passes 8125
# of unexpected failures 1
# of expected failures 92
# of untested testcases 21
# of unsupported tests 28
/opt/build/eric/gcc-3_3-branch/gcc/testsuite/../g++ version 3.3.3 20040121 (prerelease)
=== g77 tests ===
Running target unix
=== g77 Summary ===
# of expected passes 1720
# of unsupported tests 8
/opt/build/eric/gcc-3_3-branch/gcc/testsuite/../g77 version 3.3.3 20040121 (prerelease)
=== gcc tests ===
Running target unix
WARNING: gcc.dg/20021014-1.c compilation failed to produce executable
FAIL: gcc.dg/duff-2.c (test for excess errors)
=== gcc Summary ===
# of expected passes 21047
# of unexpected failures 1
# of expected failures 67
# of unsupported tests 181
/opt/build/eric/gcc-3_3-branch/gcc/xgcc version 3.3.3 20040121 (prerelease)
=== objc tests ===
Running target unix
=== objc Summary ===
# of expected passes 1166
/opt/build/eric/gcc-3_3-branch/gcc/xgcc version 3.3.3 20040121 (prerelease)
=== libstdc++-v3 tests ===
Running target unix
=== libstdc++-v3 Summary ===
# of expected passes 429
# of expected failures 18
Compiler version: 3.3.3 20040121 (prerelease)
Platform: sparc-sun-solaris2.8
configure flags: --host=sparc-sun-solaris2.8 --prefix=/opt/build/eric/gcc333 --enable-languages=c,c++,objc,f77,java --enable-checking=misc,tree,rtlflag