This is the mail archive of the
gcc-testresults@gcc.gnu.org
mailing list for the GCC project.
Results for 3.4.0 20040120 (prerelease) testsuite on powerpc-apple-darwin7.2.0
- From: lucier at dhcp10 dot math dot purdue dot edu (Bradley Lucier)
- To: gcc-testresults at gcc dot gnu dot org
- Date: Tue, 20 Jan 2004 22:24:29 -0500 (EST)
- Subject: Results for 3.4.0 20040120 (prerelease) testsuite on powerpc-apple-darwin7.2.0
LAST_UPDATED: Tue Jan 20 16:20:15 UTC 2004
Native configuration is powerpc-apple-darwin7.2.0
=== g++ tests ===
Running target unix
FAIL: g++.dg/eh/simd-2.C (test for excess errors)
WARNING: g++.dg/eh/simd-2.C compilation failed to produce executable
FAIL: g++.dg/ext/attrib10.C (test for excess errors)
FAIL: g++.dg/init/init-ref4.C (test for excess errors)
WARNING: g++.dg/init/init-ref4.C compilation failed to produce executable
XPASS: g++.dg/other/packed1.C execution test
FAIL: g++.dg/parse/attr-ctor1.C (test for excess errors)
FAIL: g++.dg/parse/constant4.C (test for excess errors)
WARNING: program timed out.
FAIL: g++.dg/parse/stack1.C (test for excess errors)
FAIL: g++.dg/template/non-dependent2.C (test for excess errors)
FAIL: g++.dg/template/non-dependent3.C (test for excess errors)
FAIL: g++.dg/warn/weak1.C (test for excess errors)
FAIL: g++.dg/special/conpr-3.C execution test
FAIL: g++.old-deja/g++.abi/cxa_vec.C execution test
FAIL: g++.old-deja/g++.brendan/new3.C execution test
FAIL: g++.old-deja/g++.eh/cleanup2.C (test for excess errors)
WARNING: g++.old-deja/g++.eh/cleanup2.C compilation failed to produce executable
FAIL: g++.old-deja/g++.ext/attrib5.C (test for excess errors)
WARNING: g++.old-deja/g++.ext/attrib5.C compilation failed to produce executable
WARNING: g++.old-deja/g++.mike/p10769a.C compilation failed to produce executable
FAIL: g++.old-deja/g++.mike/p4750.C (test for excess errors)
FAIL: g++.old-deja/g++.other/comdat3.C (test for excess errors)
WARNING: g++.old-deja/g++.other/comdat3.C compilation failed to produce executable
WARNING: g++.old-deja/g++.other/enum5.C compilation failed to produce executable
FAIL: g++.old-deja/g++.other/local-alloc1.C (test for excess errors)
FAIL: g++.old-deja/g++.other/mangle3.C (test for excess errors)
WARNING: g++.old-deja/g++.pt/friend44.C compilation failed to produce executable
FAIL: g++.old-deja/g++.pt/static3.C (test for excess errors)
WARNING: g++.old-deja/g++.pt/static3.C compilation failed to produce executable
FAIL: g++.old-deja/g++.pt/static6.C (test for excess errors)
FAIL: g++.old-deja/g++.robertl/eb128.C (test for errors, line 4)
FAIL: g++.old-deja/g++.robertl/eb128.C (test for excess errors)
=== g++ Summary ===
# of expected passes 9134
# of unexpected failures 22
# of unexpected successes 1
# of expected failures 61
# of unsupported tests 69
/Users/lucier/programs/gcc/3.4/objdir/gcc/testsuite/../g++ version 3.4.0 20040120 (prerelease)
=== g77 tests ===
Running target unix
FAIL: g77.dg/f77-edit-apostrophe-out.f (test for excess errors)
WARNING: g77.dg/f77-edit-apostrophe-out.f compilation failed to produce executable
FAIL: g77.f-torture/execute/intrinsic77.f compilation, -O3 -fomit-frame-pointer
FAIL: g77.f-torture/execute/intrinsic77.f compilation, -O3 -g
=== g77 Summary ===
# of expected passes 1781
# of unexpected failures 3
# of untested testcases 2
# of unsupported tests 6
/Users/lucier/programs/gcc/3.4/objdir/gcc/testsuite/../g77 version 3.4.0 20040120 (prerelease)
=== gcc tests ===
Running target unix
FAIL: gcc.c-torture/execute/20000412-4.c compilation, -O2
UNRESOLVED: gcc.c-torture/execute/20000412-4.c execution, -O2
FAIL: gcc.c-torture/execute/20030811-1.c compilation, -O0
UNRESOLVED: gcc.c-torture/execute/20030811-1.c execution, -O0
FAIL: gcc.c-torture/execute/20030811-1.c compilation, -O1
UNRESOLVED: gcc.c-torture/execute/20030811-1.c execution, -O1
FAIL: gcc.c-torture/execute/20030811-1.c compilation, -O2
UNRESOLVED: gcc.c-torture/execute/20030811-1.c execution, -O2
FAIL: gcc.c-torture/execute/20030811-1.c compilation, -O3 -fomit-frame-pointer
UNRESOLVED: gcc.c-torture/execute/20030811-1.c execution, -O3 -fomit-frame-pointer
FAIL: gcc.c-torture/execute/20030811-1.c compilation, -O3 -g
UNRESOLVED: gcc.c-torture/execute/20030811-1.c execution, -O3 -g
FAIL: gcc.c-torture/execute/20030811-1.c compilation, -Os
UNRESOLVED: gcc.c-torture/execute/20030811-1.c execution, -Os
FAIL: gcc.c-torture/execute/pure-1.c compilation, -O1
UNRESOLVED: gcc.c-torture/execute/pure-1.c execution, -O1
FAIL: gcc.c-torture/execute/pure-1.c compilation, -O2
UNRESOLVED: gcc.c-torture/execute/pure-1.c execution, -O2
FAIL: gcc.c-torture/execute/pure-1.c compilation, -Os
UNRESOLVED: gcc.c-torture/execute/pure-1.c execution, -Os
FAIL: gcc.dg/compat/struct-by-value-1 c_compat_x_tst.o-c_compat_y_tst.o link
UNRESOLVED: gcc.dg/compat/struct-by-value-1 c_compat_x_tst.o-c_compat_y_tst.o execute
FAIL: gcc.dg/compat/struct-by-value-2 c_compat_x_tst.o-c_compat_y_tst.o link
UNRESOLVED: gcc.dg/compat/struct-by-value-2 c_compat_x_tst.o-c_compat_y_tst.o execute
FAIL: gcc.dg/compat/struct-by-value-4 c_compat_x_tst.o-c_compat_y_tst.o link
UNRESOLVED: gcc.dg/compat/struct-by-value-4 c_compat_x_tst.o-c_compat_y_tst.o execute
FAIL: gcc.dg/compat/struct-by-value-8 c_compat_x_tst.o-c_compat_y_tst.o link
UNRESOLVED: gcc.dg/compat/struct-by-value-8 c_compat_x_tst.o-c_compat_y_tst.o execute
FAIL: gcc.dg/compat/struct-by-value-9 c_compat_x_tst.o-c_compat_y_tst.o link
UNRESOLVED: gcc.dg/compat/struct-by-value-9 c_compat_x_tst.o-c_compat_y_tst.o execute
FAIL: gcc.dg/compat/struct-return-2 c_compat_x_tst.o-c_compat_y_tst.o link
UNRESOLVED: gcc.dg/compat/struct-return-2 c_compat_x_tst.o-c_compat_y_tst.o execute
FAIL: gcc.dg/compat/vector-1 c_compat_x_tst.o compile
FAIL: gcc.dg/compat/vector-1 c_compat_y_tst.o compile
UNRESOLVED: gcc.dg/compat/vector-1 c_compat_x_tst.o-c_compat_y_tst.o link
UNRESOLVED: gcc.dg/compat/vector-1 c_compat_x_tst.o-c_compat_y_tst.o execute
FAIL: gcc.dg/compat/vector-2 c_compat_x_tst.o compile
FAIL: gcc.dg/compat/vector-2 c_compat_y_tst.o compile
UNRESOLVED: gcc.dg/compat/vector-2 c_compat_x_tst.o-c_compat_y_tst.o link
UNRESOLVED: gcc.dg/compat/vector-2 c_compat_x_tst.o-c_compat_y_tst.o execute
FAIL: gcc.dg/array-quals-1.c scan-assembler-not \\.data(?!\\.rel\\.ro)
FAIL: gcc.dg/builtins-18.c (test for excess errors)
FAIL: gcc.dg/builtins-20.c (test for excess errors)
FAIL: gcc.dg/const-elim-1.c scan-assembler-not L\\\$?C[^A-Z]
FAIL: gcc.dg/struct-by-value-1.c (test for excess errors)
WARNING: gcc.dg/struct-by-value-1.c compilation failed to produce executable
UNRESOLVED: gcc.dg/visibility-1.c
UNRESOLVED: gcc.dg/visibility-2.c
UNRESOLVED: gcc.dg/visibility-3.c
UNRESOLVED: gcc.dg/visibility-4.c
UNRESOLVED: gcc.dg/visibility-5.c
UNRESOLVED: gcc.dg/visibility-6.c
UNRESOLVED: gcc.dg/visibility-7.c
XPASS: gcc.dg/wchar_t-1.c (test for excess errors)
XPASS: gcc.dg/wint_t-1.c (test for excess errors)
UNRESOLVED: gcc.dg/special/weak-1.c
UNRESOLVED: gcc.dg/special/weak-2.c
UNRESOLVED: gcc.dg/special/wkali-1.c
UNRESOLVED: gcc.dg/special/wkali-2.c
FAIL: gcc.dg/torture/builtin-noret-1.c (test for excess errors)
FAIL: gcc.dg/torture/builtin-noret-1.c (test for excess errors)
FAIL: gcc.dg/torture/builtin-noret-1.c (test for excess errors)
FAIL: gcc.dg/torture/builtin-noret-1.c (test for excess errors)
FAIL: gcc.dg/torture/builtin-noret-1.c (test for excess errors)
FAIL: gcc.dg/torture/builtin-noret-1.c (test for excess errors)
FAIL: gcc.dg/torture/builtin-noret-2.c (test for excess errors)
FAIL: gcc.dg/torture/builtin-noret-2.c (test for excess errors)
FAIL: gcc.dg/torture/builtin-noret-2.c (test for excess errors)
FAIL: gcc.dg/torture/builtin-noret-2.c (test for excess errors)
FAIL: gcc.dg/torture/builtin-noret-2.c (test for excess errors)
FAIL: gcc.dg/torture/builtin-noret-2.c (test for excess errors)
UNRESOLVED: gcc.dg/weak/typeof-2.c
UNRESOLVED: gcc.dg/weak/weak-1.c
UNRESOLVED: gcc.dg/weak/weak-2.c
UNRESOLVED: gcc.dg/weak/weak-3.c
UNRESOLVED: gcc.dg/weak/weak-4.c
UNRESOLVED: gcc.dg/weak/weak-5.c
UNRESOLVED: gcc.dg/weak/weak-6.c
UNRESOLVED: gcc.dg/weak/weak-7.c
UNRESOLVED: gcc.dg/weak/weak-8.c
UNRESOLVED: gcc.dg/weak/weak-9.c
=== gcc Summary ===
# of expected passes 24266
# of unexpected failures 37
# of unexpected successes 2
# of expected failures 68
# of unresolved testcases 41
# of untested testcases 7
# of unsupported tests 295
/Users/lucier/programs/gcc/3.4/objdir/gcc/xgcc version 3.4.0 20040120 (prerelease)
=== objc tests ===
Running target unix
FAIL: objc/execute/string1.m compilation, -O0
UNRESOLVED: objc/execute/string1.m execution, -O0
FAIL: objc/execute/string1.m compilation, -O1
UNRESOLVED: objc/execute/string1.m execution, -O1
FAIL: objc/execute/string1.m compilation, -O2
UNRESOLVED: objc/execute/string1.m execution, -O2
FAIL: objc/execute/string1.m compilation, -O3 -fomit-frame-pointer
UNRESOLVED: objc/execute/string1.m execution, -O3 -fomit-frame-pointer
FAIL: objc/execute/string1.m compilation, -O3 -g
UNRESOLVED: objc/execute/string1.m execution, -O3 -g
FAIL: objc/execute/string1.m compilation, -Os
UNRESOLVED: objc/execute/string1.m execution, -Os
FAIL: objc/execute/string2.m compilation, -O0
UNRESOLVED: objc/execute/string2.m execution, -O0
FAIL: objc/execute/string2.m compilation, -O1
UNRESOLVED: objc/execute/string2.m execution, -O1
FAIL: objc/execute/string2.m compilation, -O2
UNRESOLVED: objc/execute/string2.m execution, -O2
FAIL: objc/execute/string2.m compilation, -O3 -fomit-frame-pointer
UNRESOLVED: objc/execute/string2.m execution, -O3 -fomit-frame-pointer
FAIL: objc/execute/string2.m compilation, -O3 -g
UNRESOLVED: objc/execute/string2.m execution, -O3 -g
FAIL: objc/execute/string2.m compilation, -Os
UNRESOLVED: objc/execute/string2.m execution, -Os
FAIL: objc/execute/string3.m compilation, -O0
UNRESOLVED: objc/execute/string3.m execution, -O0
FAIL: objc/execute/string3.m compilation, -O1
UNRESOLVED: objc/execute/string3.m execution, -O1
FAIL: objc/execute/string3.m compilation, -O2
UNRESOLVED: objc/execute/string3.m execution, -O2
FAIL: objc/execute/string3.m compilation, -O3 -fomit-frame-pointer
UNRESOLVED: objc/execute/string3.m execution, -O3 -fomit-frame-pointer
FAIL: objc/execute/string3.m compilation, -O3 -g
UNRESOLVED: objc/execute/string3.m execution, -O3 -g
FAIL: objc/execute/string3.m compilation, -Os
UNRESOLVED: objc/execute/string3.m execution, -Os
FAIL: objc/execute/string4.m compilation, -O0
UNRESOLVED: objc/execute/string4.m execution, -O0
FAIL: objc/execute/string4.m compilation, -O1
UNRESOLVED: objc/execute/string4.m execution, -O1
FAIL: objc/execute/string4.m compilation, -O2
UNRESOLVED: objc/execute/string4.m execution, -O2
FAIL: objc/execute/string4.m compilation, -O3 -fomit-frame-pointer
UNRESOLVED: objc/execute/string4.m execution, -O3 -fomit-frame-pointer
FAIL: objc/execute/string4.m compilation, -O3 -g
UNRESOLVED: objc/execute/string4.m execution, -O3 -g
FAIL: objc/execute/string4.m compilation, -Os
UNRESOLVED: objc/execute/string4.m execution, -Os
FAIL: objc.dg/headers.m (test for excess errors)
=== objc Summary ===
# of expected passes 1312
# of unexpected failures 25
# of unresolved testcases 24
/Users/lucier/programs/gcc/3.4/objdir/gcc/xgcc version 3.4.0 20040120 (prerelease)
=== libffi tests ===
Running target unix
=== libffi Summary ===
# of expected passes 212
# of unsupported tests 2
=== libjava tests ===
Running target unix
FAIL: cxxtest.c compilation
FAIL: Thread_Wait_2 execution - gij test
FAIL: Throw_2 execution - source compiled test
FAIL: Throw_2 execution - gij test
FAIL: Throw_2 execution - bytecode->native test
FAIL: Throw_2 -O3 execution - source compiled test
FAIL: Throw_2 execution - gij test
FAIL: Throw_2 -O3 execution - bytecode->native test
FAIL: anon3 execution - gij test
FAIL: anon3 execution - gij test
FAIL: final_int execution - gij test
FAIL: indirect execution - gij test
FAIL: inner1 execution - gij test
FAIL: inner4 execution - gij test
FAIL: inner4 execution - gij test
FAIL: invoke_from_inner execution - gij test
FAIL: search_outer execution - gij test
FAIL: update_outer execution - gij test
=== libjava Summary ===
# of expected passes 3225
# of unexpected failures 18
# of expected failures 10
# of untested testcases 25
=== libstdc++ tests ===
Running target unix
FAIL: 20_util/allocator/1.cc execution test
FAIL: 27_io/basic_filebuf/open/char/9507.cc execution test
FAIL: ext/stdio_filebuf/char/10063-2.cc execution test
=== libstdc++ Summary ===
# of expected passes 2508
# of unexpected failures 3
# of expected failures 11
Compiler version: 3.4.0 20040120 (prerelease)
Platform: powerpc-apple-darwin7.2.0
configure flags: --prefix=/pkgs/gcc-3.4
Counting all warnings,
there are 24 warnings in stage3 of this bootstrap.
Number of warnings per file:
6 gcc/config/rs6000/altivec.md
5 gcc/gcc.c
5 /usr/share/bison.simple
3 gengtype-lex.c
2 gcc/objc/lang-specs.h
2 gcc/f/sta.c
1 gcc/java/jvspec.c
Number of warning types:
8 string length \`???' is greater than the length \`???' ISO C89 compilers are required to support
6 old-style parameter declaration
4 operand 3 missing mode?
2 operand 1 missing mode?
2 dereferencing type-punned pointer will break strict-aliasing rules
2 comparison between signed and unsigned