This is the mail archive of the gcc-testresults@gcc.gnu.org mailing list for the GCC project.
Index Nav: | [Date Index] [Subject Index] [Author Index] [Thread Index] | |
---|---|---|
Message Nav: | [Date Prev] [Date Next] | [Thread Prev] [Thread Next] |
Other format: | [Raw text] |
Aurora SPARC Linux 1.0 (Ansel) Ultra1 single UltraSparc I sun4u: binutils 2.14.90 20040110 sparc64-linux bison-1.35-1 dejagnu-1.4.2-10 (ftp://ftp.redhat.com/pub/redhat/linux/rawhide/SRPMS/SRPMS) expect-5.32.2-67 gcc 3.4.0 20040107 (experimental) sparc64-linux glibc-2.3.2-22sparc glibc-kernheaders-2.4-8.9sparc (ftp://auroralinux.org/pub/aurora/corona/RPMS) glibc64-2.3.2-22sparc kernel-2.4.20-3.4sparc (ftp://auroralinux.org/pub/aurora/corona/RPMS) tcl-8.3.3-67 LAST_UPDATED: Sun Jan 11 20:59:14 UTC 2004 Native configuration is sparc64-unknown-linux-gnu === g77 tests === Running target unix/-m32 === g77 Summary for unix/-m32 === # of expected passes 1786 # of expected failures 1 # of untested testcases 1 # of unsupported tests 6 Running target unix/-fPIC === g77 Summary for unix/-fPIC === # of expected passes 1786 # of expected failures 1 # of untested testcases 1 # of unsupported tests 6 Running target unix === g77 Summary for unix === # of expected passes 1786 # of expected failures 1 # of untested testcases 1 # of unsupported tests 6 === g77 Summary === # of expected passes 5358 # of expected failures 3 # of untested testcases 3 # of unsupported tests 18 /usr/local/src/gcc-binutils/trunk/objdir/gcc/testsuite/../g77 version 3.4.0 20040111 (experimental) === gcc tests === Running target unix/-m32 FAIL: gcc.c-torture/execute/20000722-1.c compilation, -O1 UNRESOLVED: gcc.c-torture/execute/20000722-1.c execution, -O1 FAIL: gcc.c-torture/execute/20030125-1.c execution, -O1 FAIL: gcc.c-torture/execute/20030125-1.c execution, -O2 FAIL: gcc.c-torture/execute/20030125-1.c execution, -O3 -fomit-frame-pointer FAIL: gcc.c-torture/execute/20030125-1.c execution, -O3 -g FAIL: gcc.c-torture/execute/20030125-1.c execution, -Os FAIL: gcc.c-torture/execute/20030307-1.c execution, -O2 FAIL: gcc.c-torture/execute/20030307-1.c execution, -Os UNRESOLVED: gcc.c-torture/execute/simd-4.c execution, -O0 UNRESOLVED: gcc.c-torture/execute/va-arg-25.c execution, -O0 UNRESOLVED: gcc.c-torture/execute/va-arg-25.c execution, -O1 UNRESOLVED: gcc.c-torture/execute/va-arg-25.c execution, -O2 UNRESOLVED: gcc.c-torture/execute/va-arg-25.c execution, -O3 -fomit-frame-pointer UNRESOLVED: gcc.c-torture/execute/va-arg-25.c execution, -O3 -g UNRESOLVED: gcc.c-torture/execute/va-arg-25.c execution, -Os UNRESOLVED: gcc.dg/compat/vector-1 c_compat_x_tst.o-c_compat_y_tst.o link UNRESOLVED: gcc.dg/compat/vector-1 c_compat_x_tst.o-c_compat_y_tst.o execute UNRESOLVED: gcc.dg/compat/vector-2 c_compat_x_tst.o-c_compat_y_tst.o link UNRESOLVED: gcc.dg/compat/vector-2 c_compat_x_tst.o-c_compat_y_tst.o execute FAIL: gcc.dg/20031202-1.c execution test FAIL: gcc.dg/builtins-20.c (test for excess errors) WARNING: program timed out. FAIL: gcc.dg/c99-intconst-1.c (test for excess errors) FAIL: gcc.dg/nest.c execution test FAIL: gcc.dg/ultrasp2.c (test for excess errors) FAIL: gcc.dg/ultrasp4.c (test for excess errors) FAIL: gcc.dg/ultrasp8.c (test for excess errors) XPASS: gcc.dg/uninit-4.c uninitialized variable warning (test for bogus messages, line 26) FAIL: gcc.dg/tls/diag-3.c (test for errors, line 4) FAIL: gcc.dg/tls/diag-3.c (test for excess errors) === gcc Summary for unix/-m32 === # of expected passes 23924 # of unexpected failures 17 # of unexpected successes 1 # of expected failures 79 # of unresolved testcases 12 # of untested testcases 7 # of unsupported tests 278 Running target unix/-fPIC FAIL: gcc.c-torture/execute/20020720-1.c compilation, -O1 UNRESOLVED: gcc.c-torture/execute/20020720-1.c execution, -O1 FAIL: gcc.c-torture/execute/20020720-1.c compilation, -O2 UNRESOLVED: gcc.c-torture/execute/20020720-1.c execution, -O2 FAIL: gcc.c-torture/execute/20020720-1.c compilation, -O3 -fomit-frame-pointer UNRESOLVED: gcc.c-torture/execute/20020720-1.c execution, -O3 -fomit-frame-pointer FAIL: gcc.c-torture/execute/20020720-1.c compilation, -O3 -g UNRESOLVED: gcc.c-torture/execute/20020720-1.c execution, -O3 -g FAIL: gcc.c-torture/execute/20020720-1.c compilation, -Os UNRESOLVED: gcc.c-torture/execute/20020720-1.c execution, -Os FAIL: gcc.c-torture/execute/20030125-1.c execution, -O1 FAIL: gcc.c-torture/execute/20030125-1.c execution, -O2 FAIL: gcc.c-torture/execute/20030125-1.c execution, -O3 -fomit-frame-pointer FAIL: gcc.c-torture/execute/20030125-1.c execution, -O3 -g FAIL: gcc.c-torture/execute/20030125-1.c execution, -Os UNRESOLVED: gcc.c-torture/execute/simd-4.c execution, -O0 UNRESOLVED: gcc.c-torture/execute/va-arg-25.c execution, -O0 UNRESOLVED: gcc.c-torture/execute/va-arg-25.c execution, -O1 UNRESOLVED: gcc.c-torture/execute/va-arg-25.c execution, -O2 UNRESOLVED: gcc.c-torture/execute/va-arg-25.c execution, -O3 -fomit-frame-pointer UNRESOLVED: gcc.c-torture/execute/va-arg-25.c execution, -O3 -g UNRESOLVED: gcc.c-torture/execute/va-arg-25.c execution, -Os UNRESOLVED: gcc.dg/compat/vector-1 c_compat_x_tst.o-c_compat_y_tst.o link UNRESOLVED: gcc.dg/compat/vector-1 c_compat_x_tst.o-c_compat_y_tst.o execute UNRESOLVED: gcc.dg/compat/vector-2 c_compat_x_tst.o-c_compat_y_tst.o link UNRESOLVED: gcc.dg/compat/vector-2 c_compat_x_tst.o-c_compat_y_tst.o execute FAIL: gcc.dg/20021014-1.c execution test FAIL: gcc.dg/builtins-18.c (test for excess errors) FAIL: gcc.dg/builtins-20.c (test for excess errors) FAIL: gcc.dg/nest.c execution test XPASS: gcc.dg/uninit-4.c uninitialized variable warning (test for bogus messages, line 26) FAIL: gcc.dg/pch/static-1.c -O0 -g assembly comparison FAIL: gcc.dg/pch/static-1.c -O0 assembly comparison FAIL: gcc.dg/pch/static-1.c -O1 assembly comparison FAIL: gcc.dg/pch/static-2.c -O0 -g assembly comparison FAIL: gcc.dg/pch/static-2.c -O0 assembly comparison FAIL: gcc.dg/pch/static-2.c -O1 assembly comparison FAIL: gcc.dg/pch/static-3.c -O0 -g assembly comparison FAIL: gcc.dg/pch/static-3.c -O0 assembly comparison FAIL: gcc.dg/pch/static-3.c -O1 assembly comparison FAIL: gcc.dg/special/gcsec-1.c (test for excess errors) FAIL: gcc.dg/tls/alias-1.c (test for excess errors) FAIL: gcc.dg/tls/diag-3.c (test for errors, line 4) FAIL: gcc.dg/tls/diag-3.c (test for excess errors) FAIL: gcc.dg/tls/opt-2.c (test for excess errors) FAIL: linkage.c === gcc Summary for unix/-fPIC === # of expected passes 23902 # of unexpected failures 29 # of unexpected successes 1 # of expected failures 85 # of unresolved testcases 16 # of untested testcases 7 # of unsupported tests 278 Running target unix FAIL: gcc.c-torture/execute/20030125-1.c execution, -O1 FAIL: gcc.c-torture/execute/20030125-1.c execution, -O2 FAIL: gcc.c-torture/execute/20030125-1.c execution, -O3 -fomit-frame-pointer FAIL: gcc.c-torture/execute/20030125-1.c execution, -O3 -g FAIL: gcc.c-torture/execute/20030125-1.c execution, -Os UNRESOLVED: gcc.c-torture/execute/simd-4.c execution, -O0 UNRESOLVED: gcc.c-torture/execute/va-arg-25.c execution, -O0 UNRESOLVED: gcc.c-torture/execute/va-arg-25.c execution, -O1 UNRESOLVED: gcc.c-torture/execute/va-arg-25.c execution, -O2 UNRESOLVED: gcc.c-torture/execute/va-arg-25.c execution, -O3 -fomit-frame-pointer UNRESOLVED: gcc.c-torture/execute/va-arg-25.c execution, -O3 -g UNRESOLVED: gcc.c-torture/execute/va-arg-25.c execution, -Os UNRESOLVED: gcc.dg/compat/vector-1 c_compat_x_tst.o-c_compat_y_tst.o link UNRESOLVED: gcc.dg/compat/vector-1 c_compat_x_tst.o-c_compat_y_tst.o execute UNRESOLVED: gcc.dg/compat/vector-2 c_compat_x_tst.o-c_compat_y_tst.o link UNRESOLVED: gcc.dg/compat/vector-2 c_compat_x_tst.o-c_compat_y_tst.o execute FAIL: gcc.dg/20021014-1.c execution test FAIL: gcc.dg/builtins-18.c (test for excess errors) FAIL: gcc.dg/builtins-20.c (test for excess errors) FAIL: gcc.dg/nest.c execution test XPASS: gcc.dg/uninit-4.c uninitialized variable warning (test for bogus messages, line 26) FAIL: gcc.dg/pch/static-1.c -O0 -g assembly comparison FAIL: gcc.dg/pch/static-1.c -O0 assembly comparison FAIL: gcc.dg/pch/static-1.c -O1 assembly comparison FAIL: gcc.dg/pch/static-2.c -O0 -g assembly comparison FAIL: gcc.dg/pch/static-2.c -O0 assembly comparison FAIL: gcc.dg/pch/static-2.c -O1 assembly comparison FAIL: gcc.dg/pch/static-3.c -O0 -g assembly comparison FAIL: gcc.dg/pch/static-3.c -O0 assembly comparison FAIL: gcc.dg/pch/static-3.c -O1 assembly comparison FAIL: gcc.dg/special/gcsec-1.c (test for excess errors) FAIL: gcc.dg/tls/alias-1.c (test for excess errors) FAIL: gcc.dg/tls/diag-3.c (test for errors, line 4) FAIL: gcc.dg/tls/diag-3.c (test for excess errors) FAIL: gcc.dg/tls/opt-2.c (test for excess errors) FAIL: linkage.c === gcc Summary for unix === # of expected passes 23912 # of unexpected failures 24 # of unexpected successes 1 # of expected failures 85 # of unresolved testcases 11 # of untested testcases 7 # of unsupported tests 278 === gcc Summary === # of expected passes 71738 # of unexpected failures 70 # of unexpected successes 3 # of expected failures 249 # of unresolved testcases 39 # of untested testcases 21 # of unsupported tests 834 /usr/local/src/gcc-binutils/trunk/objdir/gcc/xgcc version 3.4.0 20040111 (experimental) === g++ tests === Running target unix/-m32 WARNING: g++.dg/eh/simd-1.C compilation failed to produce executable WARNING: g++.dg/eh/simd-2.C compilation failed to produce executable XPASS: g++.dg/ext/lvalue1.C not an lvalue (test for errors, line 7) FAIL: g++.dg/parse/stack1.C (test for excess errors) XPASS: g++.dg/warn/Wunused-2.C (test for warnings, line 5) WARNING: g++.old-deja/g++.mike/p10769a.C compilation failed to produce executable WARNING: g++.old-deja/g++.other/enum5.C compilation failed to produce executable XPASS: g++.old-deja/g++.other/init5.C execution test WARNING: g++.old-deja/g++.pt/friend44.C compilation failed to produce executable === g++ Summary for unix/-m32 === # of expected passes 9282 # of unexpected failures 1 # of unexpected successes 3 # of expected failures 56 # of unsupported tests 69 Running target unix/-fPIC FAIL: g++.dg/eh/simd-1.C (test for excess errors) WARNING: g++.dg/eh/simd-1.C compilation failed to produce executable FAIL: g++.dg/eh/simd-2.C (test for excess errors) WARNING: g++.dg/eh/simd-2.C compilation failed to produce executable XPASS: g++.dg/ext/lvalue1.C not an lvalue (test for errors, line 7) FAIL: g++.dg/parse/stack1.C (test for excess errors) XPASS: g++.dg/warn/Wunused-2.C (test for warnings, line 5) FAIL: g++.old-deja/g++.law/profile1.C execution test WARNING: g++.old-deja/g++.mike/p10769a.C compilation failed to produce executable FAIL: g++.old-deja/g++.other/crash34.C (test for excess errors) WARNING: g++.old-deja/g++.other/enum5.C compilation failed to produce executable XPASS: g++.old-deja/g++.other/init5.C execution test WARNING: g++.old-deja/g++.pt/friend44.C compilation failed to produce executable === g++ Summary for unix/-fPIC === # of expected passes 9278 # of unexpected failures 5 # of unexpected successes 3 # of expected failures 56 # of unsupported tests 69 Running target unix FAIL: g++.dg/eh/simd-1.C (test for excess errors) WARNING: g++.dg/eh/simd-1.C compilation failed to produce executable FAIL: g++.dg/eh/simd-2.C (test for excess errors) WARNING: g++.dg/eh/simd-2.C compilation failed to produce executable XPASS: g++.dg/ext/lvalue1.C not an lvalue (test for errors, line 7) FAIL: g++.dg/parse/stack1.C (test for excess errors) XPASS: g++.dg/warn/Wunused-2.C (test for warnings, line 5) FAIL: g++.old-deja/g++.law/profile1.C execution test WARNING: g++.old-deja/g++.mike/p10769a.C compilation failed to produce executable FAIL: g++.old-deja/g++.other/crash34.C (test for excess errors) WARNING: g++.old-deja/g++.other/enum5.C compilation failed to produce executable XPASS: g++.old-deja/g++.other/init5.C execution test WARNING: g++.old-deja/g++.pt/friend44.C compilation failed to produce executable === g++ Summary for unix === # of expected passes 9278 # of unexpected failures 5 # of unexpected successes 3 # of expected failures 56 # of unsupported tests 69 === g++ Summary === # of expected passes 27838 # of unexpected failures 11 # of unexpected successes 9 # of expected failures 168 # of unsupported tests 207 /usr/local/src/gcc-binutils/trunk/objdir/gcc/testsuite/../g++ version 3.4.0 20040111 (experimental) === objc tests === Running target unix/-m32 === objc Summary for unix/-m32 === # of expected passes 1339 # of unsupported tests 7 Running target unix/-fPIC FAIL: objc.dg/call-super-2.m (test for excess errors) FAIL: objc.dg/desig-init-1.m (test for excess errors) FAIL: objc.dg/encode-2.m execution test FAIL: objc.dg/encode-3.m execution test FAIL: objc.dg/proto-qual-1.m execution test === objc Summary for unix/-fPIC === # of expected passes 1334 # of unexpected failures 5 # of unsupported tests 7 Running target unix FAIL: objc.dg/call-super-2.m (test for excess errors) FAIL: objc.dg/desig-init-1.m (test for excess errors) FAIL: objc.dg/encode-2.m execution test FAIL: objc.dg/encode-3.m execution test FAIL: objc.dg/proto-qual-1.m execution test === objc Summary for unix === # of expected passes 1334 # of unexpected failures 5 # of unsupported tests 7 === objc Summary === # of expected passes 4007 # of unexpected failures 10 # of unsupported tests 21 /usr/local/src/gcc-binutils/trunk/objdir/gcc/xgcc version 3.4.0 20040111 (experimental) === libffi tests === Running target unix/-m32 FAIL: libffi.call/cls_12byte.c execution test FAIL: libffi.call/cls_16byte.c execution test FAIL: libffi.call/cls_18byte.c execution test FAIL: libffi.call/cls_19byte.c execution test FAIL: libffi.call/cls_1_1byte.c execution test FAIL: libffi.call/cls_20byte.c execution test FAIL: libffi.call/cls_20byte1.c execution test FAIL: libffi.call/cls_24byte.c execution test FAIL: libffi.call/cls_2byte.c execution test FAIL: libffi.call/cls_3_1byte.c execution test FAIL: libffi.call/cls_3byte1.c execution test FAIL: libffi.call/cls_3byte2.c execution test FAIL: libffi.call/cls_4_1byte.c execution test FAIL: libffi.call/cls_4byte.c execution test FAIL: libffi.call/cls_5byte.c execution test FAIL: libffi.call/cls_64byte.c execution test FAIL: libffi.call/cls_6byte.c execution test FAIL: libffi.call/cls_7byte.c execution test FAIL: libffi.call/cls_8byte.c execution test FAIL: libffi.call/cls_9byte1.c execution test FAIL: libffi.call/cls_9byte2.c execution test FAIL: libffi.call/cls_align_double.c execution test FAIL: libffi.call/cls_align_float.c execution test FAIL: libffi.call/cls_align_longdouble.c execution test FAIL: libffi.call/cls_align_pointer.c execution test FAIL: libffi.call/cls_align_sint16.c execution test FAIL: libffi.call/cls_align_sint32.c execution test FAIL: libffi.call/cls_align_sint64.c execution test FAIL: libffi.call/cls_align_uint16.c execution test FAIL: libffi.call/cls_align_uint32.c execution test FAIL: libffi.call/cls_align_uint64.c execution test FAIL: libffi.call/nested_struct.c execution test FAIL: libffi.call/nested_struct1.c execution test FAIL: libffi.call/nested_struct2.c execution test FAIL: libffi.call/nested_struct3.c execution test FAIL: libffi.call/problem1.c execution test FAIL: libffi.call/struct3.c execution test === libffi Summary for unix/-m32 === # of expected passes 139 # of unexpected failures 37 # of unsupported tests 2 Running target unix/-fPIC FAIL: libffi.call/cls_12byte.c execution test FAIL: libffi.call/cls_16byte.c output pattern test, is 7 8 9 1 9 3: 8 17 12 FAIL: libffi.call/cls_18byte.c output pattern test, is 1 127 126 3 4 125 124 5: 5 252 250 8 FAIL: libffi.call/cls_19byte.c output pattern test, is 1 127 126 3 120 4 125 124 5 119: 5 252 250 8 239 FAIL: libffi.call/cls_1_1byte.c execution test FAIL: libffi.call/cls_20byte.c output pattern test, is 1 2 3 4 5 7: 5 7 10 FAIL: libffi.call/cls_20byte1.c output pattern test, is 1 2 3 4 5 7: 5 7 10 FAIL: libffi.call/cls_24byte.c output pattern test, is 9 2 6 5 1 2 3 7 4 5 7 9 8 6 1 9: 22 15 17 25 FAIL: libffi.call/cls_2byte.c execution test FAIL: libffi.call/cls_3_1byte.c execution test FAIL: libffi.call/cls_3byte1.c execution test FAIL: libffi.call/cls_3byte2.c execution test FAIL: libffi.call/cls_4_1byte.c execution test FAIL: libffi.call/cls_4byte.c execution test FAIL: libffi.call/cls_5byte.c execution test FAIL: libffi.call/cls_64byte.c execution test FAIL: libffi.call/cls_6byte.c execution test FAIL: libffi.call/cls_7byte.c execution test FAIL: libffi.call/cls_8byte.c execution test FAIL: libffi.call/cls_9byte1.c execution test FAIL: libffi.call/cls_9byte2.c execution test FAIL: libffi.call/cls_align_double.c output pattern test, is 12 4951 127 1 9320 13: 13 14271 140 FAIL: libffi.call/cls_align_float.c execution test FAIL: libffi.call/cls_align_longdouble.c execution test FAIL: libffi.call/cls_align_pointer.c output pattern test, is 12 4951 127 1 9320 13: 13 14271 140 FAIL: libffi.call/cls_align_sint16.c execution test FAIL: libffi.call/cls_align_sint32.c execution test FAIL: libffi.call/cls_align_sint64.c output pattern test, is 12 4951 127 1 9320 13: 13 14271 140 FAIL: libffi.call/cls_align_uint16.c execution test FAIL: libffi.call/cls_align_uint32.c execution test FAIL: libffi.call/cls_align_uint64.c output pattern test, is 12 4951 127 1 9320 13: 13 14271 140 FAIL: libffi.call/cls_uint.c output pattern test, is 2147483647: 2147483647 FAIL: libffi.call/nested_struct.c execution test FAIL: libffi.call/nested_struct1.c execution test FAIL: libffi.call/nested_struct2.c execution test FAIL: libffi.call/nested_struct3.c execution test FAIL: libffi.call/problem1.c output pattern test, is 1 2 3 1 2 3: 2 4 6 FAIL: libffi.call/pyobjc-tc.c execution test === libffi Summary for unix/-fPIC === # of expected passes 149 # of unexpected failures 38 # of unsupported tests 2 Running target unix FAIL: libffi.call/cls_12byte.c execution test FAIL: libffi.call/cls_16byte.c output pattern test, is 7 8 9 1 9 3: 8 17 12 FAIL: libffi.call/cls_18byte.c output pattern test, is 1 127 126 3 4 125 124 5: 5 252 250 8 FAIL: libffi.call/cls_19byte.c output pattern test, is 1 127 126 3 120 4 125 124 5 119: 5 252 250 8 239 FAIL: libffi.call/cls_1_1byte.c execution test FAIL: libffi.call/cls_20byte.c output pattern test, is 1 2 3 4 5 7: 5 7 10 FAIL: libffi.call/cls_20byte1.c output pattern test, is 1 2 3 4 5 7: 5 7 10 FAIL: libffi.call/cls_24byte.c output pattern test, is 9 2 6 5 1 2 3 7 4 5 7 9 8 6 1 9: 22 15 17 25 FAIL: libffi.call/cls_2byte.c execution test FAIL: libffi.call/cls_3_1byte.c execution test FAIL: libffi.call/cls_3byte1.c execution test FAIL: libffi.call/cls_3byte2.c execution test FAIL: libffi.call/cls_4_1byte.c execution test FAIL: libffi.call/cls_4byte.c execution test FAIL: libffi.call/cls_5byte.c execution test FAIL: libffi.call/cls_64byte.c execution test FAIL: libffi.call/cls_6byte.c execution test FAIL: libffi.call/cls_7byte.c execution test FAIL: libffi.call/cls_8byte.c execution test FAIL: libffi.call/cls_9byte1.c execution test FAIL: libffi.call/cls_9byte2.c execution test FAIL: libffi.call/cls_align_double.c output pattern test, is 12 4951 127 1 9320 13: 13 14271 140 FAIL: libffi.call/cls_align_float.c execution test FAIL: libffi.call/cls_align_longdouble.c execution test FAIL: libffi.call/cls_align_pointer.c output pattern test, is 12 4951 127 1 9320 13: 13 14271 140 FAIL: libffi.call/cls_align_sint16.c execution test FAIL: libffi.call/cls_align_sint32.c execution test FAIL: libffi.call/cls_align_sint64.c output pattern test, is 12 4951 127 1 9320 13: 13 14271 140 FAIL: libffi.call/cls_align_uint16.c execution test FAIL: libffi.call/cls_align_uint32.c execution test FAIL: libffi.call/cls_align_uint64.c output pattern test, is 12 4951 127 1 9320 13: 13 14271 140 FAIL: libffi.call/cls_uint.c output pattern test, is 2147483647: 2147483647 FAIL: libffi.call/nested_struct.c execution test FAIL: libffi.call/nested_struct1.c execution test FAIL: libffi.call/nested_struct2.c execution test FAIL: libffi.call/nested_struct3.c execution test FAIL: libffi.call/problem1.c output pattern test, is 1 2 3 1 2 3: 2 4 6 FAIL: libffi.call/pyobjc-tc.c execution test === libffi Summary for unix === # of expected passes 149 # of unexpected failures 38 # of unsupported tests 2 === libffi Summary === # of expected passes 437 # of unexpected failures 113 # of unsupported tests 6 === libjava tests === Running target unix/-m32 FAIL: linking simple === libjava Summary for unix/-m32 === # of expected passes 3260 # of unexpected failures 1 # of expected failures 11 # of untested testcases 8 Running target unix/-fPIC FAIL: linking simple FAIL: Array_3 execution - source compiled test FAIL: Array_3 execution - gij test FAIL: Array_3 execution - bytecode->native test FAIL: Array_3 -O3 execution - source compiled test FAIL: Array_3 execution - gij test FAIL: Array_3 -O3 execution - bytecode->native test FAIL: Invoke_1 execution - source compiled test FAIL: Invoke_1 execution - bytecode->native test FAIL: Invoke_1 -O3 execution - source compiled test FAIL: Invoke_1 -O3 execution - bytecode->native test FAIL: PR218 execution - gij test FAIL: PR218 execution - gij test === libjava Summary for unix/-fPIC === # of expected passes 3236 # of unexpected failures 13 # of expected failures 11 # of untested testcases 20 Running target unix FAIL: linking simple FAIL: Array_3 execution - source compiled test FAIL: Array_3 execution - gij test FAIL: Array_3 execution - bytecode->native test FAIL: Array_3 -O3 execution - source compiled test FAIL: Array_3 execution - gij test FAIL: Array_3 -O3 execution - bytecode->native test FAIL: Invoke_1 execution - source compiled test FAIL: Invoke_1 execution - bytecode->native test FAIL: Invoke_1 -O3 execution - source compiled test FAIL: Invoke_1 -O3 execution - bytecode->native test FAIL: PR218 execution - gij test FAIL: PR218 execution - gij test === libjava Summary for unix === # of expected passes 3236 # of unexpected failures 13 # of expected failures 11 # of untested testcases 20 === libjava Summary === # of expected passes 9732 # of unexpected failures 27 # of expected failures 33 # of untested testcases 48 === libstdc++-v3 check-abi Summary === # of added symbols: 656 # of missing symbols: 803 # of incompatible symbols: 1139 === libstdc++ tests === Running target unix/-m32 FAIL: 22_locale/messages/members/char/1.cc execution test FAIL: 22_locale/messages/members/char/2.cc execution test FAIL: 22_locale/messages/members/char/wrapped_env.cc execution test FAIL: 22_locale/messages/members/char/wrapped_locale.cc execution test FAIL: 22_locale/messages_byname/named_equivalence.cc execution test FAIL: 23_containers/bitset/invalidation/1.cc (test for excess errors) WARNING: 23_containers/bitset/invalidation/1.cc compilation failed to produce executable FAIL: 23_containers/deque/invalidation/1.cc (test for excess errors) WARNING: 23_containers/deque/invalidation/1.cc compilation failed to produce executable FAIL: 23_containers/deque/invalidation/2.cc (test for excess errors) WARNING: 23_containers/deque/invalidation/2.cc compilation failed to produce executable FAIL: 23_containers/deque/invalidation/3.cc (test for excess errors) WARNING: 23_containers/deque/invalidation/3.cc compilation failed to produce executable FAIL: 23_containers/deque/invalidation/4.cc (test for excess errors) WARNING: 23_containers/deque/invalidation/4.cc compilation failed to produce executable FAIL: 23_containers/list/invalidation/1.cc (test for excess errors) WARNING: 23_containers/list/invalidation/1.cc compilation failed to produce executable FAIL: 23_containers/list/invalidation/2.cc (test for excess errors) WARNING: 23_containers/list/invalidation/2.cc compilation failed to produce executable FAIL: 23_containers/list/invalidation/3.cc (test for excess errors) WARNING: 23_containers/list/invalidation/3.cc compilation failed to produce executable FAIL: 23_containers/list/invalidation/4.cc (test for excess errors) WARNING: 23_containers/list/invalidation/4.cc compilation failed to produce executable FAIL: 23_containers/map/invalidation/1.cc (test for excess errors) WARNING: 23_containers/map/invalidation/1.cc compilation failed to produce executable FAIL: 23_containers/map/invalidation/2.cc (test for excess errors) WARNING: 23_containers/map/invalidation/2.cc compilation failed to produce executable FAIL: 23_containers/multimap/invalidation/1.cc (test for excess errors) WARNING: 23_containers/multimap/invalidation/1.cc compilation failed to produce executable FAIL: 23_containers/multimap/invalidation/2.cc (test for excess errors) WARNING: 23_containers/multimap/invalidation/2.cc compilation failed to produce executable FAIL: 23_containers/multiset/invalidation/1.cc (test for excess errors) WARNING: 23_containers/multiset/invalidation/1.cc compilation failed to produce executable FAIL: 23_containers/multiset/invalidation/2.cc (test for excess errors) WARNING: 23_containers/multiset/invalidation/2.cc compilation failed to produce executable FAIL: 23_containers/set/invalidation/1.cc (test for excess errors) WARNING: 23_containers/set/invalidation/1.cc compilation failed to produce executable FAIL: 23_containers/set/invalidation/2.cc (test for excess errors) WARNING: 23_containers/set/invalidation/2.cc compilation failed to produce executable FAIL: 23_containers/vector/invalidation/1.cc (test for excess errors) WARNING: 23_containers/vector/invalidation/1.cc compilation failed to produce executable FAIL: 23_containers/vector/invalidation/2.cc (test for excess errors) WARNING: 23_containers/vector/invalidation/2.cc compilation failed to produce executable FAIL: 23_containers/vector/invalidation/3.cc (test for excess errors) WARNING: 23_containers/vector/invalidation/3.cc compilation failed to produce executable FAIL: 23_containers/vector/invalidation/4.cc (test for excess errors) WARNING: 23_containers/vector/invalidation/4.cc compilation failed to produce executable XPASS: 26_numerics/c99_classification_macros_c.cc (test for excess errors) WARNING: program timed out. FAIL: thread/pthread5.cc execution test === libstdc++ Summary for unix/-m32 === # of expected passes 2434 # of unexpected failures 27 # of unexpected successes 1 # of expected failures 11 Running target unix/-fPIC FAIL: 23_containers/bitset/invalidation/1.cc (test for excess errors) WARNING: 23_containers/bitset/invalidation/1.cc compilation failed to produce executable FAIL: 23_containers/deque/invalidation/1.cc (test for excess errors) WARNING: 23_containers/deque/invalidation/1.cc compilation failed to produce executable FAIL: 23_containers/deque/invalidation/2.cc (test for excess errors) WARNING: 23_containers/deque/invalidation/2.cc compilation failed to produce executable FAIL: 23_containers/deque/invalidation/3.cc (test for excess errors) WARNING: 23_containers/deque/invalidation/3.cc compilation failed to produce executable FAIL: 23_containers/deque/invalidation/4.cc (test for excess errors) WARNING: 23_containers/deque/invalidation/4.cc compilation failed to produce executable FAIL: 23_containers/list/invalidation/1.cc (test for excess errors) WARNING: 23_containers/list/invalidation/1.cc compilation failed to produce executable FAIL: 23_containers/list/invalidation/2.cc (test for excess errors) WARNING: 23_containers/list/invalidation/2.cc compilation failed to produce executable FAIL: 23_containers/list/invalidation/3.cc (test for excess errors) WARNING: 23_containers/list/invalidation/3.cc compilation failed to produce executable FAIL: 23_containers/list/invalidation/4.cc (test for excess errors) WARNING: 23_containers/list/invalidation/4.cc compilation failed to produce executable FAIL: 23_containers/map/invalidation/1.cc (test for excess errors) WARNING: 23_containers/map/invalidation/1.cc compilation failed to produce executable FAIL: 23_containers/map/invalidation/2.cc (test for excess errors) WARNING: 23_containers/map/invalidation/2.cc compilation failed to produce executable FAIL: 23_containers/multimap/invalidation/1.cc (test for excess errors) WARNING: 23_containers/multimap/invalidation/1.cc compilation failed to produce executable FAIL: 23_containers/multimap/invalidation/2.cc (test for excess errors) WARNING: 23_containers/multimap/invalidation/2.cc compilation failed to produce executable FAIL: 23_containers/multiset/invalidation/1.cc (test for excess errors) WARNING: 23_containers/multiset/invalidation/1.cc compilation failed to produce executable FAIL: 23_containers/multiset/invalidation/2.cc (test for excess errors) WARNING: 23_containers/multiset/invalidation/2.cc compilation failed to produce executable FAIL: 23_containers/set/invalidation/1.cc (test for excess errors) WARNING: 23_containers/set/invalidation/1.cc compilation failed to produce executable FAIL: 23_containers/set/invalidation/2.cc (test for excess errors) WARNING: 23_containers/set/invalidation/2.cc compilation failed to produce executable FAIL: 23_containers/vector/invalidation/1.cc (test for excess errors) WARNING: 23_containers/vector/invalidation/1.cc compilation failed to produce executable FAIL: 23_containers/vector/invalidation/2.cc (test for excess errors) WARNING: 23_containers/vector/invalidation/2.cc compilation failed to produce executable FAIL: 23_containers/vector/invalidation/3.cc (test for excess errors) WARNING: 23_containers/vector/invalidation/3.cc compilation failed to produce executable FAIL: 23_containers/vector/invalidation/4.cc (test for excess errors) WARNING: 23_containers/vector/invalidation/4.cc compilation failed to produce executable === libstdc++ Summary for unix/-fPIC === # of expected passes 2440 # of unexpected failures 21 # of expected failures 12 Running target unix FAIL: 23_containers/bitset/invalidation/1.cc (test for excess errors) WARNING: 23_containers/bitset/invalidation/1.cc compilation failed to produce executable FAIL: 23_containers/deque/invalidation/1.cc (test for excess errors) WARNING: 23_containers/deque/invalidation/1.cc compilation failed to produce executable FAIL: 23_containers/deque/invalidation/2.cc (test for excess errors) WARNING: 23_containers/deque/invalidation/2.cc compilation failed to produce executable FAIL: 23_containers/deque/invalidation/3.cc (test for excess errors) WARNING: 23_containers/deque/invalidation/3.cc compilation failed to produce executable FAIL: 23_containers/deque/invalidation/4.cc (test for excess errors) WARNING: 23_containers/deque/invalidation/4.cc compilation failed to produce executable FAIL: 23_containers/list/invalidation/1.cc (test for excess errors) WARNING: 23_containers/list/invalidation/1.cc compilation failed to produce executable FAIL: 23_containers/list/invalidation/2.cc (test for excess errors) WARNING: 23_containers/list/invalidation/2.cc compilation failed to produce executable FAIL: 23_containers/list/invalidation/3.cc (test for excess errors) WARNING: 23_containers/list/invalidation/3.cc compilation failed to produce executable FAIL: 23_containers/list/invalidation/4.cc (test for excess errors) WARNING: 23_containers/list/invalidation/4.cc compilation failed to produce executable FAIL: 23_containers/map/invalidation/1.cc (test for excess errors) WARNING: 23_containers/map/invalidation/1.cc compilation failed to produce executable FAIL: 23_containers/map/invalidation/2.cc (test for excess errors) WARNING: 23_containers/map/invalidation/2.cc compilation failed to produce executable FAIL: 23_containers/multimap/invalidation/1.cc (test for excess errors) WARNING: 23_containers/multimap/invalidation/1.cc compilation failed to produce executable FAIL: 23_containers/multimap/invalidation/2.cc (test for excess errors) WARNING: 23_containers/multimap/invalidation/2.cc compilation failed to produce executable FAIL: 23_containers/multiset/invalidation/1.cc (test for excess errors) WARNING: 23_containers/multiset/invalidation/1.cc compilation failed to produce executable FAIL: 23_containers/multiset/invalidation/2.cc (test for excess errors) WARNING: 23_containers/multiset/invalidation/2.cc compilation failed to produce executable FAIL: 23_containers/set/invalidation/1.cc (test for excess errors) WARNING: 23_containers/set/invalidation/1.cc compilation failed to produce executable FAIL: 23_containers/set/invalidation/2.cc (test for excess errors) WARNING: 23_containers/set/invalidation/2.cc compilation failed to produce executable FAIL: 23_containers/vector/invalidation/1.cc (test for excess errors) WARNING: 23_containers/vector/invalidation/1.cc compilation failed to produce executable FAIL: 23_containers/vector/invalidation/2.cc (test for excess errors) WARNING: 23_containers/vector/invalidation/2.cc compilation failed to produce executable FAIL: 23_containers/vector/invalidation/3.cc (test for excess errors) WARNING: 23_containers/vector/invalidation/3.cc compilation failed to produce executable FAIL: 23_containers/vector/invalidation/4.cc (test for excess errors) WARNING: 23_containers/vector/invalidation/4.cc compilation failed to produce executable XPASS: 26_numerics/c99_classification_macros_c.cc (test for excess errors) === libstdc++ Summary for unix === # of expected passes 2440 # of unexpected failures 21 # of unexpected successes 1 # of expected failures 11 === libstdc++ Summary === # of expected passes 7314 # of unexpected failures 69 # of unexpected successes 2 # of expected failures 34 Compiler version: 3.4.0 20040111 (experimental) Platform: sparc64-unknown-linux-gnu configure flags: --prefix=/usr/local/gcc-binutils --enable-__cxa_atexit --enable-shared --enable-threads=posix --with-system-zlib Counting all warnings, there are 192 warnings in stage0 of this bootstrap. Number of warnings per file: 30 libiberty/regex.c 30 libiberty/concat.c 19 libjava/java/lang/mprec.c 9 ./java/lang/Integer.h 8 libjava/java/lang/strtod.c 8 libjava/java/lang/dtoa.c 7 include/xregex2.h 6 libjava/java/lang/natClassLoader.cc 6 libjava/java/lang/e_exp.c 6 libiberty/floatformat.c 6 libf2c/libI77/rsne.c 4 libobjc/linking.m 4 libffi/src/sparc/v8.S 4 <command line> 2 libobjc/sendmsg.c 2 libobjc/Protocol.m 2 libobjc/Object.m 2 libobjc/encoding.c 2 libjava/verify.cc 2 libjava/prims.cc 2 libjava/jni.cc 2 libjava/java/lang/natClass.cc 2 libjava/java/lang/e_rem_pio2.c 2 libjava/java/lang/e_asin.c 2 libjava/gnu/gcj/io/shs.cc 2 libjava/boehm.cc 2 libffi/src/sparc/v9.S 2 libf2c/libI77/open.c 2 libf2c/libI77/inquire.c 2 java/net/natNetworkInterface.cc 2 include/private/../gc_config_macros.h 2 include/java-signal.h 2 include/gc_config_macros.h 2 gcc/coretypes.h 2 gcc/boehm-gc/mark_rts.c 1 ./runtime-info.h 1 libffi/src/sparc/ffi.c 1 fastjar/jartool.c Number of warning types: 30 traditional C rejects ISO C style function definitions 24 signed and unsigned type in conditional expression 12 suggest parentheses around + or - inside shift 9 this is the location of the previous definition 9 this decimal constant is unsigned only in ISO C90 8 dereferencing type-punned pointer will break strict-aliasing rules 8 comparison between signed and unsigned integer expressions 7 ISO C90 does not support \`static' or type qualifiers in parameter array declarators 6 use of C99 hexadecimal floating constant 6 unused parameter 'preg' 4 suggest parentheses around assignment used as truth value 4 \`GC_LINUX_THREADS' redefined 4 cast from pointer to integer of different size 3 suggest parentheses around arithmetic in operand of | 3 \`STACKFRAME' redefined 2 'z' might be used uninitialized in this function 2 'x' might be used uninitialized in this function 2 'x0' might be used uninitialized in this function 2 'void __rt_sigreturn_stub()' defined but not used 2 'void byteReverse()' declared \`static' but never defined 2 unused parameter '_p' 2 unused parameter 'fmt' 2 unused parameter 'args_size' 2 't' might be used uninitialized in this function 2 'target_flags' defined but not used 2 'spec_case' might be used uninitialized in this function 2 \`rtx' redefined 2 'mlo' might be used uninitialized in this function 2 'lo' might be used uninitialized in this function 2 'k' might be used uninitialized in this function 2 'ilim' might be used uninitialized in this function 2 'ilim1' might be used uninitialized in this function 2 'hi' might be used uninitialized in this function 2 function returns address of local variable 2 'dn' might be used uninitialized in this function 2 'dn0' might be used uninitialized in this function 2 'delta' might be used uninitialized in this function 2 comparison between signed and unsigned 2 'bs' might be used uninitialized in this function 2 'bd' might be used uninitialized in this function 2 'bb' might be used uninitialized in this function 1 unused variable \`???' 1 'struct_forward_array' defined but not used 1 string length \`???' is greater than the length \`???' ISO C89 compilers are required to support Counting all warnings, there are 16 warnings in stage3 of this bootstrap. Number of warnings per file: 5 /usr/share/bison/bison.simple 3 gcc/gcc.c 3 g-1137 2 gcc/objc/lang-specs.h 2 gcc/f/sta.c 1 gcc/java/jvspec.c Number of warning types: 6 string length \`???' is greater than the length \`???' ISO C89 compilers are required to support 6 old-style parameter declaration 2 label \`???' defined but not used 2 dereferencing type-punned pointer will break strict-aliasing rules
Index Nav: | [Date Index] [Subject Index] [Author Index] [Thread Index] | |
---|---|---|
Message Nav: | [Date Prev] [Date Next] | [Thread Prev] [Thread Next] |