This is the mail archive of the
gcc-testresults@gcc.gnu.org
mailing list for the GCC project.
Results for 3.5-tree-ssa 20040108 (merged 20040102) testsuite on i786-pc-cygwin
- From: Christian Joensson <christian at j-son dot org>
- To: gcc testresults <gcc-testresults at gcc dot gnu dot org>
- Date: Fri, 9 Jan 2004 10:38:23 +0100
- Subject: Results for 3.5-tree-ssa 20040108 (merged 20040102) testsuite on i786-pc-cygwin
Windows XP Pro/SP1 cygwin P4 mobile system with these packages:
binutils 20030901-1 2.14.90 20030901
bison 20030307-1 1.875b
cygwin 1.5.5-1
dejagnu 20021217-2 1.4.2.x
expect 20030128-1 5.26
gcc 3.3.1-3
tcltk 20030901-1 8.4
LAST_UPDATED: Thu Jan 8 17:10:08 GMT 2004
Native configuration is i786-pc-cygwin
=== g++ tests ===
Running target unix
FAIL: g++.dg/abi/bitfield3.C execution test
FAIL: g++.dg/abi/covariant3.C execution test
FAIL: g++.dg/abi/vcall1.C execution test
WARNING: program timed out.
FAIL: g++.dg/eh/cleanup1.C (test for excess errors)
FAIL: g++.dg/ext/dllexport1.C scan-assembler -export:_ZN3Bar10inline_barEi
FAIL: g++.dg/ext/instantiate3.C scan-assembler-not
XPASS: g++.dg/ext/lvalue1.C not an lvalue (test for errors, line 7)
FAIL: g++.dg/inherit/covariant1.C execution test
FAIL: g++.dg/inherit/covariant2.C execution test
FAIL: g++.dg/inherit/covariant3.C execution test
FAIL: g++.dg/inherit/covariant4.C execution test
FAIL: g++.dg/opt/vt1.C scan-assembler-not section[^
XPASS: g++.dg/warn/Wunused-2.C (test for warnings, line 5)
FAIL: 258: expected branch percentages not found: 25
FAIL: g++.dg/gcov/gcov-1.C gcov: 0 failures in line counts, 1 in branch percentages, 0 in return percentages
FAIL: 23:is 2:should be 1
FAIL: g++.dg/gcov/gcov-2.C gcov: 1 failures in line counts, 0 in branch percentages, 0 in return percentages
FAIL: g++.dg/pch/empty.C (test for excess errors)
FAIL: g++.dg/pch/empty.C (test for excess errors)
FAIL: g++.dg/pch/empty.C (test for excess errors)
FAIL: g++.dg/pch/static-1.C (test for excess errors)
FAIL: g++.dg/pch/static-1.C (test for excess errors)
FAIL: g++.dg/pch/static-1.C (test for excess errors)
FAIL: g++.dg/pch/system-1.C (test for excess errors)
FAIL: g++.dg/pch/system-1.C (test for excess errors)
FAIL: g++.dg/pch/system-1.C (test for excess errors)
FAIL: g++.dg/pch/system-2.C (test for excess errors)
FAIL: g++.dg/pch/system-2.C (test for excess errors)
FAIL: g++.dg/pch/system-2.C (test for excess errors)
FAIL: g++.dg/pch/uninst.C (test for excess errors)
FAIL: g++.dg/pch/uninst.C (test for excess errors)
FAIL: g++.dg/pch/uninst.C (test for excess errors)
FAIL: g++.dg/special/initp1.C execution test
FAIL: g++.old-deja/g++.abi/vtable3a.C execution test
FAIL: g++.old-deja/g++.abi/vtable3b.C execution test
FAIL: g++.old-deja/g++.abi/vtable3c.C execution test
FAIL: g++.old-deja/g++.abi/vtable3d.C execution test
FAIL: g++.old-deja/g++.abi/vtable3e.C execution test
FAIL: g++.old-deja/g++.abi/vtable3f.C execution test
FAIL: g++.old-deja/g++.abi/vtable3g.C execution test
FAIL: g++.old-deja/g++.abi/vtable3h.C execution test
FAIL: g++.old-deja/g++.abi/vtable3i.C execution test
FAIL: g++.old-deja/g++.abi/vtable3j.C execution test
FAIL: g++.old-deja/g++.eh/badalloc1.C execution test
FAIL: g++.old-deja/g++.ext/attrib5.C (test for excess errors)
XPASS: g++.old-deja/g++.ext/attrib5.C execution test
FAIL: g++.old-deja/g++.mike/dyncast5.C execution test
FAIL: g++.old-deja/g++.mike/misc13.C execution test
FAIL: g++.old-deja/g++.mike/net39.C execution test
WARNING: g++.old-deja/g++.mike/p10769a.C compilation failed to produce executable
FAIL: g++.old-deja/g++.mike/p2960.C execution test
FAIL: g++.old-deja/g++.mike/p3068.C execution test
FAIL: g++.old-deja/g++.mike/p3708b.C execution test
FAIL: g++.old-deja/g++.mike/p4246.C execution test
FAIL: g++.old-deja/g++.mike/p4736b.C execution test
FAIL: g++.old-deja/g++.mike/p4736c.C execution test
FAIL: g++.old-deja/g++.mike/virt2.C execution test
FAIL: g++.old-deja/g++.mike/virt5.C execution test
FAIL: g++.old-deja/g++.oliva/thunk1.C execution test
WARNING: g++.old-deja/g++.other/enum5.C compilation failed to produce executable
WARNING: g++.old-deja/g++.pt/friend44.C compilation failed to produce executable
FAIL: g++.old-deja/g++.robertl/eb17.C execution test
=== g++ Summary ===
# of expected passes 9258
# of unexpected failures 56
# of unexpected successes 3
# of expected failures 58
# of untested testcases 15
# of unsupported tests 31
/usr/local/src/gcc-binutils/branch/objdir/gcc/testsuite/../g++ version 3.5-tree-ssa 20040108 (merged 20040102)
=== gcc tests ===
Running target unix
XPASS: gcc.c-torture/execute/string-opt-18.c execution, -O0
XPASS: gcc.c-torture/execute/string-opt-18.c execution, -O1
XPASS: gcc.c-torture/execute/string-opt-18.c execution, -O2
XPASS: gcc.c-torture/execute/string-opt-18.c execution, -O3 -fomit-frame-pointer
XPASS: gcc.c-torture/execute/string-opt-18.c execution, -O3 -g
XPASS: gcc.c-torture/execute/string-opt-18.c execution, -Os
FAIL: gcc.c-torture/execute/string-opt-7.c execution, -O1
FAIL: gcc.c-torture/execute/string-opt-7.c execution, -O2
FAIL: gcc.c-torture/execute/string-opt-7.c execution, -O3 -fomit-frame-pointer
FAIL: gcc.c-torture/execute/string-opt-7.c compilation, -O3 -g
UNRESOLVED: gcc.c-torture/execute/string-opt-7.c execution, -O3 -g
WARNING: program timed out.
FAIL: gcc.c-torture/execute/string-opt-7.c compilation, -Os
UNRESOLVED: gcc.c-torture/execute/string-opt-7.c execution, -Os
FAIL: gcc.c-torture/execute/va-arg-25.c execution, -O0
FAIL: gcc.c-torture/execute/va-arg-25.c execution, -O1
FAIL: gcc.c-torture/execute/va-arg-25.c execution, -O2
FAIL: gcc.c-torture/execute/va-arg-25.c execution, -O3 -fomit-frame-pointer
FAIL: gcc.c-torture/execute/va-arg-25.c execution, -O3 -g
FAIL: gcc.c-torture/execute/va-arg-25.c execution, -Os
FAIL: gcc.dg/cpp/assert4.c (test for excess errors)
FAIL: gcc.dg/20020425-1.c (test for excess errors)
FAIL: gcc.dg/20021014-1.c (test for excess errors)
WARNING: gcc.dg/20021014-1.c compilation failed to produce executable
FAIL: gcc.dg/20030331-2.c (test for excess errors)
FAIL: gcc.dg/20031202-1.c execution test
FAIL: gcc.dg/20031222-1.c (test for errors, line 17)
FAIL: gcc.dg/20031222-1.c (test for excess errors)
FAIL: gcc.dg/bf-ms-layout.c execution test
FAIL: gcc.dg/builtins-10.c (test for excess errors)
FAIL: gcc.dg/builtins-20.c (test for excess errors)
FAIL: gcc.dg/builtins-26.c (test for excess errors)
FAIL: gcc.dg/builtins-7.c (test for excess errors)
FAIL: gcc.dg/dwarf-die1.c (test for excess errors)
ERROR: gcc.dg/dwarf-die1.c: error executing dg-final: couldn't open "dwarf-die1.s": no such file or directory
UNRESOLVED: gcc.dg/dwarf-die1.c: error executing dg-final: couldn't open "dwarf-die1.s": no such file or directory
FAIL: gcc.dg/dwarf-die2.c (test for excess errors)
ERROR: gcc.dg/dwarf-die2.c: error executing dg-final: couldn't open "dwarf-die2.s": no such file or directory
UNRESOLVED: gcc.dg/dwarf-die2.c: error executing dg-final: couldn't open "dwarf-die2.s": no such file or directory
FAIL: gcc.dg/dwarf-die3.c (test for excess errors)
ERROR: gcc.dg/dwarf-die3.c: error executing dg-final: couldn't open "dwarf-die3.s": no such file or directory
UNRESOLVED: gcc.dg/dwarf-die3.c: error executing dg-final: couldn't open "dwarf-die3.s": no such file or directory
FAIL: gcc.dg/dwarf-die5.c (test for excess errors)
ERROR: gcc.dg/dwarf-die5.c: error executing dg-final: couldn't open "dwarf-die5.s": no such file or directory
UNRESOLVED: gcc.dg/dwarf-die5.c: error executing dg-final: couldn't open "dwarf-die5.s": no such file or directory
FAIL: gcc.dg/dwarf-die6.c (test for excess errors)
ERROR: gcc.dg/dwarf-die6.c: error executing dg-final: couldn't open "dwarf-die6.s": no such file or directory
UNRESOLVED: gcc.dg/dwarf-die6.c: error executing dg-final: couldn't open "dwarf-die6.s": no such file or directory
FAIL: gcc.dg/dwarf-die7.c (test for excess errors)
ERROR: gcc.dg/dwarf-die7.c: error executing dg-final: couldn't open "dwarf-die7.s": no such file or directory
UNRESOLVED: gcc.dg/dwarf-die7.c: error executing dg-final: couldn't open "dwarf-die7.s": no such file or directory
FAIL: gcc.dg/i386-bitfield1.c execution test
FAIL: gcc.dg/i386-bitfield2.c execution test
FAIL: gcc.dg/i386-pic-1.c (test for errors, line 9)
FAIL: gcc.dg/i386-sse-1.c (test for excess errors)
FAIL: gcc.dg/i386-sse-2.c (test for excess errors)
FAIL: gcc.dg/i386-sse-3.c (test for excess errors)
FAIL: gcc.dg/i386-ssetype-1.c (test for excess errors)
ERROR: gcc.dg/i386-ssetype-1.c: error executing dg-final: couldn't open "i386-ssetype-1.s": no such file or directory
UNRESOLVED: gcc.dg/i386-ssetype-1.c: error executing dg-final: couldn't open "i386-ssetype-1.s": no such file or directory
FAIL: gcc.dg/i386-ssetype-2.c (test for excess errors)
ERROR: gcc.dg/i386-ssetype-2.c: error executing dg-final: couldn't open "i386-ssetype-2.s": no such file or directory
UNRESOLVED: gcc.dg/i386-ssetype-2.c: error executing dg-final: couldn't open "i386-ssetype-2.s": no such file or directory
FAIL: gcc.dg/i386-ssetype-3.c (test for excess errors)
ERROR: gcc.dg/i386-ssetype-3.c: error executing dg-final: couldn't open "i386-ssetype-3.s": no such file or directory
UNRESOLVED: gcc.dg/i386-ssetype-3.c: error executing dg-final: couldn't open "i386-ssetype-3.s": no such file or directory
FAIL: gcc.dg/i386-ssetype-4.c (test for excess errors)
ERROR: gcc.dg/i386-ssetype-4.c: error executing dg-final: couldn't open "i386-ssetype-4.s": no such file or directory
UNRESOLVED: gcc.dg/i386-ssetype-4.c: error executing dg-final: couldn't open "i386-ssetype-4.s": no such file or directory
FAIL: gcc.dg/i386-ssetype-5.c (test for excess errors)
ERROR: gcc.dg/i386-ssetype-5.c: error executing dg-final: couldn't open "i386-ssetype-5.s": no such file or directory
UNRESOLVED: gcc.dg/i386-ssetype-5.c: error executing dg-final: couldn't open "i386-ssetype-5.s": no such file or directory
FAIL: gcc.dg/noreturn-7.c (test for warnings, line 42)
FAIL: gcc.dg/noreturn-7.c (test for excess errors)
XPASS: gcc.dg/uninit-4.c uninitialized variable warning (test for bogus messages, line 26)
XPASS: gcc.dg/uninit-5.c uninitialized variable warning (test for bogus messages, line 13)
XPASS: gcc.dg/uninit-5.c uninitialized variable warning (test for bogus messages, line 27)
XPASS: gcc.dg/uninit-8.c uninitialized variable warning (test for bogus messages, line 14)
FAIL: gcc.dg/uninit-D.c (test for excess errors)
FAIL: gcc.dg/warn-1.c (test for warnings, line 8)
FAIL: gcc.dg/pch/common-1.c (test for excess errors)
FAIL: gcc.dg/pch/common-1.c (test for excess errors)
FAIL: gcc.dg/pch/common-1.c (test for excess errors)
FAIL: gcc.dg/pch/common-1.c (test for excess errors)
FAIL: gcc.dg/pch/common-1.c (test for excess errors)
FAIL: gcc.dg/pch/common-1.c (test for excess errors)
FAIL: gcc.dg/pch/common-1.c (test for excess errors)
FAIL: gcc.dg/pch/cpp-1.c (test for excess errors)
FAIL: gcc.dg/pch/cpp-1.c (test for excess errors)
FAIL: gcc.dg/pch/cpp-1.c (test for excess errors)
FAIL: gcc.dg/pch/cpp-1.c (test for excess errors)
FAIL: gcc.dg/pch/cpp-1.c (test for excess errors)
FAIL: gcc.dg/pch/cpp-1.c (test for excess errors)
FAIL: gcc.dg/pch/cpp-1.c (test for excess errors)
FAIL: gcc.dg/pch/cpp-2.c (test for excess errors)
FAIL: gcc.dg/pch/cpp-2.c (test for excess errors)
FAIL: gcc.dg/pch/cpp-2.c (test for excess errors)
FAIL: gcc.dg/pch/cpp-2.c (test for excess errors)
FAIL: gcc.dg/pch/cpp-2.c (test for excess errors)
FAIL: gcc.dg/pch/cpp-2.c (test for excess errors)
FAIL: gcc.dg/pch/cpp-2.c (test for excess errors)
FAIL: gcc.dg/pch/decl-1.c (test for excess errors)
FAIL: gcc.dg/pch/decl-1.c (test for excess errors)
FAIL: gcc.dg/pch/decl-1.c (test for excess errors)
FAIL: gcc.dg/pch/decl-1.c (test for excess errors)
FAIL: gcc.dg/pch/decl-1.c (test for excess errors)
FAIL: gcc.dg/pch/decl-1.c (test for excess errors)
FAIL: gcc.dg/pch/decl-1.c (test for excess errors)
FAIL: gcc.dg/pch/decl-2.c (test for excess errors)
FAIL: gcc.dg/pch/decl-2.c (test for excess errors)
FAIL: gcc.dg/pch/decl-2.c (test for excess errors)
FAIL: gcc.dg/pch/decl-2.c (test for excess errors)
FAIL: gcc.dg/pch/decl-2.c (test for excess errors)
FAIL: gcc.dg/pch/decl-2.c (test for excess errors)
FAIL: gcc.dg/pch/decl-2.c (test for excess errors)
FAIL: gcc.dg/pch/decl-3.c (test for excess errors)
FAIL: gcc.dg/pch/decl-3.c (test for excess errors)
FAIL: gcc.dg/pch/decl-3.c (test for excess errors)
FAIL: gcc.dg/pch/decl-3.c (test for excess errors)
FAIL: gcc.dg/pch/decl-3.c (test for excess errors)
FAIL: gcc.dg/pch/decl-3.c (test for excess errors)
FAIL: gcc.dg/pch/decl-3.c (test for excess errors)
FAIL: gcc.dg/pch/decl-4.c (test for excess errors)
FAIL: gcc.dg/pch/decl-4.c (test for excess errors)
FAIL: gcc.dg/pch/decl-4.c (test for excess errors)
FAIL: gcc.dg/pch/decl-4.c (test for excess errors)
FAIL: gcc.dg/pch/decl-4.c (test for excess errors)
FAIL: gcc.dg/pch/decl-4.c (test for excess errors)
FAIL: gcc.dg/pch/decl-4.c (test for excess errors)
FAIL: gcc.dg/pch/decl-5.c (test for excess errors)
FAIL: gcc.dg/pch/decl-5.c (test for excess errors)
FAIL: gcc.dg/pch/decl-5.c (test for excess errors)
FAIL: gcc.dg/pch/decl-5.c (test for excess errors)
FAIL: gcc.dg/pch/decl-5.c (test for excess errors)
FAIL: gcc.dg/pch/decl-5.c (test for excess errors)
FAIL: gcc.dg/pch/decl-5.c (test for excess errors)
FAIL: gcc.dg/pch/empty.c (test for excess errors)
FAIL: gcc.dg/pch/empty.c (test for excess errors)
FAIL: gcc.dg/pch/empty.c (test for excess errors)
FAIL: gcc.dg/pch/empty.c (test for excess errors)
FAIL: gcc.dg/pch/empty.c (test for excess errors)
FAIL: gcc.dg/pch/empty.c (test for excess errors)
FAIL: gcc.dg/pch/empty.c (test for excess errors)
FAIL: gcc.dg/pch/except-1.c (test for excess errors)
FAIL: gcc.dg/pch/except-1.c (test for excess errors)
FAIL: gcc.dg/pch/except-1.c (test for excess errors)
FAIL: gcc.dg/pch/except-1.c (test for excess errors)
FAIL: gcc.dg/pch/except-1.c (test for excess errors)
FAIL: gcc.dg/pch/except-1.c (test for excess errors)
FAIL: gcc.dg/pch/except-1.c (test for excess errors)
FAIL: gcc.dg/pch/global-1.c (test for excess errors)
FAIL: gcc.dg/pch/global-1.c (test for excess errors)
FAIL: gcc.dg/pch/global-1.c (test for excess errors)
FAIL: gcc.dg/pch/global-1.c (test for excess errors)
FAIL: gcc.dg/pch/global-1.c (test for excess errors)
FAIL: gcc.dg/pch/global-1.c (test for excess errors)
FAIL: gcc.dg/pch/global-1.c (test for excess errors)
FAIL: gcc.dg/pch/inline-1.c (test for excess errors)
FAIL: gcc.dg/pch/inline-1.c (test for excess errors)
FAIL: gcc.dg/pch/inline-1.c (test for excess errors)
FAIL: gcc.dg/pch/inline-1.c (test for excess errors)
FAIL: gcc.dg/pch/inline-1.c (test for excess errors)
FAIL: gcc.dg/pch/inline-1.c (test for excess errors)
FAIL: gcc.dg/pch/inline-1.c (test for excess errors)
FAIL: gcc.dg/pch/inline-2.c (test for excess errors)
FAIL: gcc.dg/pch/inline-2.c (test for excess errors)
FAIL: gcc.dg/pch/inline-2.c (test for excess errors)
FAIL: gcc.dg/pch/inline-2.c (test for excess errors)
FAIL: gcc.dg/pch/inline-2.c (test for excess errors)
FAIL: gcc.dg/pch/inline-2.c (test for excess errors)
FAIL: gcc.dg/pch/inline-2.c (test for excess errors)
FAIL: gcc.dg/pch/inline-3.c (test for excess errors)
FAIL: gcc.dg/pch/inline-3.c (test for excess errors)
FAIL: gcc.dg/pch/inline-3.c (test for excess errors)
FAIL: gcc.dg/pch/inline-3.c (test for excess errors)
FAIL: gcc.dg/pch/inline-3.c (test for excess errors)
FAIL: gcc.dg/pch/inline-3.c (test for excess errors)
FAIL: gcc.dg/pch/inline-3.c (test for excess errors)
FAIL: gcc.dg/pch/inline-4.c (test for excess errors)
FAIL: gcc.dg/pch/inline-4.c (test for excess errors)
FAIL: gcc.dg/pch/inline-4.c (test for excess errors)
FAIL: gcc.dg/pch/inline-4.c (test for excess errors)
FAIL: gcc.dg/pch/inline-4.c (test for excess errors)
FAIL: gcc.dg/pch/inline-4.c (test for excess errors)
FAIL: gcc.dg/pch/inline-4.c (test for excess errors)
FAIL: gcc.dg/pch/macro-1.c (test for excess errors)
FAIL: gcc.dg/pch/macro-1.c (test for excess errors)
FAIL: gcc.dg/pch/macro-1.c (test for excess errors)
FAIL: gcc.dg/pch/macro-1.c (test for excess errors)
FAIL: gcc.dg/pch/macro-1.c (test for excess errors)
FAIL: gcc.dg/pch/macro-1.c (test for excess errors)
FAIL: gcc.dg/pch/macro-1.c (test for excess errors)
FAIL: gcc.dg/pch/macro-2.c (test for excess errors)
FAIL: gcc.dg/pch/macro-2.c (test for excess errors)
FAIL: gcc.dg/pch/macro-2.c (test for excess errors)
FAIL: gcc.dg/pch/macro-2.c (test for excess errors)
FAIL: gcc.dg/pch/macro-2.c (test for excess errors)
FAIL: gcc.dg/pch/macro-2.c (test for excess errors)
FAIL: gcc.dg/pch/macro-2.c (test for excess errors)
FAIL: gcc.dg/pch/macro-3.c (test for excess errors)
FAIL: gcc.dg/pch/macro-3.c (test for excess errors)
FAIL: gcc.dg/pch/macro-3.c (test for excess errors)
FAIL: gcc.dg/pch/macro-3.c (test for excess errors)
FAIL: gcc.dg/pch/macro-3.c (test for excess errors)
FAIL: gcc.dg/pch/macro-3.c (test for excess errors)
FAIL: gcc.dg/pch/macro-3.c (test for excess errors)
FAIL: gcc.dg/pch/static-1.c (test for excess errors)
FAIL: gcc.dg/pch/static-1.c (test for excess errors)
FAIL: gcc.dg/pch/static-1.c (test for excess errors)
FAIL: gcc.dg/pch/static-1.c (test for excess errors)
FAIL: gcc.dg/pch/static-1.c (test for excess errors)
FAIL: gcc.dg/pch/static-1.c (test for excess errors)
FAIL: gcc.dg/pch/static-1.c (test for excess errors)
FAIL: gcc.dg/pch/static-2.c (test for excess errors)
FAIL: gcc.dg/pch/static-2.c (test for excess errors)
FAIL: gcc.dg/pch/static-2.c (test for excess errors)
FAIL: gcc.dg/pch/static-2.c (test for excess errors)
FAIL: gcc.dg/pch/static-2.c (test for excess errors)
FAIL: gcc.dg/pch/static-2.c (test for excess errors)
FAIL: gcc.dg/pch/static-2.c (test for excess errors)
FAIL: gcc.dg/pch/static-3.c (test for excess errors)
FAIL: gcc.dg/pch/static-3.c (test for excess errors)
FAIL: gcc.dg/pch/static-3.c (test for excess errors)
FAIL: gcc.dg/pch/static-3.c (test for excess errors)
FAIL: gcc.dg/pch/static-3.c (test for excess errors)
FAIL: gcc.dg/pch/static-3.c (test for excess errors)
FAIL: gcc.dg/pch/static-3.c (test for excess errors)
FAIL: gcc.dg/pch/system-1.c (test for excess errors)
FAIL: gcc.dg/pch/system-1.c (test for excess errors)
FAIL: gcc.dg/pch/system-1.c (test for excess errors)
FAIL: gcc.dg/pch/system-1.c (test for excess errors)
FAIL: gcc.dg/pch/system-1.c (test for excess errors)
FAIL: gcc.dg/pch/system-1.c (test for excess errors)
FAIL: gcc.dg/pch/system-1.c (test for excess errors)
FAIL: gcc.dg/torture/builtin-explog-1.c (test for excess errors)
FAIL: gcc.dg/torture/builtin-explog-1.c (test for excess errors)
FAIL: gcc.dg/torture/builtin-explog-1.c (test for excess errors)
FAIL: gcc.dg/torture/builtin-explog-1.c (test for excess errors)
FAIL: gcc.dg/torture/builtin-explog-1.c (test for excess errors)
FAIL: gcc.dg/torture/builtin-explog-1.c (test for excess errors)
FAIL: gcc.dg/torture/builtin-noret-1.c (test for excess errors)
FAIL: gcc.dg/torture/builtin-noret-1.c (test for excess errors)
FAIL: gcc.dg/torture/builtin-noret-1.c (test for excess errors)
FAIL: gcc.dg/torture/builtin-noret-1.c (test for excess errors)
FAIL: gcc.dg/torture/builtin-noret-1.c (test for excess errors)
FAIL: gcc.dg/torture/builtin-noret-1.c (test for excess errors)
FAIL: gcc.dg/torture/builtin-noret-2.c (test for excess errors)
FAIL: gcc.dg/torture/builtin-noret-2.c (test for excess errors)
FAIL: gcc.dg/torture/builtin-noret-2.c (test for excess errors)
FAIL: gcc.dg/torture/builtin-noret-2.c (test for excess errors)
FAIL: gcc.dg/torture/builtin-noret-2.c (test for excess errors)
FAIL: gcc.dg/torture/builtin-noret-2.c (test for excess errors)
FAIL: gcc.dg/tree-ssa/20030731-1.c scan-tree-dump-times target.*!= 0 0
FAIL: gcc.dg/tree-ssa/20030807-3.c scan-tree-dump-times if 2
FAIL: gcc.dg/tree-ssa/20030807-4.c scan-tree-dump-times if 2
ERROR: gcc.dg/tree-ssa/20030808-1.c: error executing dg-final: no files matched glob pattern "20030808-1.c.t??.dce3"
UNRESOLVED: gcc.dg/tree-ssa/20030808-1.c: error executing dg-final: no files matched glob pattern "20030808-1.c.t??.dce3"
FAIL: gcc.dg/tree-ssa/20030814-6.c scan-tree-dump-times common.code 1
FAIL: gcc.dg/tree-ssa/20030922-1.c scan-tree-dump-times if 0
FAIL: gcc.dg/tree-ssa/20030922-2.c scan-tree-dump-times if 2
FAIL: gcc.dg/tree-ssa/20031015-1.c scan-tree-dump-times VUSE 1
FAIL: gcc.dg/tree-ssa/20031106-1.c scan-tree-dump-times testarray 1
FAIL: gcc.dg/tree-ssa/20031106-2.c scan-tree-dump-times teststruct 1
FAIL: gcc.dg/tree-ssa/20031106-3.c scan-tree-dump-times link_error 0
FAIL: gcc.dg/tree-ssa/20031106-4.c scan-tree-dump-times link_error 0
FAIL: gcc.dg/tree-ssa/20031106-5.c scan-tree-dump-times link_error 0
FAIL: gcc.dg/tree-ssa/20031106-6.c scan-tree-dump-times temp_struct 0
FAIL: gcc.dg/tree-ssa/20031216-1.c scan-tree-dump-times link_error 0
FAIL: gcc.dg/tree-ssa/asm-1.c (test for excess errors)
FAIL: gcc.dg/tree-ssa/sra-2.c scan-tree-dump-times link_error 0
FAIL: gcc.dg/tree-ssa/sra-3.c scan-tree-dump-times link_error 0
FAIL: gcc.dg/tree-ssa/ssa-ccp-11.c scan-tree-dump-times if 0
FAIL: gcc.dg/tree-ssa/ssa-ccp-3.c scan-tree-dump-times link_error 0
FAIL: gcc.dg/tree-ssa/ssa-ccp-4.c scan-tree-dump-times link_error 0
FAIL: gcc.dg/tree-ssa/ssa-ccp-5.c scan-tree-dump-times link_error 0
FAIL: gcc.dg/tree-ssa/ssa-ccp-6.c scan-tree-dump-times link_error 0
FAIL: gcc.dg/tree-ssa/ssa-ccp-8.c scan-tree-dump-times link_error 0
FAIL: 209: expected branch percentages not found: 25
FAIL: gcc.misc-tests/gcov-4b.c gcov: 0 failures in line counts, 1 in branch percentages, 0 in return percentages
=== gcc Summary ===
# of expected passes 24640
# of unexpected failures 241
# of unexpected successes 10
# of expected failures 67
# of unresolved testcases 14
# of untested testcases 161
# of unsupported tests 182
/usr/local/src/gcc-binutils/branch/objdir/gcc/xgcc version 3.5-tree-ssa 20040108 (merged 20040102)
=== gfortran tests ===
Running target unix
FAIL: gfortran.fortran-torture/execute/forall_3.f90 execution, -O0
FAIL: gfortran.fortran-torture/execute/forall_3.f90 execution, -O1
FAIL: gfortran.fortran-torture/execute/forall_3.f90 execution, -O2
FAIL: gfortran.fortran-torture/execute/forall_3.f90 execution, -O2 -fomit-frame-pointer -finline-functions
FAIL: gfortran.fortran-torture/execute/forall_3.f90 execution, -O2 -fomit-frame-pointer -finline-functions -funroll-loops
FAIL: gfortran.fortran-torture/execute/forall_3.f90 execution, -O2 -fomit-frame-pointer -finline-functions -funroll-all-loops
FAIL: gfortran.fortran-torture/execute/forall_3.f90 execution, -O2 -fno-repack-arrays
FAIL: gfortran.fortran-torture/execute/forall_3.f90 execution, -O2 -fg77-calls
FAIL: gfortran.fortran-torture/execute/forall_3.f90 execution, -O3 -g
FAIL: gfortran.fortran-torture/execute/forall_3.f90 execution, -Os
=== gfortran Summary ===
# of expected passes 2480
# of unexpected failures 10
/usr/local/src/gcc-binutils/branch/objdir/gcc/testsuite/../gfortran version 3.5-tree-ssa 20040108 (merged 20040102)
=== objc tests ===
Running target unix
=== objc Summary ===
# of expected passes 1339
# of unsupported tests 7
/usr/local/src/gcc-binutils/branch/objdir/gcc/xgcc version 3.5-tree-ssa 20040108 (merged 20040102)
=== libstdc++ tests ===
Running target unix
FAIL: 23_containers/deque/invalidation/1.cc execution test
FAIL: 23_containers/deque/invalidation/2.cc execution test
FAIL: 23_containers/deque/invalidation/3.cc execution test
FAIL: 23_containers/deque/invalidation/4.cc execution test
FAIL: 23_containers/list/invalidation/1.cc execution test
FAIL: 23_containers/list/invalidation/2.cc execution test
FAIL: 23_containers/list/invalidation/3.cc execution test
FAIL: 23_containers/list/invalidation/4.cc execution test
FAIL: 23_containers/map/invalidation/1.cc execution test
FAIL: 23_containers/map/invalidation/2.cc execution test
FAIL: 23_containers/multimap/invalidation/1.cc execution test
FAIL: 23_containers/multimap/invalidation/2.cc execution test
FAIL: 23_containers/multiset/invalidation/1.cc execution test
FAIL: 23_containers/multiset/invalidation/2.cc execution test
FAIL: 23_containers/set/invalidation/1.cc execution test
FAIL: 23_containers/set/invalidation/2.cc execution test
FAIL: 23_containers/vector/invalidation/1.cc execution test
FAIL: 23_containers/vector/invalidation/2.cc execution test
FAIL: 23_containers/vector/invalidation/3.cc execution test
FAIL: 23_containers/vector/invalidation/4.cc execution test
FAIL: 26_numerics/c99_classification_macros_c.cc (test for excess errors)
FAIL: 27_io/basic_filebuf/close/12790-1.cc execution test
FAIL: 27_io/basic_filebuf/close/char/1.cc execution test
FAIL: 27_io/basic_filebuf/imbue/char/2.cc execution test
FAIL: 27_io/basic_filebuf/is_open/char/1.cc execution test
FAIL: 27_io/basic_filebuf/open/char/1.cc execution test
XPASS: 27_io/basic_filebuf/open/char/9507.cc execution test
FAIL: 27_io/basic_filebuf/sbumpc/char/9825.cc execution test
FAIL: 27_io/basic_filebuf/seekoff/12790-1.cc execution test
FAIL: 27_io/basic_filebuf/seekoff/12790-2.cc execution test
FAIL: 27_io/basic_filebuf/seekoff/12790-3.cc execution test
FAIL: 27_io/basic_filebuf/seekoff/12790-4.cc execution test
FAIL: 27_io/basic_filebuf/seekoff/char/1-in.cc execution test
FAIL: 27_io/basic_filebuf/seekoff/char/1-io.cc execution test
FAIL: 27_io/basic_filebuf/seekoff/char/1-out.cc execution test
FAIL: 27_io/basic_filebuf/seekoff/char/11543.cc execution test
FAIL: 27_io/basic_filebuf/seekoff/char/2-in.cc execution test
FAIL: 27_io/basic_filebuf/seekoff/char/2-io.cc execution test
FAIL: 27_io/basic_filebuf/seekoff/char/2-out.cc execution test
FAIL: 27_io/basic_filebuf/seekoff/char/3-in.cc execution test
FAIL: 27_io/basic_filebuf/seekoff/char/3-io.cc execution test
FAIL: 27_io/basic_filebuf/seekoff/char/3-out.cc execution test
FAIL: 27_io/basic_filebuf/seekpos/12790-1.cc execution test
FAIL: 27_io/basic_filebuf/seekpos/12790-2.cc execution test
FAIL: 27_io/basic_filebuf/seekpos/12790-3.cc execution test
FAIL: 27_io/basic_filebuf/seekpos/char/1-in.cc execution test
FAIL: 27_io/basic_filebuf/seekpos/char/1-io.cc execution test
FAIL: 27_io/basic_filebuf/seekpos/char/1-out.cc execution test
FAIL: 27_io/basic_filebuf/seekpos/char/2-in.cc execution test
FAIL: 27_io/basic_filebuf/seekpos/char/2-io.cc execution test
FAIL: 27_io/basic_filebuf/seekpos/char/2-out.cc execution test
FAIL: 27_io/basic_filebuf/seekpos/char/3-in.cc execution test
FAIL: 27_io/basic_filebuf/seekpos/char/3-io.cc execution test
FAIL: 27_io/basic_filebuf/seekpos/char/3-out.cc execution test
FAIL: 27_io/basic_filebuf/sgetn/char/1-in.cc execution test
FAIL: 27_io/basic_filebuf/sgetn/char/1-io.cc execution test
FAIL: 27_io/basic_filebuf/sputbackc/char/1-in.cc execution test
FAIL: 27_io/basic_filebuf/sputbackc/char/1-io.cc execution test
FAIL: 27_io/basic_filebuf/sputbackc/char/2-in.cc execution test
FAIL: 27_io/basic_filebuf/sputbackc/char/2-io.cc execution test
FAIL: 27_io/basic_filebuf/sungetc/char/1-in.cc execution test
FAIL: 27_io/basic_filebuf/sungetc/char/1-io.cc execution test
FAIL: 27_io/basic_filebuf/sungetc/char/2-in.cc execution test
FAIL: 27_io/basic_filebuf/sungetc/char/2-io.cc execution test
FAIL: 27_io/basic_istream/extractors_arithmetic/char/12.cc execution test
FAIL: 27_io/basic_istream/seekg/char/2346-fstream.cc execution test
FAIL: 27_io/basic_istream/seekg/char/fstream.cc execution test
FAIL: 27_io/basic_istream/tellg/char/1.cc execution test
FAIL: 27_io/basic_istream/tellg/char/fstream.cc execution test
FAIL: 27_io/basic_ostream/tellp/char/1.cc execution test
FAIL: 27_io/basic_streambuf/in_avail/char/9701-3.cc execution test
FAIL: ext/stdio_filebuf/char/10063-2.cc execution test
WARNING: program timed out.
ERROR: tcl error sourcing /usr/local/src/gcc-binutils/branch/gcc.tree-ssa/libstdc++-v3/testsuite/libstdc++-dg/normal.exp.
ERROR: couldn't create output pipe for command: permission denied
=== libstdc++ Summary ===
# of expected passes 1773
# of unexpected failures 71
# of unexpected successes 1
# of expected failures 7
Compiler version: 3.5-tree-ssa 20040108 (merged 20040102)
Platform: i786-pc-cygwin
configure flags: pentium4-cygwin --prefix=/usr/local/gcc-binutils --enable-shared --enable-threads=posix --with-system-zlib --enable-libgcj --disable-libmudflap --with-libbanshee
Counting all warnings,
there are 272 warnings in stage0 of this bootstrap.
Number of warnings per file:
41 libjava/java/lang/mprec.h
41 include/_ansi.h
33 include/bits/basic_string.h
27 include/pthread.h
13 include/bits/locale_facets.tcc
12 include/fstream
10 libiberty/regex.c
9 libtool
8 libjava/java/lang/natClassLoader.cc
7 libstdc++-v3/src/locale.cc
6 fastjar/jartool.c
5 libiberty/concat.c
4 libjava/java/lang/strtod.c
4 libjava/gnu/gcj/runtime/natNameFinder.cc
4 libiberty/getopt.c
3 libltdl/ltdl.c
3 libjava/java/lang/natRuntime.cc
3 libjava/java/lang/e_exp.c
3 libjava/java/lang/dtoa.c
3 include/xregex2.h
2 libobjc/linking.m
2 libobjc/archive.c
2 libmath/mathconf.h
2 libjava/prims.cc
2 libjava/jni.cc
2 libjava/gnu/gcj/runtime/natSharedLibLoader.cc
2 libiberty/strsignal.c
2 libgfortran/intrinsics/random.c
2 include/fibheap.h
1 libobjc/sendmsg.c
1 libobjc/encoding.c
1 libobjc/Protocol.m
1 libobjc/Object.m
1 libjava/java/lang/e_rem_pio2.c
1 libjava/java/lang/e_asin.c
1 libjava/gnu/gcj/io/shs.cc
1 libjava/boehm.cc
1 libgfortran/intrinsics/abort.c
1 java/net/natNetworkInterface.cc
1 java/lang/natConcreteProcess.cc
1 include/bits/istream.tcc
1 gcc/coretypes.h
1 gcc/boehm-gc/mark_rts.c
1 ./runtime-info.h
Number of warning types:
42 this is the location of the previous definition
41 \`_EXFUN' redefined
33 '<anonymous>' might be used uninitialized in this function
13 '__tmp' might be used uninitialized in this function
12 'this' might be used uninitialized in this function
8 signed and unsigned type in conditional expression
7 undefined symbols not allowed in i786-pc-cygwin shared libraries
5 traditional C rejects ISO C style function definitions
5 '__i' might be used uninitialized in this function
4 pointer targets in passing arg ??? of \`???' differ in signedness
4 dereferencing type-punned pointer will break strict-aliasing rules
4 comparison between signed and unsigned integer expressions
3 weak declaration of 'void* pthread_getspecific(__pthread_key_t*)' not supported
3 weak declaration of 'int pthread_setspecific(__pthread_key_t*, const void*)' not supported
3 weak declaration of 'int pthread_once(pthread_once_t*, void (*)())' not supported
3 weak declaration of 'int pthread_mutex_unlock(__pthread_mutex_t**)' not supported
3 weak declaration of 'int pthread_mutex_trylock(__pthread_mutex_t**)' not supported
3 weak declaration of 'int pthread_mutex_lock(__pthread_mutex_t**)' not supported
3 weak declaration of 'int pthread_key_delete(__pthread_key_t*)' not supported
3 weak declaration of 'int pthread_key_create(__pthread_key_t**, void (*)(void*))' not supported
3 weak declaration of 'int pthread_create(__pthread_t**, __pthread_attr_t* const*, void*(*)(void*), void*)' not supported
3 unused parameter \`???'
3 unused parameter 'name'
3 implicit declaration of function \`???'
3 assignment makes pointer from integer without a cast
3 ISO C90 does not support \`static' or type qualifiers in parameter array declarators
2 unused parameter 'n'
2 unused parameter 'addrs'
2 unused parameter '_dummy'
2 string length \`???' is greater than the length \`???' ISO C89 compilers are required to support
2 conflicting types for built-in function 'nan'
2 comparison between signed and unsigned
2 bit-field \`???' type invalid in ISO C
1 unused parameter 'preg'
1 unused parameter 'pd'
1 unused parameter 'offset'
1 unused parameter 'loader'
1 unused parameter 'length'
1 unused parameter 'data'
1 unused parameter 'argv'
1 unused parameter 'args_size'
1 unused parameter 'argc'
1 to ensure that POSIX-compatible ar will work
1 object name conflicts; overriding AR_FLAGS to 'cq'
1 function returns address of local variable
1 \`rtx' redefined
1 'z' might be used uninitialized in this function
1 'void byteReverse()' declared \`static' but never defined
1 'thrown' might be used uninitialized in this function
1 'target_flags' defined but not used
1 't' might be used uninitialized in this function
1 'struct_forward_array' defined but not used
1 'spec_case' might be used uninitialized in this function
1 'selector_name' might be used uninitialized in this function
1 'r' might be used uninitialized in this function
1 'offset' might be used uninitialized in this function
1 'look' might be used uninitialized in this function
1 'lo' might be used uninitialized in this function
1 'lib_name' might be used uninitialized in this function
1 'k' might be used uninitialized in this function
1 'ilim1' might be used uninitialized in this function
1 'ilim' might be used uninitialized in this function
1 'hi' might be used uninitialized in this function
1 'delta' might be used uninitialized in this function
1 'class_name' might be used uninitialized in this function
1 'bs' might be used uninitialized in this function
1 'bd' might be used uninitialized in this function
1 'bb' might be used uninitialized in this function
1 '__newf' might be used uninitialized in this function
1 '__fpr' might be used uninitialized in this function
1 '__c' might be used uninitialized in this function
Counting all warnings,
there are 16 warnings in stage3 of this bootstrap.
Number of warnings per file:
5 gcc/gcc.c
4 insn-conditions.c
3 g-2644
2 gcc/objc/lang-specs.h
1 gcc/java/jvspec.c
1 gcc/config/i386/i386.md
Number of warning types:
10 string length \`???' is greater than the length \`???' ISO C89 compilers are required to support
3 old-style parameter declaration
2 assignment of read-only location
1 operand 1 missing mode?