This is the mail archive of the gcc-testresults@gcc.gnu.org mailing list for the GCC project.


Index Nav: [Date Index] [Subject Index] [Author Index] [Thread Index]
Message Nav: [Date Prev] [Date Next] [Thread Prev] [Thread Next]
Other format: [Raw text]

Results for 3.5-tree-ssa 20031231 (merged 20031130) testsuite on i386-unknown-freebsd4.9


LAST_UPDATED: Wed Dec 31 01:30:00 GMT 2003

Native configuration is i386-unknown-freebsd4.9

		=== g++ tests ===


Running target unix
XPASS: g++.dg/ext/lvalue1.C not an lvalue (test for errors, line 7)
FAIL: g++.dg/lookup/using9.C  (test for errors, line 7)
FAIL: g++.dg/lookup/using9.C  (test for errors, line 8)
FAIL: g++.dg/lookup/using9.C  (test for errors, line 12)
FAIL: g++.dg/lookup/using9.C  (test for errors, line 13)
FAIL: g++.dg/lookup/using9.C  (test for errors, line 14)
FAIL: g++.dg/lookup/using9.C  (test for errors, line 22)
FAIL: g++.dg/lookup/using9.C  (test for errors, line 23)
FAIL: g++.dg/lookup/using9.C (test for excess errors)
XPASS: g++.dg/parse/stack1.C (test for excess errors)
FAIL: g++.dg/template/ptrmem7.C  (test for errors, line 38)
FAIL: g++.dg/template/ptrmem7.C  (test for errors, line 39)
FAIL: g++.dg/template/ptrmem7.C  (test for errors, line 43)
FAIL: g++.dg/template/ptrmem7.C (test for excess errors)
XPASS: g++.dg/warn/Wunused-2.C  (test for warnings, line 5)
FAIL: 258: expected branch percentages not found: 25
FAIL: g++.dg/gcov/gcov-1.C gcov: 0 failures in line counts, 1 in branch percentages, 0 in return percentages
FAIL: 23:is 2:should be 1
FAIL: g++.dg/gcov/gcov-2.C gcov: 1 failures in line counts, 0 in branch percentages, 0 in return percentages
WARNING: g++.old-deja/g++.mike/p10769a.C compilation failed to produce executable
WARNING: g++.old-deja/g++.other/enum5.C compilation failed to produce executable
WARNING: g++.old-deja/g++.pt/friend44.C compilation failed to produce executable

		=== g++ Summary ===

# of expected passes		9143
# of unexpected failures	16
# of unexpected successes	3
# of expected failures		60
# of unsupported tests		33
/stuff/gcc.obj/gcc/testsuite/../g++ version 3.5-tree-ssa 20031231 (merged 20031130)

		=== gcc tests ===


Running target unix
FAIL: gcc.c-torture/execute/builtins/string-9.c execution,  -O1 
FAIL: gcc.c-torture/execute/builtins/string-9.c execution,  -O2 
FAIL: gcc.c-torture/execute/builtins/string-9.c execution,  -O3 -fomit-frame-pointer 
FAIL: gcc.c-torture/execute/builtins/string-9.c execution,  -O3 -fomit-frame-pointer -funroll-loops 
FAIL: gcc.c-torture/execute/builtins/string-9.c execution,  -O3 -fomit-frame-pointer -funroll-all-loops -finline-functions 
FAIL: gcc.c-torture/execute/builtins/string-9.c execution,  -O3 -g 
FAIL: gcc.c-torture/execute/builtins/string-9.c execution,  -O1 
FAIL: gcc.c-torture/execute/builtins/string-9.c execution,  -O2 
FAIL: gcc.c-torture/execute/builtins/string-9.c execution,  -O3 -fomit-frame-pointer 
FAIL: gcc.c-torture/execute/builtins/string-9.c execution,  -O3 -fomit-frame-pointer -funroll-loops 
FAIL: gcc.c-torture/execute/builtins/string-9.c execution,  -O3 -fomit-frame-pointer -funroll-all-loops -finline-functions 
FAIL: gcc.c-torture/execute/builtins/string-9.c execution,  -O3 -g 
FAIL: gcc.c-torture/execute/conversion.c execution,  -O0 
FAIL: gcc.c-torture/execute/conversion.c execution,  -O1 
FAIL: gcc.c-torture/execute/conversion.c execution,  -O2 
FAIL: gcc.c-torture/execute/conversion.c execution,  -Os 
XPASS: gcc.c-torture/execute/string-opt-18.c execution,  -O0 
XPASS: gcc.c-torture/execute/string-opt-18.c execution,  -O1 
XPASS: gcc.c-torture/execute/string-opt-18.c execution,  -O2 
XPASS: gcc.c-torture/execute/string-opt-18.c execution,  -O3 -fomit-frame-pointer 
XPASS: gcc.c-torture/execute/string-opt-18.c execution,  -O3 -g 
XPASS: gcc.c-torture/execute/string-opt-18.c execution,  -Os 
FAIL: gcc.c-torture/execute/string-opt-7.c execution,  -O1 
FAIL: gcc.c-torture/execute/string-opt-7.c execution,  -O2 
FAIL: gcc.c-torture/execute/string-opt-7.c execution,  -O3 -fomit-frame-pointer 
FAIL: gcc.c-torture/execute/string-opt-7.c execution,  -O3 -g 
FAIL: gcc.c-torture/execute/string-opt-7.c execution,  -Os 
FAIL: gcc.c-torture/execute/va-arg-25.c execution,  -O0 
FAIL: gcc.c-torture/execute/va-arg-25.c execution,  -O1 
FAIL: gcc.c-torture/execute/va-arg-25.c execution,  -O2 
FAIL: gcc.c-torture/execute/va-arg-25.c execution,  -O3 -fomit-frame-pointer 
FAIL: gcc.c-torture/execute/va-arg-25.c execution,  -O3 -g 
FAIL: gcc.c-torture/execute/va-arg-25.c execution,  -Os 
UNRESOLVED: gcc.c-torture/execute/wchar_t-1.c execution,  -O0 
UNRESOLVED: gcc.c-torture/execute/wchar_t-1.c execution,  -O1 
UNRESOLVED: gcc.c-torture/execute/wchar_t-1.c execution,  -O2 
UNRESOLVED: gcc.c-torture/execute/wchar_t-1.c execution,  -O3 -fomit-frame-pointer 
UNRESOLVED: gcc.c-torture/execute/wchar_t-1.c execution,  -O3 -g 
UNRESOLVED: gcc.c-torture/execute/wchar_t-1.c execution,  -Os 
XPASS: gcc.dg/cpp/cmdlne-dI-M.c scan-file (^|\\n)cmdlne-dI-M.*:[^\\n]*cmdlne-dI-M.c
XPASS: gcc.dg/cpp/cmdlne-dM-M.c scan-file (^|\\n)cmdlne-dM-M[^\\n]*:[^\\n]*cmdlne-dM-M.c
FAIL: gcc.dg/20030331-2.c (test for excess errors)
FAIL: gcc.dg/builtins-10.c (test for excess errors)
FAIL: gcc.dg/builtins-20.c (test for excess errors)
FAIL: gcc.dg/builtins-26.c (test for excess errors)
FAIL: gcc.dg/builtins-7.c (test for excess errors)
XPASS: gcc.dg/uninit-4.c uninitialized variable warning (test for bogus messages, line 26)
XPASS: gcc.dg/uninit-5.c uninitialized variable warning (test for bogus messages, line 13)
XPASS: gcc.dg/uninit-5.c uninitialized variable warning (test for bogus messages, line 27)
XPASS: gcc.dg/uninit-8.c uninitialized variable warning (test for bogus messages, line 14)
FAIL: gcc.dg/uninit-D.c (test for excess errors)
FAIL: gcc.dg/warn-1.c  (test for warnings, line 8)
FAIL: gcc.dg/torture/builtin-explog-1.c (test for excess errors)
FAIL: gcc.dg/torture/builtin-explog-1.c (test for excess errors)
FAIL: gcc.dg/torture/builtin-explog-1.c (test for excess errors)
FAIL: gcc.dg/torture/builtin-explog-1.c (test for excess errors)
FAIL: gcc.dg/torture/builtin-explog-1.c (test for excess errors)
FAIL: gcc.dg/torture/builtin-explog-1.c (test for excess errors)
FAIL: gcc.dg/tree-ssa/20030731-1.c scan-tree-dump-times target.*!= 0 0
FAIL: gcc.dg/tree-ssa/20030807-3.c scan-tree-dump-times if  2
FAIL: gcc.dg/tree-ssa/20030807-4.c scan-tree-dump-times if  2
FAIL: gcc.dg/tree-ssa/20030814-6.c scan-tree-dump-times common.code 1
FAIL: gcc.dg/tree-ssa/20030922-1.c scan-tree-dump-times if  0
FAIL: gcc.dg/tree-ssa/20030922-2.c scan-tree-dump-times if  2
FAIL: gcc.dg/tree-ssa/20031015-1.c scan-tree-dump-times VUSE  1
FAIL: gcc.dg/tree-ssa/20031106-1.c scan-tree-dump-times testarray 1
FAIL: gcc.dg/tree-ssa/20031106-2.c scan-tree-dump-times teststruct 1
FAIL: gcc.dg/tree-ssa/20031106-3.c scan-tree-dump-times link_error 0
FAIL: gcc.dg/tree-ssa/20031106-4.c scan-tree-dump-times link_error 0
FAIL: gcc.dg/tree-ssa/20031106-5.c scan-tree-dump-times link_error 0
FAIL: gcc.dg/tree-ssa/20031106-6.c scan-tree-dump-times temp_struct 0
FAIL: gcc.dg/tree-ssa/20031216-1.c scan-tree-dump-times link_error 0
FAIL: gcc.dg/tree-ssa/sra-2.c scan-tree-dump-times link_error 0
FAIL: gcc.dg/tree-ssa/sra-3.c scan-tree-dump-times link_error 0
FAIL: gcc.dg/tree-ssa/ssa-ccp-11.c scan-tree-dump-times if 0
FAIL: gcc.dg/tree-ssa/ssa-ccp-3.c scan-tree-dump-times link_error 0
FAIL: gcc.dg/tree-ssa/ssa-ccp-4.c scan-tree-dump-times link_error 0
FAIL: gcc.dg/tree-ssa/ssa-ccp-6.c scan-tree-dump-times link_error 0
FAIL: gcc.dg/tree-ssa/ssa-ccp-8.c scan-tree-dump-times link_error 0
FAIL: 209: expected branch percentages not found: 25
FAIL: gcc.misc-tests/gcov-4b.c gcov: 0 failures in line counts, 1 in branch percentages, 0 in return percentages

		=== gcc Summary ===

# of expected passes		25005
# of unexpected failures	63
# of unexpected successes	12
# of expected failures		71
# of unresolved testcases	6
# of untested testcases		7
# of unsupported tests		163
/stuff/gcc.obj/gcc/xgcc version 3.5-tree-ssa 20031231 (merged 20031130)

		=== gfortran tests ===


Running target unix
FAIL: gfortran.fortran-torture/execute/allocate.f90 compilation,  -O0 
FAIL: gfortran.fortran-torture/execute/allocate.f90 compilation,  -O1 
FAIL: gfortran.fortran-torture/execute/allocate.f90 compilation,  -O2 
FAIL: gfortran.fortran-torture/execute/allocate.f90 compilation,  -O2 -fomit-frame-pointer -finline-functions 
FAIL: gfortran.fortran-torture/execute/allocate.f90 compilation,  -O2 -fomit-frame-pointer -finline-functions -funroll-loops 
FAIL: gfortran.fortran-torture/execute/allocate.f90 compilation,  -O2 -fomit-frame-pointer -finline-functions -funroll-all-loops 
FAIL: gfortran.fortran-torture/execute/allocate.f90 compilation,  -O2 -fno-repack-arrays 
FAIL: gfortran.fortran-torture/execute/allocate.f90 compilation,  -O2 -fg77-calls 
FAIL: gfortran.fortran-torture/execute/allocate.f90 compilation,  -O3 -g 
FAIL: gfortran.fortran-torture/execute/allocate.f90 compilation,  -Os 
FAIL: gfortran.fortran-torture/execute/alternate_return.f90 compilation,  -O0 
FAIL: gfortran.fortran-torture/execute/alternate_return.f90 compilation,  -O1 
FAIL: gfortran.fortran-torture/execute/alternate_return.f90 compilation,  -O2 
FAIL: gfortran.fortran-torture/execute/alternate_return.f90 compilation,  -O2 -fomit-frame-pointer -finline-functions 
FAIL: gfortran.fortran-torture/execute/alternate_return.f90 compilation,  -O2 -fomit-frame-pointer -finline-functions -funroll-loops 
FAIL: gfortran.fortran-torture/execute/alternate_return.f90 compilation,  -O2 -fomit-frame-pointer -finline-functions -funroll-all-loops 
FAIL: gfortran.fortran-torture/execute/alternate_return.f90 compilation,  -O2 -fno-repack-arrays 
FAIL: gfortran.fortran-torture/execute/alternate_return.f90 compilation,  -O2 -fg77-calls 
FAIL: gfortran.fortran-torture/execute/alternate_return.f90 compilation,  -O3 -g 
FAIL: gfortran.fortran-torture/execute/alternate_return.f90 compilation,  -Os 
FAIL: gfortran.fortran-torture/execute/args.f90 compilation,  -O0 
FAIL: gfortran.fortran-torture/execute/args.f90 compilation,  -O1 
FAIL: gfortran.fortran-torture/execute/args.f90 compilation,  -O2 
FAIL: gfortran.fortran-torture/execute/args.f90 compilation,  -O2 -fomit-frame-pointer -finline-functions 
FAIL: gfortran.fortran-torture/execute/args.f90 compilation,  -O2 -fomit-frame-pointer -finline-functions -funroll-loops 
FAIL: gfortran.fortran-torture/execute/args.f90 compilation,  -O2 -fomit-frame-pointer -finline-functions -funroll-all-loops 
FAIL: gfortran.fortran-torture/execute/args.f90 compilation,  -O2 -fno-repack-arrays 
FAIL: gfortran.fortran-torture/execute/args.f90 compilation,  -O2 -fg77-calls 
FAIL: gfortran.fortran-torture/execute/args.f90 compilation,  -O3 -g 
FAIL: gfortran.fortran-torture/execute/args.f90 compilation,  -Os 
FAIL: gfortran.fortran-torture/execute/arithmeticif.f90 compilation,  -O0 
FAIL: gfortran.fortran-torture/execute/arithmeticif.f90 compilation,  -O1 
FAIL: gfortran.fortran-torture/execute/arithmeticif.f90 compilation,  -O2 
FAIL: gfortran.fortran-torture/execute/arithmeticif.f90 compilation,  -O2 -fomit-frame-pointer -finline-functions 
FAIL: gfortran.fortran-torture/execute/arithmeticif.f90 compilation,  -O2 -fomit-frame-pointer -finline-functions -funroll-loops 
FAIL: gfortran.fortran-torture/execute/arithmeticif.f90 compilation,  -O2 -fomit-frame-pointer -finline-functions -funroll-all-loops 
FAIL: gfortran.fortran-torture/execute/arithmeticif.f90 compilation,  -O2 -fno-repack-arrays 
FAIL: gfortran.fortran-torture/execute/arithmeticif.f90 compilation,  -O2 -fg77-calls 
FAIL: gfortran.fortran-torture/execute/arithmeticif.f90 compilation,  -O3 -g 
FAIL: gfortran.fortran-torture/execute/arithmeticif.f90 compilation,  -Os 
FAIL: gfortran.fortran-torture/execute/arrayarg.f90 compilation,  -O0 
FAIL: gfortran.fortran-torture/execute/arrayarg.f90 compilation,  -O1 
FAIL: gfortran.fortran-torture/execute/arrayarg.f90 compilation,  -O2 
FAIL: gfortran.fortran-torture/execute/arrayarg.f90 compilation,  -O2 -fomit-frame-pointer -finline-functions 
FAIL: gfortran.fortran-torture/execute/arrayarg.f90 compilation,  -O2 -fomit-frame-pointer -finline-functions -funroll-loops 
FAIL: gfortran.fortran-torture/execute/arrayarg.f90 compilation,  -O2 -fomit-frame-pointer -finline-functions -funroll-all-loops 
FAIL: gfortran.fortran-torture/execute/arrayarg.f90 compilation,  -O2 -fno-repack-arrays 
FAIL: gfortran.fortran-torture/execute/arrayarg.f90 compilation,  -O2 -fg77-calls 
FAIL: gfortran.fortran-torture/execute/arrayarg.f90 compilation,  -O3 -g 
FAIL: gfortran.fortran-torture/execute/arrayarg.f90 compilation,  -Os 
FAIL: gfortran.fortran-torture/execute/arrayarg2.f90 compilation,  -O0 
FAIL: gfortran.fortran-torture/execute/arrayarg2.f90 compilation,  -O1 
FAIL: gfortran.fortran-torture/execute/arrayarg2.f90 compilation,  -O2 
FAIL: gfortran.fortran-torture/execute/arrayarg2.f90 compilation,  -O2 -fomit-frame-pointer -finline-functions 
FAIL: gfortran.fortran-torture/execute/arrayarg2.f90 compilation,  -O2 -fomit-frame-pointer -finline-functions -funroll-loops 
FAIL: gfortran.fortran-torture/execute/arrayarg2.f90 compilation,  -O2 -fomit-frame-pointer -finline-functions -funroll-all-loops 
FAIL: gfortran.fortran-torture/execute/arrayarg2.f90 compilation,  -O2 -fno-repack-arrays 
FAIL: gfortran.fortran-torture/execute/arrayarg2.f90 compilation,  -O2 -fg77-calls 
FAIL: gfortran.fortran-torture/execute/arrayarg2.f90 compilation,  -O3 -g 
FAIL: gfortran.fortran-torture/execute/arrayarg2.f90 compilation,  -Os 
FAIL: gfortran.fortran-torture/execute/arraysave.f90 compilation,  -O0 
FAIL: gfortran.fortran-torture/execute/arraysave.f90 compilation,  -O1 
FAIL: gfortran.fortran-torture/execute/arraysave.f90 compilation,  -O2 
FAIL: gfortran.fortran-torture/execute/arraysave.f90 compilation,  -O2 -fomit-frame-pointer -finline-functions 
FAIL: gfortran.fortran-torture/execute/arraysave.f90 compilation,  -O2 -fomit-frame-pointer -finline-functions -funroll-loops 
FAIL: gfortran.fortran-torture/execute/arraysave.f90 compilation,  -O2 -fomit-frame-pointer -finline-functions -funroll-all-loops 
FAIL: gfortran.fortran-torture/execute/arraysave.f90 compilation,  -O2 -fno-repack-arrays 
FAIL: gfortran.fortran-torture/execute/arraysave.f90 compilation,  -O2 -fg77-calls 
FAIL: gfortran.fortran-torture/execute/arraysave.f90 compilation,  -O3 -g 
FAIL: gfortran.fortran-torture/execute/arraysave.f90 compilation,  -Os 
FAIL: gfortran.fortran-torture/execute/assumed_size.f90 compilation,  -O0 
FAIL: gfortran.fortran-torture/execute/assumed_size.f90 compilation,  -O1 
FAIL: gfortran.fortran-torture/execute/assumed_size.f90 compilation,  -O2 
FAIL: gfortran.fortran-torture/execute/assumed_size.f90 compilation,  -O2 -fomit-frame-pointer -finline-functions 
FAIL: gfortran.fortran-torture/execute/assumed_size.f90 compilation,  -O2 -fomit-frame-pointer -finline-functions -funroll-loops 
FAIL: gfortran.fortran-torture/execute/assumed_size.f90 compilation,  -O2 -fomit-frame-pointer -finline-functions -funroll-all-loops 
FAIL: gfortran.fortran-torture/execute/assumed_size.f90 compilation,  -O2 -fno-repack-arrays 
FAIL: gfortran.fortran-torture/execute/assumed_size.f90 compilation,  -O2 -fg77-calls 
FAIL: gfortran.fortran-torture/execute/assumed_size.f90 compilation,  -O3 -g 
FAIL: gfortran.fortran-torture/execute/assumed_size.f90 compilation,  -Os 
FAIL: gfortran.fortran-torture/execute/bounds.f90 compilation,  -O0 
FAIL: gfortran.fortran-torture/execute/bounds.f90 compilation,  -O1 
FAIL: gfortran.fortran-torture/execute/bounds.f90 compilation,  -O2 
FAIL: gfortran.fortran-torture/execute/bounds.f90 compilation,  -O2 -fomit-frame-pointer -finline-functions 
FAIL: gfortran.fortran-torture/execute/bounds.f90 compilation,  -O2 -fomit-frame-pointer -finline-functions -funroll-loops 
FAIL: gfortran.fortran-torture/execute/bounds.f90 compilation,  -O2 -fomit-frame-pointer -finline-functions -funroll-all-loops 
FAIL: gfortran.fortran-torture/execute/bounds.f90 compilation,  -O2 -fno-repack-arrays 
FAIL: gfortran.fortran-torture/execute/bounds.f90 compilation,  -O2 -fg77-calls 
FAIL: gfortran.fortran-torture/execute/bounds.f90 compilation,  -O3 -g 
FAIL: gfortran.fortran-torture/execute/bounds.f90 compilation,  -Os 
FAIL: gfortran.fortran-torture/execute/character_select_1.f90 compilation,  -O0 
FAIL: gfortran.fortran-torture/execute/character_select_1.f90 compilation,  -O1 
FAIL: gfortran.fortran-torture/execute/character_select_1.f90 compilation,  -O2 
FAIL: gfortran.fortran-torture/execute/character_select_1.f90 compilation,  -O2 -fomit-frame-pointer -finline-functions 
FAIL: gfortran.fortran-torture/execute/character_select_1.f90 compilation,  -O2 -fomit-frame-pointer -finline-functions -funroll-loops 
FAIL: gfortran.fortran-torture/execute/character_select_1.f90 compilation,  -O2 -fomit-frame-pointer -finline-functions -funroll-all-loops 
FAIL: gfortran.fortran-torture/execute/character_select_1.f90 compilation,  -O2 -fno-repack-arrays 
FAIL: gfortran.fortran-torture/execute/character_select_1.f90 compilation,  -O2 -fg77-calls 
FAIL: gfortran.fortran-torture/execute/character_select_1.f90 compilation,  -O3 -g 
FAIL: gfortran.fortran-torture/execute/character_select_1.f90 compilation,  -Os 
FAIL: gfortran.fortran-torture/execute/cmplx.f90 compilation,  -O0 
FAIL: gfortran.fortran-torture/execute/cmplx.f90 compilation,  -O1 
FAIL: gfortran.fortran-torture/execute/cmplx.f90 compilation,  -O2 
FAIL: gfortran.fortran-torture/execute/cmplx.f90 compilation,  -O2 -fomit-frame-pointer -finline-functions 
FAIL: gfortran.fortran-torture/execute/cmplx.f90 compilation,  -O2 -fomit-frame-pointer -finline-functions -funroll-loops 
FAIL: gfortran.fortran-torture/execute/cmplx.f90 compilation,  -O2 -fomit-frame-pointer -finline-functions -funroll-all-loops 
FAIL: gfortran.fortran-torture/execute/cmplx.f90 compilation,  -O2 -fno-repack-arrays 
FAIL: gfortran.fortran-torture/execute/cmplx.f90 compilation,  -O2 -fg77-calls 
FAIL: gfortran.fortran-torture/execute/cmplx.f90 compilation,  -O3 -g 
FAIL: gfortran.fortran-torture/execute/cmplx.f90 compilation,  -Os 
FAIL: gfortran.fortran-torture/execute/common.f90 compilation,  -O0 
FAIL: gfortran.fortran-torture/execute/common.f90 compilation,  -O1 
FAIL: gfortran.fortran-torture/execute/common.f90 compilation,  -O2 
FAIL: gfortran.fortran-torture/execute/common.f90 compilation,  -O2 -fomit-frame-pointer -finline-functions 
FAIL: gfortran.fortran-torture/execute/common.f90 compilation,  -O2 -fomit-frame-pointer -finline-functions -funroll-loops 
FAIL: gfortran.fortran-torture/execute/common.f90 compilation,  -O2 -fomit-frame-pointer -finline-functions -funroll-all-loops 
FAIL: gfortran.fortran-torture/execute/common.f90 compilation,  -O2 -fno-repack-arrays 
FAIL: gfortran.fortran-torture/execute/common.f90 compilation,  -O2 -fg77-calls 
FAIL: gfortran.fortran-torture/execute/common.f90 compilation,  -O3 -g 
FAIL: gfortran.fortran-torture/execute/common.f90 compilation,  -Os 
FAIL: gfortran.fortran-torture/execute/common_size.f90 compilation,  -O0 
FAIL: gfortran.fortran-torture/execute/common_size.f90 compilation,  -O1 
FAIL: gfortran.fortran-torture/execute/common_size.f90 compilation,  -O2 
FAIL: gfortran.fortran-torture/execute/common_size.f90 compilation,  -O2 -fomit-frame-pointer -finline-functions 
FAIL: gfortran.fortran-torture/execute/common_size.f90 compilation,  -O2 -fomit-frame-pointer -finline-functions -funroll-loops 
FAIL: gfortran.fortran-torture/execute/common_size.f90 compilation,  -O2 -fomit-frame-pointer -finline-functions -funroll-all-loops 
FAIL: gfortran.fortran-torture/execute/common_size.f90 compilation,  -O2 -fno-repack-arrays 
FAIL: gfortran.fortran-torture/execute/common_size.f90 compilation,  -O2 -fg77-calls 
FAIL: gfortran.fortran-torture/execute/common_size.f90 compilation,  -O3 -g 
FAIL: gfortran.fortran-torture/execute/common_size.f90 compilation,  -Os 
FAIL: gfortran.fortran-torture/execute/constructor.f90 compilation,  -O0 
FAIL: gfortran.fortran-torture/execute/constructor.f90 compilation,  -O1 
FAIL: gfortran.fortran-torture/execute/constructor.f90 compilation,  -O2 
FAIL: gfortran.fortran-torture/execute/constructor.f90 compilation,  -O2 -fomit-frame-pointer -finline-functions 
FAIL: gfortran.fortran-torture/execute/constructor.f90 compilation,  -O2 -fomit-frame-pointer -finline-functions -funroll-loops 
FAIL: gfortran.fortran-torture/execute/constructor.f90 compilation,  -O2 -fomit-frame-pointer -finline-functions -funroll-all-loops 
FAIL: gfortran.fortran-torture/execute/constructor.f90 compilation,  -O2 -fno-repack-arrays 
FAIL: gfortran.fortran-torture/execute/constructor.f90 compilation,  -O2 -fg77-calls 
FAIL: gfortran.fortran-torture/execute/constructor.f90 compilation,  -O3 -g 
FAIL: gfortran.fortran-torture/execute/constructor.f90 compilation,  -Os 
FAIL: gfortran.fortran-torture/execute/contained.f90 compilation,  -O0 
FAIL: gfortran.fortran-torture/execute/contained.f90 compilation,  -O1 
FAIL: gfortran.fortran-torture/execute/contained.f90 compilation,  -O2 
FAIL: gfortran.fortran-torture/execute/contained.f90 compilation,  -O2 -fomit-frame-pointer -finline-functions 
FAIL: gfortran.fortran-torture/execute/contained.f90 compilation,  -O2 -fomit-frame-pointer -finline-functions -funroll-loops 
FAIL: gfortran.fortran-torture/execute/contained.f90 compilation,  -O2 -fomit-frame-pointer -finline-functions -funroll-all-loops 
FAIL: gfortran.fortran-torture/execute/contained.f90 compilation,  -O2 -fno-repack-arrays 
FAIL: gfortran.fortran-torture/execute/contained.f90 compilation,  -O2 -fg77-calls 
FAIL: gfortran.fortran-torture/execute/contained.f90 compilation,  -O3 -g 
FAIL: gfortran.fortran-torture/execute/contained.f90 compilation,  -Os 
FAIL: gfortran.fortran-torture/execute/contained2.f90 compilation,  -O0 
FAIL: gfortran.fortran-torture/execute/contained2.f90 compilation,  -O1 
FAIL: gfortran.fortran-torture/execute/contained2.f90 compilation,  -O2 
FAIL: gfortran.fortran-torture/execute/contained2.f90 compilation,  -O2 -fomit-frame-pointer -finline-functions 
FAIL: gfortran.fortran-torture/execute/contained2.f90 compilation,  -O2 -fomit-frame-pointer -finline-functions -funroll-loops 
FAIL: gfortran.fortran-torture/execute/contained2.f90 compilation,  -O2 -fomit-frame-pointer -finline-functions -funroll-all-loops 
FAIL: gfortran.fortran-torture/execute/contained2.f90 compilation,  -O2 -fno-repack-arrays 
FAIL: gfortran.fortran-torture/execute/contained2.f90 compilation,  -O2 -fg77-calls 
FAIL: gfortran.fortran-torture/execute/contained2.f90 compilation,  -O3 -g 
FAIL: gfortran.fortran-torture/execute/contained2.f90 compilation,  -Os 
FAIL: gfortran.fortran-torture/execute/data.f90 compilation,  -O0 
FAIL: gfortran.fortran-torture/execute/data.f90 compilation,  -O1 
FAIL: gfortran.fortran-torture/execute/data.f90 compilation,  -O2 
FAIL: gfortran.fortran-torture/execute/data.f90 compilation,  -O2 -fomit-frame-pointer -finline-functions 
FAIL: gfortran.fortran-torture/execute/data.f90 compilation,  -O2 -fomit-frame-pointer -finline-functions -funroll-loops 
FAIL: gfortran.fortran-torture/execute/data.f90 compilation,  -O2 -fomit-frame-pointer -finline-functions -funroll-all-loops 
FAIL: gfortran.fortran-torture/execute/data.f90 compilation,  -O2 -fno-repack-arrays 
FAIL: gfortran.fortran-torture/execute/data.f90 compilation,  -O2 -fg77-calls 
FAIL: gfortran.fortran-torture/execute/data.f90 compilation,  -O3 -g 
FAIL: gfortran.fortran-torture/execute/data.f90 compilation,  -Os 
FAIL: gfortran.fortran-torture/execute/dep_fails.f90 compilation,  -O0 
FAIL: gfortran.fortran-torture/execute/dep_fails.f90 compilation,  -O1 
FAIL: gfortran.fortran-torture/execute/dep_fails.f90 compilation,  -O2 
FAIL: gfortran.fortran-torture/execute/dep_fails.f90 compilation,  -O2 -fomit-frame-pointer -finline-functions 
FAIL: gfortran.fortran-torture/execute/dep_fails.f90 compilation,  -O2 -fomit-frame-pointer -finline-functions -funroll-loops 
FAIL: gfortran.fortran-torture/execute/dep_fails.f90 compilation,  -O2 -fomit-frame-pointer -finline-functions -funroll-all-loops 
FAIL: gfortran.fortran-torture/execute/dep_fails.f90 compilation,  -O2 -fno-repack-arrays 
FAIL: gfortran.fortran-torture/execute/dep_fails.f90 compilation,  -O2 -fg77-calls 
FAIL: gfortran.fortran-torture/execute/dep_fails.f90 compilation,  -O3 -g 
FAIL: gfortran.fortran-torture/execute/dep_fails.f90 compilation,  -Os 
FAIL: gfortran.fortran-torture/execute/der_init.f90 compilation,  -O0 
FAIL: gfortran.fortran-torture/execute/der_init.f90 compilation,  -O1 
FAIL: gfortran.fortran-torture/execute/der_init.f90 compilation,  -O2 
FAIL: gfortran.fortran-torture/execute/der_init.f90 compilation,  -O2 -fomit-frame-pointer -finline-functions 
FAIL: gfortran.fortran-torture/execute/der_init.f90 compilation,  -O2 -fomit-frame-pointer -finline-functions -funroll-loops 
FAIL: gfortran.fortran-torture/execute/der_init.f90 compilation,  -O2 -fomit-frame-pointer -finline-functions -funroll-all-loops 
FAIL: gfortran.fortran-torture/execute/der_init.f90 compilation,  -O2 -fno-repack-arrays 
FAIL: gfortran.fortran-torture/execute/der_init.f90 compilation,  -O2 -fg77-calls 
FAIL: gfortran.fortran-torture/execute/der_init.f90 compilation,  -O3 -g 
FAIL: gfortran.fortran-torture/execute/der_init.f90 compilation,  -Os 
FAIL: gfortran.fortran-torture/execute/der_point.f90 compilation,  -O0 
FAIL: gfortran.fortran-torture/execute/der_point.f90 compilation,  -O1 
FAIL: gfortran.fortran-torture/execute/der_point.f90 compilation,  -O2 
FAIL: gfortran.fortran-torture/execute/der_point.f90 compilation,  -O2 -fomit-frame-pointer -finline-functions 
FAIL: gfortran.fortran-torture/execute/der_point.f90 compilation,  -O2 -fomit-frame-pointer -finline-functions -funroll-loops 
FAIL: gfortran.fortran-torture/execute/der_point.f90 compilation,  -O2 -fomit-frame-pointer -finline-functions -funroll-all-loops 
FAIL: gfortran.fortran-torture/execute/der_point.f90 compilation,  -O2 -fno-repack-arrays 
FAIL: gfortran.fortran-torture/execute/der_point.f90 compilation,  -O2 -fg77-calls 
FAIL: gfortran.fortran-torture/execute/der_point.f90 compilation,  -O3 -g 
FAIL: gfortran.fortran-torture/execute/der_point.f90 compilation,  -Os 
FAIL: gfortran.fortran-torture/execute/der_type.f90 compilation,  -O0 
FAIL: gfortran.fortran-torture/execute/der_type.f90 compilation,  -O1 
FAIL: gfortran.fortran-torture/execute/der_type.f90 compilation,  -O2 
FAIL: gfortran.fortran-torture/execute/der_type.f90 compilation,  -O2 -fomit-frame-pointer -finline-functions 
FAIL: gfortran.fortran-torture/execute/der_type.f90 compilation,  -O2 -fomit-frame-pointer -finline-functions -funroll-loops 
FAIL: gfortran.fortran-torture/execute/der_type.f90 compilation,  -O2 -fomit-frame-pointer -finline-functions -funroll-all-loops 
FAIL: gfortran.fortran-torture/execute/der_type.f90 compilation,  -O2 -fno-repack-arrays 
FAIL: gfortran.fortran-torture/execute/der_type.f90 compilation,  -O2 -fg77-calls 
FAIL: gfortran.fortran-torture/execute/der_type.f90 compilation,  -O3 -g 
FAIL: gfortran.fortran-torture/execute/der_type.f90 compilation,  -Os 
FAIL: gfortran.fortran-torture/execute/elemental.f90 compilation,  -O0 
FAIL: gfortran.fortran-torture/execute/elemental.f90 compilation,  -O1 
FAIL: gfortran.fortran-torture/execute/elemental.f90 compilation,  -O2 
FAIL: gfortran.fortran-torture/execute/elemental.f90 compilation,  -O2 -fomit-frame-pointer -finline-functions 
FAIL: gfortran.fortran-torture/execute/elemental.f90 compilation,  -O2 -fomit-frame-pointer -finline-functions -funroll-loops 
FAIL: gfortran.fortran-torture/execute/elemental.f90 compilation,  -O2 -fomit-frame-pointer -finline-functions -funroll-all-loops 
FAIL: gfortran.fortran-torture/execute/elemental.f90 compilation,  -O2 -fno-repack-arrays 
FAIL: gfortran.fortran-torture/execute/elemental.f90 compilation,  -O2 -fg77-calls 
FAIL: gfortran.fortran-torture/execute/elemental.f90 compilation,  -O3 -g 
FAIL: gfortran.fortran-torture/execute/elemental.f90 compilation,  -Os 
FAIL: gfortran.fortran-torture/execute/forall.f90 compilation,  -O0 
FAIL: gfortran.fortran-torture/execute/forall.f90 compilation,  -O1 
FAIL: gfortran.fortran-torture/execute/forall.f90 compilation,  -O2 
FAIL: gfortran.fortran-torture/execute/forall.f90 compilation,  -O2 -fomit-frame-pointer -finline-functions 
FAIL: gfortran.fortran-torture/execute/forall.f90 compilation,  -O2 -fomit-frame-pointer -finline-functions -funroll-loops 
FAIL: gfortran.fortran-torture/execute/forall.f90 compilation,  -O2 -fomit-frame-pointer -finline-functions -funroll-all-loops 
FAIL: gfortran.fortran-torture/execute/forall.f90 compilation,  -O2 -fno-repack-arrays 
FAIL: gfortran.fortran-torture/execute/forall.f90 compilation,  -O2 -fg77-calls 
FAIL: gfortran.fortran-torture/execute/forall.f90 compilation,  -O3 -g 
FAIL: gfortran.fortran-torture/execute/forall.f90 compilation,  -Os 
FAIL: gfortran.fortran-torture/execute/forall_1.f90 compilation,  -O0 
FAIL: gfortran.fortran-torture/execute/forall_1.f90 compilation,  -O1 
FAIL: gfortran.fortran-torture/execute/forall_1.f90 compilation,  -O2 
FAIL: gfortran.fortran-torture/execute/forall_1.f90 compilation,  -O2 -fomit-frame-pointer -finline-functions 
FAIL: gfortran.fortran-torture/execute/forall_1.f90 compilation,  -O2 -fomit-frame-pointer -finline-functions -funroll-loops 
FAIL: gfortran.fortran-torture/execute/forall_1.f90 compilation,  -O2 -fomit-frame-pointer -finline-functions -funroll-all-loops 
FAIL: gfortran.fortran-torture/execute/forall_1.f90 compilation,  -O2 -fno-repack-arrays 
FAIL: gfortran.fortran-torture/execute/forall_1.f90 compilation,  -O2 -fg77-calls 
FAIL: gfortran.fortran-torture/execute/forall_1.f90 compilation,  -O3 -g 
FAIL: gfortran.fortran-torture/execute/forall_1.f90 compilation,  -Os 
FAIL: gfortran.fortran-torture/execute/forall_2.f90 compilation,  -O0 
FAIL: gfortran.fortran-torture/execute/forall_2.f90 compilation,  -O1 
FAIL: gfortran.fortran-torture/execute/forall_2.f90 compilation,  -O2 
FAIL: gfortran.fortran-torture/execute/forall_2.f90 compilation,  -O2 -fomit-frame-pointer -finline-functions 
FAIL: gfortran.fortran-torture/execute/forall_2.f90 compilation,  -O2 -fomit-frame-pointer -finline-functions -funroll-loops 
FAIL: gfortran.fortran-torture/execute/forall_2.f90 compilation,  -O2 -fomit-frame-pointer -finline-functions -funroll-all-loops 
FAIL: gfortran.fortran-torture/execute/forall_2.f90 compilation,  -O2 -fno-repack-arrays 
FAIL: gfortran.fortran-torture/execute/forall_2.f90 compilation,  -O2 -fg77-calls 
FAIL: gfortran.fortran-torture/execute/forall_2.f90 compilation,  -O3 -g 
FAIL: gfortran.fortran-torture/execute/forall_2.f90 compilation,  -Os 
FAIL: gfortran.fortran-torture/execute/forall_3.f90 compilation,  -O0 
FAIL: gfortran.fortran-torture/execute/forall_3.f90 compilation,  -O1 
FAIL: gfortran.fortran-torture/execute/forall_3.f90 compilation,  -O2 
FAIL: gfortran.fortran-torture/execute/forall_3.f90 compilation,  -O2 -fomit-frame-pointer -finline-functions 
FAIL: gfortran.fortran-torture/execute/forall_3.f90 compilation,  -O2 -fomit-frame-pointer -finline-functions -funroll-loops 
FAIL: gfortran.fortran-torture/execute/forall_3.f90 compilation,  -O2 -fomit-frame-pointer -finline-functions -funroll-all-loops 
FAIL: gfortran.fortran-torture/execute/forall_3.f90 compilation,  -O2 -fno-repack-arrays 
FAIL: gfortran.fortran-torture/execute/forall_3.f90 compilation,  -O2 -fg77-calls 
FAIL: gfortran.fortran-torture/execute/forall_3.f90 compilation,  -O3 -g 
FAIL: gfortran.fortran-torture/execute/forall_3.f90 compilation,  -Os 
FAIL: gfortran.fortran-torture/execute/forall_4.f90 compilation,  -O0 
FAIL: gfortran.fortran-torture/execute/forall_4.f90 compilation,  -O1 
FAIL: gfortran.fortran-torture/execute/forall_4.f90 compilation,  -O2 
FAIL: gfortran.fortran-torture/execute/forall_4.f90 compilation,  -O2 -fomit-frame-pointer -finline-functions 
FAIL: gfortran.fortran-torture/execute/forall_4.f90 compilation,  -O2 -fomit-frame-pointer -finline-functions -funroll-loops 
FAIL: gfortran.fortran-torture/execute/forall_4.f90 compilation,  -O2 -fomit-frame-pointer -finline-functions -funroll-all-loops 
FAIL: gfortran.fortran-torture/execute/forall_4.f90 compilation,  -O2 -fno-repack-arrays 
FAIL: gfortran.fortran-torture/execute/forall_4.f90 compilation,  -O2 -fg77-calls 
FAIL: gfortran.fortran-torture/execute/forall_4.f90 compilation,  -O3 -g 
FAIL: gfortran.fortran-torture/execute/forall_4.f90 compilation,  -Os 
FAIL: gfortran.fortran-torture/execute/forall_5.f90 compilation,  -O0 
FAIL: gfortran.fortran-torture/execute/forall_5.f90 compilation,  -O1 
FAIL: gfortran.fortran-torture/execute/forall_5.f90 compilation,  -O2 
FAIL: gfortran.fortran-torture/execute/forall_5.f90 compilation,  -O2 -fomit-frame-pointer -finline-functions 
FAIL: gfortran.fortran-torture/execute/forall_5.f90 compilation,  -O2 -fomit-frame-pointer -finline-functions -funroll-loops 
FAIL: gfortran.fortran-torture/execute/forall_5.f90 compilation,  -O2 -fomit-frame-pointer -finline-functions -funroll-all-loops 
FAIL: gfortran.fortran-torture/execute/forall_5.f90 compilation,  -O2 -fno-repack-arrays 
FAIL: gfortran.fortran-torture/execute/forall_5.f90 compilation,  -O2 -fg77-calls 
FAIL: gfortran.fortran-torture/execute/forall_5.f90 compilation,  -O3 -g 
FAIL: gfortran.fortran-torture/execute/forall_5.f90 compilation,  -Os 
FAIL: gfortran.fortran-torture/execute/forall_6.f90 compilation,  -O0 
FAIL: gfortran.fortran-torture/execute/forall_6.f90 compilation,  -O1 
FAIL: gfortran.fortran-torture/execute/forall_6.f90 compilation,  -O2 
FAIL: gfortran.fortran-torture/execute/forall_6.f90 compilation,  -O2 -fomit-frame-pointer -finline-functions 
FAIL: gfortran.fortran-torture/execute/forall_6.f90 compilation,  -O2 -fomit-frame-pointer -finline-functions -funroll-loops 
FAIL: gfortran.fortran-torture/execute/forall_6.f90 compilation,  -O2 -fomit-frame-pointer -finline-functions -funroll-all-loops 
FAIL: gfortran.fortran-torture/execute/forall_6.f90 compilation,  -O2 -fno-repack-arrays 
FAIL: gfortran.fortran-torture/execute/forall_6.f90 compilation,  -O2 -fg77-calls 
FAIL: gfortran.fortran-torture/execute/forall_6.f90 compilation,  -O3 -g 
FAIL: gfortran.fortran-torture/execute/forall_6.f90 compilation,  -Os 
FAIL: gfortran.fortran-torture/execute/function_module_1.f90 compilation,  -O0 
FAIL: gfortran.fortran-torture/execute/function_module_1.f90 compilation,  -O1 
FAIL: gfortran.fortran-torture/execute/function_module_1.f90 compilation,  -O2 
FAIL: gfortran.fortran-torture/execute/function_module_1.f90 compilation,  -O2 -fomit-frame-pointer -finline-functions 
FAIL: gfortran.fortran-torture/execute/function_module_1.f90 compilation,  -O2 -fomit-frame-pointer -finline-functions -funroll-loops 
FAIL: gfortran.fortran-torture/execute/function_module_1.f90 compilation,  -O2 -fomit-frame-pointer -finline-functions -funroll-all-loops 
FAIL: gfortran.fortran-torture/execute/function_module_1.f90 compilation,  -O2 -fno-repack-arrays 
FAIL: gfortran.fortran-torture/execute/function_module_1.f90 compilation,  -O2 -fg77-calls 
FAIL: gfortran.fortran-torture/execute/function_module_1.f90 compilation,  -O3 -g 
FAIL: gfortran.fortran-torture/execute/function_module_1.f90 compilation,  -Os 
FAIL: gfortran.fortran-torture/execute/initializer.f90 compilation,  -O0 
FAIL: gfortran.fortran-torture/execute/initializer.f90 compilation,  -O1 
FAIL: gfortran.fortran-torture/execute/initializer.f90 compilation,  -O2 
FAIL: gfortran.fortran-torture/execute/initializer.f90 compilation,  -O2 -fomit-frame-pointer -finline-functions 
FAIL: gfortran.fortran-torture/execute/initializer.f90 compilation,  -O2 -fomit-frame-pointer -finline-functions -funroll-loops 
FAIL: gfortran.fortran-torture/execute/initializer.f90 compilation,  -O2 -fomit-frame-pointer -finline-functions -funroll-all-loops 
FAIL: gfortran.fortran-torture/execute/initializer.f90 compilation,  -O2 -fno-repack-arrays 
FAIL: gfortran.fortran-torture/execute/initializer.f90 compilation,  -O2 -fg77-calls 
FAIL: gfortran.fortran-torture/execute/initializer.f90 compilation,  -O3 -g 
FAIL: gfortran.fortran-torture/execute/initializer.f90 compilation,  -Os 
FAIL: gfortran.fortran-torture/execute/integer_select.f90 compilation,  -O0 
FAIL: gfortran.fortran-torture/execute/integer_select.f90 compilation,  -O1 
FAIL: gfortran.fortran-torture/execute/integer_select.f90 compilation,  -O2 
FAIL: gfortran.fortran-torture/execute/integer_select.f90 compilation,  -O2 -fomit-frame-pointer -finline-functions 
FAIL: gfortran.fortran-torture/execute/integer_select.f90 compilation,  -O2 -fomit-frame-pointer -finline-functions -funroll-loops 
FAIL: gfortran.fortran-torture/execute/integer_select.f90 compilation,  -O2 -fomit-frame-pointer -finline-functions -funroll-all-loops 
FAIL: gfortran.fortran-torture/execute/integer_select.f90 compilation,  -O2 -fno-repack-arrays 
FAIL: gfortran.fortran-torture/execute/integer_select.f90 compilation,  -O2 -fg77-calls 
FAIL: gfortran.fortran-torture/execute/integer_select.f90 compilation,  -O3 -g 
FAIL: gfortran.fortran-torture/execute/integer_select.f90 compilation,  -Os 
FAIL: gfortran.fortran-torture/execute/integer_select_1.f90 compilation,  -O0 
FAIL: gfortran.fortran-torture/execute/integer_select_1.f90 compilation,  -O1 
FAIL: gfortran.fortran-torture/execute/integer_select_1.f90 compilation,  -O2 
FAIL: gfortran.fortran-torture/execute/integer_select_1.f90 compilation,  -O2 -fomit-frame-pointer -finline-functions 
FAIL: gfortran.fortran-torture/execute/integer_select_1.f90 compilation,  -O2 -fomit-frame-pointer -finline-functions -funroll-loops 
FAIL: gfortran.fortran-torture/execute/integer_select_1.f90 compilation,  -O2 -fomit-frame-pointer -finline-functions -funroll-all-loops 
FAIL: gfortran.fortran-torture/execute/integer_select_1.f90 compilation,  -O2 -fno-repack-arrays 
FAIL: gfortran.fortran-torture/execute/integer_select_1.f90 compilation,  -O2 -fg77-calls 
FAIL: gfortran.fortran-torture/execute/integer_select_1.f90 compilation,  -O3 -g 
FAIL: gfortran.fortran-torture/execute/integer_select_1.f90 compilation,  -Os 
FAIL: gfortran.fortran-torture/execute/intrinsic_abs.f90 compilation,  -O0 
FAIL: gfortran.fortran-torture/execute/intrinsic_abs.f90 compilation,  -O1 
FAIL: gfortran.fortran-torture/execute/intrinsic_abs.f90 compilation,  -O2 
FAIL: gfortran.fortran-torture/execute/intrinsic_abs.f90 compilation,  -O2 -fomit-frame-pointer -finline-functions 
FAIL: gfortran.fortran-torture/execute/intrinsic_abs.f90 compilation,  -O2 -fomit-frame-pointer -finline-functions -funroll-loops 
FAIL: gfortran.fortran-torture/execute/intrinsic_abs.f90 compilation,  -O2 -fomit-frame-pointer -finline-functions -funroll-all-loops 
FAIL: gfortran.fortran-torture/execute/intrinsic_abs.f90 compilation,  -O2 -fno-repack-arrays 
FAIL: gfortran.fortran-torture/execute/intrinsic_abs.f90 compilation,  -O2 -fg77-calls 
FAIL: gfortran.fortran-torture/execute/intrinsic_abs.f90 compilation,  -O3 -g 
FAIL: gfortran.fortran-torture/execute/intrinsic_abs.f90 compilation,  -Os 
FAIL: gfortran.fortran-torture/execute/intrinsic_achar.f90 compilation,  -O0 
FAIL: gfortran.fortran-torture/execute/intrinsic_achar.f90 compilation,  -O1 
FAIL: gfortran.fortran-torture/execute/intrinsic_achar.f90 compilation,  -O2 
FAIL: gfortran.fortran-torture/execute/intrinsic_achar.f90 compilation,  -O2 -fomit-frame-pointer -finline-functions 
FAIL: gfortran.fortran-torture/execute/intrinsic_achar.f90 compilation,  -O2 -fomit-frame-pointer -finline-functions -funroll-loops 
FAIL: gfortran.fortran-torture/execute/intrinsic_achar.f90 compilation,  -O2 -fomit-frame-pointer -finline-functions -funroll-all-loops 
FAIL: gfortran.fortran-torture/execute/intrinsic_achar.f90 compilation,  -O2 -fno-repack-arrays 
FAIL: gfortran.fortran-torture/execute/intrinsic_achar.f90 compilation,  -O2 -fg77-calls 
FAIL: gfortran.fortran-torture/execute/intrinsic_achar.f90 compilation,  -O3 -g 
FAIL: gfortran.fortran-torture/execute/intrinsic_achar.f90 compilation,  -Os 
FAIL: gfortran.fortran-torture/execute/intrinsic_aint_anint.f90 compilation,  -O0 
FAIL: gfortran.fortran-torture/execute/intrinsic_aint_anint.f90 compilation,  -O1 
FAIL: gfortran.fortran-torture/execute/intrinsic_aint_anint.f90 compilation,  -O2 
FAIL: gfortran.fortran-torture/execute/intrinsic_aint_anint.f90 compilation,  -O2 -fomit-frame-pointer -finline-functions 
FAIL: gfortran.fortran-torture/execute/intrinsic_aint_anint.f90 compilation,  -O2 -fomit-frame-pointer -finline-functions -funroll-loops 
FAIL: gfortran.fortran-torture/execute/intrinsic_aint_anint.f90 compilation,  -O2 -fomit-frame-pointer -finline-functions -funroll-all-loops 
FAIL: gfortran.fortran-torture/execute/intrinsic_aint_anint.f90 compilation,  -O2 -fno-repack-arrays 
FAIL: gfortran.fortran-torture/execute/intrinsic_aint_anint.f90 compilation,  -O2 -fg77-calls 
FAIL: gfortran.fortran-torture/execute/intrinsic_aint_anint.f90 compilation,  -O3 -g 
FAIL: gfortran.fortran-torture/execute/intrinsic_aint_anint.f90 compilation,  -Os 
FAIL: gfortran.fortran-torture/execute/intrinsic_anyall.f90 compilation,  -O0 
FAIL: gfortran.fortran-torture/execute/intrinsic_anyall.f90 compilation,  -O1 
FAIL: gfortran.fortran-torture/execute/intrinsic_anyall.f90 compilation,  -O2 
FAIL: gfortran.fortran-torture/execute/intrinsic_anyall.f90 compilation,  -O2 -fomit-frame-pointer -finline-functions 
FAIL: gfortran.fortran-torture/execute/intrinsic_anyall.f90 compilation,  -O2 -fomit-frame-pointer -finline-functions -funroll-loops 
FAIL: gfortran.fortran-torture/execute/intrinsic_anyall.f90 compilation,  -O2 -fomit-frame-pointer -finline-functions -funroll-all-loops 
FAIL: gfortran.fortran-torture/execute/intrinsic_anyall.f90 compilation,  -O2 -fno-repack-arrays 
FAIL: gfortran.fortran-torture/execute/intrinsic_anyall.f90 compilation,  -O2 -fg77-calls 
FAIL: gfortran.fortran-torture/execute/intrinsic_anyall.f90 compilation,  -O3 -g 
FAIL: gfortran.fortran-torture/execute/intrinsic_anyall.f90 compilation,  -Os 
FAIL: gfortran.fortran-torture/execute/intrinsic_associated.f90 compilation,  -O0 
FAIL: gfortran.fortran-torture/execute/intrinsic_associated.f90 compilation,  -O1 
FAIL: gfortran.fortran-torture/execute/intrinsic_associated.f90 compilation,  -O2 
FAIL: gfortran.fortran-torture/execute/intrinsic_associated.f90 compilation,  -O2 -fomit-frame-pointer -finline-functions 
FAIL: gfortran.fortran-torture/execute/intrinsic_associated.f90 compilation,  -O2 -fomit-frame-pointer -finline-functions -funroll-loops 
FAIL: gfortran.fortran-torture/execute/intrinsic_associated.f90 compilation,  -O2 -fomit-frame-pointer -finline-functions -funroll-all-loops 
FAIL: gfortran.fortran-torture/execute/intrinsic_associated.f90 compilation,  -O2 -fno-repack-arrays 
FAIL: gfortran.fortran-torture/execute/intrinsic_associated.f90 compilation,  -O2 -fg77-calls 
FAIL: gfortran.fortran-torture/execute/intrinsic_associated.f90 compilation,  -O3 -g 
FAIL: gfortran.fortran-torture/execute/intrinsic_associated.f90 compilation,  -Os 
FAIL: gfortran.fortran-torture/execute/intrinsic_associated_2.f90 compilation,  -O0 
FAIL: gfortran.fortran-torture/execute/intrinsic_associated_2.f90 compilation,  -O1 
FAIL: gfortran.fortran-torture/execute/intrinsic_associated_2.f90 compilation,  -O2 
FAIL: gfortran.fortran-torture/execute/intrinsic_associated_2.f90 compilation,  -O2 -fomit-frame-pointer -finline-functions 
FAIL: gfortran.fortran-torture/execute/intrinsic_associated_2.f90 compilation,  -O2 -fomit-frame-pointer -finline-functions -funroll-loops 
FAIL: gfortran.fortran-torture/execute/intrinsic_associated_2.f90 compilation,  -O2 -fomit-frame-pointer -finline-functions -funroll-all-loops 
FAIL: gfortran.fortran-torture/execute/intrinsic_associated_2.f90 compilation,  -O2 -fno-repack-arrays 
FAIL: gfortran.fortran-torture/execute/intrinsic_associated_2.f90 compilation,  -O2 -fg77-calls 
FAIL: gfortran.fortran-torture/execute/intrinsic_associated_2.f90 compilation,  -O3 -g 
FAIL: gfortran.fortran-torture/execute/intrinsic_associated_2.f90 compilation,  -Os 
FAIL: gfortran.fortran-torture/execute/intrinsic_bitops.f90 compilation,  -O0 
FAIL: gfortran.fortran-torture/execute/intrinsic_bitops.f90 compilation,  -O1 
FAIL: gfortran.fortran-torture/execute/intrinsic_bitops.f90 compilation,  -O2 
FAIL: gfortran.fortran-torture/execute/intrinsic_bitops.f90 compilation,  -O2 -fomit-frame-pointer -finline-functions 
FAIL: gfortran.fortran-torture/execute/intrinsic_bitops.f90 compilation,  -O2 -fomit-frame-pointer -finline-functions -funroll-loops 
FAIL: gfortran.fortran-torture/execute/intrinsic_bitops.f90 compilation,  -O2 -fomit-frame-pointer -finline-functions -funroll-all-loops 
FAIL: gfortran.fortran-torture/execute/intrinsic_bitops.f90 compilation,  -O2 -fno-repack-arrays 
FAIL: gfortran.fortran-torture/execute/intrinsic_bitops.f90 compilation,  -O2 -fg77-calls 
FAIL: gfortran.fortran-torture/execute/intrinsic_bitops.f90 compilation,  -O3 -g 
FAIL: gfortran.fortran-torture/execute/intrinsic_bitops.f90 compilation,  -Os 
FAIL: gfortran.fortran-torture/execute/intrinsic_count.f90 compilation,  -O0 
FAIL: gfortran.fortran-torture/execute/intrinsic_count.f90 compilation,  -O1 
FAIL: gfortran.fortran-torture/execute/intrinsic_count.f90 compilation,  -O2 
FAIL: gfortran.fortran-torture/execute/intrinsic_count.f90 compilation,  -O2 -fomit-frame-pointer -finline-functions 
FAIL: gfortran.fortran-torture/execute/intrinsic_count.f90 compilation,  -O2 -fomit-frame-pointer -finline-functions -funroll-loops 
FAIL: gfortran.fortran-torture/execute/intrinsic_count.f90 compilation,  -O2 -fomit-frame-pointer -finline-functions -funroll-all-loops 
FAIL: gfortran.fortran-torture/execute/intrinsic_count.f90 compilation,  -O2 -fno-repack-arrays 
FAIL: gfortran.fortran-torture/execute/intrinsic_count.f90 compilation,  -O2 -fg77-calls 
FAIL: gfortran.fortran-torture/execute/intrinsic_count.f90 compilation,  -O3 -g 
FAIL: gfortran.fortran-torture/execute/intrinsic_count.f90 compilation,  -Os 
FAIL: gfortran.fortran-torture/execute/intrinsic_cshift.f90 compilation,  -O0 
FAIL: gfortran.fortran-torture/execute/intrinsic_cshift.f90 compilation,  -O1 
FAIL: gfortran.fortran-torture/execute/intrinsic_cshift.f90 compilation,  -O2 
FAIL: gfortran.fortran-torture/execute/intrinsic_cshift.f90 compilation,  -O2 -fomit-frame-pointer -finline-functions 
FAIL: gfortran.fortran-torture/execute/intrinsic_cshift.f90 compilation,  -O2 -fomit-frame-pointer -finline-functions -funroll-loops 
FAIL: gfortran.fortran-torture/execute/intrinsic_cshift.f90 compilation,  -O2 -fomit-frame-pointer -finline-functions -funroll-all-loops 
FAIL: gfortran.fortran-torture/execute/intrinsic_cshift.f90 compilation,  -O2 -fno-repack-arrays 
FAIL: gfortran.fortran-torture/execute/intrinsic_cshift.f90 compilation,  -O2 -fg77-calls 
FAIL: gfortran.fortran-torture/execute/intrinsic_cshift.f90 compilation,  -O3 -g 
FAIL: gfortran.fortran-torture/execute/intrinsic_cshift.f90 compilation,  -Os 
FAIL: gfortran.fortran-torture/execute/intrinsic_dim.f90 compilation,  -O0 
FAIL: gfortran.fortran-torture/execute/intrinsic_dim.f90 compilation,  -O1 
FAIL: gfortran.fortran-torture/execute/intrinsic_dim.f90 compilation,  -O2 
FAIL: gfortran.fortran-torture/execute/intrinsic_dim.f90 compilation,  -O2 -fomit-frame-pointer -finline-functions 
FAIL: gfortran.fortran-torture/execute/intrinsic_dim.f90 compilation,  -O2 -fomit-frame-pointer -finline-functions -funroll-loops 
FAIL: gfortran.fortran-torture/execute/intrinsic_dim.f90 compilation,  -O2 -fomit-frame-pointer -finline-functions -funroll-all-loops 
FAIL: gfortran.fortran-torture/execute/intrinsic_dim.f90 compilation,  -O2 -fno-repack-arrays 
FAIL: gfortran.fortran-torture/execute/intrinsic_dim.f90 compilation,  -O2 -fg77-calls 
FAIL: gfortran.fortran-torture/execute/intrinsic_dim.f90 compilation,  -O3 -g 
FAIL: gfortran.fortran-torture/execute/intrinsic_dim.f90 compilation,  -Os 
FAIL: gfortran.fortran-torture/execute/intrinsic_dotprod.f90 compilation,  -O0 
FAIL: gfortran.fortran-torture/execute/intrinsic_dotprod.f90 compilation,  -O1 
FAIL: gfortran.fortran-torture/execute/intrinsic_dotprod.f90 compilation,  -O2 
FAIL: gfortran.fortran-torture/execute/intrinsic_dotprod.f90 compilation,  -O2 -fomit-frame-pointer -finline-functions 
FAIL: gfortran.fortran-torture/execute/intrinsic_dotprod.f90 compilation,  -O2 -fomit-frame-pointer -finline-functions -funroll-loops 
FAIL: gfortran.fortran-torture/execute/intrinsic_dotprod.f90 compilation,  -O2 -fomit-frame-pointer -finline-functions -funroll-all-loops 
FAIL: gfortran.fortran-torture/execute/intrinsic_dotprod.f90 compilation,  -O2 -fno-repack-arrays 
FAIL: gfortran.fortran-torture/execute/intrinsic_dotprod.f90 compilation,  -O2 -fg77-calls 
FAIL: gfortran.fortran-torture/execute/intrinsic_dotprod.f90 compilation,  -O3 -g 
FAIL: gfortran.fortran-torture/execute/intrinsic_dotprod.f90 compilation,  -Os 
FAIL: gfortran.fortran-torture/execute/intrinsic_dprod.f90 compilation,  -O0 
FAIL: gfortran.fortran-torture/execute/intrinsic_dprod.f90 compilation,  -O1 
FAIL: gfortran.fortran-torture/execute/intrinsic_dprod.f90 compilation,  -O2 
FAIL: gfortran.fortran-torture/execute/intrinsic_dprod.f90 compilation,  -O2 -fomit-frame-pointer -finline-functions 
FAIL: gfortran.fortran-torture/execute/intrinsic_dprod.f90 compilation,  -O2 -fomit-frame-pointer -finline-functions -funroll-loops 
FAIL: gfortran.fortran-torture/execute/intrinsic_dprod.f90 compilation,  -O2 -fomit-frame-pointer -finline-functions -funroll-all-loops 
FAIL: gfortran.fortran-torture/execute/intrinsic_dprod.f90 compilation,  -O2 -fno-repack-arrays 
FAIL: gfortran.fortran-torture/execute/intrinsic_dprod.f90 compilation,  -O2 -fg77-calls 
FAIL: gfortran.fortran-torture/execute/intrinsic_dprod.f90 compilation,  -O3 -g 
FAIL: gfortran.fortran-torture/execute/intrinsic_dprod.f90 compilation,  -Os 
FAIL: gfortran.fortran-torture/execute/intrinsic_dummy.f90 compilation,  -O0 
FAIL: gfortran.fortran-torture/execute/intrinsic_dummy.f90 compilation,  -O1 
FAIL: gfortran.fortran-torture/execute/intrinsic_dummy.f90 compilation,  -O2 
FAIL: gfortran.fortran-torture/execute/intrinsic_dummy.f90 compilation,  -O2 -fomit-frame-pointer -finline-functions 
FAIL: gfortran.fortran-torture/execute/intrinsic_dummy.f90 compilation,  -O2 -fomit-frame-pointer -finline-functions -funroll-loops 
FAIL: gfortran.fortran-torture/execute/intrinsic_dummy.f90 compilation,  -O2 -fomit-frame-pointer -finline-functions -funroll-all-loops 
FAIL: gfortran.fortran-torture/execute/intrinsic_dummy.f90 compilation,  -O2 -fno-repack-arrays 
FAIL: gfortran.fortran-torture/execute/intrinsic_dummy.f90 compilation,  -O2 -fg77-calls 
FAIL: gfortran.fortran-torture/execute/intrinsic_dummy.f90 compilation,  -O3 -g 
FAIL: gfortran.fortran-torture/execute/intrinsic_dummy.f90 compilation,  -Os 
FAIL: gfortran.fortran-torture/execute/intrinsic_eoshift.f90 compilation,  -O0 
FAIL: gfortran.fortran-torture/execute/intrinsic_eoshift.f90 compilation,  -O1 
FAIL: gfortran.fortran-torture/execute/intrinsic_eoshift.f90 compilation,  -O2 
FAIL: gfortran.fortran-torture/execute/intrinsic_eoshift.f90 compilation,  -O2 -fomit-frame-pointer -finline-functions 
FAIL: gfortran.fortran-torture/execute/intrinsic_eoshift.f90 compilation,  -O2 -fomit-frame-pointer -finline-functions -funroll-loops 
FAIL: gfortran.fortran-torture/execute/intrinsic_eoshift.f90 compilation,  -O2 -fomit-frame-pointer -finline-functions -funroll-all-loops 
FAIL: gfortran.fortran-torture/execute/intrinsic_eoshift.f90 compilation,  -O2 -fno-repack-arrays 
FAIL: gfortran.fortran-torture/execute/intrinsic_eoshift.f90 compilation,  -O2 -fg77-calls 
FAIL: gfortran.fortran-torture/execute/intrinsic_eoshift.f90 compilation,  -O3 -g 
FAIL: gfortran.fortran-torture/execute/intrinsic_eoshift.f90 compilation,  -Os 
FAIL: gfortran.fortran-torture/execute/intrinsic_fraction_exponent.f90 compilation,  -O0 
FAIL: gfortran.fortran-torture/execute/intrinsic_fraction_exponent.f90 compilation,  -O1 
FAIL: gfortran.fortran-torture/execute/intrinsic_fraction_exponent.f90 compilation,  -O2 
FAIL: gfortran.fortran-torture/execute/intrinsic_fraction_exponent.f90 compilation,  -O2 -fomit-frame-pointer -finline-functions 
FAIL: gfortran.fortran-torture/execute/intrinsic_fraction_exponent.f90 compilation,  -O2 -fomit-frame-pointer -finline-functions -funroll-loops 
FAIL: gfortran.fortran-torture/execute/intrinsic_fraction_exponent.f90 compilation,  -O2 -fomit-frame-pointer -finline-functions -funroll-all-loops 
FAIL: gfortran.fortran-torture/execute/intrinsic_fraction_exponent.f90 compilation,  -O2 -fno-repack-arrays 
FAIL: gfortran.fortran-torture/execute/intrinsic_fraction_exponent.f90 compilation,  -O2 -fg77-calls 
FAIL: gfortran.fortran-torture/execute/intrinsic_fraction_exponent.f90 compilation,  -O3 -g 
FAIL: gfortran.fortran-torture/execute/intrinsic_fraction_exponent.f90 compilation,  -Os 
FAIL: gfortran.fortran-torture/execute/intrinsic_index.f90 compilation,  -O0 
FAIL: gfortran.fortran-torture/execute/intrinsic_index.f90 compilation,  -O1 
FAIL: gfortran.fortran-torture/execute/intrinsic_index.f90 compilation,  -O2 
FAIL: gfortran.fortran-torture/execute/intrinsic_index.f90 compilation,  -O2 -fomit-frame-pointer -finline-functions 
FAIL: gfortran.fortran-torture/execute/intrinsic_index.f90 compilation,  -O2 -fomit-frame-pointer -finline-functions -funroll-loops 
FAIL: gfortran.fortran-torture/execute/intrinsic_index.f90 compilation,  -O2 -fomit-frame-pointer -finline-functions -funroll-all-loops 
FAIL: gfortran.fortran-torture/execute/intrinsic_index.f90 compilation,  -O2 -fno-repack-arrays 
FAIL: gfortran.fortran-torture/execute/intrinsic_index.f90 compilation,  -O2 -fg77-calls 
FAIL: gfortran.fortran-torture/execute/intrinsic_index.f90 compilation,  -O3 -g 
FAIL: gfortran.fortran-torture/execute/intrinsic_index.f90 compilation,  -Os 
FAIL: gfortran.fortran-torture/execute/intrinsic_integer.f90 compilation,  -O0 
FAIL: gfortran.fortran-torture/execute/intrinsic_integer.f90 compilation,  -O1 
FAIL: gfortran.fortran-torture/execute/intrinsic_integer.f90 compilation,  -O2 
FAIL: gfortran.fortran-torture/execute/intrinsic_integer.f90 compilation,  -O2 -fomit-frame-pointer -finline-functions 
FAIL: gfortran.fortran-torture/execute/intrinsic_integer.f90 compilation,  -O2 -fomit-frame-pointer -finline-functions -funroll-loops 
FAIL: gfortran.fortran-torture/execute/intrinsic_integer.f90 compilation,  -O2 -fomit-frame-pointer -finline-functions -funroll-all-loops 
FAIL: gfortran.fortran-torture/execute/intrinsic_integer.f90 compilation,  -O2 -fno-repack-arrays 
FAIL: gfortran.fortran-torture/execute/intrinsic_integer.f90 compilation,  -O2 -fg77-calls 
FAIL: gfortran.fortran-torture/execute/intrinsic_integer.f90 compilation,  -O3 -g 
FAIL: gfortran.fortran-torture/execute/intrinsic_integer.f90 compilation,  -Os 
FAIL: gfortran.fortran-torture/execute/intrinsic_len.f90 compilation,  -O0 
FAIL: gfortran.fortran-torture/execute/intrinsic_len.f90 compilation,  -O1 
FAIL: gfortran.fortran-torture/execute/intrinsic_len.f90 compilation,  -O2 
FAIL: gfortran.fortran-torture/execute/intrinsic_len.f90 compilation,  -O2 -fomit-frame-pointer -finline-functions 
FAIL: gfortran.fortran-torture/execute/intrinsic_len.f90 compilation,  -O2 -fomit-frame-pointer -finline-functions -funroll-loops 
FAIL: gfortran.fortran-torture/execute/intrinsic_len.f90 compilation,  -O2 -fomit-frame-pointer -finline-functions -funroll-all-loops 
FAIL: gfortran.fortran-torture/execute/intrinsic_len.f90 compilation,  -O2 -fno-repack-arrays 
FAIL: gfortran.fortran-torture/execute/intrinsic_len.f90 compilation,  -O2 -fg77-calls 
FAIL: gfortran.fortran-torture/execute/intrinsic_len.f90 compilation,  -O3 -g 
FAIL: gfortran.fortran-torture/execute/intrinsic_len.f90 compilation,  -Os 
FAIL: gfortran.fortran-torture/execute/intrinsic_matmul.f90 compilation,  -O0 
FAIL: gfortran.fortran-torture/execute/intrinsic_matmul.f90 compilation,  -O1 
FAIL: gfortran.fortran-torture/execute/intrinsic_matmul.f90 compilation,  -O2 
FAIL: gfortran.fortran-torture/execute/intrinsic_matmul.f90 compilation,  -O2 -fomit-frame-pointer -finline-functions 
FAIL: gfortran.fortran-torture/execute/intrinsic_matmul.f90 compilation,  -O2 -fomit-frame-pointer -finline-functions -funroll-loops 
FAIL: gfortran.fortran-torture/execute/intrinsic_matmul.f90 compilation,  -O2 -fomit-frame-pointer -finline-functions -funroll-all-loops 
FAIL: gfortran.fortran-torture/execute/intrinsic_matmul.f90 compilation,  -O2 -fno-repack-arrays 
FAIL: gfortran.fortran-torture/execute/intrinsic_matmul.f90 compilation,  -O2 -fg77-calls 
FAIL: gfortran.fortran-torture/execute/intrinsic_matmul.f90 compilation,  -O3 -g 
FAIL: gfortran.fortran-torture/execute/intrinsic_matmul.f90 compilation,  -Os 
FAIL: gfortran.fortran-torture/execute/intrinsic_merge.f90 compilation,  -O0 
FAIL: gfortran.fortran-torture/execute/intrinsic_merge.f90 compilation,  -O1 
FAIL: gfortran.fortran-torture/execute/intrinsic_merge.f90 compilation,  -O2 
FAIL: gfortran.fortran-torture/execute/intrinsic_merge.f90 compilation,  -O2 -fomit-frame-pointer -finline-functions 
FAIL: gfortran.fortran-torture/execute/intrinsic_merge.f90 compilation,  -O2 -fomit-frame-pointer -finline-functions -funroll-loops 
FAIL: gfortran.fortran-torture/execute/intrinsic_merge.f90 compilation,  -O2 -fomit-frame-pointer -finline-functions -funroll-all-loops 
FAIL: gfortran.fortran-torture/execute/intrinsic_merge.f90 compilation,  -O2 -fno-repack-arrays 
FAIL: gfortran.fortran-torture/execute/intrinsic_merge.f90 compilation,  -O2 -fg77-calls 
FAIL: gfortran.fortran-torture/execute/intrinsic_merge.f90 compilation,  -O3 -g 
FAIL: gfortran.fortran-torture/execute/intrinsic_merge.f90 compilation,  -Os 
FAIL: gfortran.fortran-torture/execute/intrinsic_minmax.f90 compilation,  -O0 
FAIL: gfortran.fortran-torture/execute/intrinsic_minmax.f90 compilation,  -O1 
FAIL: gfortran.fortran-torture/execute/intrinsic_minmax.f90 compilation,  -O2 
FAIL: gfortran.fortran-torture/execute/intrinsic_minmax.f90 compilation,  -O2 -fomit-frame-pointer -finline-functions 
FAIL: gfortran.fortran-torture/execute/intrinsic_minmax.f90 compilation,  -O2 -fomit-frame-pointer -finline-functions -funroll-loops 
FAIL: gfortran.fortran-torture/execute/intrinsic_minmax.f90 compilation,  -O2 -fomit-frame-pointer -finline-functions -funroll-all-loops 
FAIL: gfortran.fortran-torture/execute/intrinsic_minmax.f90 compilation,  -O2 -fno-repack-arrays 
FAIL: gfortran.fortran-torture/execute/intrinsic_minmax.f90 compilation,  -O2 -fg77-calls 
FAIL: gfortran.fortran-torture/execute/intrinsic_minmax.f90 compilation,  -O3 -g 
FAIL: gfortran.fortran-torture/execute/intrinsic_minmax.f90 compilation,  -Os 
FAIL: gfortran.fortran-torture/execute/intrinsic_mmloc.f90 compilation,  -O0 
FAIL: gfortran.fortran-torture/execute/intrinsic_mmloc.f90 compilation,  -O1 
FAIL: gfortran.fortran-torture/execute/intrinsic_mmloc.f90 compilation,  -O2 
FAIL: gfortran.fortran-torture/execute/intrinsic_mmloc.f90 compilation,  -O2 -fomit-frame-pointer -finline-functions 
FAIL: gfortran.fortran-torture/execute/intrinsic_mmloc.f90 compilation,  -O2 -fomit-frame-pointer -finline-functions -funroll-loops 
FAIL: gfortran.fortran-torture/execute/intrinsic_mmloc.f90 compilation,  -O2 -fomit-frame-pointer -finline-functions -funroll-all-loops 
FAIL: gfortran.fortran-torture/execute/intrinsic_mmloc.f90 compilation,  -O2 -fno-repack-arrays 
FAIL: gfortran.fortran-torture/execute/intrinsic_mmloc.f90 compilation,  -O2 -fg77-calls 
FAIL: gfortran.fortran-torture/execute/intrinsic_mmloc.f90 compilation,  -O3 -g 
FAIL: gfortran.fortran-torture/execute/intrinsic_mmloc.f90 compilation,  -Os 
FAIL: gfortran.fortran-torture/execute/intrinsic_mmloc_2.f90 compilation,  -O0 
FAIL: gfortran.fortran-torture/execute/intrinsic_mmloc_2.f90 compilation,  -O1 
FAIL: gfortran.fortran-torture/execute/intrinsic_mmloc_2.f90 compilation,  -O2 
FAIL: gfortran.fortran-torture/execute/intrinsic_mmloc_2.f90 compilation,  -O2 -fomit-frame-pointer -finline-functions 
FAIL: gfortran.fortran-torture/execute/intrinsic_mmloc_2.f90 compilation,  -O2 -fomit-frame-pointer -finline-functions -funroll-loops 
FAIL: gfortran.fortran-torture/execute/intrinsic_mmloc_2.f90 compilation,  -O2 -fomit-frame-pointer -finline-functions -funroll-all-loops 
FAIL: gfortran.fortran-torture/execute/intrinsic_mmloc_2.f90 compilation,  -O2 -fno-repack-arrays 
FAIL: gfortran.fortran-torture/execute/intrinsic_mmloc_2.f90 compilation,  -O2 -fg77-calls 
FAIL: gfortran.fortran-torture/execute/intrinsic_mmloc_2.f90 compilation,  -O3 -g 
FAIL: gfortran.fortran-torture/execute/intrinsic_mmloc_2.f90 compilation,  -Os 
FAIL: gfortran.fortran-torture/execute/intrinsic_mmloc_3.f90 compilation,  -O0 
FAIL: gfortran.fortran-torture/execute/intrinsic_mmloc_3.f90 compilation,  -O1 
FAIL: gfortran.fortran-torture/execute/intrinsic_mmloc_3.f90 compilation,  -O2 
FAIL: gfortran.fortran-torture/execute/intrinsic_mmloc_3.f90 compilation,  -O2 -fomit-frame-pointer -finline-functions 
FAIL: gfortran.fortran-torture/execute/intrinsic_mmloc_3.f90 compilation,  -O2 -fomit-frame-pointer -finline-functions -funroll-loops 
FAIL: gfortran.fortran-torture/execute/intrinsic_mmloc_3.f90 compilation,  -O2 -fomit-frame-pointer -finline-functions -funroll-all-loops 
FAIL: gfortran.fortran-torture/execute/intrinsic_mmloc_3.f90 compilation,  -O2 -fno-repack-arrays 
FAIL: gfortran.fortran-torture/execute/intrinsic_mmloc_3.f90 compilation,  -O2 -fg77-calls 
FAIL: gfortran.fortran-torture/execute/intrinsic_mmloc_3.f90 compilation,  -O3 -g 
FAIL: gfortran.fortran-torture/execute/intrinsic_mmloc_3.f90 compilation,  -Os 
FAIL: gfortran.fortran-torture/execute/intrinsic_mmloc_4.f90 compilation,  -O0 
FAIL: gfortran.fortran-torture/execute/intrinsic_mmloc_4.f90 compilation,  -O1 
FAIL: gfortran.fortran-torture/execute/intrinsic_mmloc_4.f90 compilation,  -O2 
FAIL: gfortran.fortran-torture/execute/intrinsic_mmloc_4.f90 compilation,  -O2 -fomit-frame-pointer -finline-functions 
FAIL: gfortran.fortran-torture/execute/intrinsic_mmloc_4.f90 compilation,  -O2 -fomit-frame-pointer -finline-functions -funroll-loops 
FAIL: gfortran.fortran-torture/execute/intrinsic_mmloc_4.f90 compilation,  -O2 -fomit-frame-pointer -finline-functions -funroll-all-loops 
FAIL: gfortran.fortran-torture/execute/intrinsic_mmloc_4.f90 compilation,  -O2 -fno-repack-arrays 
FAIL: gfortran.fortran-torture/execute/intrinsic_mmloc_4.f90 compilation,  -O2 -fg77-calls 
FAIL: gfortran.fortran-torture/execute/intrinsic_mmloc_4.f90 compilation,  -O3 -g 
FAIL: gfortran.fortran-torture/execute/intrinsic_mmloc_4.f90 compilation,  -Os 
FAIL: gfortran.fortran-torture/execute/intrinsic_mmval.f90 compilation,  -O0 
FAIL: gfortran.fortran-torture/execute/intrinsic_mmval.f90 compilation,  -O1 
FAIL: gfortran.fortran-torture/execute/intrinsic_mmval.f90 compilation,  -O2 
FAIL: gfortran.fortran-torture/execute/intrinsic_mmval.f90 compilation,  -O2 -fomit-frame-pointer -finline-functions 
FAIL: gfortran.fortran-torture/execute/intrinsic_mmval.f90 compilation,  -O2 -fomit-frame-pointer -finline-functions -funroll-loops 
FAIL: gfortran.fortran-torture/execute/intrinsic_mmval.f90 compilation,  -O2 -fomit-frame-pointer -finline-functions -funroll-all-loops 
FAIL: gfortran.fortran-torture/execute/intrinsic_mmval.f90 compilation,  -O2 -fno-repack-arrays 
FAIL: gfortran.fortran-torture/execute/intrinsic_mmval.f90 compilation,  -O2 -fg77-calls 
FAIL: gfortran.fortran-torture/execute/intrinsic_mmval.f90 compilation,  -O3 -g 
FAIL: gfortran.fortran-torture/execute/intrinsic_mmval.f90 compilation,  -Os 
FAIL: gfortran.fortran-torture/execute/intrinsic_mod_ulo.f90 compilation,  -O0 
FAIL: gfortran.fortran-torture/execute/intrinsic_mod_ulo.f90 compilation,  -O1 
FAIL: gfortran.fortran-torture/execute/intrinsic_mod_ulo.f90 compilation,  -O2 
FAIL: gfortran.fortran-torture/execute/intrinsic_mod_ulo.f90 compilation,  -O2 -fomit-frame-pointer -finline-functions 
FAIL: gfortran.fortran-torture/execute/intrinsic_mod_ulo.f90 compilation,  -O2 -fomit-frame-pointer -finline-functions -funroll-loops 
FAIL: gfortran.fortran-torture/execute/intrinsic_mod_ulo.f90 compilation,  -O2 -fomit-frame-pointer -finline-functions -funroll-all-loops 
FAIL: gfortran.fortran-torture/execute/intrinsic_mod_ulo.f90 compilation,  -O2 -fno-repack-arrays 
FAIL: gfortran.fortran-torture/execute/intrinsic_mod_ulo.f90 compilation,  -O2 -fg77-calls 
FAIL: gfortran.fortran-torture/execute/intrinsic_mod_ulo.f90 compilation,  -O3 -g 
FAIL: gfortran.fortran-torture/execute/intrinsic_mod_ulo.f90 compilation,  -Os 
FAIL: gfortran.fortran-torture/execute/intrinsic_nearest.f90 compilation,  -O0 
FAIL: gfortran.fortran-torture/execute/intrinsic_nearest.f90 compilation,  -O1 
FAIL: gfortran.fortran-torture/execute/intrinsic_nearest.f90 compilation,  -O2 
FAIL: gfortran.fortran-torture/execute/intrinsic_nearest.f90 compilation,  -O2 -fomit-frame-pointer -finline-functions 
FAIL: gfortran.fortran-torture/execute/intrinsic_nearest.f90 compilation,  -O2 -fomit-frame-pointer -finline-functions -funroll-loops 
FAIL: gfortran.fortran-torture/execute/intrinsic_nearest.f90 compilation,  -O2 -fomit-frame-pointer -finline-functions -funroll-all-loops 
FAIL: gfortran.fortran-torture/execute/intrinsic_nearest.f90 compilation,  -O2 -fno-repack-arrays 
FAIL: gfortran.fortran-torture/execute/intrinsic_nearest.f90 compilation,  -O2 -fg77-calls 
FAIL: gfortran.fortran-torture/execute/intrinsic_nearest.f90 compilation,  -O3 -g 
FAIL: gfortran.fortran-torture/execute/intrinsic_nearest.f90 compilation,  -Os 
FAIL: gfortran.fortran-torture/execute/intrinsic_pack.f90 compilation,  -O0 
FAIL: gfortran.fortran-torture/execute/intrinsic_pack.f90 compilation,  -O1 
FAIL: gfortran.fortran-torture/execute/intrinsic_pack.f90 compilation,  -O2 
FAIL: gfortran.fortran-torture/execute/intrinsic_pack.f90 compilation,  -O2 -fomit-frame-pointer -finline-functions 
FAIL: gfortran.fortran-torture/execute/intrinsic_pack.f90 compilation,  -O2 -fomit-frame-pointer -finline-functions -funroll-loops 
FAIL: gfortran.fortran-torture/execute/intrinsic_pack.f90 compilation,  -O2 -fomit-frame-pointer -finline-functions -funroll-all-loops 
FAIL: gfortran.fortran-torture/execute/intrinsic_pack.f90 compilation,  -O2 -fno-repack-arrays 
FAIL: gfortran.fortran-torture/execute/intrinsic_pack.f90 compilation,  -O2 -fg77-calls 
FAIL: gfortran.fortran-torture/execute/intrinsic_pack.f90 compilation,  -O3 -g 
FAIL: gfortran.fortran-torture/execute/intrinsic_pack.f90 compilation,  -Os 
FAIL: gfortran.fortran-torture/execute/intrinsic_present.f90 compilation,  -O0 
FAIL: gfortran.fortran-torture/execute/intrinsic_present.f90 compilation,  -O1 
FAIL: gfortran.fortran-torture/execute/intrinsic_present.f90 compilation,  -O2 
FAIL: gfortran.fortran-torture/execute/intrinsic_present.f90 compilation,  -O2 -fomit-frame-pointer -finline-functions 
FAIL: gfortran.fortran-torture/execute/intrinsic_present.f90 compilation,  -O2 -fomit-frame-pointer -finline-functions -funroll-loops 
FAIL: gfortran.fortran-torture/execute/intrinsic_present.f90 compilation,  -O2 -fomit-frame-pointer -finline-functions -funroll-all-loops 
FAIL: gfortran.fortran-torture/execute/intrinsic_present.f90 compilation,  -O2 -fno-repack-arrays 
FAIL: gfortran.fortran-torture/execute/intrinsic_present.f90 compilation,  -O2 -fg77-calls 
FAIL: gfortran.fortran-torture/execute/intrinsic_present.f90 compilation,  -O3 -g 
FAIL: gfortran.fortran-torture/execute/intrinsic_present.f90 compilation,  -Os 
FAIL: gfortran.fortran-torture/execute/intrinsic_product.f90 compilation,  -O0 
FAIL: gfortran.fortran-torture/execute/intrinsic_product.f90 compilation,  -O1 
FAIL: gfortran.fortran-torture/execute/intrinsic_product.f90 compilation,  -O2 
FAIL: gfortran.fortran-torture/execute/intrinsic_product.f90 compilation,  -O2 -fomit-frame-pointer -finline-functions 
FAIL: gfortran.fortran-torture/execute/intrinsic_product.f90 compilation,  -O2 -fomit-frame-pointer -finline-functions -funroll-loops 
FAIL: gfortran.fortran-torture/execute/intrinsic_product.f90 compilation,  -O2 -fomit-frame-pointer -finline-functions -funroll-all-loops 
FAIL: gfortran.fortran-torture/execute/intrinsic_product.f90 compilation,  -O2 -fno-repack-arrays 
FAIL: gfortran.fortran-torture/execute/intrinsic_product.f90 compilation,  -O2 -fg77-calls 
FAIL: gfortran.fortran-torture/execute/intrinsic_product.f90 compilation,  -O3 -g 
FAIL: gfortran.fortran-torture/execute/intrinsic_product.f90 compilation,  -Os 
FAIL: gfortran.fortran-torture/execute/intrinsic_rrspacing.f90 compilation,  -O0 
FAIL: gfortran.fortran-torture/execute/intrinsic_rrspacing.f90 compilation,  -O1 
FAIL: gfortran.fortran-torture/execute/intrinsic_rrspacing.f90 compilation,  -O2 
FAIL: gfortran.fortran-torture/execute/intrinsic_rrspacing.f90 compilation,  -O2 -fomit-frame-pointer -finline-functions 
FAIL: gfortran.fortran-torture/execute/intrinsic_rrspacing.f90 compilation,  -O2 -fomit-frame-pointer -finline-functions -funroll-loops 
FAIL: gfortran.fortran-torture/execute/intrinsic_rrspacing.f90 compilation,  -O2 -fomit-frame-pointer -finline-functions -funroll-all-loops 
FAIL: gfortran.fortran-torture/execute/intrinsic_rrspacing.f90 compilation,  -O2 -fno-repack-arrays 
FAIL: gfortran.fortran-torture/execute/intrinsic_rrspacing.f90 compilation,  -O2 -fg77-calls 
FAIL: gfortran.fortran-torture/execute/intrinsic_rrspacing.f90 compilation,  -O3 -g 
FAIL: gfortran.fortran-torture/execute/intrinsic_rrspacing.f90 compilation,  -Os 
FAIL: gfortran.fortran-torture/execute/intrinsic_scale.f90 compilation,  -O0 
FAIL: gfortran.fortran-torture/execute/intrinsic_scale.f90 compilation,  -O1 
FAIL: gfortran.fortran-torture/execute/intrinsic_scale.f90 compilation,  -O2 
FAIL: gfortran.fortran-torture/execute/intrinsic_scale.f90 compilation,  -O2 -fomit-frame-pointer -finline-functions 
FAIL: gfortran.fortran-torture/execute/intrinsic_scale.f90 compilation,  -O2 -fomit-frame-pointer -finline-functions -funroll-loops 
FAIL: gfortran.fortran-torture/execute/intrinsic_scale.f90 compilation,  -O2 -fomit-frame-pointer -finline-functions -funroll-all-loops 
FAIL: gfortran.fortran-torture/execute/intrinsic_scale.f90 compilation,  -O2 -fno-repack-arrays 
FAIL: gfortran.fortran-torture/execute/intrinsic_scale.f90 compilation,  -O2 -fg77-calls 
FAIL: gfortran.fortran-torture/execute/intrinsic_scale.f90 compilation,  -O3 -g 
FAIL: gfortran.fortran-torture/execute/intrinsic_scale.f90 compilation,  -Os 
FAIL: gfortran.fortran-torture/execute/intrinsic_set_exponent.f90 compilation,  -O0 
FAIL: gfortran.fortran-torture/execute/intrinsic_set_exponent.f90 compilation,  -O1 
FAIL: gfortran.fortran-torture/execute/intrinsic_set_exponent.f90 compilation,  -O2 
FAIL: gfortran.fortran-torture/execute/intrinsic_set_exponent.f90 compilation,  -O2 -fomit-frame-pointer -finline-functions 
FAIL: gfortran.fortran-torture/execute/intrinsic_set_exponent.f90 compilation,  -O2 -fomit-frame-pointer -finline-functions -funroll-loops 
FAIL: gfortran.fortran-torture/execute/intrinsic_set_exponent.f90 compilation,  -O2 -fomit-frame-pointer -finline-functions -funroll-all-loops 
FAIL: gfortran.fortran-torture/execute/intrinsic_set_exponent.f90 compilation,  -O2 -fno-repack-arrays 
FAIL: gfortran.fortran-torture/execute/intrinsic_set_exponent.f90 compilation,  -O2 -fg77-calls 
FAIL: gfortran.fortran-torture/execute/intrinsic_set_exponent.f90 compilation,  -O3 -g 
FAIL: gfortran.fortran-torture/execute/intrinsic_set_exponent.f90 compilation,  -Os 
FAIL: gfortran.fortran-torture/execute/intrinsic_shape.f90 compilation,  -O0 
FAIL: gfortran.fortran-torture/execute/intrinsic_shape.f90 compilation,  -O1 
FAIL: gfortran.fortran-torture/execute/intrinsic_shape.f90 compilation,  -O2 
FAIL: gfortran.fortran-torture/execute/intrinsic_shape.f90 compilation,  -O2 -fomit-frame-pointer -finline-functions 
FAIL: gfortran.fortran-torture/execute/intrinsic_shape.f90 compilation,  -O2 -fomit-frame-pointer -finline-functions -funroll-loops 
FAIL: gfortran.fortran-torture/execute/intrinsic_shape.f90 compilation,  -O2 -fomit-frame-pointer -finline-functions -funroll-all-loops 
FAIL: gfortran.fortran-torture/execute/intrinsic_shape.f90 compilation,  -O2 -fno-repack-arrays 
FAIL: gfortran.fortran-torture/execute/intrinsic_shape.f90 compilation,  -O2 -fg77-calls 
FAIL: gfortran.fortran-torture/execute/intrinsic_shape.f90 compilation,  -O3 -g 
FAIL: gfortran.fortran-torture/execute/intrinsic_shape.f90 compilation,  -Os 
FAIL: gfortran.fortran-torture/execute/intrinsic_si_kind.f90 compilation,  -O0 
FAIL: gfortran.fortran-torture/execute/intrinsic_si_kind.f90 compilation,  -O1 
FAIL: gfortran.fortran-torture/execute/intrinsic_si_kind.f90 compilation,  -O2 
FAIL: gfortran.fortran-torture/execute/intrinsic_si_kind.f90 compilation,  -O2 -fomit-frame-pointer -finline-functions 
FAIL: gfortran.fortran-torture/execute/intrinsic_si_kind.f90 compilation,  -O2 -fomit-frame-pointer -finline-functions -funroll-loops 
FAIL: gfortran.fortran-torture/execute/intrinsic_si_kind.f90 compilation,  -O2 -fomit-frame-pointer -finline-functions -funroll-all-loops 
FAIL: gfortran.fortran-torture/execute/intrinsic_si_kind.f90 compilation,  -O2 -fno-repack-arrays 
FAIL: gfortran.fortran-torture/execute/intrinsic_si_kind.f90 compilation,  -O2 -fg77-calls 
FAIL: gfortran.fortran-torture/execute/intrinsic_si_kind.f90 compilation,  -O3 -g 
FAIL: gfortran.fortran-torture/execute/intrinsic_si_kind.f90 compilation,  -Os 
FAIL: gfortran.fortran-torture/execute/intrinsic_sign.f90 compilation,  -O0 
FAIL: gfortran.fortran-torture/execute/intrinsic_sign.f90 compilation,  -O1 
FAIL: gfortran.fortran-torture/execute/intrinsic_sign.f90 compilation,  -O2 
FAIL: gfortran.fortran-torture/execute/intrinsic_sign.f90 compilation,  -O2 -fomit-frame-pointer -finline-functions 
FAIL: gfortran.fortran-torture/execute/intrinsic_sign.f90 compilation,  -O2 -fomit-frame-pointer -finline-functions -funroll-loops 
FAIL: gfortran.fortran-torture/execute/intrinsic_sign.f90 compilation,  -O2 -fomit-frame-pointer -finline-functions -funroll-all-loops 
FAIL: gfortran.fortran-torture/execute/intrinsic_sign.f90 compilation,  -O2 -fno-repack-arrays 
FAIL: gfortran.fortran-torture/execute/intrinsic_sign.f90 compilation,  -O2 -fg77-calls 
FAIL: gfortran.fortran-torture/execute/intrinsic_sign.f90 compilation,  -O3 -g 
FAIL: gfortran.fortran-torture/execute/intrinsic_sign.f90 compilation,  -Os 
FAIL: gfortran.fortran-torture/execute/intrinsic_size.f90 compilation,  -O0 
FAIL: gfortran.fortran-torture/execute/intrinsic_size.f90 compilation,  -O1 
FAIL: gfortran.fortran-torture/execute/intrinsic_size.f90 compilation,  -O2 
FAIL: gfortran.fortran-torture/execute/intrinsic_size.f90 compilation,  -O2 -fomit-frame-pointer -finline-functions 
FAIL: gfortran.fortran-torture/execute/intrinsic_size.f90 compilation,  -O2 -fomit-frame-pointer -finline-functions -funroll-loops 
FAIL: gfortran.fortran-torture/execute/intrinsic_size.f90 compilation,  -O2 -fomit-frame-pointer -finline-functions -funroll-all-loops 
FAIL: gfortran.fortran-torture/execute/intrinsic_size.f90 compilation,  -O2 -fno-repack-arrays 
FAIL: gfortran.fortran-torture/execute/intrinsic_size.f90 compilation,  -O2 -fg77-calls 
FAIL: gfortran.fortran-torture/execute/intrinsic_size.f90 compilation,  -O3 -g 
FAIL: gfortran.fortran-torture/execute/intrinsic_size.f90 compilation,  -Os 
FAIL: gfortran.fortran-torture/execute/intrinsic_spacing.f90 compilation,  -O0 
FAIL: gfortran.fortran-torture/execute/intrinsic_spacing.f90 compilation,  -O1 
FAIL: gfortran.fortran-torture/execute/intrinsic_spacing.f90 compilation,  -O2 
FAIL: gfortran.fortran-torture/execute/intrinsic_spacing.f90 compilation,  -O2 -fomit-frame-pointer -finline-functions 
FAIL: gfortran.fortran-torture/execute/intrinsic_spacing.f90 compilation,  -O2 -fomit-frame-pointer -finline-functions -funroll-loops 
FAIL: gfortran.fortran-torture/execute/intrinsic_spacing.f90 compilation,  -O2 -fomit-frame-pointer -finline-functions -funroll-all-loops 
FAIL: gfortran.fortran-torture/execute/intrinsic_spacing.f90 compilation,  -O2 -fno-repack-arrays 
FAIL: gfortran.fortran-torture/execute/intrinsic_spacing.f90 compilation,  -O2 -fg77-calls 
FAIL: gfortran.fortran-torture/execute/intrinsic_spacing.f90 compilation,  -O3 -g 
FAIL: gfortran.fortran-torture/execute/intrinsic_spacing.f90 compilation,  -Os 
FAIL: gfortran.fortran-torture/execute/intrinsic_spread.f90 compilation,  -O0 
FAIL: gfortran.fortran-torture/execute/intrinsic_spread.f90 compilation,  -O1 
FAIL: gfortran.fortran-torture/execute/intrinsic_spread.f90 compilation,  -O2 
FAIL: gfortran.fortran-torture/execute/intrinsic_spread.f90 compilation,  -O2 -fomit-frame-pointer -finline-functions 
FAIL: gfortran.fortran-torture/execute/intrinsic_spread.f90 compilation,  -O2 -fomit-frame-pointer -finline-functions -funroll-loops 
FAIL: gfortran.fortran-torture/execute/intrinsic_spread.f90 compilation,  -O2 -fomit-frame-pointer -finline-functions -funroll-all-loops 
FAIL: gfortran.fortran-torture/execute/intrinsic_spread.f90 compilation,  -O2 -fno-repack-arrays 
FAIL: gfortran.fortran-torture/execute/intrinsic_spread.f90 compilation,  -O2 -fg77-calls 
FAIL: gfortran.fortran-torture/execute/intrinsic_spread.f90 compilation,  -O3 -g 
FAIL: gfortran.fortran-torture/execute/intrinsic_spread.f90 compilation,  -Os 
FAIL: gfortran.fortran-torture/execute/intrinsic_sr_kind.f90 compilation,  -O0 
FAIL: gfortran.fortran-torture/execute/intrinsic_sr_kind.f90 compilation,  -O1 
FAIL: gfortran.fortran-torture/execute/intrinsic_sr_kind.f90 compilation,  -O2 
FAIL: gfortran.fortran-torture/execute/intrinsic_sr_kind.f90 compilation,  -O2 -fomit-frame-pointer -finline-functions 
FAIL: gfortran.fortran-torture/execute/intrinsic_sr_kind.f90 compilation,  -O2 -fomit-frame-pointer -finline-functions -funroll-loops 
FAIL: gfortran.fortran-torture/execute/intrinsic_sr_kind.f90 compilation,  -O2 -fomit-frame-pointer -finline-functions -funroll-all-loops 
FAIL: gfortran.fortran-torture/execute/intrinsic_sr_kind.f90 compilation,  -O2 -fno-repack-arrays 
FAIL: gfortran.fortran-torture/execute/intrinsic_sr_kind.f90 compilation,  -O2 -fg77-calls 
FAIL: gfortran.fortran-torture/execute/intrinsic_sr_kind.f90 compilation,  -O3 -g 
FAIL: gfortran.fortran-torture/execute/intrinsic_sr_kind.f90 compilation,  -Os 
FAIL: gfortran.fortran-torture/execute/intrinsic_sum.f90 compilation,  -O0 
FAIL: gfortran.fortran-torture/execute/intrinsic_sum.f90 compilation,  -O1 
FAIL: gfortran.fortran-torture/execute/intrinsic_sum.f90 compilation,  -O2 
FAIL: gfortran.fortran-torture/execute/intrinsic_sum.f90 compilation,  -O2 -fomit-frame-pointer -finline-functions 
FAIL: gfortran.fortran-torture/execute/intrinsic_sum.f90 compilation,  -O2 -fomit-frame-pointer -finline-functions -funroll-loops 
FAIL: gfortran.fortran-torture/execute/intrinsic_sum.f90 compilation,  -O2 -fomit-frame-pointer -finline-functions -funroll-all-loops 
FAIL: gfortran.fortran-torture/execute/intrinsic_sum.f90 compilation,  -O2 -fno-repack-arrays 
FAIL: gfortran.fortran-torture/execute/intrinsic_sum.f90 compilation,  -O2 -fg77-calls 
FAIL: gfortran.fortran-torture/execute/intrinsic_sum.f90 compilation,  -O3 -g 
FAIL: gfortran.fortran-torture/execute/intrinsic_sum.f90 compilation,  -Os 
FAIL: gfortran.fortran-torture/execute/intrinsic_transpose.f90 compilation,  -O0 
FAIL: gfortran.fortran-torture/execute/intrinsic_transpose.f90 compilation,  -O1 
FAIL: gfortran.fortran-torture/execute/intrinsic_transpose.f90 compilation,  -O2 
FAIL: gfortran.fortran-torture/execute/intrinsic_transpose.f90 compilation,  -O2 -fomit-frame-pointer -finline-functions 
FAIL: gfortran.fortran-torture/execute/intrinsic_transpose.f90 compilation,  -O2 -fomit-frame-pointer -finline-functions -funroll-loops 
FAIL: gfortran.fortran-torture/execute/intrinsic_transpose.f90 compilation,  -O2 -fomit-frame-pointer -finline-functions -funroll-all-loops 
FAIL: gfortran.fortran-torture/execute/intrinsic_transpose.f90 compilation,  -O2 -fno-repack-arrays 
FAIL: gfortran.fortran-torture/execute/intrinsic_transpose.f90 compilation,  -O2 -fg77-calls 
FAIL: gfortran.fortran-torture/execute/intrinsic_transpose.f90 compilation,  -O3 -g 
FAIL: gfortran.fortran-torture/execute/intrinsic_transpose.f90 compilation,  -Os 
FAIL: gfortran.fortran-torture/execute/intrinsic_trim.f90 compilation,  -O0 
FAIL: gfortran.fortran-torture/execute/intrinsic_trim.f90 compilation,  -O1 
FAIL: gfortran.fortran-torture/execute/intrinsic_trim.f90 compilation,  -O2 
FAIL: gfortran.fortran-torture/execute/intrinsic_trim.f90 compilation,  -O2 -fomit-frame-pointer -finline-functions 
FAIL: gfortran.fortran-torture/execute/intrinsic_trim.f90 compilation,  -O2 -fomit-frame-pointer -finline-functions -funroll-loops 
FAIL: gfortran.fortran-torture/execute/intrinsic_trim.f90 compilation,  -O2 -fomit-frame-pointer -finline-functions -funroll-all-loops 
FAIL: gfortran.fortran-torture/execute/intrinsic_trim.f90 compilation,  -O2 -fno-repack-arrays 
FAIL: gfortran.fortran-torture/execute/intrinsic_trim.f90 compilation,  -O2 -fg77-calls 
FAIL: gfortran.fortran-torture/execute/intrinsic_trim.f90 compilation,  -O3 -g 
FAIL: gfortran.fortran-torture/execute/intrinsic_trim.f90 compilation,  -Os 
FAIL: gfortran.fortran-torture/execute/intrinsic_unpack.f90 compilation,  -O0 
FAIL: gfortran.fortran-torture/execute/intrinsic_unpack.f90 compilation,  -O1 
FAIL: gfortran.fortran-torture/execute/intrinsic_unpack.f90 compilation,  -O2 
FAIL: gfortran.fortran-torture/execute/intrinsic_unpack.f90 compilation,  -O2 -fomit-frame-pointer -finline-functions 
FAIL: gfortran.fortran-torture/execute/intrinsic_unpack.f90 compilation,  -O2 -fomit-frame-pointer -finline-functions -funroll-loops 
FAIL: gfortran.fortran-torture/execute/intrinsic_unpack.f90 compilation,  -O2 -fomit-frame-pointer -finline-functions -funroll-all-loops 
FAIL: gfortran.fortran-torture/execute/intrinsic_unpack.f90 compilation,  -O2 -fno-repack-arrays 
FAIL: gfortran.fortran-torture/execute/intrinsic_unpack.f90 compilation,  -O2 -fg77-calls 
FAIL: gfortran.fortran-torture/execute/intrinsic_unpack.f90 compilation,  -O3 -g 
FAIL: gfortran.fortran-torture/execute/intrinsic_unpack.f90 compilation,  -Os 
FAIL: gfortran.fortran-torture/execute/logical_select_1.f90 compilation,  -O0 
FAIL: gfortran.fortran-torture/execute/logical_select_1.f90 compilation,  -O1 
FAIL: gfortran.fortran-torture/execute/logical_select_1.f90 compilation,  -O2 
FAIL: gfortran.fortran-torture/execute/logical_select_1.f90 compilation,  -O2 -fomit-frame-pointer -finline-functions 
FAIL: gfortran.fortran-torture/execute/logical_select_1.f90 compilation,  -O2 -fomit-frame-pointer -finline-functions -funroll-loops 
FAIL: gfortran.fortran-torture/execute/logical_select_1.f90 compilation,  -O2 -fomit-frame-pointer -finline-functions -funroll-all-loops 
FAIL: gfortran.fortran-torture/execute/logical_select_1.f90 compilation,  -O2 -fno-repack-arrays 
FAIL: gfortran.fortran-torture/execute/logical_select_1.f90 compilation,  -O2 -fg77-calls 
FAIL: gfortran.fortran-torture/execute/logical_select_1.f90 compilation,  -O3 -g 
FAIL: gfortran.fortran-torture/execute/logical_select_1.f90 compilation,  -Os 
FAIL: gfortran.fortran-torture/execute/mainsub.f90 compilation,  -O0 
FAIL: gfortran.fortran-torture/execute/mainsub.f90 compilation,  -O1 
FAIL: gfortran.fortran-torture/execute/mainsub.f90 compilation,  -O2 
FAIL: gfortran.fortran-torture/execute/mainsub.f90 compilation,  -O2 -fomit-frame-pointer -finline-functions 
FAIL: gfortran.fortran-torture/execute/mainsub.f90 compilation,  -O2 -fomit-frame-pointer -finline-functions -funroll-loops 
FAIL: gfortran.fortran-torture/execute/mainsub.f90 compilation,  -O2 -fomit-frame-pointer -finline-functions -funroll-all-loops 
FAIL: gfortran.fortran-torture/execute/mainsub.f90 compilation,  -O2 -fno-repack-arrays 
FAIL: gfortran.fortran-torture/execute/mainsub.f90 compilation,  -O2 -fg77-calls 
FAIL: gfortran.fortran-torture/execute/mainsub.f90 compilation,  -O3 -g 
FAIL: gfortran.fortran-torture/execute/mainsub.f90 compilation,  -Os 
FAIL: gfortran.fortran-torture/execute/math.f90 compilation,  -O0 
FAIL: gfortran.fortran-torture/execute/math.f90 compilation,  -O1 
FAIL: gfortran.fortran-torture/execute/math.f90 compilation,  -O2 
FAIL: gfortran.fortran-torture/execute/math.f90 compilation,  -O2 -fomit-frame-pointer -finline-functions 
FAIL: gfortran.fortran-torture/execute/math.f90 compilation,  -O2 -fomit-frame-pointer -finline-functions -funroll-loops 
FAIL: gfortran.fortran-torture/execute/math.f90 compilation,  -O2 -fomit-frame-pointer -finline-functions -funroll-all-loops 
FAIL: gfortran.fortran-torture/execute/math.f90 compilation,  -O2 -fno-repack-arrays 
FAIL: gfortran.fortran-torture/execute/math.f90 compilation,  -O2 -fg77-calls 
FAIL: gfortran.fortran-torture/execute/math.f90 compilation,  -O3 -g 
FAIL: gfortran.fortran-torture/execute/math.f90 compilation,  -Os 
FAIL: gfortran.fortran-torture/execute/module_interface.f90 compilation,  -O0 
FAIL: gfortran.fortran-torture/execute/module_interface.f90 compilation,  -O1 
FAIL: gfortran.fortran-torture/execute/module_interface.f90 compilation,  -O2 
FAIL: gfortran.fortran-torture/execute/module_interface.f90 compilation,  -O2 -fomit-frame-pointer -finline-functions 
FAIL: gfortran.fortran-torture/execute/module_interface.f90 compilation,  -O2 -fomit-frame-pointer -finline-functions -funroll-loops 
FAIL: gfortran.fortran-torture/execute/module_interface.f90 compilation,  -O2 -fomit-frame-pointer -finline-functions -funroll-all-loops 
FAIL: gfortran.fortran-torture/execute/module_interface.f90 compilation,  -O2 -fno-repack-arrays 
FAIL: gfortran.fortran-torture/execute/module_interface.f90 compilation,  -O2 -fg77-calls 
FAIL: gfortran.fortran-torture/execute/module_interface.f90 compilation,  -O3 -g 
FAIL: gfortran.fortran-torture/execute/module_interface.f90 compilation,  -Os 
FAIL: gfortran.fortran-torture/execute/module_interface_2.f90 compilation,  -O0 
FAIL: gfortran.fortran-torture/execute/module_interface_2.f90 compilation,  -O1 
FAIL: gfortran.fortran-torture/execute/module_interface_2.f90 compilation,  -O2 
FAIL: gfortran.fortran-torture/execute/module_interface_2.f90 compilation,  -O2 -fomit-frame-pointer -finline-functions 
FAIL: gfortran.fortran-torture/execute/module_interface_2.f90 compilation,  -O2 -fomit-frame-pointer -finline-functions -funroll-loops 
FAIL: gfortran.fortran-torture/execute/module_interface_2.f90 compilation,  -O2 -fomit-frame-pointer -finline-functions -funroll-all-loops 
FAIL: gfortran.fortran-torture/execute/module_interface_2.f90 compilation,  -O2 -fno-repack-arrays 
FAIL: gfortran.fortran-torture/execute/module_interface_2.f90 compilation,  -O2 -fg77-calls 
FAIL: gfortran.fortran-torture/execute/module_interface_2.f90 compilation,  -O3 -g 
FAIL: gfortran.fortran-torture/execute/module_interface_2.f90 compilation,  -Os 
FAIL: gfortran.fortran-torture/execute/nestcons.f90 compilation,  -O0 
FAIL: gfortran.fortran-torture/execute/nestcons.f90 compilation,  -O1 
FAIL: gfortran.fortran-torture/execute/nestcons.f90 compilation,  -O2 
FAIL: gfortran.fortran-torture/execute/nestcons.f90 compilation,  -O2 -fomit-frame-pointer -finline-functions 
FAIL: gfortran.fortran-torture/execute/nestcons.f90 compilation,  -O2 -fomit-frame-pointer -finline-functions -funroll-loops 
FAIL: gfortran.fortran-torture/execute/nestcons.f90 compilation,  -O2 -fomit-frame-pointer -finline-functions -funroll-all-loops 
FAIL: gfortran.fortran-torture/execute/nestcons.f90 compilation,  -O2 -fno-repack-arrays 
FAIL: gfortran.fortran-torture/execute/nestcons.f90 compilation,  -O2 -fg77-calls 
FAIL: gfortran.fortran-torture/execute/nestcons.f90 compilation,  -O3 -g 
FAIL: gfortran.fortran-torture/execute/nestcons.f90 compilation,  -Os 
FAIL: gfortran.fortran-torture/execute/parameter_1.f90 compilation,  -O0 
FAIL: gfortran.fortran-torture/execute/parameter_1.f90 compilation,  -O1 
FAIL: gfortran.fortran-torture/execute/parameter_1.f90 compilation,  -O2 
FAIL: gfortran.fortran-torture/execute/parameter_1.f90 compilation,  -O2 -fomit-frame-pointer -finline-functions 
FAIL: gfortran.fortran-torture/execute/parameter_1.f90 compilation,  -O2 -fomit-frame-pointer -finline-functions -funroll-loops 
FAIL: gfortran.fortran-torture/execute/parameter_1.f90 compilation,  -O2 -fomit-frame-pointer -finline-functions -funroll-all-loops 
FAIL: gfortran.fortran-torture/execute/parameter_1.f90 compilation,  -O2 -fno-repack-arrays 
FAIL: gfortran.fortran-torture/execute/parameter_1.f90 compilation,  -O2 -fg77-calls 
FAIL: gfortran.fortran-torture/execute/parameter_1.f90 compilation,  -O3 -g 
FAIL: gfortran.fortran-torture/execute/parameter_1.f90 compilation,  -Os 
FAIL: gfortran.fortran-torture/execute/partparm.f90 compilation,  -O0 
FAIL: gfortran.fortran-torture/execute/partparm.f90 compilation,  -O1 
FAIL: gfortran.fortran-torture/execute/partparm.f90 compilation,  -O2 
FAIL: gfortran.fortran-torture/execute/partparm.f90 compilation,  -O2 -fomit-frame-pointer -finline-functions 
FAIL: gfortran.fortran-torture/execute/partparm.f90 compilation,  -O2 -fomit-frame-pointer -finline-functions -funroll-loops 
FAIL: gfortran.fortran-torture/execute/partparm.f90 compilation,  -O2 -fomit-frame-pointer -finline-functions -funroll-all-loops 
FAIL: gfortran.fortran-torture/execute/partparm.f90 compilation,  -O2 -fno-repack-arrays 
FAIL: gfortran.fortran-torture/execute/partparm.f90 compilation,  -O2 -fg77-calls 
FAIL: gfortran.fortran-torture/execute/partparm.f90 compilation,  -O3 -g 
FAIL: gfortran.fortran-torture/execute/partparm.f90 compilation,  -Os 
FAIL: gfortran.fortran-torture/execute/power.f90 compilation,  -O0 
FAIL: gfortran.fortran-torture/execute/power.f90 compilation,  -O1 
FAIL: gfortran.fortran-torture/execute/power.f90 compilation,  -O2 
FAIL: gfortran.fortran-torture/execute/power.f90 compilation,  -O2 -fomit-frame-pointer -finline-functions 
FAIL: gfortran.fortran-torture/execute/power.f90 compilation,  -O2 -fomit-frame-pointer -finline-functions -funroll-loops 
FAIL: gfortran.fortran-torture/execute/power.f90 compilation,  -O2 -fomit-frame-pointer -finline-functions -funroll-all-loops 
FAIL: gfortran.fortran-torture/execute/power.f90 compilation,  -O2 -fno-repack-arrays 
FAIL: gfortran.fortran-torture/execute/power.f90 compilation,  -O2 -fg77-calls 
FAIL: gfortran.fortran-torture/execute/power.f90 compilation,  -O3 -g 
FAIL: gfortran.fortran-torture/execute/power.f90 compilation,  -Os 
FAIL: gfortran.fortran-torture/execute/procarg.f90 compilation,  -O0 
FAIL: gfortran.fortran-torture/execute/procarg.f90 compilation,  -O1 
FAIL: gfortran.fortran-torture/execute/procarg.f90 compilation,  -O2 
FAIL: gfortran.fortran-torture/execute/procarg.f90 compilation,  -O2 -fomit-frame-pointer -finline-functions 
FAIL: gfortran.fortran-torture/execute/procarg.f90 compilation,  -O2 -fomit-frame-pointer -finline-functions -funroll-loops 
FAIL: gfortran.fortran-torture/execute/procarg.f90 compilation,  -O2 -fomit-frame-pointer -finline-functions -funroll-all-loops 
FAIL: gfortran.fortran-torture/execute/procarg.f90 compilation,  -O2 -fno-repack-arrays 
FAIL: gfortran.fortran-torture/execute/procarg.f90 compilation,  -O2 -fg77-calls 
FAIL: gfortran.fortran-torture/execute/procarg.f90 compilation,  -O3 -g 
FAIL: gfortran.fortran-torture/execute/procarg.f90 compilation,  -Os 
FAIL: gfortran.fortran-torture/execute/ptr.f90 compilation,  -O0 
FAIL: gfortran.fortran-torture/execute/ptr.f90 compilation,  -O1 
FAIL: gfortran.fortran-torture/execute/ptr.f90 compilation,  -O2 
FAIL: gfortran.fortran-torture/execute/ptr.f90 compilation,  -O2 -fomit-frame-pointer -finline-functions 
FAIL: gfortran.fortran-torture/execute/ptr.f90 compilation,  -O2 -fomit-frame-pointer -finline-functions -funroll-loops 
FAIL: gfortran.fortran-torture/execute/ptr.f90 compilation,  -O2 -fomit-frame-pointer -finline-functions -funroll-all-loops 
FAIL: gfortran.fortran-torture/execute/ptr.f90 compilation,  -O2 -fno-repack-arrays 
FAIL: gfortran.fortran-torture/execute/ptr.f90 compilation,  -O2 -fg77-calls 
FAIL: gfortran.fortran-torture/execute/ptr.f90 compilation,  -O3 -g 
FAIL: gfortran.fortran-torture/execute/ptr.f90 compilation,  -Os 
FAIL: gfortran.fortran-torture/execute/retarray.f90 compilation,  -O0 
FAIL: gfortran.fortran-torture/execute/retarray.f90 compilation,  -O1 
FAIL: gfortran.fortran-torture/execute/retarray.f90 compilation,  -O2 
FAIL: gfortran.fortran-torture/execute/retarray.f90 compilation,  -O2 -fomit-frame-pointer -finline-functions 
FAIL: gfortran.fortran-torture/execute/retarray.f90 compilation,  -O2 -fomit-frame-pointer -finline-functions -funroll-loops 
FAIL: gfortran.fortran-torture/execute/retarray.f90 compilation,  -O2 -fomit-frame-pointer -finline-functions -funroll-all-loops 
FAIL: gfortran.fortran-torture/execute/retarray.f90 compilation,  -O2 -fno-repack-arrays 
FAIL: gfortran.fortran-torture/execute/retarray.f90 compilation,  -O2 -fg77-calls 
FAIL: gfortran.fortran-torture/execute/retarray.f90 compilation,  -O3 -g 
FAIL: gfortran.fortran-torture/execute/retarray.f90 compilation,  -Os 
FAIL: gfortran.fortran-torture/execute/retarray_2.f90 compilation,  -O0 
FAIL: gfortran.fortran-torture/execute/retarray_2.f90 compilation,  -O1 
FAIL: gfortran.fortran-torture/execute/retarray_2.f90 compilation,  -O2 
FAIL: gfortran.fortran-torture/execute/retarray_2.f90 compilation,  -O2 -fomit-frame-pointer -finline-functions 
FAIL: gfortran.fortran-torture/execute/retarray_2.f90 compilation,  -O2 -fomit-frame-pointer -finline-functions -funroll-loops 
FAIL: gfortran.fortran-torture/execute/retarray_2.f90 compilation,  -O2 -fomit-frame-pointer -finline-functions -funroll-all-loops 
FAIL: gfortran.fortran-torture/execute/retarray_2.f90 compilation,  -O2 -fno-repack-arrays 
FAIL: gfortran.fortran-torture/execute/retarray_2.f90 compilation,  -O2 -fg77-calls 
FAIL: gfortran.fortran-torture/execute/retarray_2.f90 compilation,  -O3 -g 
FAIL: gfortran.fortran-torture/execute/retarray_2.f90 compilation,  -Os 
FAIL: gfortran.fortran-torture/execute/scalarize.f90 compilation,  -O0 
FAIL: gfortran.fortran-torture/execute/scalarize.f90 compilation,  -O1 
FAIL: gfortran.fortran-torture/execute/scalarize.f90 compilation,  -O2 
FAIL: gfortran.fortran-torture/execute/scalarize.f90 compilation,  -O2 -fomit-frame-pointer -finline-functions 
FAIL: gfortran.fortran-torture/execute/scalarize.f90 compilation,  -O2 -fomit-frame-pointer -finline-functions -funroll-loops 
FAIL: gfortran.fortran-torture/execute/scalarize.f90 compilation,  -O2 -fomit-frame-pointer -finline-functions -funroll-all-loops 
FAIL: gfortran.fortran-torture/execute/scalarize.f90 compilation,  -O2 -fno-repack-arrays 
FAIL: gfortran.fortran-torture/execute/scalarize.f90 compilation,  -O2 -fg77-calls 
FAIL: gfortran.fortran-torture/execute/scalarize.f90 compilation,  -O3 -g 
FAIL: gfortran.fortran-torture/execute/scalarize.f90 compilation,  -Os 
FAIL: gfortran.fortran-torture/execute/scalarize2.f90 compilation,  -O0 
FAIL: gfortran.fortran-torture/execute/scalarize2.f90 compilation,  -O1 
FAIL: gfortran.fortran-torture/execute/scalarize2.f90 compilation,  -O2 
FAIL: gfortran.fortran-torture/execute/scalarize2.f90 compilation,  -O2 -fomit-frame-pointer -finline-functions 
FAIL: gfortran.fortran-torture/execute/scalarize2.f90 compilation,  -O2 -fomit-frame-pointer -finline-functions -funroll-loops 
FAIL: gfortran.fortran-torture/execute/scalarize2.f90 compilation,  -O2 -fomit-frame-pointer -finline-functions -funroll-all-loops 
FAIL: gfortran.fortran-torture/execute/scalarize2.f90 compilation,  -O2 -fno-repack-arrays 
FAIL: gfortran.fortran-torture/execute/scalarize2.f90 compilation,  -O2 -fg77-calls 
FAIL: gfortran.fortran-torture/execute/scalarize2.f90 compilation,  -O3 -g 
FAIL: gfortran.fortran-torture/execute/scalarize2.f90 compilation,  -Os 
FAIL: gfortran.fortran-torture/execute/scalarize3.f90 compilation,  -O0 
FAIL: gfortran.fortran-torture/execute/scalarize3.f90 compilation,  -O1 
FAIL: gfortran.fortran-torture/execute/scalarize3.f90 compilation,  -O2 
FAIL: gfortran.fortran-torture/execute/scalarize3.f90 compilation,  -O2 -fomit-frame-pointer -finline-functions 
FAIL: gfortran.fortran-torture/execute/scalarize3.f90 compilation,  -O2 -fomit-frame-pointer -finline-functions -funroll-loops 
FAIL: gfortran.fortran-torture/execute/scalarize3.f90 compilation,  -O2 -fomit-frame-pointer -finline-functions -funroll-all-loops 
FAIL: gfortran.fortran-torture/execute/scalarize3.f90 compilation,  -O2 -fno-repack-arrays 
FAIL: gfortran.fortran-torture/execute/scalarize3.f90 compilation,  -O2 -fg77-calls 
FAIL: gfortran.fortran-torture/execute/scalarize3.f90 compilation,  -O3 -g 
FAIL: gfortran.fortran-torture/execute/scalarize3.f90 compilation,  -Os 
FAIL: gfortran.fortran-torture/execute/specifics.f90 compilation,  -O0 
FAIL: gfortran.fortran-torture/execute/specifics.f90 compilation,  -O1 
FAIL: gfortran.fortran-torture/execute/specifics.f90 compilation,  -O2 
FAIL: gfortran.fortran-torture/execute/specifics.f90 compilation,  -O2 -fomit-frame-pointer -finline-functions 
FAIL: gfortran.fortran-torture/execute/specifics.f90 compilation,  -O2 -fomit-frame-pointer -finline-functions -funroll-loops 
FAIL: gfortran.fortran-torture/execute/specifics.f90 compilation,  -O2 -fomit-frame-pointer -finline-functions -funroll-all-loops 
FAIL: gfortran.fortran-torture/execute/specifics.f90 compilation,  -O2 -fno-repack-arrays 
FAIL: gfortran.fortran-torture/execute/specifics.f90 compilation,  -O2 -fg77-calls 
FAIL: gfortran.fortran-torture/execute/specifics.f90 compilation,  -O3 -g 
FAIL: gfortran.fortran-torture/execute/specifics.f90 compilation,  -Os 
FAIL: gfortran.fortran-torture/execute/st_function.f90 compilation,  -O0 
FAIL: gfortran.fortran-torture/execute/st_function.f90 compilation,  -O1 
FAIL: gfortran.fortran-torture/execute/st_function.f90 compilation,  -O2 
FAIL: gfortran.fortran-torture/execute/st_function.f90 compilation,  -O2 -fomit-frame-pointer -finline-functions 
FAIL: gfortran.fortran-torture/execute/st_function.f90 compilation,  -O2 -fomit-frame-pointer -finline-functions -funroll-loops 
FAIL: gfortran.fortran-torture/execute/st_function.f90 compilation,  -O2 -fomit-frame-pointer -finline-functions -funroll-all-loops 
FAIL: gfortran.fortran-torture/execute/st_function.f90 compilation,  -O2 -fno-repack-arrays 
FAIL: gfortran.fortran-torture/execute/st_function.f90 compilation,  -O2 -fg77-calls 
FAIL: gfortran.fortran-torture/execute/st_function.f90 compilation,  -O3 -g 
FAIL: gfortran.fortran-torture/execute/st_function.f90 compilation,  -Os 
FAIL: gfortran.fortran-torture/execute/stack_varsize.f90 compilation,  -O0 
FAIL: gfortran.fortran-torture/execute/stack_varsize.f90 compilation,  -O1 
FAIL: gfortran.fortran-torture/execute/stack_varsize.f90 compilation,  -O2 
FAIL: gfortran.fortran-torture/execute/stack_varsize.f90 compilation,  -O2 -fomit-frame-pointer -finline-functions 
FAIL: gfortran.fortran-torture/execute/stack_varsize.f90 compilation,  -O2 -fomit-frame-pointer -finline-functions -funroll-loops 
FAIL: gfortran.fortran-torture/execute/stack_varsize.f90 compilation,  -O2 -fomit-frame-pointer -finline-functions -funroll-all-loops 
FAIL: gfortran.fortran-torture/execute/stack_varsize.f90 compilation,  -O2 -fno-repack-arrays 
FAIL: gfortran.fortran-torture/execute/stack_varsize.f90 compilation,  -O2 -fg77-calls 
FAIL: gfortran.fortran-torture/execute/stack_varsize.f90 compilation,  -O3 -g 
FAIL: gfortran.fortran-torture/execute/stack_varsize.f90 compilation,  -Os 
FAIL: gfortran.fortran-torture/execute/strcmp.f90 compilation,  -O0 
FAIL: gfortran.fortran-torture/execute/strcmp.f90 compilation,  -O1 
FAIL: gfortran.fortran-torture/execute/strcmp.f90 compilation,  -O2 
FAIL: gfortran.fortran-torture/execute/strcmp.f90 compilation,  -O2 -fomit-frame-pointer -finline-functions 
FAIL: gfortran.fortran-torture/execute/strcmp.f90 compilation,  -O2 -fomit-frame-pointer -finline-functions -funroll-loops 
FAIL: gfortran.fortran-torture/execute/strcmp.f90 compilation,  -O2 -fomit-frame-pointer -finline-functions -funroll-all-loops 
FAIL: gfortran.fortran-torture/execute/strcmp.f90 compilation,  -O2 -fno-repack-arrays 
FAIL: gfortran.fortran-torture/execute/strcmp.f90 compilation,  -O2 -fg77-calls 
FAIL: gfortran.fortran-torture/execute/strcmp.f90 compilation,  -O3 -g 
FAIL: gfortran.fortran-torture/execute/strcmp.f90 compilation,  -Os 
FAIL: gfortran.fortran-torture/execute/string.f90 compilation,  -O0 
FAIL: gfortran.fortran-torture/execute/string.f90 compilation,  -O1 
FAIL: gfortran.fortran-torture/execute/string.f90 compilation,  -O2 
FAIL: gfortran.fortran-torture/execute/string.f90 compilation,  -O2 -fomit-frame-pointer -finline-functions 
FAIL: gfortran.fortran-torture/execute/string.f90 compilation,  -O2 -fomit-frame-pointer -finline-functions -funroll-loops 
FAIL: gfortran.fortran-torture/execute/string.f90 compilation,  -O2 -fomit-frame-pointer -finline-functions -funroll-all-loops 
FAIL: gfortran.fortran-torture/execute/string.f90 compilation,  -O2 -fno-repack-arrays 
FAIL: gfortran.fortran-torture/execute/string.f90 compilation,  -O2 -fg77-calls 
FAIL: gfortran.fortran-torture/execute/string.f90 compilation,  -O3 -g 
FAIL: gfortran.fortran-torture/execute/string.f90 compilation,  -Os 
FAIL: gfortran.fortran-torture/execute/strlen.f90 compilation,  -O0 
FAIL: gfortran.fortran-torture/execute/strlen.f90 compilation,  -O1 
FAIL: gfortran.fortran-torture/execute/strlen.f90 compilation,  -O2 
FAIL: gfortran.fortran-torture/execute/strlen.f90 compilation,  -O2 -fomit-frame-pointer -finline-functions 
FAIL: gfortran.fortran-torture/execute/strlen.f90 compilation,  -O2 -fomit-frame-pointer -finline-functions -funroll-loops 
FAIL: gfortran.fortran-torture/execute/strlen.f90 compilation,  -O2 -fomit-frame-pointer -finline-functions -funroll-all-loops 
FAIL: gfortran.fortran-torture/execute/strlen.f90 compilation,  -O2 -fno-repack-arrays 
FAIL: gfortran.fortran-torture/execute/strlen.f90 compilation,  -O2 -fg77-calls 
FAIL: gfortran.fortran-torture/execute/strlen.f90 compilation,  -O3 -g 
FAIL: gfortran.fortran-torture/execute/strlen.f90 compilation,  -Os 
FAIL: gfortran.fortran-torture/execute/strret.f90 compilation,  -O0 
FAIL: gfortran.fortran-torture/execute/strret.f90 compilation,  -O1 
FAIL: gfortran.fortran-torture/execute/strret.f90 compilation,  -O2 
FAIL: gfortran.fortran-torture/execute/strret.f90 compilation,  -O2 -fomit-frame-pointer -finline-functions 
FAIL: gfortran.fortran-torture/execute/strret.f90 compilation,  -O2 -fomit-frame-pointer -finline-functions -funroll-loops 
FAIL: gfortran.fortran-torture/execute/strret.f90 compilation,  -O2 -fomit-frame-pointer -finline-functions -funroll-all-loops 
FAIL: gfortran.fortran-torture/execute/strret.f90 compilation,  -O2 -fno-repack-arrays 
FAIL: gfortran.fortran-torture/execute/strret.f90 compilation,  -O2 -fg77-calls 
FAIL: gfortran.fortran-torture/execute/strret.f90 compilation,  -O3 -g 
FAIL: gfortran.fortran-torture/execute/strret.f90 compilation,  -Os 
FAIL: gfortran.fortran-torture/execute/test_slice.f90 compilation,  -O0 
FAIL: gfortran.fortran-torture/execute/test_slice.f90 compilation,  -O1 
FAIL: gfortran.fortran-torture/execute/test_slice.f90 compilation,  -O2 
FAIL: gfortran.fortran-torture/execute/test_slice.f90 compilation,  -O2 -fomit-frame-pointer -finline-functions 
FAIL: gfortran.fortran-torture/execute/test_slice.f90 compilation,  -O2 -fomit-frame-pointer -finline-functions -funroll-loops 
FAIL: gfortran.fortran-torture/execute/test_slice.f90 compilation,  -O2 -fomit-frame-pointer -finline-functions -funroll-all-loops 
FAIL: gfortran.fortran-torture/execute/test_slice.f90 compilation,  -O2 -fno-repack-arrays 
FAIL: gfortran.fortran-torture/execute/test_slice.f90 compilation,  -O2 -fg77-calls 
FAIL: gfortran.fortran-torture/execute/test_slice.f90 compilation,  -O3 -g 
FAIL: gfortran.fortran-torture/execute/test_slice.f90 compilation,  -Os 
FAIL: gfortran.fortran-torture/execute/userop.f90 compilation,  -O0 
FAIL: gfortran.fortran-torture/execute/userop.f90 compilation,  -O1 
FAIL: gfortran.fortran-torture/execute/userop.f90 compilation,  -O2 
FAIL: gfortran.fortran-torture/execute/userop.f90 compilation,  -O2 -fomit-frame-pointer -finline-functions 
FAIL: gfortran.fortran-torture/execute/userop.f90 compilation,  -O2 -fomit-frame-pointer -finline-functions -funroll-loops 
FAIL: gfortran.fortran-torture/execute/userop.f90 compilation,  -O2 -fomit-frame-pointer -finline-functions -funroll-all-loops 
FAIL: gfortran.fortran-torture/execute/userop.f90 compilation,  -O2 -fno-repack-arrays 
FAIL: gfortran.fortran-torture/execute/userop.f90 compilation,  -O2 -fg77-calls 
FAIL: gfortran.fortran-torture/execute/userop.f90 compilation,  -O3 -g 
FAIL: gfortran.fortran-torture/execute/userop.f90 compilation,  -Os 
FAIL: gfortran.fortran-torture/execute/where_1.f90 compilation,  -O0 
FAIL: gfortran.fortran-torture/execute/where_1.f90 compilation,  -O1 
FAIL: gfortran.fortran-torture/execute/where_1.f90 compilation,  -O2 
FAIL: gfortran.fortran-torture/execute/where_1.f90 compilation,  -O2 -fomit-frame-pointer -finline-functions 
FAIL: gfortran.fortran-torture/execute/where_1.f90 compilation,  -O2 -fomit-frame-pointer -finline-functions -funroll-loops 
FAIL: gfortran.fortran-torture/execute/where_1.f90 compilation,  -O2 -fomit-frame-pointer -finline-functions -funroll-all-loops 
FAIL: gfortran.fortran-torture/execute/where_1.f90 compilation,  -O2 -fno-repack-arrays 
FAIL: gfortran.fortran-torture/execute/where_1.f90 compilation,  -O2 -fg77-calls 
FAIL: gfortran.fortran-torture/execute/where_1.f90 compilation,  -O3 -g 
FAIL: gfortran.fortran-torture/execute/where_1.f90 compilation,  -Os 
FAIL: gfortran.fortran-torture/execute/where_2.f90 compilation,  -O0 
FAIL: gfortran.fortran-torture/execute/where_2.f90 compilation,  -O1 
FAIL: gfortran.fortran-torture/execute/where_2.f90 compilation,  -O2 
FAIL: gfortran.fortran-torture/execute/where_2.f90 compilation,  -O2 -fomit-frame-pointer -finline-functions 
FAIL: gfortran.fortran-torture/execute/where_2.f90 compilation,  -O2 -fomit-frame-pointer -finline-functions -funroll-loops 
FAIL: gfortran.fortran-torture/execute/where_2.f90 compilation,  -O2 -fomit-frame-pointer -finline-functions -funroll-all-loops 
FAIL: gfortran.fortran-torture/execute/where_2.f90 compilation,  -O2 -fno-repack-arrays 
FAIL: gfortran.fortran-torture/execute/where_2.f90 compilation,  -O2 -fg77-calls 
FAIL: gfortran.fortran-torture/execute/where_2.f90 compilation,  -O3 -g 
FAIL: gfortran.fortran-torture/execute/where_2.f90 compilation,  -Os 
FAIL: gfortran.fortran-torture/execute/where_3.f90 compilation,  -O0 
FAIL: gfortran.fortran-torture/execute/where_3.f90 compilation,  -O1 
FAIL: gfortran.fortran-torture/execute/where_3.f90 compilation,  -O2 
FAIL: gfortran.fortran-torture/execute/where_3.f90 compilation,  -O2 -fomit-frame-pointer -finline-functions 
FAIL: gfortran.fortran-torture/execute/where_3.f90 compilation,  -O2 -fomit-frame-pointer -finline-functions -funroll-loops 
FAIL: gfortran.fortran-torture/execute/where_3.f90 compilation,  -O2 -fomit-frame-pointer -finline-functions -funroll-all-loops 
FAIL: gfortran.fortran-torture/execute/where_3.f90 compilation,  -O2 -fno-repack-arrays 
FAIL: gfortran.fortran-torture/execute/where_3.f90 compilation,  -O2 -fg77-calls 
FAIL: gfortran.fortran-torture/execute/where_3.f90 compilation,  -O3 -g 
FAIL: gfortran.fortran-torture/execute/where_3.f90 compilation,  -Os 
FAIL: gfortran.fortran-torture/execute/where_4.f90 compilation,  -O0 
FAIL: gfortran.fortran-torture/execute/where_4.f90 compilation,  -O1 
FAIL: gfortran.fortran-torture/execute/where_4.f90 compilation,  -O2 
FAIL: gfortran.fortran-torture/execute/where_4.f90 compilation,  -O2 -fomit-frame-pointer -finline-functions 
FAIL: gfortran.fortran-torture/execute/where_4.f90 compilation,  -O2 -fomit-frame-pointer -finline-functions -funroll-loops 
FAIL: gfortran.fortran-torture/execute/where_4.f90 compilation,  -O2 -fomit-frame-pointer -finline-functions -funroll-all-loops 
FAIL: gfortran.fortran-torture/execute/where_4.f90 compilation,  -O2 -fno-repack-arrays 
FAIL: gfortran.fortran-torture/execute/where_4.f90 compilation,  -O2 -fg77-calls 
FAIL: gfortran.fortran-torture/execute/where_4.f90 compilation,  -O3 -g 
FAIL: gfortran.fortran-torture/execute/where_4.f90 compilation,  -Os 
FAIL: gfortran.fortran-torture/execute/where_5.f90 compilation,  -O0 
FAIL: gfortran.fortran-torture/execute/where_5.f90 compilation,  -O1 
FAIL: gfortran.fortran-torture/execute/where_5.f90 compilation,  -O2 
FAIL: gfortran.fortran-torture/execute/where_5.f90 compilation,  -O2 -fomit-frame-pointer -finline-functions 
FAIL: gfortran.fortran-torture/execute/where_5.f90 compilation,  -O2 -fomit-frame-pointer -finline-functions -funroll-loops 
FAIL: gfortran.fortran-torture/execute/where_5.f90 compilation,  -O2 -fomit-frame-pointer -finline-functions -funroll-all-loops 
FAIL: gfortran.fortran-torture/execute/where_5.f90 compilation,  -O2 -fno-repack-arrays 
FAIL: gfortran.fortran-torture/execute/where_5.f90 compilation,  -O2 -fg77-calls 
FAIL: gfortran.fortran-torture/execute/where_5.f90 compilation,  -O3 -g 
FAIL: gfortran.fortran-torture/execute/where_5.f90 compilation,  -Os 
FAIL: gfortran.fortran-torture/execute/where_6.f90 compilation,  -O0 
FAIL: gfortran.fortran-torture/execute/where_6.f90 compilation,  -O1 
FAIL: gfortran.fortran-torture/execute/where_6.f90 compilation,  -O2 
FAIL: gfortran.fortran-torture/execute/where_6.f90 compilation,  -O2 -fomit-frame-pointer -finline-functions 
FAIL: gfortran.fortran-torture/execute/where_6.f90 compilation,  -O2 -fomit-frame-pointer -finline-functions -funroll-loops 
FAIL: gfortran.fortran-torture/execute/where_6.f90 compilation,  -O2 -fomit-frame-pointer -finline-functions -funroll-all-loops 
FAIL: gfortran.fortran-torture/execute/where_6.f90 compilation,  -O2 -fno-repack-arrays 
FAIL: gfortran.fortran-torture/execute/where_6.f90 compilation,  -O2 -fg77-calls 
FAIL: gfortran.fortran-torture/execute/where_6.f90 compilation,  -O3 -g 
FAIL: gfortran.fortran-torture/execute/where_6.f90 compilation,  -Os 

		=== gfortran Summary ===

# of expected passes		290
# of unexpected failures	1090
# of untested testcases		1090
/stuff/gcc.obj/gcc/testsuite/../gfortran version 3.5-tree-ssa 20031231 (merged 20031130)

		=== objc tests ===


Running target unix

		=== objc Summary ===

# of expected passes		1337
# of unsupported tests		7
/stuff/gcc.obj/gcc/xgcc version 3.5-tree-ssa 20031231 (merged 20031130)

		=== libffi tests ===


Running target unix
FAIL: libffi.call/closure_fn1.c (test for excess errors)
FAIL: libffi.call/closure_fn2.c (test for excess errors)
FAIL: libffi.call/closure_fn3.c (test for excess errors)
FAIL: libffi.call/closure_fn4.c (test for excess errors)
FAIL: libffi.call/closure_fn5.c (test for excess errors)
FAIL: libffi.call/cls_12byte.c (test for excess errors)
FAIL: libffi.call/cls_16byte.c (test for excess errors)
FAIL: libffi.call/cls_18byte.c (test for excess errors)
FAIL: libffi.call/cls_19byte.c (test for excess errors)
FAIL: libffi.call/cls_1_1byte.c (test for excess errors)
FAIL: libffi.call/cls_1_1byte.c execution test
FAIL: libffi.call/cls_20byte.c (test for excess errors)
FAIL: libffi.call/cls_20byte1.c (test for excess errors)
FAIL: libffi.call/cls_24byte.c (test for excess errors)
FAIL: libffi.call/cls_2byte.c (test for excess errors)
FAIL: libffi.call/cls_2byte.c execution test
FAIL: libffi.call/cls_3_1byte.c (test for excess errors)
FAIL: libffi.call/cls_3_1byte.c output pattern test, is 12 13 14 178 179 180: 190 192 194
FAIL: libffi.call/cls_3byte1.c (test for excess errors)
FAIL: libffi.call/cls_3byte1.c execution test
FAIL: libffi.call/cls_3byte2.c (test for excess errors)
FAIL: libffi.call/cls_3byte2.c execution test
FAIL: libffi.call/cls_4_1byte.c (test for excess errors)
FAIL: libffi.call/cls_4_1byte.c execution test
FAIL: libffi.call/cls_4byte.c (test for excess errors)
FAIL: libffi.call/cls_4byte.c execution test
FAIL: libffi.call/cls_5byte.c (test for excess errors)
FAIL: libffi.call/cls_5byte.c output pattern test, is 127 120 1 128 19721 0: 255 19841 1
FAIL: libffi.call/cls_64byte.c (test for excess errors)
FAIL: libffi.call/cls_6byte.c (test for excess errors)
FAIL: libffi.call/cls_6byte.c output pattern test, is 127 120 1 128 128 32521 0 1: 255 32641 1 129
FAIL: libffi.call/cls_7byte.c (test for excess errors)
FAIL: libffi.call/cls_7byte.c execution test
FAIL: libffi.call/cls_8byte.c (test for excess errors)
FAIL: libffi.call/cls_8byte.c execution test
FAIL: libffi.call/cls_9byte1.c (test for excess errors)
FAIL: libffi.call/cls_9byte2.c (test for excess errors)
FAIL: libffi.call/cls_double.c (test for excess errors)
FAIL: libffi.call/cls_float.c (test for excess errors)
FAIL: libffi.call/cls_schar.c (test for excess errors)
FAIL: libffi.call/cls_sint.c (test for excess errors)
FAIL: libffi.call/cls_sshort.c (test for excess errors)
FAIL: libffi.call/cls_uchar.c (test for excess errors)
FAIL: libffi.call/cls_uint.c (test for excess errors)
FAIL: libffi.call/cls_ulonglong.c (test for excess errors)
FAIL: libffi.call/cls_ushort.c (test for excess errors)
FAIL: libffi.call/float.c (test for excess errors)
FAIL: libffi.call/float1.c (test for excess errors)
FAIL: libffi.call/float2.c (test for excess errors)
FAIL: libffi.call/many.c (test for excess errors)
FAIL: libffi.call/nested_struct.c (test for excess errors)
FAIL: libffi.call/nested_struct1.c (test for excess errors)
FAIL: libffi.call/nested_struct2.c (test for excess errors)
FAIL: libffi.call/nested_struct3.c (test for excess errors)
FAIL: libffi.call/problem1.c (test for excess errors)
FAIL: libffi.call/promotion.c (test for excess errors)
FAIL: libffi.call/pyobjc-tc.c (test for excess errors)
FAIL: libffi.call/return_ll.c (test for excess errors)
FAIL: libffi.call/return_sc.c (test for excess errors)
FAIL: libffi.call/return_uc.c (test for excess errors)
FAIL: libffi.call/strlen.c (test for excess errors)
FAIL: libffi.call/struct1.c (test for excess errors)
FAIL: libffi.call/struct2.c (test for excess errors)
FAIL: libffi.call/struct3.c (test for excess errors)
FAIL: libffi.call/struct3.c execution test
FAIL: libffi.call/struct4.c (test for excess errors)
FAIL: libffi.call/struct5.c (test for excess errors)
FAIL: libffi.call/struct5.c execution test
FAIL: libffi.call/struct6.c (test for excess errors)
FAIL: libffi.call/struct7.c (test for excess errors)
FAIL: libffi.call/struct8.c (test for excess errors)
FAIL: libffi.call/struct9.c (test for excess errors)
FAIL: libffi.call/struct9.c execution test

		=== libffi Summary ===

# of expected passes		83
# of unexpected failures	73
# of unsupported tests		2
		=== libjava tests ===


Running target unix
FAIL: linking PR9577
FAIL: linking longfield
FAIL: linking shortfield
FAIL: ArrayClass compilation from source
FAIL: ArrayClass -O3 compilation from source
FAIL: Case compilation from source
FAIL: Case -O3 compilation from source
FAIL: G19990210_1 compilation from source
FAIL: G19990210_1 -O3 compilation from source
FAIL: G19990210_2 compilation from source
FAIL: G19990210_2 -O3 compilation from source
FAIL: G19990210_3 compilation from source
FAIL: G19990210_3 -O3 compilation from source
FAIL: G19990217_01 compilation from source
FAIL: G19990217_01 -O3 compilation from source
FAIL: G19990225_01 compilation from source
FAIL: G19990225_01 -O3 compilation from source
FAIL: InnerExcept compilation from source
FAIL: InnerExcept -O3 compilation from source
FAIL: N19990310_01 compilation from source
FAIL: N19990310_01 -O3 compilation from source
FAIL: N19990317 compilation from source
FAIL: N19990317 -O3 compilation from source
FAIL: OperatorBenchmark compilation from source
FAIL: OperatorBenchmark -O3 compilation from source
FAIL: PR12857 compilation from source
FAIL: PR12857 -O3 compilation from source
FAIL: PR1343 compilation from source
FAIL: PR1343 -O3 compilation from source
FAIL: PR206 compilation from source
FAIL: PR206 -O3 compilation from source
FAIL: PR209 compilation from source
FAIL: PR209 -O3 compilation from source
FAIL: PR232 compilation from source
FAIL: PR232 -O3 compilation from source
FAIL: PR232B compilation from source
FAIL: PR232B -O3 compilation from source
FAIL: PR234 compilation from source
FAIL: PR234 -O3 compilation from source
FAIL: PR235 compilation from source
FAIL: PR235 -O3 compilation from source
FAIL: PR295 compilation from source
FAIL: PR295 -O3 compilation from source
FAIL: PR374 compilation from source
FAIL: PR374 -O3 compilation from source
FAIL: PR375 compilation from source
FAIL: PR375 -O3 compilation from source
FAIL: PR4766 compilation from source
FAIL: PR4766 -O3 compilation from source
FAIL: PR5902 compilation from source
FAIL: PR5902 -O3 compilation from source
FAIL: PR5913 compilation from source
FAIL: PR5913 -O3 compilation from source
FAIL: PR6026 compilation from source
FAIL: PR6026 -O3 compilation from source
FAIL: Semi compilation from source
FAIL: Semi -O3 compilation from source
FAIL: Statics compilation from source
FAIL: Statics -O3 compilation from source
FAIL: SuperConstr compilation from source
FAIL: SuperConstr -O3 compilation from source
FAIL: T20020529 compilation from source
FAIL: T20020529 -O3 compilation from source
FAIL: T20020604 compilation from source
FAIL: T20020604 -O3 compilation from source
FAIL: Twice compilation from source
FAIL: Twice -O3 compilation from source
FAIL: XercesBug compilation from source
FAIL: XercesBug -O3 compilation from source
FAIL: assignment compilation from source
FAIL: assignment -O3 compilation from source
FAIL: assignment_2 compilation from source
FAIL: assignment_2 -O3 compilation from source
FAIL: comment compilation from source
FAIL: comment -O3 compilation from source
FAIL: final_initialization_in_ctor compilation from source
FAIL: final_initialization_in_ctor -O3 compilation from source
FAIL: final_local_switch compilation from source
FAIL: final_local_switch -O3 compilation from source
FAIL: iface compilation from source
FAIL: iface -O3 compilation from source
FAIL: inner_data compilation from source
FAIL: inner_data -O3 compilation from source
FAIL: inner_inherit compilation from source
FAIL: inner_inherit -O3 compilation from source
FAIL: inner_priv compilation from source
FAIL: inner_priv -O3 compilation from source
FAIL: inner_pub compilation from source
FAIL: inner_pub -O3 compilation from source
FAIL: narrow_case compilation from source
FAIL: narrow_case -O3 compilation from source
FAIL: perc compilation from source
FAIL: perc -O3 compilation from source
FAIL: plusplus compilation from source
FAIL: plusplus -O3 compilation from source
FAIL: pr10459 compilation from source
FAIL: pr10459 -O3 compilation from source
FAIL: pr10459_2 compilation from source
FAIL: pr10459_2 -O3 compilation from source
FAIL: pr172 compilation from source
FAIL: pr172 -O3 compilation from source
FAIL: pr174 compilation from source
FAIL: pr174 -O3 compilation from source
FAIL: pr176 compilation from source
FAIL: pr176 -O3 compilation from source
FAIL: pr7912 compilation from source
FAIL: pr7912 -O3 compilation from source
FAIL: pr8712 compilation from source
FAIL: pr8712 -O3 compilation from source
FAIL: pr8955 compilation from source
FAIL: pr8955 -O3 compilation from source
FAIL: static_init2 compilation from source
FAIL: static_init2 -O3 compilation from source
FAIL: static_inner compilation from source
FAIL: static_inner -O3 compilation from source
FAIL: zeroexp compilation from source
FAIL: zeroexp -O3 compilation from source
FAIL: linking simple
FAIL: /stuff/gcc/libjava/testsuite/libjava.jar/simple.jar execution - gij test
FAIL: linking calls
FAIL: linking cxxtest
FAIL: linking field
FAIL: linking final_method
FAIL: linking findclass
FAIL: linking invoke
FAIL: linking jniutf
FAIL: linking martin
FAIL: linking noclass
FAIL: linking overload
FAIL: linking pr11951
FAIL: linking register
FAIL: linking simple_int
FAIL: linking throwit
FAIL: linking virtual
FAIL: ArrayStore compilation from source
FAIL: ArrayStore compilation from bytecode
FAIL: ArrayStore -O3 compilation from source
FAIL: ArrayStore -O3 compilation from bytecode
FAIL: ArrayStore2 compilation from source
FAIL: ArrayStore2 compilation from bytecode
FAIL: ArrayStore2 -O3 compilation from source
FAIL: ArrayStore2 -O3 compilation from bytecode
FAIL: Array_1 compilation from source
FAIL: Array_1 compilation from bytecode
FAIL: Array_1 -O3 compilation from source
FAIL: Array_1 -O3 compilation from bytecode
FAIL: Array_2 compilation from source
FAIL: Array_2 compilation from bytecode
FAIL: Array_2 -O3 compilation from source
FAIL: Array_2 -O3 compilation from bytecode
FAIL: Array_3 compilation from source
FAIL: Array_3 compilation from bytecode
FAIL: Array_3 -O3 compilation from source
FAIL: Array_3 -O3 compilation from bytecode
FAIL: Class_1 compilation from source
FAIL: Class_1 compilation from bytecode
FAIL: Class_1 -O3 compilation from source
FAIL: Class_1 -O3 compilation from bytecode
FAIL: CompareNaN compilation from source
FAIL: CompareNaN compilation from bytecode
FAIL: CompareNaN -O3 compilation from source
FAIL: CompareNaN -O3 compilation from bytecode
FAIL: Divide_1 compilation from source
FAIL: Divide_1 compilation from bytecode
FAIL: Divide_1 -O3 compilation from source
FAIL: Divide_1 -O3 compilation from bytecode
FAIL: EvaluationOrder compilation from source
FAIL: EvaluationOrder compilation from bytecode
FAIL: EvaluationOrder -O3 compilation from source
FAIL: EvaluationOrder -O3 compilation from bytecode
FAIL: FileHandleGcTest compilation from source
FAIL: FileHandleGcTest compilation from bytecode
FAIL: FileHandleGcTest -O3 compilation from source
FAIL: FileHandleGcTest -O3 compilation from bytecode
FAIL: Final compilation from source
FAIL: Final compilation from bytecode
FAIL: Final -O3 compilation from source
FAIL: Final -O3 compilation from bytecode
FAIL: Float_1 compilation from source
FAIL: Float_1 compilation from bytecode
FAIL: Float_1 -O3 compilation from source
FAIL: Float_1 -O3 compilation from bytecode
FAIL: G19990301_01 compilation from source
FAIL: G19990301_01 compilation from bytecode
FAIL: G19990301_01 -O3 compilation from source
FAIL: G19990301_01 -O3 compilation from bytecode
FAIL: G19990302_02 compilation from source
FAIL: G19990302_02 compilation from bytecode
FAIL: G19990302_02 -O3 compilation from source
FAIL: G19990302_02 -O3 compilation from bytecode
FAIL: G19990303_01 compilation from source
FAIL: G19990303_01 compilation from bytecode
FAIL: G19990303_01 -O3 compilation from source
FAIL: G19990303_01 -O3 compilation from bytecode
FAIL: G19990303_02 compilation from source
FAIL: G19990303_02 compilation from bytecode
FAIL: G19990303_02 -O3 compilation from source
FAIL: G19990303_02 -O3 compilation from bytecode
FAIL: G19990304_01 compilation from source
FAIL: G19990304_01 compilation from bytecode
FAIL: G19990304_01 -O3 compilation from source
FAIL: G19990304_01 -O3 compilation from bytecode
FAIL: G19990310_01 compilation from source
FAIL: G19990310_01 compilation from bytecode
FAIL: G19990310_01 -O3 compilation from source
FAIL: G19990310_01 -O3 compilation from bytecode
FAIL: II compilation from source
FAIL: II compilation from bytecode
FAIL: II -O3 compilation from source
FAIL: II -O3 compilation from bytecode
FAIL: InterfaceDispatch compilation from source
FAIL: InterfaceDispatch compilation from bytecode
FAIL: InterfaceDispatch -O3 compilation from source
FAIL: InterfaceDispatch -O3 compilation from bytecode
FAIL: InvokeReturn compilation from source
FAIL: InvokeReturn compilation from bytecode
FAIL: InvokeReturn -O3 compilation from source
FAIL: InvokeReturn -O3 compilation from bytecode
FAIL: Invoke_1 compilation from source
FAIL: Invoke_1 compilation from bytecode
FAIL: Invoke_1 -O3 compilation from source
FAIL: Invoke_1 -O3 compilation from bytecode
FAIL: Invoke_2 compilation from source
FAIL: Invoke_2 compilation from bytecode
FAIL: Invoke_2 -O3 compilation from source
FAIL: Invoke_2 -O3 compilation from bytecode
FAIL: KeepInline compilation from source
FAIL: KeepInline compilation from bytecode
FAIL: KeepInline -O3 compilation from source
FAIL: KeepInline -O3 compilation from bytecode
FAIL: MathBuiltin compilation from source
FAIL: MathBuiltin compilation from bytecode
FAIL: MathBuiltin -O3 compilation from source
FAIL: MathBuiltin -O3 compilation from bytecode
FAIL: Matrix4f compilation from source
FAIL: Matrix4f compilation from bytecode
FAIL: Matrix4f -O3 compilation from source
FAIL: Matrix4f -O3 compilation from bytecode
FAIL: N19990310_02 compilation from source
FAIL: N19990310_02 compilation from bytecode
FAIL: N19990310_02 -O3 compilation from source
FAIL: N19990310_02 -O3 compilation from bytecode
FAIL: N19990310_3 compilation from source
FAIL: N19990310_3 compilation from bytecode
FAIL: N19990310_3 -O3 compilation from source
FAIL: N19990310_3 -O3 compilation from bytecode
FAIL: N19990310_4 compilation from source
FAIL: N19990310_4 compilation from bytecode
FAIL: N19990310_4 -O3 compilation from source
FAIL: N19990310_4 -O3 compilation from bytecode
FAIL: N19990310_5 compilation from source
FAIL: N19990310_5 compilation from bytecode
FAIL: N19990310_5 -O3 compilation from source
FAIL: N19990310_5 -O3 compilation from bytecode
FAIL: Overflow compilation from source
FAIL: Overflow compilation from bytecode
FAIL: Overflow -O3 compilation from source
FAIL: Overflow -O3 compilation from bytecode
FAIL: PR12350 compilation from source
FAIL: PR12350 compilation from bytecode
FAIL: PR12350 -O3 compilation from source
FAIL: PR12350 -O3 compilation from bytecode
FAIL: PR12416 compilation from source
FAIL: PR12416 compilation from bytecode
FAIL: PR12416 -O3 compilation from source
FAIL: PR12416 -O3 compilation from bytecode
FAIL: PR12656 compilation from source
FAIL: PR12656 compilation from bytecode
FAIL: PR12656 -O3 compilation from source
FAIL: PR12656 -O3 compilation from bytecode
FAIL: PR12915 compilation from source
FAIL: PR12915 compilation from bytecode
FAIL: PR12915 -O3 compilation from source
FAIL: PR12915 -O3 compilation from bytecode
FAIL: PR141 compilation from source
FAIL: PR141 compilation from bytecode
FAIL: PR141 -O3 compilation from source
FAIL: PR141 -O3 compilation from bytecode
FAIL: PR160 compilation from source
FAIL: PR160 compilation from bytecode
FAIL: PR160 -O3 compilation from source
FAIL: PR160 -O3 compilation from bytecode
FAIL: PR162 compilation from source
FAIL: PR162 compilation from bytecode
FAIL: PR162 -O3 compilation from source
FAIL: PR162 -O3 compilation from bytecode
FAIL: PR218 compilation from source
FAIL: PR218 compilation from bytecode
FAIL: PR218 -O3 compilation from source
FAIL: PR218 -O3 compilation from bytecode
FAIL: PR242 compilation from source
FAIL: PR242 compilation from bytecode
FAIL: PR242 -O3 compilation from source
FAIL: PR242 -O3 compilation from bytecode
FAIL: PR260 compilation from source
FAIL: PR260 compilation from bytecode
FAIL: PR260 -O3 compilation from source
FAIL: PR260 -O3 compilation from bytecode
FAIL: PR3096 compilation from source
FAIL: PR3096 compilation from bytecode
FAIL: PR3096 -O3 compilation from source
FAIL: PR3096 -O3 compilation from bytecode
FAIL: PR3731 compilation from source
FAIL: PR3731 compilation from bytecode
FAIL: PR3731 -O3 compilation from source
FAIL: PR3731 -O3 compilation from bytecode
FAIL: PR5057 compilation from source
FAIL: PR5057 compilation from bytecode
FAIL: PR5057 -O3 compilation from source
FAIL: PR5057 -O3 compilation from bytecode
FAIL: PR5057_2 compilation from source
FAIL: PR5057_2 compilation from bytecode
FAIL: PR5057_2 -O3 compilation from source
FAIL: PR5057_2 -O3 compilation from bytecode
FAIL: PR55 compilation from source
FAIL: PR55 compilation from bytecode
FAIL: PR55 -O3 compilation from source
FAIL: PR55 -O3 compilation from bytecode
FAIL: PR56 compilation from source
FAIL: PR56 compilation from bytecode
FAIL: PR56 -O3 compilation from source
FAIL: PR56 -O3 compilation from bytecode
FAIL: PR6085 compilation from source
FAIL: PR6085 compilation from bytecode
FAIL: PR6085 -O3 compilation from source
FAIL: PR6085 -O3 compilation from bytecode
FAIL: PR6204 compilation from source
FAIL: PR6204 compilation from bytecode
FAIL: PR6204 -O3 compilation from source
FAIL: PR6204 -O3 compilation from bytecode
FAIL: PR6729 compilation from source
FAIL: PR6729 compilation from bytecode
FAIL: PR6729 -O3 compilation from source
FAIL: PR6729 -O3 compilation from bytecode
FAIL: PR6820 compilation from source
FAIL: PR6820 compilation from bytecode
FAIL: PR6820 -O3 compilation from source
FAIL: PR6820 -O3 compilation from bytecode
FAIL: PR7482 compilation from source
FAIL: PR7482 compilation from bytecode
FAIL: PR7482 -O3 compilation from source
FAIL: PR7482 -O3 compilation from bytecode
FAIL: Shazam compilation from source
FAIL: Shazam compilation from bytecode
FAIL: Shazam -O3 compilation from source
FAIL: Shazam -O3 compilation from bytecode
FAIL: StaticConstructor compilation from source
FAIL: StaticConstructor compilation from bytecode
FAIL: StaticConstructor -O3 compilation from source
FAIL: StaticConstructor -O3 compilation from bytecode
FAIL: StringBuffer_1 compilation from source
FAIL: StringBuffer_1 compilation from bytecode
FAIL: StringBuffer_1 -O3 compilation from source
FAIL: StringBuffer_1 -O3 compilation from bytecode
FAIL: StringBuffer_overflow compilation from source
FAIL: StringBuffer_overflow compilation from bytecode
FAIL: StringBuffer_overflow -O3 compilation from source
FAIL: StringBuffer_overflow -O3 compilation from bytecode
FAIL: String_overflow compilation from source
FAIL: String_overflow compilation from bytecode
FAIL: String_overflow -O3 compilation from source
FAIL: String_overflow -O3 compilation from bytecode
FAIL: SyncGlobal compilation from source
FAIL: SyncGlobal compilation from bytecode
FAIL: SyncGlobal -O3 compilation from source
FAIL: SyncGlobal -O3 compilation from bytecode
FAIL: SyncTest compilation from source
FAIL: SyncTest compilation from bytecode
FAIL: SyncTest -O3 compilation from source
FAIL: SyncTest -O3 compilation from bytecode
FAIL: Synch compilation from source
FAIL: Synch compilation from bytecode
FAIL: Synch -O3 compilation from source
FAIL: Synch -O3 compilation from bytecode
FAIL: TLtest compilation from source
FAIL: TLtest compilation from bytecode
FAIL: TLtest -O3 compilation from source
FAIL: TLtest -O3 compilation from bytecode
FAIL: TestProxy compilation from source
FAIL: TestProxy compilation from bytecode
FAIL: TestProxy -O3 compilation from source
FAIL: TestProxy -O3 compilation from bytecode
FAIL: Thread_Alive compilation from source
FAIL: Thread_Alive compilation from bytecode
FAIL: Thread_Alive -O3 compilation from source
FAIL: Thread_Alive -O3 compilation from bytecode
FAIL: Thread_Interrupt compilation from source
FAIL: Thread_Interrupt compilation from bytecode
FAIL: Thread_Interrupt -O3 compilation from source
FAIL: Thread_Interrupt -O3 compilation from bytecode
FAIL: Thread_Join compilation from source
FAIL: Thread_Join compilation from bytecode
FAIL: Thread_Join -O3 compilation from source
FAIL: Thread_Join -O3 compilation from bytecode
FAIL: Thread_Monitor compilation from source
FAIL: Thread_Monitor compilation from bytecode
FAIL: Thread_Monitor -O3 compilation from source
FAIL: Thread_Monitor -O3 compilation from bytecode
FAIL: Thread_Sleep compilation from source
FAIL: Thread_Sleep compilation from bytecode
FAIL: Thread_Sleep -O3 compilation from source
FAIL: Thread_Sleep -O3 compilation from bytecode
FAIL: Thread_Wait compilation from source
FAIL: Thread_Wait compilation from bytecode
FAIL: Thread_Wait -O3 compilation from source
FAIL: Thread_Wait -O3 compilation from bytecode
FAIL: Thread_Wait_2 compilation from source
FAIL: Thread_Wait_2 compilation from bytecode
FAIL: Thread_Wait_2 -O3 compilation from source
FAIL: Thread_Wait_2 -O3 compilation from bytecode
FAIL: Thread_Wait_Interrupt compilation from source
FAIL: Thread_Wait_Interrupt compilation from bytecode
FAIL: Thread_Wait_Interrupt -O3 compilation from source
FAIL: Thread_Wait_Interrupt -O3 compilation from bytecode
FAIL: Throw_1 compilation from source
FAIL: Throw_1 compilation from bytecode
FAIL: Throw_1 -O3 compilation from source
FAIL: Throw_1 -O3 compilation from bytecode
FAIL: Throw_2 compilation from source
FAIL: Throw_2 execution - gij test
FAIL: Throw_2 compilation from bytecode
FAIL: Throw_2 -O3 compilation from source
FAIL: Throw_2 execution - gij test
FAIL: Throw_2 -O3 compilation from bytecode
FAIL: anfi compilation from source
FAIL: anfi compilation from bytecode
FAIL: anfi -O3 compilation from source
FAIL: anfi -O3 compilation from bytecode
FAIL: anon compilation from source
FAIL: anon compilation from bytecode
FAIL: anon -O3 compilation from source
FAIL: anon -O3 compilation from bytecode
FAIL: anon2 compilation from source
FAIL: anon2 compilation from bytecode
FAIL: anon2 -O3 compilation from source
FAIL: anon2 -O3 compilation from bytecode
FAIL: anon3 compilation from source
FAIL: anon3 compilation from bytecode
FAIL: anon3 -O3 compilation from source
FAIL: anon3 -O3 compilation from bytecode
FAIL: anon4 compilation from source
FAIL: anon4 compilation from bytecode
FAIL: anon4 -O3 compilation from source
FAIL: anon4 -O3 compilation from bytecode
FAIL: anon_ctor_itf_arg compilation from source
FAIL: anon_ctor_itf_arg compilation from bytecode
FAIL: anon_ctor_itf_arg -O3 compilation from source
FAIL: anon_ctor_itf_arg -O3 compilation from bytecode
FAIL: anonarray compilation from source
FAIL: anonarray compilation from bytecode
FAIL: anonarray -O3 compilation from source
FAIL: anonarray -O3 compilation from bytecode
FAIL: anonarray2 compilation from source
FAIL: anonarray2 compilation from bytecode
FAIL: anonarray2 -O3 compilation from source
FAIL: anonarray2 -O3 compilation from bytecode
FAIL: anonarray3 compilation from source
FAIL: anonarray3 compilation from bytecode
FAIL: anonarray3 -O3 compilation from source
FAIL: anonarray3 -O3 compilation from bytecode
FAIL: assign compilation from source
FAIL: assign compilation from bytecode
FAIL: assign -O3 compilation from source
FAIL: assign -O3 compilation from bytecode
FAIL: direct_read compilation from source
FAIL: direct_read compilation from bytecode
FAIL: direct_read -O3 compilation from source
FAIL: direct_read -O3 compilation from bytecode
FAIL: direct_write compilation from source
FAIL: direct_write compilation from bytecode
FAIL: direct_write -O3 compilation from source
FAIL: direct_write -O3 compilation from bytecode
FAIL: emptystring compilation from source
FAIL: emptystring compilation from bytecode
FAIL: emptystring -O3 compilation from source
FAIL: emptystring -O3 compilation from bytecode
FAIL: err1 compilation from source
FAIL: err1 compilation from bytecode
FAIL: err1 -O3 compilation from source
FAIL: err1 -O3 compilation from bytecode
FAIL: err10 compilation from source
FAIL: err10 compilation from bytecode
FAIL: err10 -O3 compilation from source
FAIL: err10 -O3 compilation from bytecode
FAIL: err11 compilation from source
FAIL: err11 compilation from bytecode
FAIL: err11 -O3 compilation from source
FAIL: err11 -O3 compilation from bytecode
FAIL: err12 compilation from source
FAIL: err12 compilation from bytecode
FAIL: err12 -O3 compilation from source
FAIL: err12 -O3 compilation from bytecode
FAIL: err13 compilation from source
FAIL: err13 compilation from bytecode
FAIL: err13 -O3 compilation from source
FAIL: err13 -O3 compilation from bytecode
FAIL: err2 compilation from source
FAIL: err2 compilation from bytecode
FAIL: err2 -O3 compilation from source
FAIL: err2 -O3 compilation from bytecode
FAIL: err3 compilation from source
FAIL: err3 compilation from bytecode
FAIL: err3 -O3 compilation from source
FAIL: err3 -O3 compilation from bytecode
FAIL: err4 compilation from source
FAIL: err4 compilation from bytecode
FAIL: err4 -O3 compilation from source
FAIL: err4 -O3 compilation from bytecode
FAIL: err5 compilation from source
FAIL: err5 compilation from bytecode
FAIL: err5 -O3 compilation from source
FAIL: err5 -O3 compilation from bytecode
FAIL: err6 compilation from source
FAIL: err6 compilation from bytecode
FAIL: err6 -O3 compilation from source
FAIL: err6 -O3 compilation from bytecode
FAIL: err7 compilation from source
FAIL: err7 compilation from bytecode
FAIL: err7 -O3 compilation from source
FAIL: err7 -O3 compilation from bytecode
FAIL: err8 compilation from source
FAIL: err8 compilation from bytecode
FAIL: err8 -O3 compilation from source
FAIL: err8 -O3 compilation from bytecode
FAIL: err9 compilation from source
FAIL: err9 compilation from bytecode
FAIL: err9 -O3 compilation from source
FAIL: err9 -O3 compilation from bytecode
FAIL: final_inner compilation from source
FAIL: final_inner compilation from bytecode
FAIL: final_inner -O3 compilation from source
FAIL: final_inner -O3 compilation from bytecode
FAIL: final_int compilation from source
FAIL: final_int compilation from bytecode
FAIL: final_int -O3 compilation from source
FAIL: final_int -O3 compilation from bytecode
FAIL: final_static_and_friend compilation from source
FAIL: final_static_and_friend compilation from bytecode
FAIL: final_static_and_friend -O3 compilation from source
FAIL: final_static_and_friend -O3 compilation from bytecode
FAIL: indirect compilation from source
FAIL: indirect compilation from bytecode
FAIL: indirect -O3 compilation from source
FAIL: indirect -O3 compilation from bytecode
FAIL: indirect_read compilation from source
FAIL: indirect_read compilation from bytecode
FAIL: indirect_read -O3 compilation from source
FAIL: indirect_read -O3 compilation from bytecode
FAIL: indirect_write compilation from source
FAIL: indirect_write compilation from bytecode
FAIL: indirect_write -O3 compilation from source
FAIL: indirect_write -O3 compilation from bytecode
FAIL: initexc compilation from source
FAIL: initexc compilation from bytecode
FAIL: initexc -O3 compilation from source
FAIL: initexc -O3 compilation from bytecode
FAIL: initfield compilation from source
FAIL: initfield compilation from bytecode
FAIL: initfield -O3 compilation from source
FAIL: initfield -O3 compilation from bytecode
FAIL: inline compilation from source
FAIL: inline compilation from bytecode
FAIL: inline -O3 compilation from source
FAIL: inline -O3 compilation from bytecode
FAIL: inner1 compilation from source
FAIL: inner1 compilation from bytecode
FAIL: inner1 -O3 compilation from source
FAIL: inner1 -O3 compilation from bytecode
FAIL: inner2 compilation from source
FAIL: inner2 compilation from bytecode
FAIL: inner2 -O3 compilation from source
FAIL: inner2 -O3 compilation from bytecode
FAIL: inner3 compilation from source
FAIL: inner3 compilation from bytecode
FAIL: inner3 -O3 compilation from source
FAIL: inner3 -O3 compilation from bytecode
FAIL: inner4 compilation from source
FAIL: inner4 compilation from bytecode
FAIL: inner4 -O3 compilation from source
FAIL: inner4 -O3 compilation from bytecode
FAIL: inner_array compilation from source
FAIL: inner_array compilation from bytecode
FAIL: inner_array -O3 compilation from source
FAIL: inner_array -O3 compilation from bytecode
FAIL: inner_interface compilation from source
FAIL: inner_interface compilation from bytecode
FAIL: inner_interface -O3 compilation from source
FAIL: inner_interface -O3 compilation from bytecode
FAIL: instance compilation from source
FAIL: instance compilation from bytecode
FAIL: instance -O3 compilation from source
FAIL: instance -O3 compilation from bytecode
FAIL: instinit compilation from source
FAIL: instinit compilation from bytecode
FAIL: instinit -O3 compilation from source
FAIL: instinit -O3 compilation from bytecode
FAIL: instinit2 compilation from source
FAIL: instinit2 compilation from bytecode
FAIL: instinit2 -O3 compilation from source
FAIL: instinit2 -O3 compilation from bytecode
FAIL: invoke_from_inner compilation from source
FAIL: invoke_from_inner compilation from bytecode
FAIL: invoke_from_inner -O3 compilation from source
FAIL: invoke_from_inner -O3 compilation from bytecode
FAIL: invokethrow compilation from source
FAIL: invokethrow compilation from bytecode
FAIL: invokethrow -O3 compilation from source
FAIL: invokethrow -O3 compilation from bytecode
FAIL: klass compilation from source
FAIL: klass compilation from bytecode
FAIL: klass -O3 compilation from source
FAIL: klass -O3 compilation from bytecode
FAIL: multiple_finit compilation from source
FAIL: multiple_finit compilation from bytecode
FAIL: multiple_finit -O3 compilation from source
FAIL: multiple_finit -O3 compilation from bytecode
FAIL: negzero compilation from source
FAIL: negzero compilation from bytecode
FAIL: negzero -O3 compilation from source
FAIL: negzero -O3 compilation from bytecode
FAIL: nested_with_ctor compilation from source
FAIL: nested_with_ctor compilation from bytecode
FAIL: nested_with_ctor -O3 compilation from source
FAIL: nested_with_ctor -O3 compilation from bytecode
FAIL: newarray_overflow compilation from source
FAIL: newarray_overflow compilation from bytecode
FAIL: newarray_overflow -O3 compilation from source
FAIL: newarray_overflow -O3 compilation from bytecode
FAIL: override compilation from source
FAIL: override compilation from bytecode
FAIL: override -O3 compilation from source
FAIL: override -O3 compilation from bytecode
FAIL: pr109 compilation from source
FAIL: pr109 compilation from bytecode
FAIL: pr109 -O3 compilation from source
FAIL: pr109 -O3 compilation from bytecode
FAIL: pr133 compilation from source
FAIL: pr133 compilation from bytecode
FAIL: pr133 -O3 compilation from source
FAIL: pr133 -O3 compilation from bytecode
FAIL: pr179 compilation from source
FAIL: pr179 compilation from bytecode
FAIL: pr179 -O3 compilation from source
FAIL: pr179 -O3 compilation from bytecode
FAIL: pr184 compilation from source
FAIL: pr184 compilation from bytecode
FAIL: pr184 -O3 compilation from source
FAIL: pr184 -O3 compilation from bytecode
FAIL: pr6388 compilation from source
FAIL: pr6388 compilation from bytecode
FAIL: pr6388 -O3 compilation from source
FAIL: pr6388 -O3 compilation from bytecode
FAIL: pr83 compilation from source
FAIL: pr83 compilation from bytecode
FAIL: pr83 -O3 compilation from source
FAIL: pr83 -O3 compilation from bytecode
FAIL: pr8415 compilation from source
FAIL: pr8415 compilation from bytecode
FAIL: pr8415 -O3 compilation from source
FAIL: pr8415 -O3 compilation from bytecode
FAIL: pr8676 compilation from source
FAIL: pr8676 compilation from bytecode
FAIL: pr8676 -O3 compilation from source
FAIL: pr8676 -O3 compilation from bytecode
FAIL: pr8823 compilation from source
FAIL: pr8823 compilation from bytecode
FAIL: pr8823 -O3 compilation from source
FAIL: pr8823 -O3 compilation from bytecode
FAIL: pr8945 compilation from source
FAIL: pr8945 compilation from bytecode
FAIL: pr8945 -O3 compilation from source
FAIL: pr8945 -O3 compilation from bytecode
FAIL: private_direct_read compilation from source
FAIL: private_direct_read compilation from bytecode
FAIL: private_direct_read -O3 compilation from source
FAIL: private_direct_read -O3 compilation from bytecode
FAIL: search_outer compilation from source
FAIL: search_outer compilation from bytecode
FAIL: search_outer -O3 compilation from source
FAIL: search_outer -O3 compilation from bytecode
FAIL: stringconst compilation from source
FAIL: stringconst compilation from bytecode
FAIL: stringconst -O3 compilation from source
FAIL: stringconst -O3 compilation from bytecode
FAIL: stringconst2 compilation from source
FAIL: stringconst2 compilation from bytecode
FAIL: stringconst2 -O3 compilation from source
FAIL: stringconst2 -O3 compilation from bytecode
FAIL: stub compilation from source
FAIL: stub compilation from bytecode
FAIL: stub -O3 compilation from source
FAIL: stub -O3 compilation from bytecode
FAIL: test_long compilation from source
FAIL: test_long compilation from bytecode
FAIL: test_long -O3 compilation from source
FAIL: test_long -O3 compilation from bytecode
FAIL: tmi compilation from source
FAIL: tmi compilation from bytecode
FAIL: tmi -O3 compilation from source
FAIL: tmi -O3 compilation from bytecode
FAIL: tp compilation from source
FAIL: tp compilation from bytecode
FAIL: tp -O3 compilation from source
FAIL: tp -O3 compilation from bytecode
FAIL: update_outer compilation from source
FAIL: update_outer compilation from bytecode
FAIL: update_outer -O3 compilation from source
FAIL: update_outer -O3 compilation from bytecode
FAIL: utf8concat compilation from source
FAIL: utf8concat compilation from bytecode
FAIL: utf8concat -O3 compilation from source
FAIL: utf8concat -O3 compilation from bytecode
FAIL: utilTest compilation from source
FAIL: utilTest compilation from bytecode
FAIL: utilTest -O3 compilation from source
FAIL: utilTest -O3 compilation from bytecode
FAIL: verify compilation from source
FAIL: verify compilation from bytecode
FAIL: verify -O3 compilation from source
FAIL: verify -O3 compilation from bytecode
FAIL: TestEarlyGC compilation from source
FAIL: TestLeak compilation from source
FAIL: TestMultiple compilation from source
FAIL: TestParent compilation from source

		=== libjava Summary ===

# of expected passes		1328
# of unexpected failures	724
# of expected failures		23
# of untested testcases		1183
		=== libmudflap tests ===


Running target unix
FAIL: libmudflap.c/fail1-frag.c (test for excess errors)
WARNING: libmudflap.c/fail1-frag.c compilation failed to produce executable
FAIL: libmudflap.c/fail10-frag.c (test for excess errors)
WARNING: libmudflap.c/fail10-frag.c compilation failed to produce executable
FAIL: libmudflap.c/fail11-frag.c (test for excess errors)
WARNING: libmudflap.c/fail11-frag.c compilation failed to produce executable
FAIL: libmudflap.c/fail12-frag.c (test for excess errors)
WARNING: libmudflap.c/fail12-frag.c compilation failed to produce executable
FAIL: libmudflap.c/fail13-frag.c (test for excess errors)
WARNING: libmudflap.c/fail13-frag.c compilation failed to produce executable
FAIL: libmudflap.c/fail14-frag.c (test for excess errors)
WARNING: libmudflap.c/fail14-frag.c compilation failed to produce executable
FAIL: libmudflap.c/fail15-frag.c (test for excess errors)
WARNING: libmudflap.c/fail15-frag.c compilation failed to produce executable
FAIL: libmudflap.c/fail16-frag.c (test for excess errors)
WARNING: libmudflap.c/fail16-frag.c compilation failed to produce executable
FAIL: libmudflap.c/fail17-frag.c (test for excess errors)
WARNING: libmudflap.c/fail17-frag.c compilation failed to produce executable
FAIL: libmudflap.c/fail18-frag.c (test for excess errors)
WARNING: libmudflap.c/fail18-frag.c compilation failed to produce executable
FAIL: libmudflap.c/fail19-frag.c (test for excess errors)
WARNING: libmudflap.c/fail19-frag.c compilation failed to produce executable
FAIL: libmudflap.c/fail2-frag.c (test for excess errors)
WARNING: libmudflap.c/fail2-frag.c compilation failed to produce executable
FAIL: libmudflap.c/fail20-frag.c (test for excess errors)
WARNING: libmudflap.c/fail20-frag.c compilation failed to produce executable
FAIL: libmudflap.c/fail21-frag.c (test for excess errors)
WARNING: libmudflap.c/fail21-frag.c compilation failed to produce executable
FAIL: libmudflap.c/fail22-frag.c (test for excess errors)
WARNING: libmudflap.c/fail22-frag.c compilation failed to produce executable
FAIL: libmudflap.c/fail23-frag.c (test for excess errors)
WARNING: libmudflap.c/fail23-frag.c compilation failed to produce executable
FAIL: libmudflap.c/fail25-frag.c (test for excess errors)
WARNING: libmudflap.c/fail25-frag.c compilation failed to produce executable
FAIL: libmudflap.c/fail26-frag.c (test for excess errors)
WARNING: libmudflap.c/fail26-frag.c compilation failed to produce executable
FAIL: libmudflap.c/fail27-frag.c (test for excess errors)
WARNING: libmudflap.c/fail27-frag.c compilation failed to produce executable
FAIL: libmudflap.c/fail3-frag.c (test for excess errors)
WARNING: libmudflap.c/fail3-frag.c compilation failed to produce executable
FAIL: libmudflap.c/fail4-frag.c (test for excess errors)
WARNING: libmudflap.c/fail4-frag.c compilation failed to produce executable
FAIL: libmudflap.c/fail5-frag.c (test for excess errors)
WARNING: libmudflap.c/fail5-frag.c compilation failed to produce executable
FAIL: libmudflap.c/fail6-frag.c (test for excess errors)
WARNING: libmudflap.c/fail6-frag.c compilation failed to produce executable
FAIL: libmudflap.c/fail7-frag.c (test for excess errors)
WARNING: libmudflap.c/fail7-frag.c compilation failed to produce executable
FAIL: libmudflap.c/fail8-frag.c (test for excess errors)
WARNING: libmudflap.c/fail8-frag.c compilation failed to produce executable
FAIL: libmudflap.c/fail9-frag.c (test for excess errors)
WARNING: libmudflap.c/fail9-frag.c compilation failed to produce executable
FAIL: libmudflap.c/hook-allocstuff.c (test for excess errors)
WARNING: libmudflap.c/hook-allocstuff.c compilation failed to produce executable
FAIL: libmudflap.c/pass-stratcliff.c (test for excess errors)
WARNING: libmudflap.c/pass-stratcliff.c compilation failed to produce executable
FAIL: libmudflap.c/pass1-frag.c (test for excess errors)
WARNING: libmudflap.c/pass1-frag.c compilation failed to produce executable
FAIL: libmudflap.c/pass10-frag.c (test for excess errors)
WARNING: libmudflap.c/pass10-frag.c compilation failed to produce executable
FAIL: libmudflap.c/pass11-frag.c (test for excess errors)
WARNING: libmudflap.c/pass11-frag.c compilation failed to produce executable
FAIL: libmudflap.c/pass12-frag.c (test for excess errors)
WARNING: libmudflap.c/pass12-frag.c compilation failed to produce executable
FAIL: libmudflap.c/pass13-frag.c (test for excess errors)
WARNING: libmudflap.c/pass13-frag.c compilation failed to produce executable
FAIL: libmudflap.c/pass14-frag.c (test for excess errors)
WARNING: libmudflap.c/pass14-frag.c compilation failed to produce executable
FAIL: libmudflap.c/pass15-frag.c (test for excess errors)
WARNING: libmudflap.c/pass15-frag.c compilation failed to produce executable
FAIL: libmudflap.c/pass16-frag.c (test for excess errors)
WARNING: libmudflap.c/pass16-frag.c compilation failed to produce executable
FAIL: libmudflap.c/pass17-frag.c (test for excess errors)
WARNING: libmudflap.c/pass17-frag.c compilation failed to produce executable
FAIL: libmudflap.c/pass18-frag.c (test for excess errors)
WARNING: libmudflap.c/pass18-frag.c compilation failed to produce executable
FAIL: libmudflap.c/pass19-frag.c (test for excess errors)
WARNING: libmudflap.c/pass19-frag.c compilation failed to produce executable
FAIL: libmudflap.c/pass2-frag.c (test for excess errors)
WARNING: libmudflap.c/pass2-frag.c compilation failed to produce executable
FAIL: libmudflap.c/pass20-frag.c (test for excess errors)
WARNING: libmudflap.c/pass20-frag.c compilation failed to produce executable
FAIL: libmudflap.c/pass21-frag.c (test for excess errors)
WARNING: libmudflap.c/pass21-frag.c compilation failed to produce executable
FAIL: libmudflap.c/pass22-frag.c (test for excess errors)
WARNING: libmudflap.c/pass22-frag.c compilation failed to produce executable
FAIL: libmudflap.c/pass23-frag.c (test for excess errors)
WARNING: libmudflap.c/pass23-frag.c compilation failed to produce executable
FAIL: libmudflap.c/pass24-frag.c (test for excess errors)
WARNING: libmudflap.c/pass24-frag.c compilation failed to produce executable
FAIL: libmudflap.c/pass25-frag.c (test for excess errors)
WARNING: libmudflap.c/pass25-frag.c compilation failed to produce executable
FAIL: libmudflap.c/pass26-frag.c (test for excess errors)
WARNING: libmudflap.c/pass26-frag.c compilation failed to produce executable
FAIL: libmudflap.c/pass29-frag.c (test for excess errors)
WARNING: libmudflap.c/pass29-frag.c compilation failed to produce executable
FAIL: libmudflap.c/pass3-frag.c (test for excess errors)
WARNING: libmudflap.c/pass3-frag.c compilation failed to produce executable
FAIL: libmudflap.c/pass30-frag.c (test for excess errors)
WARNING: libmudflap.c/pass30-frag.c compilation failed to produce executable
FAIL: libmudflap.c/pass32-frag.c (test for excess errors)
WARNING: libmudflap.c/pass32-frag.c compilation failed to produce executable
FAIL: libmudflap.c/pass33-frag.c (test for excess errors)
WARNING: libmudflap.c/pass33-frag.c compilation failed to produce executable
FAIL: libmudflap.c/pass34-frag.c (test for excess errors)
WARNING: libmudflap.c/pass34-frag.c compilation failed to produce executable
FAIL: libmudflap.c/pass35-frag.c (test for excess errors)
WARNING: libmudflap.c/pass35-frag.c compilation failed to produce executable
FAIL: libmudflap.c/pass36-frag.c (test for excess errors)
WARNING: libmudflap.c/pass36-frag.c compilation failed to produce executable
FAIL: libmudflap.c/pass38-frag.c (test for excess errors)
WARNING: libmudflap.c/pass38-frag.c compilation failed to produce executable
FAIL: libmudflap.c/pass4-frag.c (test for excess errors)
WARNING: libmudflap.c/pass4-frag.c compilation failed to produce executable
FAIL: libmudflap.c/pass42-frag.c (test for excess errors)
WARNING: libmudflap.c/pass42-frag.c compilation failed to produce executable
FAIL: libmudflap.c/pass43-frag.c (test for excess errors)
WARNING: libmudflap.c/pass43-frag.c compilation failed to produce executable
FAIL: libmudflap.c/pass5-frag.c (test for excess errors)
WARNING: libmudflap.c/pass5-frag.c compilation failed to produce executable
FAIL: libmudflap.c/pass6-frag.c (test for excess errors)
WARNING: libmudflap.c/pass6-frag.c compilation failed to produce executable
FAIL: libmudflap.c/pass7-frag.c (test for excess errors)
WARNING: libmudflap.c/pass7-frag.c compilation failed to produce executable
FAIL: libmudflap.c/pass8-frag.c (test for excess errors)
WARNING: libmudflap.c/pass8-frag.c compilation failed to produce executable
FAIL: libmudflap.c/pass9-frag.c (test for excess errors)
WARNING: libmudflap.c/pass9-frag.c compilation failed to produce executable
FAIL: libmudflap.c/pass-stratcliff.c (-static) (test for excess errors)
WARNING: libmudflap.c/pass-stratcliff.c (-static) compilation failed to produce executable
FAIL: libmudflap.c/pass21-frag.c (-static) (test for excess errors)
WARNING: libmudflap.c/pass21-frag.c (-static) compilation failed to produce executable
FAIL: libmudflap.c/pass43-frag.c (-static) (test for excess errors)
WARNING: libmudflap.c/pass43-frag.c (-static) compilation failed to produce executable
FAIL: libmudflap.c/fail1-frag.c (-O2) (test for excess errors)
WARNING: libmudflap.c/fail1-frag.c (-O2) compilation failed to produce executable
FAIL: libmudflap.c/fail10-frag.c (-O2) (test for excess errors)
WARNING: libmudflap.c/fail10-frag.c (-O2) compilation failed to produce executable
FAIL: libmudflap.c/fail11-frag.c (-O2) (test for excess errors)
WARNING: libmudflap.c/fail11-frag.c (-O2) compilation failed to produce executable
FAIL: libmudflap.c/fail12-frag.c (-O2) (test for excess errors)
WARNING: libmudflap.c/fail12-frag.c (-O2) compilation failed to produce executable
FAIL: libmudflap.c/fail13-frag.c (-O2) (test for excess errors)
WARNING: libmudflap.c/fail13-frag.c (-O2) compilation failed to produce executable
FAIL: libmudflap.c/fail14-frag.c (-O2) (test for excess errors)
WARNING: libmudflap.c/fail14-frag.c (-O2) compilation failed to produce executable
FAIL: libmudflap.c/fail15-frag.c (-O2) (test for excess errors)
WARNING: libmudflap.c/fail15-frag.c (-O2) compilation failed to produce executable
FAIL: libmudflap.c/fail16-frag.c (-O2) (test for excess errors)
WARNING: libmudflap.c/fail16-frag.c (-O2) compilation failed to produce executable
FAIL: libmudflap.c/fail17-frag.c (-O2) (test for excess errors)
WARNING: libmudflap.c/fail17-frag.c (-O2) compilation failed to produce executable
FAIL: libmudflap.c/fail18-frag.c (-O2) (test for excess errors)
WARNING: libmudflap.c/fail18-frag.c (-O2) compilation failed to produce executable
FAIL: libmudflap.c/fail19-frag.c (-O2) (test for excess errors)
WARNING: libmudflap.c/fail19-frag.c (-O2) compilation failed to produce executable
FAIL: libmudflap.c/fail2-frag.c (-O2) (test for excess errors)
WARNING: libmudflap.c/fail2-frag.c (-O2) compilation failed to produce executable
FAIL: libmudflap.c/fail20-frag.c (-O2) (test for excess errors)
WARNING: libmudflap.c/fail20-frag.c (-O2) compilation failed to produce executable
FAIL: libmudflap.c/fail21-frag.c (-O2) (test for excess errors)
WARNING: libmudflap.c/fail21-frag.c (-O2) compilation failed to produce executable
FAIL: libmudflap.c/fail22-frag.c (-O2) (test for excess errors)
WARNING: libmudflap.c/fail22-frag.c (-O2) compilation failed to produce executable
FAIL: libmudflap.c/fail23-frag.c (-O2) (test for excess errors)
WARNING: libmudflap.c/fail23-frag.c (-O2) compilation failed to produce executable
FAIL: libmudflap.c/fail25-frag.c (-O2) (test for excess errors)
WARNING: libmudflap.c/fail25-frag.c (-O2) compilation failed to produce executable
FAIL: libmudflap.c/fail26-frag.c (-O2) (test for excess errors)
WARNING: libmudflap.c/fail26-frag.c (-O2) compilation failed to produce executable
FAIL: libmudflap.c/fail27-frag.c (-O2) (test for excess errors)
WARNING: libmudflap.c/fail27-frag.c (-O2) compilation failed to produce executable
FAIL: libmudflap.c/fail3-frag.c (-O2) (test for excess errors)
WARNING: libmudflap.c/fail3-frag.c (-O2) compilation failed to produce executable
FAIL: libmudflap.c/fail4-frag.c (-O2) (test for excess errors)
WARNING: libmudflap.c/fail4-frag.c (-O2) compilation failed to produce executable
FAIL: libmudflap.c/fail5-frag.c (-O2) (test for excess errors)
WARNING: libmudflap.c/fail5-frag.c (-O2) compilation failed to produce executable
FAIL: libmudflap.c/fail6-frag.c (-O2) (test for excess errors)
WARNING: libmudflap.c/fail6-frag.c (-O2) compilation failed to produce executable
FAIL: libmudflap.c/fail7-frag.c (-O2) (test for excess errors)
WARNING: libmudflap.c/fail7-frag.c (-O2) compilation failed to produce executable
FAIL: libmudflap.c/fail8-frag.c (-O2) (test for excess errors)
WARNING: libmudflap.c/fail8-frag.c (-O2) compilation failed to produce executable
FAIL: libmudflap.c/fail9-frag.c (-O2) (test for excess errors)
WARNING: libmudflap.c/fail9-frag.c (-O2) compilation failed to produce executable
FAIL: libmudflap.c/hook-allocstuff.c (-O2) (test for excess errors)
WARNING: libmudflap.c/hook-allocstuff.c (-O2) compilation failed to produce executable
FAIL: libmudflap.c/pass-stratcliff.c (-O2) (test for excess errors)
WARNING: libmudflap.c/pass-stratcliff.c (-O2) compilation failed to produce executable
FAIL: libmudflap.c/pass1-frag.c (-O2) (test for excess errors)
WARNING: libmudflap.c/pass1-frag.c (-O2) compilation failed to produce executable
FAIL: libmudflap.c/pass10-frag.c (-O2) (test for excess errors)
WARNING: libmudflap.c/pass10-frag.c (-O2) compilation failed to produce executable
FAIL: libmudflap.c/pass11-frag.c (-O2) (test for excess errors)
WARNING: libmudflap.c/pass11-frag.c (-O2) compilation failed to produce executable
FAIL: libmudflap.c/pass12-frag.c (-O2) (test for excess errors)
WARNING: libmudflap.c/pass12-frag.c (-O2) compilation failed to produce executable
FAIL: libmudflap.c/pass13-frag.c (-O2) (test for excess errors)
WARNING: libmudflap.c/pass13-frag.c (-O2) compilation failed to produce executable
FAIL: libmudflap.c/pass14-frag.c (-O2) (test for excess errors)
WARNING: libmudflap.c/pass14-frag.c (-O2) compilation failed to produce executable
FAIL: libmudflap.c/pass15-frag.c (-O2) (test for excess errors)
WARNING: libmudflap.c/pass15-frag.c (-O2) compilation failed to produce executable
FAIL: libmudflap.c/pass16-frag.c (-O2) (test for excess errors)
WARNING: libmudflap.c/pass16-frag.c (-O2) compilation failed to produce executable
FAIL: libmudflap.c/pass17-frag.c (-O2) (test for excess errors)
WARNING: libmudflap.c/pass17-frag.c (-O2) compilation failed to produce executable
FAIL: libmudflap.c/pass18-frag.c (-O2) (test for excess errors)
WARNING: libmudflap.c/pass18-frag.c (-O2) compilation failed to produce executable
FAIL: libmudflap.c/pass19-frag.c (-O2) (test for excess errors)
WARNING: libmudflap.c/pass19-frag.c (-O2) compilation failed to produce executable
FAIL: libmudflap.c/pass2-frag.c (-O2) (test for excess errors)
WARNING: libmudflap.c/pass2-frag.c (-O2) compilation failed to produce executable
FAIL: libmudflap.c/pass20-frag.c (-O2) (test for excess errors)
WARNING: libmudflap.c/pass20-frag.c (-O2) compilation failed to produce executable
FAIL: libmudflap.c/pass21-frag.c (-O2) (test for excess errors)
WARNING: libmudflap.c/pass21-frag.c (-O2) compilation failed to produce executable
FAIL: libmudflap.c/pass22-frag.c (-O2) (test for excess errors)
WARNING: libmudflap.c/pass22-frag.c (-O2) compilation failed to produce executable
FAIL: libmudflap.c/pass23-frag.c (-O2) (test for excess errors)
WARNING: libmudflap.c/pass23-frag.c (-O2) compilation failed to produce executable
FAIL: libmudflap.c/pass24-frag.c (-O2) (test for excess errors)
WARNING: libmudflap.c/pass24-frag.c (-O2) compilation failed to produce executable
FAIL: libmudflap.c/pass25-frag.c (-O2) (test for excess errors)
WARNING: libmudflap.c/pass25-frag.c (-O2) compilation failed to produce executable
FAIL: libmudflap.c/pass26-frag.c (-O2) (test for excess errors)
WARNING: libmudflap.c/pass26-frag.c (-O2) compilation failed to produce executable
FAIL: libmudflap.c/pass29-frag.c (-O2) (test for excess errors)
WARNING: libmudflap.c/pass29-frag.c (-O2) compilation failed to produce executable
FAIL: libmudflap.c/pass3-frag.c (-O2) (test for excess errors)
WARNING: libmudflap.c/pass3-frag.c (-O2) compilation failed to produce executable
FAIL: libmudflap.c/pass30-frag.c (-O2) (test for excess errors)
WARNING: libmudflap.c/pass30-frag.c (-O2) compilation failed to produce executable
FAIL: libmudflap.c/pass32-frag.c (-O2) (test for excess errors)
WARNING: libmudflap.c/pass32-frag.c (-O2) compilation failed to produce executable
FAIL: libmudflap.c/pass33-frag.c (-O2) (test for excess errors)
WARNING: libmudflap.c/pass33-frag.c (-O2) compilation failed to produce executable
FAIL: libmudflap.c/pass34-frag.c (-O2) (test for excess errors)
WARNING: libmudflap.c/pass34-frag.c (-O2) compilation failed to produce executable
FAIL: libmudflap.c/pass35-frag.c (-O2) (test for excess errors)
WARNING: libmudflap.c/pass35-frag.c (-O2) compilation failed to produce executable
FAIL: libmudflap.c/pass36-frag.c (-O2) (test for excess errors)
WARNING: libmudflap.c/pass36-frag.c (-O2) compilation failed to produce executable
FAIL: libmudflap.c/pass38-frag.c (-O2) (test for excess errors)
WARNING: libmudflap.c/pass38-frag.c (-O2) compilation failed to produce executable
FAIL: libmudflap.c/pass4-frag.c (-O2) (test for excess errors)
WARNING: libmudflap.c/pass4-frag.c (-O2) compilation failed to produce executable
FAIL: libmudflap.c/pass42-frag.c (-O2) (test for excess errors)
WARNING: libmudflap.c/pass42-frag.c (-O2) compilation failed to produce executable
FAIL: libmudflap.c/pass43-frag.c (-O2) (test for excess errors)
WARNING: libmudflap.c/pass43-frag.c (-O2) compilation failed to produce executable
FAIL: libmudflap.c/pass5-frag.c (-O2) (test for excess errors)
WARNING: libmudflap.c/pass5-frag.c (-O2) compilation failed to produce executable
FAIL: libmudflap.c/pass6-frag.c (-O2) (test for excess errors)
WARNING: libmudflap.c/pass6-frag.c (-O2) compilation failed to produce executable
FAIL: libmudflap.c/pass7-frag.c (-O2) (test for excess errors)
WARNING: libmudflap.c/pass7-frag.c (-O2) compilation failed to produce executable
FAIL: libmudflap.c/pass8-frag.c (-O2) (test for excess errors)
WARNING: libmudflap.c/pass8-frag.c (-O2) compilation failed to produce executable
FAIL: libmudflap.c/pass9-frag.c (-O2) (test for excess errors)
WARNING: libmudflap.c/pass9-frag.c (-O2) compilation failed to produce executable
FAIL: libmudflap.c/fail1-frag.c (-O3) (test for excess errors)
WARNING: libmudflap.c/fail1-frag.c (-O3) compilation failed to produce executable
FAIL: libmudflap.c/fail10-frag.c (-O3) (test for excess errors)
WARNING: libmudflap.c/fail10-frag.c (-O3) compilation failed to produce executable
FAIL: libmudflap.c/fail11-frag.c (-O3) (test for excess errors)
WARNING: libmudflap.c/fail11-frag.c (-O3) compilation failed to produce executable
FAIL: libmudflap.c/fail12-frag.c (-O3) (test for excess errors)
WARNING: libmudflap.c/fail12-frag.c (-O3) compilation failed to produce executable
FAIL: libmudflap.c/fail13-frag.c (-O3) (test for excess errors)
WARNING: libmudflap.c/fail13-frag.c (-O3) compilation failed to produce executable
FAIL: libmudflap.c/fail14-frag.c (-O3) (test for excess errors)
WARNING: libmudflap.c/fail14-frag.c (-O3) compilation failed to produce executable
FAIL: libmudflap.c/fail15-frag.c (-O3) (test for excess errors)
WARNING: libmudflap.c/fail15-frag.c (-O3) compilation failed to produce executable
FAIL: libmudflap.c/fail16-frag.c (-O3) (test for excess errors)
WARNING: libmudflap.c/fail16-frag.c (-O3) compilation failed to produce executable
FAIL: libmudflap.c/fail17-frag.c (-O3) (test for excess errors)
WARNING: libmudflap.c/fail17-frag.c (-O3) compilation failed to produce executable
FAIL: libmudflap.c/fail18-frag.c (-O3) (test for excess errors)
WARNING: libmudflap.c/fail18-frag.c (-O3) compilation failed to produce executable
FAIL: libmudflap.c/fail19-frag.c (-O3) (test for excess errors)
WARNING: libmudflap.c/fail19-frag.c (-O3) compilation failed to produce executable
FAIL: libmudflap.c/fail2-frag.c (-O3) (test for excess errors)
WARNING: libmudflap.c/fail2-frag.c (-O3) compilation failed to produce executable
FAIL: libmudflap.c/fail20-frag.c (-O3) (test for excess errors)
WARNING: libmudflap.c/fail20-frag.c (-O3) compilation failed to produce executable
FAIL: libmudflap.c/fail21-frag.c (-O3) (test for excess errors)
WARNING: libmudflap.c/fail21-frag.c (-O3) compilation failed to produce executable
FAIL: libmudflap.c/fail22-frag.c (-O3) (test for excess errors)
WARNING: libmudflap.c/fail22-frag.c (-O3) compilation failed to produce executable
FAIL: libmudflap.c/fail23-frag.c (-O3) (test for excess errors)
WARNING: libmudflap.c/fail23-frag.c (-O3) compilation failed to produce executable
FAIL: libmudflap.c/fail25-frag.c (-O3) (test for excess errors)
WARNING: libmudflap.c/fail25-frag.c (-O3) compilation failed to produce executable
FAIL: libmudflap.c/fail26-frag.c (-O3) (test for excess errors)
WARNING: libmudflap.c/fail26-frag.c (-O3) compilation failed to produce executable
FAIL: libmudflap.c/fail27-frag.c (-O3) (test for excess errors)
WARNING: libmudflap.c/fail27-frag.c (-O3) compilation failed to produce executable
FAIL: libmudflap.c/fail3-frag.c (-O3) (test for excess errors)
WARNING: libmudflap.c/fail3-frag.c (-O3) compilation failed to produce executable
FAIL: libmudflap.c/fail4-frag.c (-O3) (test for excess errors)
WARNING: libmudflap.c/fail4-frag.c (-O3) compilation failed to produce executable
FAIL: libmudflap.c/fail5-frag.c (-O3) (test for excess errors)
WARNING: libmudflap.c/fail5-frag.c (-O3) compilation failed to produce executable
FAIL: libmudflap.c/fail6-frag.c (-O3) (test for excess errors)
WARNING: libmudflap.c/fail6-frag.c (-O3) compilation failed to produce executable
FAIL: libmudflap.c/fail7-frag.c (-O3) (test for excess errors)
WARNING: libmudflap.c/fail7-frag.c (-O3) compilation failed to produce executable
FAIL: libmudflap.c/fail8-frag.c (-O3) (test for excess errors)
WARNING: libmudflap.c/fail8-frag.c (-O3) compilation failed to produce executable
FAIL: libmudflap.c/fail9-frag.c (-O3) (test for excess errors)
WARNING: libmudflap.c/fail9-frag.c (-O3) compilation failed to produce executable
FAIL: libmudflap.c/hook-allocstuff.c (-O3) (test for excess errors)
WARNING: libmudflap.c/hook-allocstuff.c (-O3) compilation failed to produce executable
FAIL: libmudflap.c/pass-stratcliff.c (-O3) (test for excess errors)
WARNING: libmudflap.c/pass-stratcliff.c (-O3) compilation failed to produce executable
FAIL: libmudflap.c/pass1-frag.c (-O3) (test for excess errors)
WARNING: libmudflap.c/pass1-frag.c (-O3) compilation failed to produce executable
FAIL: libmudflap.c/pass10-frag.c (-O3) (test for excess errors)
WARNING: libmudflap.c/pass10-frag.c (-O3) compilation failed to produce executable
FAIL: libmudflap.c/pass11-frag.c (-O3) (test for excess errors)
WARNING: libmudflap.c/pass11-frag.c (-O3) compilation failed to produce executable
FAIL: libmudflap.c/pass12-frag.c (-O3) (test for excess errors)
WARNING: libmudflap.c/pass12-frag.c (-O3) compilation failed to produce executable
FAIL: libmudflap.c/pass13-frag.c (-O3) (test for excess errors)
WARNING: libmudflap.c/pass13-frag.c (-O3) compilation failed to produce executable
FAIL: libmudflap.c/pass14-frag.c (-O3) (test for excess errors)
WARNING: libmudflap.c/pass14-frag.c (-O3) compilation failed to produce executable
FAIL: libmudflap.c/pass15-frag.c (-O3) (test for excess errors)
WARNING: libmudflap.c/pass15-frag.c (-O3) compilation failed to produce executable
FAIL: libmudflap.c/pass16-frag.c (-O3) (test for excess errors)
WARNING: libmudflap.c/pass16-frag.c (-O3) compilation failed to produce executable
FAIL: libmudflap.c/pass17-frag.c (-O3) (test for excess errors)
WARNING: libmudflap.c/pass17-frag.c (-O3) compilation failed to produce executable
FAIL: libmudflap.c/pass18-frag.c (-O3) (test for excess errors)
WARNING: libmudflap.c/pass18-frag.c (-O3) compilation failed to produce executable
FAIL: libmudflap.c/pass19-frag.c (-O3) (test for excess errors)
WARNING: libmudflap.c/pass19-frag.c (-O3) compilation failed to produce executable
FAIL: libmudflap.c/pass2-frag.c (-O3) (test for excess errors)
WARNING: libmudflap.c/pass2-frag.c (-O3) compilation failed to produce executable
FAIL: libmudflap.c/pass20-frag.c (-O3) (test for excess errors)
WARNING: libmudflap.c/pass20-frag.c (-O3) compilation failed to produce executable
FAIL: libmudflap.c/pass21-frag.c (-O3) (test for excess errors)
WARNING: libmudflap.c/pass21-frag.c (-O3) compilation failed to produce executable
FAIL: libmudflap.c/pass22-frag.c (-O3) (test for excess errors)
WARNING: libmudflap.c/pass22-frag.c (-O3) compilation failed to produce executable
FAIL: libmudflap.c/pass23-frag.c (-O3) (test for excess errors)
WARNING: libmudflap.c/pass23-frag.c (-O3) compilation failed to produce executable
FAIL: libmudflap.c/pass24-frag.c (-O3) (test for excess errors)
WARNING: libmudflap.c/pass24-frag.c (-O3) compilation failed to produce executable
FAIL: libmudflap.c/pass25-frag.c (-O3) (test for excess errors)
WARNING: libmudflap.c/pass25-frag.c (-O3) compilation failed to produce executable
FAIL: libmudflap.c/pass26-frag.c (-O3) (test for excess errors)
WARNING: libmudflap.c/pass26-frag.c (-O3) compilation failed to produce executable
FAIL: libmudflap.c/pass29-frag.c (-O3) (test for excess errors)
WARNING: libmudflap.c/pass29-frag.c (-O3) compilation failed to produce executable
FAIL: libmudflap.c/pass3-frag.c (-O3) (test for excess errors)
WARNING: libmudflap.c/pass3-frag.c (-O3) compilation failed to produce executable
FAIL: libmudflap.c/pass30-frag.c (-O3) (test for excess errors)
WARNING: libmudflap.c/pass30-frag.c (-O3) compilation failed to produce executable
FAIL: libmudflap.c/pass32-frag.c (-O3) (test for excess errors)
WARNING: libmudflap.c/pass32-frag.c (-O3) compilation failed to produce executable
FAIL: libmudflap.c/pass33-frag.c (-O3) (test for excess errors)
WARNING: libmudflap.c/pass33-frag.c (-O3) compilation failed to produce executable
FAIL: libmudflap.c/pass34-frag.c (-O3) (test for excess errors)
WARNING: libmudflap.c/pass34-frag.c (-O3) compilation failed to produce executable
FAIL: libmudflap.c/pass35-frag.c (-O3) (test for excess errors)
WARNING: libmudflap.c/pass35-frag.c (-O3) compilation failed to produce executable
FAIL: libmudflap.c/pass36-frag.c (-O3) (test for excess errors)
WARNING: libmudflap.c/pass36-frag.c (-O3) compilation failed to produce executable
FAIL: libmudflap.c/pass38-frag.c (-O3) (test for excess errors)
WARNING: libmudflap.c/pass38-frag.c (-O3) compilation failed to produce executable
FAIL: libmudflap.c/pass4-frag.c (-O3) (test for excess errors)
WARNING: libmudflap.c/pass4-frag.c (-O3) compilation failed to produce executable
FAIL: libmudflap.c/pass42-frag.c (-O3) (test for excess errors)
WARNING: libmudflap.c/pass42-frag.c (-O3) compilation failed to produce executable
FAIL: libmudflap.c/pass43-frag.c (-O3) (test for excess errors)
WARNING: libmudflap.c/pass43-frag.c (-O3) compilation failed to produce executable
FAIL: libmudflap.c/pass5-frag.c (-O3) (test for excess errors)
WARNING: libmudflap.c/pass5-frag.c (-O3) compilation failed to produce executable
FAIL: libmudflap.c/pass6-frag.c (-O3) (test for excess errors)
WARNING: libmudflap.c/pass6-frag.c (-O3) compilation failed to produce executable
FAIL: libmudflap.c/pass7-frag.c (-O3) (test for excess errors)
WARNING: libmudflap.c/pass7-frag.c (-O3) compilation failed to produce executable
FAIL: libmudflap.c/pass8-frag.c (-O3) (test for excess errors)
WARNING: libmudflap.c/pass8-frag.c (-O3) compilation failed to produce executable
FAIL: libmudflap.c/pass9-frag.c (-O3) (test for excess errors)
WARNING: libmudflap.c/pass9-frag.c (-O3) compilation failed to produce executable
FAIL: libmudflap.c++/fail24-frag.cxx (test for excess errors)
WARNING: libmudflap.c++/fail24-frag.cxx compilation failed to produce executable
FAIL: libmudflap.c++/pass27-frag.cxx (test for excess errors)
WARNING: libmudflap.c++/pass27-frag.cxx compilation failed to produce executable
FAIL: libmudflap.c++/pass28-frag.cxx (test for excess errors)
WARNING: libmudflap.c++/pass28-frag.cxx compilation failed to produce executable
FAIL: libmudflap.c++/pass31-frag.cxx (test for excess errors)
WARNING: libmudflap.c++/pass31-frag.cxx compilation failed to produce executable
FAIL: libmudflap.c++/pass41-frag.cxx (test for excess errors)
WARNING: libmudflap.c++/pass41-frag.cxx compilation failed to produce executable
FAIL: libmudflap.c++/fail24-frag.cxx (-O2) (test for excess errors)
WARNING: libmudflap.c++/fail24-frag.cxx (-O2) compilation failed to produce executable
FAIL: libmudflap.c++/pass27-frag.cxx (-O2) (test for excess errors)
WARNING: libmudflap.c++/pass27-frag.cxx (-O2) compilation failed to produce executable
FAIL: libmudflap.c++/pass28-frag.cxx (-O2) (test for excess errors)
WARNING: libmudflap.c++/pass28-frag.cxx (-O2) compilation failed to produce executable
FAIL: libmudflap.c++/pass31-frag.cxx (-O2) (test for excess errors)
WARNING: libmudflap.c++/pass31-frag.cxx (-O2) compilation failed to produce executable
FAIL: libmudflap.c++/pass41-frag.cxx (-O2) (test for excess errors)
WARNING: libmudflap.c++/pass41-frag.cxx (-O2) compilation failed to produce executable
FAIL: libmudflap.c++/fail24-frag.cxx (-O3) (test for excess errors)
WARNING: libmudflap.c++/fail24-frag.cxx (-O3) compilation failed to produce executable
FAIL: libmudflap.c++/pass27-frag.cxx (-O3) (test for excess errors)
WARNING: libmudflap.c++/pass27-frag.cxx (-O3) compilation failed to produce executable
FAIL: libmudflap.c++/pass28-frag.cxx (-O3) (test for excess errors)
WARNING: libmudflap.c++/pass28-frag.cxx (-O3) compilation failed to produce executable
FAIL: libmudflap.c++/pass31-frag.cxx (-O3) (test for excess errors)
WARNING: libmudflap.c++/pass31-frag.cxx (-O3) compilation failed to produce executable
FAIL: libmudflap.c++/pass41-frag.cxx (-O3) (test for excess errors)
WARNING: libmudflap.c++/pass41-frag.cxx (-O3) compilation failed to produce executable
FAIL: libmudflap.cth/pass37-frag.c (test for excess errors)
WARNING: libmudflap.cth/pass37-frag.c compilation failed to produce executable
FAIL: libmudflap.cth/pass39-frag.c (test for excess errors)
WARNING: libmudflap.cth/pass39-frag.c compilation failed to produce executable
FAIL: libmudflap.cth/pass40-frag.c (test for excess errors)
WARNING: libmudflap.cth/pass40-frag.c compilation failed to produce executable
FAIL: libmudflap.cth/pass37-frag.c (-static) (test for excess errors)
WARNING: libmudflap.cth/pass37-frag.c (-static) compilation failed to produce executable
FAIL: libmudflap.cth/pass39-frag.c (-static) (test for excess errors)
WARNING: libmudflap.cth/pass39-frag.c (-static) compilation failed to produce executable
FAIL: libmudflap.cth/pass40-frag.c (-static) (test for excess errors)
WARNING: libmudflap.cth/pass40-frag.c (-static) compilation failed to produce executable
FAIL: libmudflap.cth/pass37-frag.c (-O2) (test for excess errors)
WARNING: libmudflap.cth/pass37-frag.c (-O2) compilation failed to produce executable
FAIL: libmudflap.cth/pass39-frag.c (-O2) (test for excess errors)
WARNING: libmudflap.cth/pass39-frag.c (-O2) compilation failed to produce executable
FAIL: libmudflap.cth/pass40-frag.c (-O2) (test for excess errors)
WARNING: libmudflap.cth/pass40-frag.c (-O2) compilation failed to produce executable
FAIL: libmudflap.cth/pass37-frag.c (-O3) (test for excess errors)
WARNING: libmudflap.cth/pass37-frag.c (-O3) compilation failed to produce executable
FAIL: libmudflap.cth/pass39-frag.c (-O3) (test for excess errors)
WARNING: libmudflap.cth/pass39-frag.c (-O3) compilation failed to produce executable
FAIL: libmudflap.cth/pass40-frag.c (-O3) (test for excess errors)
WARNING: libmudflap.cth/pass40-frag.c (-O3) compilation failed to produce executable

		=== libmudflap Summary ===

# of expected passes		166
# of unexpected failures	222
		=== libstdc++ tests ===


Running target unix
FAIL: 23_containers/deque/invalidation/4.cc execution test
FAIL: 23_containers/list/invalidation/3.cc execution test
FAIL: 23_containers/list/invalidation/4.cc execution test
FAIL: 27_io/basic_filebuf/close/12790-1.cc execution test
FAIL: 27_io/basic_filebuf/close/char/1.cc execution test
FAIL: 27_io/basic_filebuf/imbue/char/2.cc execution test
FAIL: 27_io/basic_filebuf/is_open/char/1.cc execution test
FAIL: 27_io/basic_filebuf/open/char/1.cc execution test
FAIL: 27_io/basic_filebuf/sbumpc/char/9825.cc execution test
FAIL: 27_io/basic_filebuf/seekoff/12790-1.cc execution test
FAIL: 27_io/basic_filebuf/seekoff/12790-2.cc execution test
FAIL: 27_io/basic_filebuf/seekoff/12790-3.cc execution test
FAIL: 27_io/basic_filebuf/seekoff/12790-4.cc execution test
FAIL: 27_io/basic_filebuf/seekoff/char/1-in.cc execution test
FAIL: 27_io/basic_filebuf/seekoff/char/1-io.cc execution test
FAIL: 27_io/basic_filebuf/seekoff/char/1-out.cc execution test
FAIL: 27_io/basic_filebuf/seekoff/char/11543.cc execution test
FAIL: 27_io/basic_filebuf/seekoff/char/2-in.cc execution test
FAIL: 27_io/basic_filebuf/seekoff/char/2-io.cc execution test
FAIL: 27_io/basic_filebuf/seekoff/char/2-out.cc execution test
FAIL: 27_io/basic_filebuf/seekoff/char/3-in.cc execution test
FAIL: 27_io/basic_filebuf/seekoff/char/3-io.cc execution test
FAIL: 27_io/basic_filebuf/seekoff/char/3-out.cc execution test
FAIL: 27_io/basic_filebuf/seekpos/12790-1.cc execution test
FAIL: 27_io/basic_filebuf/seekpos/12790-2.cc execution test
FAIL: 27_io/basic_filebuf/seekpos/12790-3.cc execution test
FAIL: 27_io/basic_filebuf/seekpos/char/1-in.cc execution test
FAIL: 27_io/basic_filebuf/seekpos/char/1-io.cc execution test
FAIL: 27_io/basic_filebuf/seekpos/char/1-out.cc execution test
FAIL: 27_io/basic_filebuf/seekpos/char/2-in.cc execution test
FAIL: 27_io/basic_filebuf/seekpos/char/2-io.cc execution test
FAIL: 27_io/basic_filebuf/seekpos/char/2-out.cc execution test
FAIL: 27_io/basic_filebuf/seekpos/char/3-in.cc execution test
FAIL: 27_io/basic_filebuf/seekpos/char/3-io.cc execution test
FAIL: 27_io/basic_filebuf/seekpos/char/3-out.cc execution test
FAIL: 27_io/basic_filebuf/sputbackc/char/1-in.cc execution test
FAIL: 27_io/basic_filebuf/sputbackc/char/1-io.cc execution test
FAIL: 27_io/basic_filebuf/sputbackc/char/2-in.cc execution test
FAIL: 27_io/basic_filebuf/sputbackc/char/2-io.cc execution test
FAIL: 27_io/basic_filebuf/sungetc/char/1-in.cc execution test
FAIL: 27_io/basic_filebuf/sungetc/char/1-io.cc execution test
FAIL: 27_io/basic_filebuf/sungetc/char/2-in.cc execution test
FAIL: 27_io/basic_filebuf/sungetc/char/2-io.cc execution test
FAIL: 27_io/basic_istream/seekg/char/2346-fstream.cc execution test
FAIL: 27_io/basic_istream/seekg/char/fstream.cc execution test
FAIL: 27_io/basic_istream/tellg/char/1.cc execution test
FAIL: 27_io/basic_istream/tellg/char/fstream.cc execution test
FAIL: 27_io/basic_ostream/tellp/char/1.cc execution test
FAIL: 27_io/basic_streambuf/in_avail/char/9701-3.cc execution test

		=== libstdc++ Summary ===

# of expected passes		1779
# of unexpected failures	49
# of expected failures		1

Compiler version: 3.5-tree-ssa 20031231 (merged 20031130) 
Platform: i386-unknown-freebsd4.9
configure flags: --with-gmp=/usr/local --prefix=/stuff/gcc.install --with-libbanshee


Index Nav: [Date Index] [Subject Index] [Author Index] [Thread Index]
Message Nav: [Date Prev] [Date Next] [Thread Prev] [Thread Next]