This is the mail archive of the gcc-testresults@gcc.gnu.org mailing list for the GCC project.


Index Nav: [Date Index] [Subject Index] [Author Index] [Thread Index]
Message Nav: [Date Prev] [Date Next] [Thread Prev] [Thread Next]
Other format: [Raw text]

Results for 3.4.0 20031229 (experimental) testsuite on hppa-unknown-linux-gnu


LAST_UPDATED: Mon Dec 29 22:18:54 UTC 2003

		=== acats tests ===

		=== acats Summary ===
# of expected passes		1965
# of unexpected failures	0
# of unsupported tests		357
Native configuration is hppa-unknown-linux-gnu

		=== g++ tests ===


Running target unix
XPASS: g++.dg/ext/lvalue1.C not an lvalue (test for errors, line 7)
XPASS: g++.dg/other/packed1.C execution test
XPASS: g++.dg/warn/Wunused-2.C  (test for warnings, line 5)
FAIL: g++.old-deja/g++.law/profile1.C execution test
WARNING: g++.old-deja/g++.mike/p10769a.C compilation failed to produce executable
WARNING: g++.old-deja/g++.other/enum5.C compilation failed to produce executable
XPASS: g++.old-deja/g++.other/init5.C execution test
WARNING: g++.old-deja/g++.pt/friend44.C compilation failed to produce executable

		=== g++ Summary ===

# of expected passes		9222
# of unexpected failures	1
# of unexpected successes	4
# of expected failures		55
# of unsupported tests		70
/home/dave/gnu/gcc-3.4/objdir/gcc/testsuite/../g++ version 3.4.0 20031229 (experimental)

		=== g77 tests ===


Running target unix

		=== g77 Summary ===

# of expected passes		1786
# of expected failures		1
# of untested testcases		1
# of unsupported tests		6
/home/dave/gnu/gcc-3.4/objdir/gcc/testsuite/../g77 version 3.4.0 20031229 (experimental)

		=== gcc tests ===


Running target unix
FAIL: gcc.dg/20021014-1.c execution test
FAIL: gcc.dg/const-elim-1.c scan-assembler-not L\\\$?C[^A-Z]
FAIL: gcc.dg/nest.c execution test

		=== gcc Summary ===

# of expected passes		24470
# of unexpected failures	3
# of expected failures		71
# of untested testcases		7
# of unsupported tests		292
/home/dave/gnu/gcc-3.4/objdir/gcc/xgcc version 3.4.0 20031229 (experimental)

		=== objc tests ===


Running target unix

		=== objc Summary ===

# of expected passes		1339
# of unsupported tests		7
/home/dave/gnu/gcc-3.4/objdir/gcc/xgcc version 3.4.0 20031229 (experimental)


		=== libstdc++-v3 check-abi Summary ===

# of added symbols:		 270
# of missing symbols:		 284
# of incompatible symbols:	 315
		=== libstdc++ tests ===


Running target unix
FAIL: 22_locale/money_get/get/char/5.cc execution test
FAIL: 22_locale/money_get/get/wchar_t/5.cc execution test
FAIL: 22_locale/num_get/get/char/10.cc execution test
FAIL: 22_locale/num_get/get/char/4.cc execution test
FAIL: 22_locale/num_get/get/wchar_t/10.cc execution test
FAIL: 22_locale/num_get/get/wchar_t/4.cc execution test
FAIL: 23_containers/bitset/cons/1.cc (test for excess errors)
WARNING: 23_containers/bitset/cons/1.cc compilation failed to produce executable
FAIL: 23_containers/bitset/test/1.cc (test for excess errors)
WARNING: 23_containers/bitset/test/1.cc compilation failed to produce executable
XPASS: 26_numerics/c99_classification_macros_c.cc (test for excess errors)
FAIL: 26_numerics/complex_inserters_extractors.cc execution test
FAIL: 27_io/basic_filebuf/sgetn/char/1-in.cc execution test
FAIL: 27_io/basic_filebuf/sgetn/char/1-io.cc execution test
FAIL: 27_io/basic_filebuf/sgetn/char/2-in.cc execution test
FAIL: 27_io/basic_filebuf/sgetn/char/2-io.cc execution test
FAIL: 27_io/basic_filebuf/underflow/wchar_t/11603.cc execution test
FAIL: 27_io/basic_istream/extractors_arithmetic/char/01.cc execution test
FAIL: 27_io/basic_istream/readsome/char/6746-2.cc execution test

		=== libstdc++ Summary ===

# of expected passes		2448
# of unexpected failures	16
# of unexpected successes	1
# of expected failures		11

Compiler version: 3.4.0 20031229 (experimental) 
Platform: hppa-unknown-linux-gnu
configure flags: --with-gnu-as --with-as=/home/dave/opt/gnu/bin/as --with-gnu-ld --with-ld=/home/dave/opt/gnu/bin/ld --enable-shared --disable-nls --prefix=/home/dave/opt/gnu --with-local-prefix=/home/dave/opt/gnu --enable-threads=posix --enable-__cxa_atexit --host=hppa-linux --enable-sjlj-exceptions=yes


Index Nav: [Date Index] [Subject Index] [Author Index] [Thread Index]
Message Nav: [Date Prev] [Date Next] [Thread Prev] [Thread Next]