This is the mail archive of the gcc-testresults@gcc.gnu.org mailing list for the GCC project.


Index Nav: [Date Index] [Subject Index] [Author Index] [Thread Index]
Message Nav: [Date Prev] [Date Next] [Thread Prev] [Thread Next]
Other format: [Raw text]

Results for 3.4.0 20031229 (experimental) testsuite on i686-pc-linux-gnu


LAST_UPDATED: 
Native configuration is i686-pc-linux-gnu

		=== g++ tests ===


Running target unix
XPASS: g++.dg/ext/lvalue1.C not an lvalue (test for errors, line 7)
XPASS: g++.dg/warn/Wunused-2.C  (test for warnings, line 5)
WARNING: g++.old-deja/g++.mike/p10769a.C compilation failed to produce executable
WARNING: g++.old-deja/g++.other/enum5.C compilation failed to produce executable
WARNING: g++.old-deja/g++.pt/friend44.C compilation failed to produce executable

		=== g++ Summary ===

# of expected passes		9321
# of unexpected successes	2
# of expected failures		56
# of unsupported tests		30
/notnfs/dnovillo/sbox/gcc/bld.toribio/gcc/testsuite/../g++ version 3.4.0 20031229 (experimental)

		=== g77 tests ===


Running target unix

		=== g77 Summary ===

# of expected passes		1786
# of expected failures		1
# of untested testcases		1
/notnfs/dnovillo/sbox/gcc/bld.toribio/gcc/testsuite/../g77 version 3.4.0 20031229 (experimental)

		=== gcc tests ===


Running target unix
FAIL: gcc.c-torture/execute/va-arg-25.c execution,  -O0 
FAIL: gcc.c-torture/execute/va-arg-25.c execution,  -O1 
FAIL: gcc.c-torture/execute/va-arg-25.c execution,  -O2 
FAIL: gcc.c-torture/execute/va-arg-25.c execution,  -O3 -fomit-frame-pointer 
FAIL: gcc.c-torture/execute/va-arg-25.c execution,  -O3 -g 
FAIL: gcc.c-torture/execute/va-arg-25.c execution,  -Os 

		=== gcc Summary ===

# of expected passes		24139
# of unexpected failures	6
# of expected failures		73
# of untested testcases		7
# of unsupported tests		166
/notnfs/dnovillo/sbox/gcc/bld.toribio/gcc/xgcc version 3.4.0 20031229 (experimental)

		=== objc tests ===


Running target unix

		=== objc Summary ===

# of expected passes		1339
# of unsupported tests		7
/notnfs/dnovillo/sbox/gcc/bld.toribio/gcc/xgcc version 3.4.0 20031229 (experimental)

		=== libffi tests ===


Running target unix

		=== libffi Summary ===

# of expected passes		212
# of unsupported tests		2
		=== libjava tests ===


Running target unix
FAIL: linking simple
FAIL: /home/cygnus/dnovillo/perf/sbox/gcc/local.i686/src/libjava/testsuite/libjava.jar/simple.jar execution - gij test

		=== libjava Summary ===

# of expected passes		3258
# of unexpected failures	2
# of expected failures		11
# of untested testcases		9

		=== libstdc++-v3 check-abi Summary ===

# of added symbols:		 230
# of missing symbols:		 244
# of incompatible symbols:	 275
		=== libstdc++ tests ===


Running target unix
XPASS: 26_numerics/c99_classification_macros_c.cc (test for excess errors)

		=== libstdc++ Summary ===

# of expected passes		2466
# of unexpected successes	1
# of expected failures		11

Compiler version: 3.4.0 20031229 (experimental) 
Platform: i686-pc-linux-gnu
configure flags: --prefix=/home/cygnus/dnovillo/perf/sbox/gcc/local.i686/inst.toribio --srcdir=/home/cygnus/dnovillo/perf/sbox/gcc/local.i686/src --disable-multilib --disable-checking


Index Nav: [Date Index] [Subject Index] [Author Index] [Thread Index]
Message Nav: [Date Prev] [Date Next] [Thread Prev] [Thread Next]