This is the mail archive of the
gcc-testresults@gcc.gnu.org
mailing list for the GCC project.
Results for 3.4.0 20031227 (experimental) testsuite on cris-axis-linux-gnu
- From: Hans-Peter Nilsson <hp at bitrange dot com>
- To: gcc-testresults at gcc dot gnu dot org
- Date: Sun, 28 Dec 2003 10:42:46 -0500 (EST)
- Subject: Results for 3.4.0 20031227 (experimental) testsuite on cris-axis-linux-gnu
Variations may appear at times due to local patches applied to GCC,
testsuite and DejaGNU. Host compiler is pristine gcc-2.95.3, C only.
LAST_UPDATED: Sat Dec 27 17:52:11 GMT 2003
Target is cris-axis-linux-gnu
Host is cris-axis-linux-gnu
=== libstdc++ tests ===
Running target cris-linuxsim
XPASS: 26_numerics/c99_classification_macros_c.cc (test for excess errors)
FAIL: 27_io/basic_filebuf/close/char/4879.cc execution test
FAIL: 27_io/basic_filebuf/close/char/9964.cc execution test
FAIL: 27_io/basic_filebuf/open/char/2.cc execution test
FAIL: 27_io/basic_filebuf/open/char/9507.cc execution test
FAIL: 27_io/basic_filebuf/sgetn/char/1-in.cc execution test
FAIL: 27_io/basic_filebuf/sgetn/char/1-io.cc execution test
FAIL: 27_io/basic_filebuf/sgetn/char/2-in.cc execution test
FAIL: 27_io/basic_filebuf/sgetn/char/2-io.cc execution test
FAIL: 27_io/basic_filebuf/showmanyc/char/9533-1.cc execution test
FAIL: 27_io/basic_filebuf/underflow/char/10097.cc execution test
FAIL: 27_io/basic_filebuf/underflow/wchar_t/11603.cc execution test
FAIL: 27_io/basic_istream/readsome/char/6746-2.cc execution test
FAIL: 27_io/objects/char/7.cc execution test
FAIL: 27_io/objects/char/9.cc execution test
FAIL: 27_io/objects/char/9661-1.cc execution test
FAIL: 27_io/objects/wchar_t/7.cc execution test
FAIL: 27_io/objects/wchar_t/9661-1.cc execution test
FAIL: thread/pthread1.cc execution test
FAIL: thread/pthread2.cc execution test
FAIL: thread/pthread3.cc execution test
FAIL: thread/pthread4.cc execution test
FAIL: thread/pthread5.cc execution test
FAIL: thread/pthread6.cc execution test
FAIL: thread/pthread7-rope.cc execution test
=== libstdc++ Summary ===
# of expected passes 2442
# of unexpected failures 24
# of unexpected successes 1
# of expected failures 11
Host is i686-pc-linux-gnu
=== g77 tests ===
Running target cris-linuxsim
FAIL: g77.f-torture/execute/intrinsic77.f execution, -O2
FAIL: g77.f-torture/execute/intrinsic77.f execution, -O3 -fomit-frame-pointer
FAIL: g77.f-torture/execute/intrinsic77.f execution, -O3 -g
FAIL: g77.f-torture/execute/intrinsic77.f execution, -Os
FAIL: g77.f-torture/execute/io1.f execution, -O0
FAIL: g77.f-torture/execute/io1.f execution, -O1
FAIL: g77.f-torture/execute/io1.f execution, -O2
FAIL: g77.f-torture/execute/io1.f execution, -O3 -fomit-frame-pointer
FAIL: g77.f-torture/execute/io1.f execution, -O3 -g
FAIL: g77.f-torture/execute/io1.f execution, -Os
FAIL: g77.f-torture/execute/u77-test.f execution, -O0
FAIL: g77.f-torture/execute/u77-test.f execution, -O1
FAIL: g77.f-torture/execute/u77-test.f execution, -O2
FAIL: g77.f-torture/execute/u77-test.f execution, -O3 -fomit-frame-pointer
FAIL: g77.f-torture/execute/u77-test.f execution, -O3 -fomit-frame-pointer -funroll-loops
FAIL: g77.f-torture/execute/u77-test.f execution, -O3 -fomit-frame-pointer -funroll-all-loops -finline-functions
FAIL: g77.f-torture/execute/u77-test.f execution, -O3 -g
FAIL: g77.f-torture/execute/u77-test.f execution, -Os
=== g77 Summary ===
# of expected passes 1731
# of unexpected failures 18
# of expected failures 1
# of untested testcases 1
# of unsupported tests 7
/mnt/miscb3/builds2/cris-linuxsim/gcc/testsuite/../g77 version 3.4.0 20031227 (experimental)
Host is i686-pc-linux-gnu
=== gcc tests ===
Running target cris-linuxsim
FAIL: gcc.c-torture/compile/simd-3.c (test for excess errors)
FAIL: gcc.c-torture/compile/simd-3.c (test for excess errors)
FAIL: gcc.c-torture/compile/simd-3.c (test for excess errors)
FAIL: gcc.c-torture/compile/simd-3.c (test for excess errors)
FAIL: gcc.c-torture/compile/simd-3.c (test for excess errors)
FAIL: gcc.c-torture/compile/simd-3.c (test for excess errors)
UNRESOLVED: gcc.c-torture/execute/20020720-1.c execution, -O1
UNRESOLVED: gcc.c-torture/execute/20020720-1.c execution, -O2
UNRESOLVED: gcc.c-torture/execute/20020720-1.c execution, -O3 -fomit-frame-pointer
UNRESOLVED: gcc.c-torture/execute/20020720-1.c execution, -O3 -g
UNRESOLVED: gcc.c-torture/execute/20020720-1.c execution, -Os
FAIL: gcc.c-torture/execute/loop-2f.c execution, -O0
FAIL: gcc.c-torture/execute/loop-2f.c execution, -O1
FAIL: gcc.c-torture/execute/loop-2f.c execution, -O2
FAIL: gcc.c-torture/execute/loop-2f.c execution, -O3 -fomit-frame-pointer
FAIL: gcc.c-torture/execute/loop-2f.c execution, -O3 -fomit-frame-pointer -funroll-loops
FAIL: gcc.c-torture/execute/loop-2f.c execution, -O3 -fomit-frame-pointer -funroll-all-loops -finline-functions
FAIL: gcc.c-torture/execute/loop-2f.c execution, -O3 -g
FAIL: gcc.c-torture/execute/loop-2f.c execution, -Os
FAIL: gcc.c-torture/execute/loop-2g.c execution, -O0
FAIL: gcc.c-torture/execute/loop-2g.c execution, -O1
FAIL: gcc.c-torture/execute/loop-2g.c execution, -O2
FAIL: gcc.c-torture/execute/loop-2g.c execution, -O3 -fomit-frame-pointer
FAIL: gcc.c-torture/execute/loop-2g.c execution, -O3 -fomit-frame-pointer -funroll-loops
FAIL: gcc.c-torture/execute/loop-2g.c execution, -O3 -fomit-frame-pointer -funroll-all-loops -finline-functions
FAIL: gcc.c-torture/execute/loop-2g.c execution, -O3 -g
FAIL: gcc.c-torture/execute/loop-2g.c execution, -Os
FAIL: gcc.dg/compat/vector-1 c_compat_x_tst.o compile
FAIL: gcc.dg/compat/vector-1 c_compat_y_tst.o compile
UNRESOLVED: gcc.dg/compat/vector-1 c_compat_x_tst.o-c_compat_y_tst.o link
UNRESOLVED: gcc.dg/compat/vector-1 c_compat_x_tst.o-c_compat_y_tst.o execute
FAIL: gcc.dg/compat/vector-2 c_compat_x_tst.o compile
FAIL: gcc.dg/compat/vector-2 c_compat_y_tst.o compile
UNRESOLVED: gcc.dg/compat/vector-2 c_compat_x_tst.o-c_compat_y_tst.o link
UNRESOLVED: gcc.dg/compat/vector-2 c_compat_x_tst.o-c_compat_y_tst.o execute
FAIL: gcc.dg/Wpadded.c (test for warnings, line 8)
FAIL: gcc.dg/bitfld-3.c execution test
FAIL: gcc.dg/builtin-apply2.c execution test
FAIL: gcc.dg/builtins-18.c (test for excess errors)
XPASS: gcc.dg/c99-flex-array-4.c sizeof != offsetof (test for bogus messages, line 24)
FAIL: gcc.dg/pack-test-1.c (test for excess errors)
XPASS: gcc.dg/sibcall-3.c execution test
XPASS: gcc.dg/sibcall-4.c execution test
FAIL: gcc.dg/trampoline-1.c execution test
FAIL: gcc.dg/weak/typeof-2.c scan-assembler baz3.*baz3.*baz3.*baz3.*baz3.*baz3
=== gcc Summary ===
# of expected passes 24409
# of unexpected failures 33
# of unexpected successes 3
# of expected failures 77
# of unresolved testcases 9
# of untested testcases 7
# of unsupported tests 299
/mnt/miscb3/builds2/cris-linuxsim/gcc/xgcc version 3.4.0 20031227 (experimental)
Host is i686-pc-linux-gnu
=== g++ tests ===
Running target cris-linuxsim
FAIL: g++.dg/abi/bitfield12.C (test for warnings, line 3)
FAIL: g++.dg/abi/vbase10.C (test for warnings, line 6)
XPASS: g++.dg/ext/lvalue1.C not an lvalue (test for errors, line 7)
XPASS: g++.dg/warn/Wunused-2.C (test for warnings, line 5)
WARNING: g++.old-deja/g++.mike/p10769a.C compilation failed to produce executable
WARNING: g++.old-deja/g++.other/enum5.C compilation failed to produce executable
WARNING: g++.old-deja/g++.pt/friend44.C compilation failed to produce executable
=== g++ Summary ===
# of expected passes 9164
# of unexpected failures 2
# of unexpected successes 2
# of expected failures 56
# of unsupported tests 78
/mnt/miscb3/builds2/cris-linuxsim/gcc/testsuite/../g++ version 3.4.0 20031227 (experimental)
Host is i686-pc-linux-gnu
=== objc tests ===
Running target cris-linuxsim
=== objc Summary ===
# of expected passes 1339
# of unsupported tests 7
/mnt/miscb3/builds2/cris-linuxsim/gcc/xgcc version 3.4.0 20031227 (experimental)
Compiler version: 3.4.0 20031227 (experimental)
Platform: cris-axis-linux-gnu
configure flags: --target=cris-linux --prefix=/home/hp/work/axis/build/gcc3testprefix