This is the mail archive of the gcc-testresults@gcc.gnu.org mailing list for the GCC project.


Index Nav: [Date Index] [Subject Index] [Author Index] [Thread Index]
Message Nav: [Date Prev] [Date Next] [Thread Prev] [Thread Next]
Other format: [Raw text]

Results for 3.5-tree-ssa 20031228 (merged 20031130) testsuite on x86_64-unknown-linux-gnu


LAST_UPDATED: 
Native configuration is x86_64-unknown-linux-gnu

		=== g++ tests ===


Running target unix
XPASS: g++.dg/ext/lvalue1.C not an lvalue (test for errors, line 7)
FAIL: g++.dg/lookup/using9.C  (test for errors, line 7)
FAIL: g++.dg/lookup/using9.C  (test for errors, line 8)
FAIL: g++.dg/lookup/using9.C  (test for errors, line 12)
FAIL: g++.dg/lookup/using9.C  (test for errors, line 13)
FAIL: g++.dg/lookup/using9.C  (test for errors, line 14)
FAIL: g++.dg/lookup/using9.C  (test for errors, line 22)
FAIL: g++.dg/lookup/using9.C  (test for errors, line 23)
FAIL: g++.dg/lookup/using9.C (test for excess errors)
FAIL: g++.dg/template/ptrmem7.C  (test for errors, line 38)
FAIL: g++.dg/template/ptrmem7.C  (test for errors, line 39)
FAIL: g++.dg/template/ptrmem7.C  (test for errors, line 43)
FAIL: g++.dg/template/ptrmem7.C (test for excess errors)
XPASS: g++.dg/warn/Wunused-2.C  (test for warnings, line 5)
FAIL: 258: expected branch percentages not found: 25
FAIL: g++.dg/gcov/gcov-1.C gcov: 0 failures in line counts, 1 in branch percentages, 0 in return percentages
FAIL: 23:is 2:should be 1
FAIL: g++.dg/gcov/gcov-2.C gcov: 1 failures in line counts, 0 in branch percentages, 0 in return percentages
WARNING: g++.old-deja/g++.mike/p10769a.C compilation failed to produce executable
WARNING: g++.old-deja/g++.other/enum5.C compilation failed to produce executable
WARNING: g++.old-deja/g++.pt/friend44.C compilation failed to produce executable

		=== g++ Summary ===

# of expected passes		9113
# of unexpected failures	16
# of unexpected successes	2
# of expected failures		61
# of unsupported tests		59
/notnfs/dnovillo/sbox/tree-ssa-branch/bld.toomany/gcc/testsuite/../g++ version 3.5-tree-ssa 20031228 (merged 20031130)

		=== gcc tests ===


Running target unix
FAIL: gcc.c-torture/compile/simd-3.c (test for excess errors)
FAIL: gcc.c-torture/execute/builtins/string-9.c execution,  -O1 
FAIL: gcc.c-torture/execute/builtins/string-9.c execution,  -O2 
FAIL: gcc.c-torture/execute/builtins/string-9.c execution,  -O3 -fomit-frame-pointer 
FAIL: gcc.c-torture/execute/builtins/string-9.c execution,  -O3 -fomit-frame-pointer -funroll-loops 
FAIL: gcc.c-torture/execute/builtins/string-9.c execution,  -O3 -fomit-frame-pointer -funroll-all-loops -finline-functions 
FAIL: gcc.c-torture/execute/builtins/string-9.c execution,  -O3 -g 
FAIL: gcc.c-torture/execute/20000822-1.c execution,  -O0 
FAIL: gcc.c-torture/execute/20000822-1.c execution,  -O1 
FAIL: gcc.c-torture/execute/20000822-1.c execution,  -O2 
FAIL: gcc.c-torture/execute/20000822-1.c execution,  -Os 
FAIL: gcc.c-torture/execute/921215-1.c execution,  -O0 
FAIL: gcc.c-torture/execute/921215-1.c execution,  -O1 
FAIL: gcc.c-torture/execute/921215-1.c execution,  -O2 
FAIL: gcc.c-torture/execute/921215-1.c execution,  -O3 -fomit-frame-pointer 
FAIL: gcc.c-torture/execute/921215-1.c execution,  -O3 -g 
FAIL: gcc.c-torture/execute/921215-1.c execution,  -Os 
FAIL: gcc.c-torture/execute/931002-1.c execution,  -O0 
FAIL: gcc.c-torture/execute/931002-1.c execution,  -O1 
FAIL: gcc.c-torture/execute/931002-1.c execution,  -O2 
FAIL: gcc.c-torture/execute/931002-1.c execution,  -Os 
FAIL: gcc.c-torture/execute/nestfunc-1.c execution,  -O0 
FAIL: gcc.c-torture/execute/nestfunc-1.c execution,  -O1 
FAIL: gcc.c-torture/execute/nestfunc-1.c execution,  -O2 
FAIL: gcc.c-torture/execute/nestfunc-1.c execution,  -Os 
FAIL: gcc.c-torture/execute/nestfunc-2.c execution,  -O0 
FAIL: gcc.c-torture/execute/nestfunc-2.c execution,  -O1 
FAIL: gcc.c-torture/execute/nestfunc-2.c execution,  -O2 
FAIL: gcc.c-torture/execute/nestfunc-2.c execution,  -Os 
FAIL: gcc.c-torture/execute/nestfunc-3.c execution,  -O0 
FAIL: gcc.c-torture/execute/nestfunc-3.c execution,  -O1 
FAIL: gcc.c-torture/execute/nestfunc-3.c execution,  -O2 
FAIL: gcc.c-torture/execute/nestfunc-3.c execution,  -O3 -fomit-frame-pointer 
FAIL: gcc.c-torture/execute/nestfunc-3.c execution,  -O3 -fomit-frame-pointer -funroll-loops 
FAIL: gcc.c-torture/execute/nestfunc-3.c execution,  -O3 -fomit-frame-pointer -funroll-all-loops -finline-functions 
FAIL: gcc.c-torture/execute/nestfunc-3.c execution,  -O3 -g 
FAIL: gcc.c-torture/execute/nestfunc-3.c execution,  -Os 
XPASS: gcc.c-torture/execute/string-opt-18.c execution,  -O0 
XPASS: gcc.c-torture/execute/string-opt-18.c execution,  -O1 
XPASS: gcc.c-torture/execute/string-opt-18.c execution,  -O2 
XPASS: gcc.c-torture/execute/string-opt-18.c execution,  -O3 -fomit-frame-pointer 
XPASS: gcc.c-torture/execute/string-opt-18.c execution,  -O3 -g 
XPASS: gcc.c-torture/execute/string-opt-18.c execution,  -Os 
FAIL: gcc.c-torture/execute/string-opt-7.c execution,  -O1 
FAIL: gcc.c-torture/execute/string-opt-7.c execution,  -O2 
FAIL: gcc.c-torture/execute/string-opt-7.c execution,  -O3 -fomit-frame-pointer 
FAIL: gcc.c-torture/execute/string-opt-7.c execution,  -O3 -g 
FAIL: gcc.c-torture/execute/string-opt-7.c execution,  -Os 
UNRESOLVED: gcc.c-torture/execute/wchar_t-1.c execution,  -O0 
UNRESOLVED: gcc.c-torture/execute/wchar_t-1.c execution,  -O1 
UNRESOLVED: gcc.c-torture/execute/wchar_t-1.c execution,  -O2 
UNRESOLVED: gcc.c-torture/execute/wchar_t-1.c execution,  -O3 -fomit-frame-pointer 
UNRESOLVED: gcc.c-torture/execute/wchar_t-1.c execution,  -O3 -g 
UNRESOLVED: gcc.c-torture/execute/wchar_t-1.c execution,  -Os 
FAIL: gcc.c-torture/unsorted/opout.c,  -O2  
FAIL: gcc.c-torture/unsorted/opout.c,  -O3 -fomit-frame-pointer  
FAIL: gcc.c-torture/unsorted/opout.c,  -O3 -g  
FAIL: gcc.c-torture/unsorted/opout.c,  -Os  
FAIL: gcc.dg/compat/vector-1 c_compat_x_tst.o compile
FAIL: gcc.dg/compat/vector-1 c_compat_y_tst.o compile
UNRESOLVED: gcc.dg/compat/vector-1 c_compat_x_tst.o-c_compat_y_tst.o link 
UNRESOLVED: gcc.dg/compat/vector-1 c_compat_x_tst.o-c_compat_y_tst.o execute 
FAIL: gcc.dg/compat/vector-2 c_compat_x_tst.o compile
FAIL: gcc.dg/compat/vector-2 c_compat_y_tst.o compile
UNRESOLVED: gcc.dg/compat/vector-2 c_compat_x_tst.o-c_compat_y_tst.o link 
UNRESOLVED: gcc.dg/compat/vector-2 c_compat_x_tst.o-c_compat_y_tst.o execute 
FAIL: gcc.dg/20020103-1.c scan-assembler-not LC
FAIL: gcc.dg/20020425-1.c (test for excess errors)
FAIL: gcc.dg/20030331-2.c (test for excess errors)
FAIL: gcc.dg/builtins-10.c (test for excess errors)
FAIL: gcc.dg/builtins-26.c (test for excess errors)
FAIL: gcc.dg/builtins-7.c (test for excess errors)
FAIL: gcc.dg/i386-local.c scan-assembler magic[^\\n]*eax
FAIL: gcc.dg/trampoline-1.c execution test
XPASS: gcc.dg/uninit-4.c uninitialized variable warning (test for bogus messages, line 26)
XPASS: gcc.dg/uninit-5.c uninitialized variable warning (test for bogus messages, line 13)
XPASS: gcc.dg/uninit-5.c uninitialized variable warning (test for bogus messages, line 27)
XPASS: gcc.dg/uninit-8.c uninitialized variable warning (test for bogus messages, line 14)
FAIL: gcc.dg/uninit-D.c (test for excess errors)
FAIL: gcc.dg/warn-1.c  (test for warnings, line 8)
FAIL: gcc.dg/torture/builtin-explog-1.c (test for excess errors)
FAIL: gcc.dg/torture/builtin-explog-1.c (test for excess errors)
FAIL: gcc.dg/torture/builtin-explog-1.c (test for excess errors)
FAIL: gcc.dg/torture/builtin-explog-1.c (test for excess errors)
FAIL: gcc.dg/torture/builtin-explog-1.c (test for excess errors)
FAIL: gcc.dg/torture/builtin-explog-1.c (test for excess errors)
FAIL: gcc.dg/tree-ssa/20030730-1.c (test for excess errors)
FAIL: gcc.dg/tree-ssa/20030730-2.c (test for excess errors)
FAIL: gcc.dg/tree-ssa/20030731-1.c scan-tree-dump-times target.*!= 0 0
FAIL: gcc.dg/tree-ssa/20030807-3.c scan-tree-dump-times if  2
FAIL: gcc.dg/tree-ssa/20030807-4.c scan-tree-dump-times if  2
FAIL: gcc.dg/tree-ssa/20030814-6.c scan-tree-dump-times common.code 1
FAIL: gcc.dg/tree-ssa/20030917-2.c (test for excess errors)
FAIL: gcc.dg/tree-ssa/20030922-1.c scan-tree-dump-times if  0
FAIL: gcc.dg/tree-ssa/20030922-2.c scan-tree-dump-times if  2
FAIL: gcc.dg/tree-ssa/20031106-1.c scan-tree-dump-times testarray 1
FAIL: gcc.dg/tree-ssa/20031106-2.c scan-tree-dump-times teststruct 1
FAIL: gcc.dg/tree-ssa/20031106-3.c scan-tree-dump-times link_error 0
FAIL: gcc.dg/tree-ssa/20031106-4.c scan-tree-dump-times link_error 0
FAIL: gcc.dg/tree-ssa/20031106-5.c scan-tree-dump-times link_error 0
FAIL: gcc.dg/tree-ssa/20031106-6.c scan-tree-dump-times temp_struct 0
FAIL: gcc.dg/tree-ssa/20031216-1.c scan-tree-dump-times link_error 0
FAIL: gcc.dg/tree-ssa/sra-2.c scan-tree-dump-times link_error 0
FAIL: gcc.dg/tree-ssa/sra-3.c scan-tree-dump-times link_error 0
FAIL: gcc.dg/tree-ssa/ssa-ccp-11.c scan-tree-dump-times if 0
FAIL: gcc.dg/tree-ssa/ssa-ccp-3.c scan-tree-dump-times link_error 0
FAIL: gcc.dg/tree-ssa/ssa-ccp-4.c scan-tree-dump-times link_error 0
FAIL: gcc.dg/tree-ssa/ssa-ccp-5.c scan-tree-dump-times link_error 0
FAIL: gcc.dg/tree-ssa/ssa-ccp-6.c scan-tree-dump-times link_error 0
FAIL: gcc.dg/tree-ssa/ssa-ccp-8.c scan-tree-dump-times link_error 0
FAIL: 209: expected branch percentages not found: 25
FAIL: gcc.misc-tests/gcov-4b.c gcov: 0 failures in line counts, 1 in branch percentages, 0 in return percentages

		=== gcc Summary ===

# of expected passes		24161
# of unexpected failures	92
# of unexpected successes	10
# of expected failures		73
# of unresolved testcases	10
# of untested testcases		7
# of unsupported tests		245
/notnfs/dnovillo/sbox/tree-ssa-branch/bld.toomany/gcc/xgcc version 3.5-tree-ssa 20031228 (merged 20031130)

		=== gfortran tests ===


Running target unix
FAIL: gfortran.fortran-torture/execute/forall_3.f90 execution,  -O1 
FAIL: gfortran.fortran-torture/execute/forall_3.f90 execution,  -O2 
FAIL: gfortran.fortran-torture/execute/forall_3.f90 execution,  -O2 -fomit-frame-pointer -finline-functions 
FAIL: gfortran.fortran-torture/execute/forall_3.f90 execution,  -O2 -fomit-frame-pointer -finline-functions -funroll-loops 
FAIL: gfortran.fortran-torture/execute/forall_3.f90 execution,  -O2 -fomit-frame-pointer -finline-functions -funroll-all-loops 
FAIL: gfortran.fortran-torture/execute/forall_3.f90 execution,  -O2 -fno-repack-arrays 
FAIL: gfortran.fortran-torture/execute/forall_3.f90 execution,  -O2 -fg77-calls 
FAIL: gfortran.fortran-torture/execute/forall_3.f90 execution,  -O3 -g 
FAIL: gfortran.fortran-torture/execute/intrinsic_dummy.f90 execution,  -O0 
FAIL: gfortran.fortran-torture/execute/intrinsic_dummy.f90 execution,  -O1 
FAIL: gfortran.fortran-torture/execute/intrinsic_dummy.f90 execution,  -O2 
FAIL: gfortran.fortran-torture/execute/intrinsic_dummy.f90 execution,  -O2 -fomit-frame-pointer -finline-functions 
FAIL: gfortran.fortran-torture/execute/intrinsic_dummy.f90 execution,  -O2 -fomit-frame-pointer -finline-functions -funroll-loops 
FAIL: gfortran.fortran-torture/execute/intrinsic_dummy.f90 execution,  -O2 -fomit-frame-pointer -finline-functions -funroll-all-loops 
FAIL: gfortran.fortran-torture/execute/intrinsic_dummy.f90 execution,  -O2 -fno-repack-arrays 
FAIL: gfortran.fortran-torture/execute/intrinsic_dummy.f90 execution,  -O2 -fg77-calls 
FAIL: gfortran.fortran-torture/execute/intrinsic_dummy.f90 execution,  -O3 -g 
FAIL: gfortran.fortran-torture/execute/intrinsic_dummy.f90 execution,  -Os 
FAIL: gfortran.fortran-torture/execute/procarg.f90 execution,  -O0 
FAIL: gfortran.fortran-torture/execute/procarg.f90 execution,  -O1 
FAIL: gfortran.fortran-torture/execute/procarg.f90 execution,  -O2 
FAIL: gfortran.fortran-torture/execute/procarg.f90 execution,  -O2 -fomit-frame-pointer -finline-functions 
FAIL: gfortran.fortran-torture/execute/procarg.f90 execution,  -O2 -fomit-frame-pointer -finline-functions -funroll-loops 
FAIL: gfortran.fortran-torture/execute/procarg.f90 execution,  -O2 -fomit-frame-pointer -finline-functions -funroll-all-loops 
FAIL: gfortran.fortran-torture/execute/procarg.f90 execution,  -O2 -fno-repack-arrays 
FAIL: gfortran.fortran-torture/execute/procarg.f90 execution,  -O2 -fg77-calls 
FAIL: gfortran.fortran-torture/execute/procarg.f90 execution,  -O3 -g 
FAIL: gfortran.fortran-torture/execute/procarg.f90 execution,  -Os 
FAIL: gfortran.fortran-torture/execute/specifics.f90 execution,  -O0 
FAIL: gfortran.fortran-torture/execute/specifics.f90 execution,  -O1 
FAIL: gfortran.fortran-torture/execute/specifics.f90 execution,  -O2 
FAIL: gfortran.fortran-torture/execute/specifics.f90 execution,  -O2 -fomit-frame-pointer -finline-functions 
FAIL: gfortran.fortran-torture/execute/specifics.f90 execution,  -O2 -fomit-frame-pointer -finline-functions -funroll-loops 
FAIL: gfortran.fortran-torture/execute/specifics.f90 execution,  -O2 -fomit-frame-pointer -finline-functions -funroll-all-loops 
FAIL: gfortran.fortran-torture/execute/specifics.f90 execution,  -O2 -fno-repack-arrays 
FAIL: gfortran.fortran-torture/execute/specifics.f90 execution,  -O2 -fg77-calls 
FAIL: gfortran.fortran-torture/execute/specifics.f90 execution,  -O3 -g 
FAIL: gfortran.fortran-torture/execute/specifics.f90 execution,  -Os 
FAIL: gfortran.fortran-torture/execute/where_3.f90 compilation,  -O2 
FAIL: gfortran.fortran-torture/execute/where_3.f90 compilation,  -O2 -fomit-frame-pointer -finline-functions 
FAIL: gfortran.fortran-torture/execute/where_3.f90 compilation,  -O2 -fomit-frame-pointer -finline-functions -funroll-loops 
FAIL: gfortran.fortran-torture/execute/where_3.f90 compilation,  -O2 -fomit-frame-pointer -finline-functions -funroll-all-loops 
FAIL: gfortran.fortran-torture/execute/where_3.f90 compilation,  -O2 -fno-repack-arrays 
FAIL: gfortran.fortran-torture/execute/where_3.f90 compilation,  -O2 -fg77-calls 
FAIL: gfortran.fortran-torture/execute/where_3.f90 compilation,  -O3 -g 
FAIL: gfortran.fortran-torture/execute/where_3.f90 compilation,  -Os 

		=== gfortran Summary ===

# of expected passes		2416
# of unexpected failures	46
# of untested testcases		8
/notnfs/dnovillo/sbox/tree-ssa-branch/bld.toomany/gcc/testsuite/../gfortran version 3.5-tree-ssa 20031228 (merged 20031130)

		=== objc tests ===


Running target unix
FAIL: objc.dg/call-super-2.m (test for excess errors)
FAIL: objc.dg/desig-init-1.m (test for excess errors)
FAIL: objc.dg/encode-2.m execution test
FAIL: objc.dg/encode-3.m execution test
FAIL: objc.dg/nested-func-1.m execution test
FAIL: objc.dg/proto-qual-1.m execution test

		=== objc Summary ===

# of expected passes		1331
# of unexpected failures	6
# of unsupported tests		7
/notnfs/dnovillo/sbox/tree-ssa-branch/bld.toomany/gcc/xgcc version 3.5-tree-ssa 20031228 (merged 20031130)

		=== libffi tests ===


Running target unix
FAIL: libffi.call/cls_12byte.c output pattern test, is 7 4 9 1 5 3: 8 9 12
FAIL: libffi.call/cls_16byte.c output pattern test, is 7 8 9 1 9 3: 8 17 12
FAIL: libffi.call/cls_18byte.c output pattern test, is 1 127 126 3 4 125 124 5: 5 252 250 8
FAIL: libffi.call/cls_19byte.c output pattern test, is 1 127 126 3 120 4 125 124 5 119: 5 252 250 8 239
FAIL: libffi.call/cls_1_1byte.c execution test
FAIL: libffi.call/cls_20byte.c output pattern test, is 1 2 3 4 5 7: 5 7 10
FAIL: libffi.call/cls_20byte1.c output pattern test, is 1 2 3 4 5 7: 5 7 10
FAIL: libffi.call/cls_24byte.c execution test
FAIL: libffi.call/cls_2byte.c output pattern test, is 12 127 1 13: 13 140
FAIL: libffi.call/cls_3_1byte.c output pattern test, is 12 13 14 178 179 180: 190 192 194
FAIL: libffi.call/cls_3byte1.c output pattern test, is 12 119 1 15: 13 134
FAIL: libffi.call/cls_3byte2.c output pattern test, is 15 125 9 19: 24 144
FAIL: libffi.call/cls_4_1byte.c output pattern test, is 12 13 14 15 178 179 180 181: 190 192 194 196
FAIL: libffi.call/cls_4byte.c output pattern test, is 127 120 12 128: 139 248
FAIL: libffi.call/cls_5byte.c output pattern test, is 127 120 1 12 128 9: 139 248 10
FAIL: libffi.call/cls_64byte.c execution test
FAIL: libffi.call/cls_6byte.c output pattern test, is 127 120 1 128 12 128 9 127: 139 248 10 255
FAIL: libffi.call/cls_7byte.c output pattern test, is 127 120 1 254 12 128 9 255: 139 248 10 509
FAIL: libffi.call/cls_8byte.c output pattern test, is 1 2 4 5: 5 7
FAIL: libffi.call/cls_9byte1.c output pattern test, is 7 8 1 9: 8 17
FAIL: libffi.call/cls_9byte2.c output pattern test, is 7 8 1 9: 8 17
FAIL: libffi.call/nested_struct.c execution test
FAIL: libffi.call/nested_struct1.c execution test
FAIL: libffi.call/nested_struct2.c execution test
FAIL: libffi.call/nested_struct3.c execution test
FAIL: libffi.call/problem1.c output pattern test, is 1 2 3 1 2 3: 2 4 6
FAIL: libffi.call/pyobjc-tc.c execution test

		=== libffi Summary ===

# of expected passes		130
# of unexpected failures	27
# of unsupported tests		2
		=== libjava tests ===


Running target unix
FAIL: linking simple
FAIL: /home/cygnus/dnovillo/perf/sbox/tree-ssa-branch/local.x86_64/src/libjava/testsuite/libjava.jar/simple.jar execution - gij test
FAIL: err3 output - source compiled test
FAIL: err3 -O3 output - source compiled test

		=== libjava Summary ===

# of expected passes		3238
# of unexpected failures	4
# of expected failures		11
# of untested testcases		9
		=== libmudflap tests ===


Running target unix
FAIL: libmudflap.c/pass43-frag.c (test for excess errors)
WARNING: libmudflap.c/pass43-frag.c compilation failed to produce executable
FAIL: libmudflap.c/fail1-frag.c (-static) output pattern test
FAIL: libmudflap.c/fail10-frag.c (-static) output pattern test
FAIL: libmudflap.c/fail11-frag.c (-static) output pattern test
FAIL: libmudflap.c/fail12-frag.c (-static) output pattern test
FAIL: libmudflap.c/fail13-frag.c (-static) output pattern test
FAIL: libmudflap.c/fail14-frag.c (-static) output pattern test
FAIL: libmudflap.c/fail15-frag.c (-static) output pattern test
FAIL: libmudflap.c/fail16-frag.c (-static) output pattern test
FAIL: libmudflap.c/fail17-frag.c (-static) output pattern test
FAIL: libmudflap.c/fail18-frag.c (-static) output pattern test
FAIL: libmudflap.c/fail19-frag.c (-static) output pattern test
FAIL: libmudflap.c/fail2-frag.c (-static) output pattern test
FAIL: libmudflap.c/fail20-frag.c (-static) output pattern test
FAIL: libmudflap.c/fail21-frag.c (-static) output pattern test
FAIL: libmudflap.c/fail22-frag.c (-static) output pattern test
FAIL: libmudflap.c/fail23-frag.c (-static) output pattern test
FAIL: libmudflap.c/fail25-frag.c (-static) output pattern test
FAIL: libmudflap.c/fail26-frag.c (-static) output pattern test
FAIL: libmudflap.c/fail27-frag.c (-static) output pattern test
FAIL: libmudflap.c/fail3-frag.c (-static) output pattern test
FAIL: libmudflap.c/fail4-frag.c (-static) output pattern test
FAIL: libmudflap.c/fail5-frag.c (-static) output pattern test
FAIL: libmudflap.c/fail6-frag.c (-static) output pattern test
FAIL: libmudflap.c/fail7-frag.c (-static) output pattern test
FAIL: libmudflap.c/fail8-frag.c (-static) output pattern test
FAIL: libmudflap.c/fail9-frag.c (-static) output pattern test
FAIL: libmudflap.c/hook-allocstuff.c (-static) execution test
FAIL: libmudflap.c/hook-allocstuff.c (-static) output pattern test
FAIL: libmudflap.c/pass-stratcliff.c (-static) execution test
FAIL: libmudflap.c/pass11-frag.c (-static) execution test
FAIL: libmudflap.c/pass12-frag.c (-static) execution test
FAIL: libmudflap.c/pass16-frag.c (-static) execution test
FAIL: libmudflap.c/pass19-frag.c (-static) execution test
FAIL: libmudflap.c/pass20-frag.c (-static) execution test
FAIL: libmudflap.c/pass21-frag.c (-static) execution test
FAIL: libmudflap.c/pass22-frag.c (-static) execution test
FAIL: libmudflap.c/pass23-frag.c (-static) execution test
FAIL: libmudflap.c/pass24-frag.c (-static) execution test
FAIL: libmudflap.c/pass25-frag.c (-static) execution test
FAIL: libmudflap.c/pass29-frag.c (-static) execution test
FAIL: libmudflap.c/pass36-frag.c (-static) execution test
FAIL: libmudflap.c/pass36-frag.c (-static) output pattern test
FAIL: libmudflap.c/pass43-frag.c (-static) (test for excess errors)
WARNING: libmudflap.c/pass43-frag.c (-static) compilation failed to produce executable
FAIL: libmudflap.c/pass6-frag.c (-static) execution test
FAIL: libmudflap.c/pass7-frag.c (-static) execution test
FAIL: libmudflap.c/pass8-frag.c (-static) execution test
FAIL: libmudflap.c/pass9-frag.c (-static) execution test
FAIL: libmudflap.c/pass43-frag.c (-O2) (test for excess errors)
WARNING: libmudflap.c/pass43-frag.c (-O2) compilation failed to produce executable
FAIL: libmudflap.c/pass43-frag.c (-O3) (test for excess errors)
WARNING: libmudflap.c/pass43-frag.c (-O3) compilation failed to produce executable
FAIL: libmudflap.c++/pass41-frag.cxx (test for excess errors)
WARNING: libmudflap.c++/pass41-frag.cxx compilation failed to produce executable
FAIL: libmudflap.c++/fail24-frag.cxx (-static) output pattern test
FAIL: libmudflap.c++/pass28-frag.cxx (-static) execution test
FAIL: libmudflap.c++/pass41-frag.cxx (-static) (test for excess errors)
WARNING: libmudflap.c++/pass41-frag.cxx (-static) compilation failed to produce executable
FAIL: libmudflap.c++/pass41-frag.cxx (-O2) (test for excess errors)
WARNING: libmudflap.c++/pass41-frag.cxx (-O2) compilation failed to produce executable
FAIL: libmudflap.c++/pass41-frag.cxx (-O3) (test for excess errors)
WARNING: libmudflap.c++/pass41-frag.cxx (-O3) compilation failed to produce executable
FAIL: libmudflap.cth/pass39-frag.c (-static) execution test
FAIL: libmudflap.cth/pass39-frag.c (-static) output pattern test
FAIL: libmudflap.cth/pass39-frag.c (-static) (rerun 1) execution test
FAIL: libmudflap.cth/pass39-frag.c (-static) (rerun 1) output pattern test
FAIL: libmudflap.cth/pass39-frag.c (-static) (rerun 2) execution test
FAIL: libmudflap.cth/pass39-frag.c (-static) (rerun 2) output pattern test
FAIL: libmudflap.cth/pass39-frag.c (-static) (rerun 3) execution test
FAIL: libmudflap.cth/pass39-frag.c (-static) (rerun 3) output pattern test
FAIL: libmudflap.cth/pass39-frag.c (-static) (rerun 4) execution test
FAIL: libmudflap.cth/pass39-frag.c (-static) (rerun 4) output pattern test
FAIL: libmudflap.cth/pass39-frag.c (-static) (rerun 5) execution test
FAIL: libmudflap.cth/pass39-frag.c (-static) (rerun 5) output pattern test
FAIL: libmudflap.cth/pass39-frag.c (-static) (rerun 6) execution test
FAIL: libmudflap.cth/pass39-frag.c (-static) (rerun 6) output pattern test
FAIL: libmudflap.cth/pass39-frag.c (-static) (rerun 7) execution test
FAIL: libmudflap.cth/pass39-frag.c (-static) (rerun 7) output pattern test
FAIL: libmudflap.cth/pass39-frag.c (-static) (rerun 8) execution test
FAIL: libmudflap.cth/pass39-frag.c (-static) (rerun 8) output pattern test
FAIL: libmudflap.cth/pass39-frag.c (-static) (rerun 9) execution test
FAIL: libmudflap.cth/pass39-frag.c (-static) (rerun 9) output pattern test
FAIL: libmudflap.cth/pass39-frag.c (-static) (rerun 10) execution test
FAIL: libmudflap.cth/pass39-frag.c (-static) (rerun 10) output pattern test
FAIL: libmudflap.cth/pass39-frag.c (-static) (rerun 11) execution test
FAIL: libmudflap.cth/pass39-frag.c (-static) (rerun 11) output pattern test
FAIL: libmudflap.cth/pass39-frag.c (-static) (rerun 12) execution test
FAIL: libmudflap.cth/pass39-frag.c (-static) (rerun 12) output pattern test
FAIL: libmudflap.cth/pass39-frag.c (-static) (rerun 13) execution test
FAIL: libmudflap.cth/pass39-frag.c (-static) (rerun 13) output pattern test
FAIL: libmudflap.cth/pass39-frag.c (-static) (rerun 14) execution test
FAIL: libmudflap.cth/pass39-frag.c (-static) (rerun 14) output pattern test
FAIL: libmudflap.cth/pass39-frag.c (-static) (rerun 15) execution test
FAIL: libmudflap.cth/pass39-frag.c (-static) (rerun 15) output pattern test
FAIL: libmudflap.cth/pass39-frag.c (-static) (rerun 16) execution test
FAIL: libmudflap.cth/pass39-frag.c (-static) (rerun 16) output pattern test
FAIL: libmudflap.cth/pass39-frag.c (-static) (rerun 17) execution test
FAIL: libmudflap.cth/pass39-frag.c (-static) (rerun 17) output pattern test
FAIL: libmudflap.cth/pass39-frag.c (-static) (rerun 18) execution test
FAIL: libmudflap.cth/pass39-frag.c (-static) (rerun 18) output pattern test
FAIL: libmudflap.cth/pass39-frag.c (-static) (rerun 19) execution test
FAIL: libmudflap.cth/pass39-frag.c (-static) (rerun 19) output pattern test

		=== libmudflap Summary ===

# of expected passes		912
# of unexpected failures	96

		=== libstdc++-v3 check-abi Summary ===

# of added symbols:		 216
# of missing symbols:		 224
# of incompatible symbols:	 231
		=== libstdc++ tests ===


Running target unix
FAIL: 22_locale/locale/cons/12438.cc execution test
FAIL: 23_containers/deque/invalidation/4.cc execution test
FAIL: 23_containers/list/invalidation/3.cc execution test
FAIL: 23_containers/list/invalidation/4.cc execution test
XPASS: 26_numerics/c99_classification_macros_c.cc (test for excess errors)

		=== libstdc++ Summary ===

# of expected passes		2406
# of unexpected failures	4
# of unexpected successes	1
# of expected failures		11

Compiler version: 3.5-tree-ssa 20031228 (merged 20031130) 
Platform: x86_64-unknown-linux-gnu
configure flags: --prefix=/home/cygnus/dnovillo/perf/sbox/tree-ssa-branch/local.x86_64/inst.toomany --srcdir=/home/cygnus/dnovillo/perf/sbox/tree-ssa-branch/local.x86_64/src --disable-multilib --with-libbanshee


Index Nav: [Date Index] [Subject Index] [Author Index] [Thread Index]
Message Nav: [Date Prev] [Date Next] [Thread Prev] [Thread Next]