This is the mail archive of the gcc-testresults@gcc.gnu.org mailing list for the GCC project.


Index Nav: [Date Index] [Subject Index] [Author Index] [Thread Index]
Message Nav: [Date Prev] [Date Next] [Thread Prev] [Thread Next]
Other format: [Raw text]

Results for 3.4.0 20031225 (experimental) testsuite on mips-sgi-irix6.5


LAST_UPDATED: 
Native configuration is mips-sgi-irix6.5

		=== g++ tests ===


Running target unix
FAIL: g++.dg/expr/anew1.C execution test
FAIL: g++.dg/expr/anew2.C execution test
FAIL: g++.dg/expr/anew3.C execution test
FAIL: g++.dg/expr/anew4.C execution test
FAIL: g++.dg/ext/attrib10.C (test for excess errors)
XPASS: g++.dg/ext/lvalue1.C not an lvalue (test for errors, line 7)
FAIL: g++.dg/ext/pretty1.C scan-assembler int bar\\(T\\).*with T = int
FAIL: g++.dg/ext/pretty1.C scan-assembler top level
FAIL: g++.dg/ext/pretty1.C scan-assembler int main\\(\\)
FAIL: g++.dg/ext/pretty1.C scan-assembler int bar\\(T\\).*with T = double
FAIL: g++.dg/ext/pretty1.C scan-assembler int bar\\(T\\).*with T = unsigned char*
XPASS: g++.dg/warn/Wunused-2.C  (test for warnings, line 5)
FAIL: g++.dg/pch/system-1.C -g assembly comparison
FAIL: g++.dg/pch/system-2.C -g assembly comparison
FAIL: g++.old-deja/g++.jason/thunk1.C (test for excess errors)
WARNING: g++.old-deja/g++.jason/thunk1.C compilation failed to produce executable
FAIL: g++.old-deja/g++.jason/thunk2.C (test for excess errors)
WARNING: g++.old-deja/g++.jason/thunk2.C compilation failed to produce executable
FAIL: g++.old-deja/g++.jason/thunk3.C (test for excess errors)
WARNING: g++.old-deja/g++.jason/thunk3.C compilation failed to produce executable
FAIL: g++.old-deja/g++.law/profile1.C (test for excess errors)
WARNING: g++.old-deja/g++.law/profile1.C compilation failed to produce executable
WARNING: g++.old-deja/g++.mike/p10769a.C compilation failed to produce executable
WARNING: g++.old-deja/g++.other/enum5.C compilation failed to produce executable
WARNING: g++.old-deja/g++.pt/friend44.C compilation failed to produce executable

		=== g++ Summary ===

# of expected passes		8891
# of unexpected failures	16
# of unexpected successes	2
# of expected failures		57
# of unsupported tests		70
/caip/u58/ghazi/gcc-testing/build/gcc/testsuite/../g++ version 3.4.0 20031225 (experimental)

		=== g77 tests ===


Running target unix

		=== g77 Summary ===

# of expected passes		1774
# of expected failures		1
# of untested testcases		1
# of unsupported tests		6
/caip/u58/ghazi/gcc-testing/build/gcc/testsuite/../g77 version 3.4.0 20031225 (experimental)

		=== gcc tests ===


Running target unix
WARNING: gcc.dg/20021014-1.c compilation failed to produce executable
FAIL: gcc.dg/20031202-1.c execution test
FAIL: gcc.dg/builtins-18.c (test for excess errors)
FAIL: gcc.dg/builtins-20.c (test for excess errors)
FAIL: gcc.dg/const-elim-2.c scan-assembler-times hi there 1
WARNING: gcc.dg/nest.c compilation failed to produce executable
XPASS: gcc.dg/sibcall-3.c execution test
XPASS: gcc.dg/sibcall-4.c execution test
FAIL: gcc.dg/unused-5.c scan-assembler string_to_look_for
UNRESOLVED: gcc.dg/visibility-1.c
UNRESOLVED: gcc.dg/visibility-2.c
UNRESOLVED: gcc.dg/visibility-3.c
UNRESOLVED: gcc.dg/visibility-4.c
UNRESOLVED: gcc.dg/visibility-5.c
UNRESOLVED: gcc.dg/visibility-6.c
UNRESOLVED: gcc.dg/visibility-7.c
FAIL: gcc.dg/special/wkali-2.c (test for excess errors)
FAIL: gcc.dg/special/wkali-2.c execution test

		=== gcc Summary ===

# of expected passes		24110
# of unexpected failures	7
# of unexpected successes	2
# of expected failures		77
# of unresolved testcases	7
# of untested testcases		7
# of unsupported tests		275
/caip/u58/ghazi/gcc-testing/build/gcc/xgcc version 3.4.0 20031225 (experimental)

		=== objc tests ===


Running target unix
FAIL: objc.dg/encode-2.m execution test
FAIL: objc.dg/encode-3.m execution test
FAIL: objc.dg/encode-4.m execution test

		=== objc Summary ===

# of expected passes		1336
# of unexpected failures	3
# of unsupported tests		7
/caip/u58/ghazi/gcc-testing/build/gcc/xgcc version 3.4.0 20031225 (experimental)

		=== libstdc++ tests ===


Running target unix
FAIL: 22_locale/ctype/cons/char/1.cc execution test
FAIL: 27_io/basic_filebuf/sgetn/char/1-in.cc execution test
FAIL: 27_io/basic_filebuf/sgetn/char/1-io.cc execution test
FAIL: 27_io/basic_filebuf/sgetn/char/2-in.cc execution test
FAIL: 27_io/basic_filebuf/sgetn/char/2-io.cc execution test
FAIL: 27_io/basic_istream/readsome/char/6746-2.cc execution test

		=== libstdc++ Summary ===

# of expected passes		1840
# of unexpected failures	6
# of expected failures		1
# of unsupported tests		7

Compiler version: 3.4.0 20031225 (experimental) 
Platform: mips-sgi-irix6.5
configure flags: --verbose --enable-languages=c,objc,c++,f77,java --with-included-gettext


Index Nav: [Date Index] [Subject Index] [Author Index] [Thread Index]
Message Nav: [Date Prev] [Date Next] [Thread Prev] [Thread Next]