This is the mail archive of the gcc-testresults@gcc.gnu.org mailing list for the GCC project.


Index Nav: [Date Index] [Subject Index] [Author Index] [Thread Index]
Message Nav: [Date Prev] [Date Next] [Thread Prev] [Thread Next]
Other format: [Raw text]

Results for 3.4.0 20031224 (experimental) testsuite on armv5l-unknown-linux-gnu


kernel : 2.4.16-rmk1-xng1
binutils-2.14.90.0.4 + 'default float on arm-linux' patch
glibc-2.2.5 + arm patch

Added 'linux.h' to 'tm_file' in gcc/config.gcc for arm-*-linux*) :

tm_file="dbxelf.h elfos.h linux.h arm/unknown-elf.h arm/elf.h arm/aout.h arm/arm.h arm/linux-gas.h arm/linux-elf.h"

build mechanism : 'make bootstrap'
LAST_UPDATED: Wed Dec 24 11:13:05 UTC 2003

Native configuration is armv5l-unknown-linux-gnu

		=== libstdc++ tests ===


Running target unix
XPASS: 26_numerics/c99_classification_macros_c.cc (test for excess errors)

		=== libstdc++ Summary ===

# of expected passes		2466
# of unexpected successes	1
# of expected failures		11
		=== g++ tests ===


Running target unix
FAIL: g++.dg/abi/vbase10.C  (test for warnings, line 6)
WARNING: program timed out.
FAIL: g++.dg/eh/cleanup1.C (test for excess errors)
XPASS: g++.dg/ext/lvalue1.C not an lvalue (test for errors, line 7)
XPASS: g++.dg/warn/Wunused-2.C  (test for warnings, line 5)
FAIL: 258: expected branch percentages not found: 25
FAIL: g++.dg/gcov/gcov-1.C gcov: 0 failures in line counts, 1 in branch percentages, 0 in return percentages
WARNING: g++.old-deja/g++.mike/p10769a.C compilation failed to produce executable
WARNING: g++.old-deja/g++.other/enum5.C compilation failed to produce executable
WARNING: g++.old-deja/g++.pt/friend44.C compilation failed to produce executable

		=== g++ Summary ===

# of expected passes		9207
# of unexpected failures	4
# of unexpected successes	2
# of expected failures		56
# of unsupported tests		70
/usr/src/cvs-others/gcc-trees/gcc-head/build-tmp-0/gcc/testsuite/../g++ version 3.4.0 20031224 (experimental)

		=== g77 tests ===


Running target unix

		=== g77 Summary ===

# of expected passes		1774
# of expected failures		1
# of untested testcases		1
# of unsupported tests		6
/usr/src/cvs-others/gcc-trees/gcc-head/build-tmp-0/gcc/testsuite/../g77 version 3.4.0 20031224 (experimental)

		=== gcc tests ===


Running target unix
WARNING: program timed out.
FAIL: gcc.c-torture/compile/20001226-1.c (test for excess errors)
WARNING: program timed out.
FAIL: gcc.c-torture/compile/20001226-1.c (test for excess errors)
WARNING: program timed out.
FAIL: gcc.c-torture/compile/20001226-1.c (test for excess errors)
WARNING: program timed out.
FAIL: gcc.c-torture/compile/20001226-1.c (test for excess errors)
WARNING: program timed out.
FAIL: gcc.c-torture/compile/20001226-1.c (test for excess errors)
XPASS: gcc.c-torture/execute/20020720-1.c compilation,  -O1 
XPASS: gcc.c-torture/execute/20020720-1.c compilation,  -O2 
XPASS: gcc.c-torture/execute/20020720-1.c compilation,  -O3 -fomit-frame-pointer 
XPASS: gcc.c-torture/execute/20020720-1.c compilation,  -O3 -g 
XPASS: gcc.c-torture/execute/20020720-1.c compilation,  -Os 
XPASS: gcc.c-torture/execute/990208-1.c execution,  -O3 -fomit-frame-pointer 
XPASS: gcc.c-torture/execute/990208-1.c execution,  -O3 -g 
FAIL: gcc.c-torture/execute/ieee/fp-cmp-8.c compilation,  -O1 
UNRESOLVED: gcc.c-torture/execute/ieee/fp-cmp-8.c execution,  -O1 
FAIL: gcc.c-torture/execute/ieee/fp-cmp-8.c compilation,  -O2 
UNRESOLVED: gcc.c-torture/execute/ieee/fp-cmp-8.c execution,  -O2 
FAIL: gcc.c-torture/execute/ieee/fp-cmp-8.c compilation,  -O3 -fomit-frame-pointer 
UNRESOLVED: gcc.c-torture/execute/ieee/fp-cmp-8.c execution,  -O3 -fomit-frame-pointer 
FAIL: gcc.c-torture/execute/ieee/fp-cmp-8.c compilation,  -O3 -fomit-frame-pointer -funroll-loops 
UNRESOLVED: gcc.c-torture/execute/ieee/fp-cmp-8.c execution,  -O3 -fomit-frame-pointer -funroll-loops 
FAIL: gcc.c-torture/execute/ieee/fp-cmp-8.c compilation,  -O3 -fomit-frame-pointer -funroll-all-loops -finline-functions 
UNRESOLVED: gcc.c-torture/execute/ieee/fp-cmp-8.c execution,  -O3 -fomit-frame-pointer -funroll-all-loops -finline-functions 
FAIL: gcc.c-torture/execute/ieee/fp-cmp-8.c compilation,  -O3 -g 
UNRESOLVED: gcc.c-torture/execute/ieee/fp-cmp-8.c execution,  -O3 -g 
FAIL: gcc.c-torture/execute/ieee/fp-cmp-8.c compilation,  -Os 
UNRESOLVED: gcc.c-torture/execute/ieee/fp-cmp-8.c execution,  -Os 
FAIL: gcc.dg/builtin-apply2.c execution test
FAIL: gcc.dg/const-elim-1.c scan-assembler-not L\\\$?C[^A-Z]
XPASS: gcc.dg/uninit-4.c uninitialized variable warning (test for bogus messages, line 26)
FAIL: 209: expected branch percentages not found: 25
FAIL: gcc.misc-tests/gcov-4b.c gcov: 0 failures in line counts, 1 in branch percentages, 0 in return percentages

		=== gcc Summary ===

# of expected passes		23750
# of unexpected failures	16
# of unexpected successes	8
# of expected failures		70
# of unresolved testcases	7
# of untested testcases		7
# of unsupported tests		290
/usr/src/cvs-others/gcc-trees/gcc-head/build-tmp-0/gcc/xgcc version 3.4.0 20031224 (experimental)

		=== objc tests ===


Running target unix
FAIL: objc.dg/encode-2.m execution test
FAIL: objc.dg/encode-3.m execution test
FAIL: objc.dg/encode-4.m execution test

		=== objc Summary ===

# of expected passes		1336
# of unexpected failures	3
# of unsupported tests		7
/usr/src/cvs-others/gcc-trees/gcc-head/build-tmp-0/gcc/xgcc version 3.4.0 20031224 (experimental)


Compiler version: 3.4.0 20031224 (experimental) 
Platform: armv5l-unknown-linux-gnu
configure flags: --prefix=/usr/local/gcc-3.4-cvs --with-cpu=xscale --enable-languages=c,c++,f77,objc --disable-werror


Index Nav: [Date Index] [Subject Index] [Author Index] [Thread Index]
Message Nav: [Date Prev] [Date Next] [Thread Prev] [Thread Next]