This is the mail archive of the gcc-testresults@gcc.gnu.org mailing list for the GCC project.


Index Nav: [Date Index] [Subject Index] [Author Index] [Thread Index]
Message Nav: [Date Prev] [Date Next] [Thread Prev] [Thread Next]
Other format: [Raw text]

Results for [ssa] 3.4.020031224(experimental) testsuite on i686-pc-linux-gnu


The configure/build/test log and libstdc++-v3 regression plots can be
found at http://www.devphil.com/build/

Host was specified as athlon_mp-pc-linux-gnu.

This particular run used standard (previously installed) binutils.

- The Autocrasher (Phil's Builder Bot, version 2.0)



LAST_UPDATED: Mon Feb  3 09:55:58 UTC 2003

Native configuration is i686-pc-linux-gnu

		=== g++ tests ===


Running target unix
XPASS: g++.dg/ext/lvalue1.C not an lvalue (test for errors, line 7)
XPASS: g++.dg/warn/Wunused-2.C  (test for warnings, line 5)
WARNING: g++.old-deja/g++.mike/p10769a.C compilation failed to produce executable
WARNING: g++.old-deja/g++.other/enum5.C compilation failed to produce executable
XPASS: g++.old-deja/g++.other/init5.C execution test
WARNING: g++.old-deja/g++.pt/friend44.C compilation failed to produce executable

		=== g++ Summary ===

# of expected passes		9309
# of unexpected successes	3
# of expected failures		55
# of unsupported tests		30
/mnt/build/build-2003-12-24-trunk/gcc/testsuite/../g++ version 3.4.0 20031224 (experimental)

		=== libstdc++ tests ===


Running target unix
FAIL: 19_diagnostics/stdexceptions.cc (test for excess errors)
WARNING: 19_diagnostics/stdexceptions.cc compilation failed to produce executable
FAIL: 20_util/allocator/1.cc (test for excess errors)
WARNING: 20_util/allocator/1.cc compilation failed to produce executable
FAIL: 20_util/allocator/10378.cc (test for excess errors)
WARNING: 20_util/allocator/10378.cc compilation failed to produce executable
FAIL: 20_util/binders.cc (test for excess errors)
WARNING: 20_util/binders.cc compilation failed to produce executable
FAIL: 21_strings/basic_string/append/char/1.cc (test for excess errors)
WARNING: 21_strings/basic_string/append/char/1.cc compilation failed to produce executable
FAIL: 21_strings/basic_string/append/wchar_t/1.cc (test for excess errors)
WARNING: 21_strings/basic_string/append/wchar_t/1.cc compilation failed to produce executable
FAIL: 21_strings/basic_string/assign/char/1.cc (test for excess errors)
WARNING: 21_strings/basic_string/assign/char/1.cc compilation failed to produce executable
FAIL: 21_strings/basic_string/assign/char/2.cc (test for excess errors)
WARNING: 21_strings/basic_string/assign/char/2.cc compilation failed to produce executable
FAIL: 21_strings/basic_string/assign/char/3.cc (test for excess errors)
WARNING: 21_strings/basic_string/assign/char/3.cc compilation failed to produce executable
FAIL: 21_strings/basic_string/assign/wchar_t/1.cc (test for excess errors)
WARNING: 21_strings/basic_string/assign/wchar_t/1.cc compilation failed to produce executable
FAIL: 21_strings/basic_string/assign/wchar_t/2.cc (test for excess errors)
WARNING: 21_strings/basic_string/assign/wchar_t/2.cc compilation failed to produce executable
FAIL: 21_strings/basic_string/assign/wchar_t/3.cc (test for excess errors)
WARNING: 21_strings/basic_string/assign/wchar_t/3.cc compilation failed to produce executable
FAIL: 21_strings/basic_string/capacity/1.cc (test for excess errors)
WARNING: 21_strings/basic_string/capacity/1.cc compilation failed to produce executable
FAIL: 21_strings/basic_string/capacity/char/1.cc (test for excess errors)
WARNING: 21_strings/basic_string/capacity/char/1.cc compilation failed to produce executable
FAIL: 21_strings/basic_string/capacity/char/2.cc (test for excess errors)
WARNING: 21_strings/basic_string/capacity/char/2.cc compilation failed to produce executable
FAIL: 21_strings/basic_string/capacity/wchar_t/1.cc (test for excess errors)
WARNING: 21_strings/basic_string/capacity/wchar_t/1.cc compilation failed to produce executable
FAIL: 21_strings/basic_string/capacity/wchar_t/2.cc (test for excess errors)
WARNING: 21_strings/basic_string/capacity/wchar_t/2.cc compilation failed to produce executable
FAIL: 21_strings/basic_string/compare/char/1.cc (test for excess errors)
WARNING: 21_strings/basic_string/compare/char/1.cc compilation failed to produce executable
FAIL: 21_strings/basic_string/compare/wchar_t/1.cc (test for excess errors)
WARNING: 21_strings/basic_string/compare/wchar_t/1.cc compilation failed to produce executable
FAIL: 21_strings/basic_string/cons/char/1.cc (test for excess errors)
WARNING: 21_strings/basic_string/cons/char/1.cc compilation failed to produce executable
FAIL: 21_strings/basic_string/cons/char/2.cc (test for excess errors)
WARNING: 21_strings/basic_string/cons/char/2.cc compilation failed to produce executable
FAIL: 21_strings/basic_string/cons/char/3.cc (test for excess errors)
WARNING: 21_strings/basic_string/cons/char/3.cc compilation failed to produce executable
FAIL: 21_strings/basic_string/cons/char/4.cc (test for excess errors)
WARNING: 21_strings/basic_string/cons/char/4.cc compilation failed to produce executable
FAIL: 21_strings/basic_string/cons/char/5.cc (test for excess errors)
WARNING: 21_strings/basic_string/cons/char/5.cc compilation failed to produce executable
FAIL: 21_strings/basic_string/cons/wchar_t/1.cc (test for excess errors)
WARNING: 21_strings/basic_string/cons/wchar_t/1.cc compilation failed to produce executable
FAIL: 21_strings/basic_string/cons/wchar_t/2.cc (test for excess errors)
WARNING: 21_strings/basic_string/cons/wchar_t/2.cc compilation failed to produce executable
FAIL: 21_strings/basic_string/cons/wchar_t/3.cc (test for excess errors)
WARNING: 21_strings/basic_string/cons/wchar_t/3.cc compilation failed to produce executable
FAIL: 21_strings/basic_string/cons/wchar_t/4.cc (test for excess errors)
WARNING: 21_strings/basic_string/cons/wchar_t/4.cc compilation failed to produce executable
FAIL: 21_strings/basic_string/cons/wchar_t/5.cc (test for excess errors)
WARNING: 21_strings/basic_string/cons/wchar_t/5.cc compilation failed to produce executable
FAIL: 21_strings/basic_string/element_access/char/1.cc (test for excess errors)
WARNING: 21_strings/basic_string/element_access/char/1.cc compilation failed to produce executable
FAIL: 21_strings/basic_string/element_access/char/2.cc (test for excess errors)
WARNING: 21_strings/basic_string/element_access/char/2.cc compilation failed to produce executable
FAIL: 21_strings/basic_string/element_access/char/3.cc (test for excess errors)
WARNING: 21_strings/basic_string/element_access/char/3.cc compilation failed to produce executable
FAIL: 21_strings/basic_string/element_access/wchar_t/1.cc (test for excess errors)
WARNING: 21_strings/basic_string/element_access/wchar_t/1.cc compilation failed to produce executable
FAIL: 21_strings/basic_string/element_access/wchar_t/2.cc (test for excess errors)
WARNING: 21_strings/basic_string/element_access/wchar_t/2.cc compilation failed to produce executable
FAIL: 21_strings/basic_string/element_access/wchar_t/3.cc (test for excess errors)
WARNING: 21_strings/basic_string/element_access/wchar_t/3.cc compilation failed to produce executable
FAIL: 21_strings/basic_string/find/char/1.cc (test for excess errors)
WARNING: 21_strings/basic_string/find/char/1.cc compilation failed to produce executable
FAIL: 21_strings/basic_string/find/char/2.cc (test for excess errors)
WARNING: 21_strings/basic_string/find/char/2.cc compilation failed to produce executable
FAIL: 21_strings/basic_string/find/char/3.cc (test for excess errors)
WARNING: 21_strings/basic_string/find/char/3.cc compilation failed to produce executable
FAIL: 21_strings/basic_string/find/wchar_t/1.cc (test for excess errors)
WARNING: 21_strings/basic_string/find/wchar_t/1.cc compilation failed to produce executable
FAIL: 21_strings/basic_string/find/wchar_t/2.cc (test for excess errors)
WARNING: 21_strings/basic_string/find/wchar_t/2.cc compilation failed to produce executable
FAIL: 21_strings/basic_string/find/wchar_t/3.cc (test for excess errors)
WARNING: 21_strings/basic_string/find/wchar_t/3.cc compilation failed to produce executable
FAIL: 21_strings/basic_string/insert/char/1.cc (test for excess errors)
WARNING: 21_strings/basic_string/insert/char/1.cc compilation failed to produce executable
FAIL: 21_strings/basic_string/insert/char/2.cc (test for excess errors)
WARNING: 21_strings/basic_string/insert/char/2.cc compilation failed to produce executable
FAIL: 21_strings/basic_string/insert/wchar_t/1.cc (test for excess errors)
WARNING: 21_strings/basic_string/insert/wchar_t/1.cc compilation failed to produce executable
FAIL: 21_strings/basic_string/insert/wchar_t/2.cc (test for excess errors)
WARNING: 21_strings/basic_string/insert/wchar_t/2.cc compilation failed to produce executable
FAIL: 21_strings/basic_string/inserters_extractors/char/1.cc (test for excess errors)
WARNING: 21_strings/basic_string/inserters_extractors/char/1.cc compilation failed to produce executable
FAIL: 21_strings/basic_string/inserters_extractors/char/4.cc (test for excess errors)
WARNING: 21_strings/basic_string/inserters_extractors/char/4.cc compilation failed to produce executable
FAIL: 21_strings/basic_string/inserters_extractors/char/5.cc (test for excess errors)
WARNING: 21_strings/basic_string/inserters_extractors/char/5.cc compilation failed to produce executable
FAIL: 21_strings/basic_string/inserters_extractors/char/6.cc (test for excess errors)
WARNING: 21_strings/basic_string/inserters_extractors/char/6.cc compilation failed to produce executable
FAIL: 21_strings/basic_string/inserters_extractors/char/7.cc (test for excess errors)
WARNING: 21_strings/basic_string/inserters_extractors/char/7.cc compilation failed to produce executable
FAIL: 21_strings/basic_string/inserters_extractors/char/8.cc (test for excess errors)
WARNING: 21_strings/basic_string/inserters_extractors/char/8.cc compilation failed to produce executable
FAIL: 21_strings/basic_string/inserters_extractors/char/9.cc (test for excess errors)
WARNING: 21_strings/basic_string/inserters_extractors/char/9.cc compilation failed to produce executable
FAIL: 21_strings/basic_string/inserters_extractors/pod/10081-in.cc (test for excess errors)
WARNING: 21_strings/basic_string/inserters_extractors/pod/10081-in.cc compilation failed to produce executable
FAIL: 21_strings/basic_string/inserters_extractors/pod/10081-out.cc (test for excess errors)
WARNING: 21_strings/basic_string/inserters_extractors/pod/10081-out.cc compilation failed to produce executable
FAIL: 21_strings/basic_string/inserters_extractors/wchar_t/1.cc (test for excess errors)
WARNING: 21_strings/basic_string/inserters_extractors/wchar_t/1.cc compilation failed to produce executable
FAIL: 21_strings/basic_string/inserters_extractors/wchar_t/4.cc (test for excess errors)
WARNING: 21_strings/basic_string/inserters_extractors/wchar_t/4.cc compilation failed to produce executable
FAIL: 21_strings/basic_string/inserters_extractors/wchar_t/5.cc (test for excess errors)
WARNING: 21_strings/basic_string/inserters_extractors/wchar_t/5.cc compilation failed to produce executable
FAIL: 21_strings/basic_string/inserters_extractors/wchar_t/6.cc (test for excess errors)
WARNING: 21_strings/basic_string/inserters_extractors/wchar_t/6.cc compilation failed to produce executable
FAIL: 21_strings/basic_string/inserters_extractors/wchar_t/7.cc (test for excess errors)
WARNING: 21_strings/basic_string/inserters_extractors/wchar_t/7.cc compilation failed to produce executable
FAIL: 21_strings/basic_string/inserters_extractors/wchar_t/8.cc (test for excess errors)
WARNING: 21_strings/basic_string/inserters_extractors/wchar_t/8.cc compilation failed to produce executable
FAIL: 21_strings/basic_string/inserters_extractors/wchar_t/9.cc (test for excess errors)
WARNING: 21_strings/basic_string/inserters_extractors/wchar_t/9.cc compilation failed to produce executable
FAIL: 21_strings/basic_string/operators/char/1.cc (test for excess errors)
WARNING: 21_strings/basic_string/operators/char/1.cc compilation failed to produce executable
FAIL: 21_strings/basic_string/operators/char/2.cc (test for excess errors)
WARNING: 21_strings/basic_string/operators/char/2.cc compilation failed to produce executable
FAIL: 21_strings/basic_string/operators/wchar_t/1.cc (test for excess errors)
WARNING: 21_strings/basic_string/operators/wchar_t/1.cc compilation failed to produce executable
FAIL: 21_strings/basic_string/operators/wchar_t/2.cc (test for excess errors)
WARNING: 21_strings/basic_string/operators/wchar_t/2.cc compilation failed to produce executable
FAIL: 21_strings/basic_string/replace/char/1.cc (test for excess errors)
WARNING: 21_strings/basic_string/replace/char/1.cc compilation failed to produce executable
FAIL: 21_strings/basic_string/replace/char/2.cc (test for excess errors)
WARNING: 21_strings/basic_string/replace/char/2.cc compilation failed to produce executable
FAIL: 21_strings/basic_string/replace/char/3.cc (test for excess errors)
WARNING: 21_strings/basic_string/replace/char/3.cc compilation failed to produce executable
FAIL: 21_strings/basic_string/replace/char/4.cc (test for excess errors)
WARNING: 21_strings/basic_string/replace/char/4.cc compilation failed to produce executable
FAIL: 21_strings/basic_string/replace/char/5.cc (test for excess errors)
WARNING: 21_strings/basic_string/replace/char/5.cc compilation failed to produce executable
FAIL: 21_strings/basic_string/replace/wchar_t/1.cc (test for excess errors)
WARNING: 21_strings/basic_string/replace/wchar_t/1.cc compilation failed to produce executable
FAIL: 21_strings/basic_string/replace/wchar_t/2.cc (test for excess errors)
WARNING: 21_strings/basic_string/replace/wchar_t/2.cc compilation failed to produce executable
FAIL: 21_strings/basic_string/replace/wchar_t/3.cc (test for excess errors)
WARNING: 21_strings/basic_string/replace/wchar_t/3.cc compilation failed to produce executable
FAIL: 21_strings/basic_string/replace/wchar_t/4.cc (test for excess errors)
WARNING: 21_strings/basic_string/replace/wchar_t/4.cc compilation failed to produce executable
FAIL: 21_strings/basic_string/replace/wchar_t/5.cc (test for excess errors)
WARNING: 21_strings/basic_string/replace/wchar_t/5.cc compilation failed to produce executable
FAIL: 21_strings/basic_string/rfind/char/1.cc (test for excess errors)
WARNING: 21_strings/basic_string/rfind/char/1.cc compilation failed to produce executable
FAIL: 21_strings/basic_string/rfind/char/2.cc (test for excess errors)
WARNING: 21_strings/basic_string/rfind/char/2.cc compilation failed to produce executable
FAIL: 21_strings/basic_string/rfind/char/3.cc (test for excess errors)
WARNING: 21_strings/basic_string/rfind/char/3.cc compilation failed to produce executable
FAIL: 21_strings/basic_string/rfind/wchar_t/1.cc (test for excess errors)
WARNING: 21_strings/basic_string/rfind/wchar_t/1.cc compilation failed to produce executable
FAIL: 21_strings/basic_string/rfind/wchar_t/2.cc (test for excess errors)
WARNING: 21_strings/basic_string/rfind/wchar_t/2.cc compilation failed to produce executable
FAIL: 21_strings/basic_string/rfind/wchar_t/3.cc (test for excess errors)
WARNING: 21_strings/basic_string/rfind/wchar_t/3.cc compilation failed to produce executable
FAIL: 21_strings/basic_string/substr/char/1.cc (test for excess errors)
WARNING: 21_strings/basic_string/substr/char/1.cc compilation failed to produce executable
FAIL: 21_strings/basic_string/substr/wchar_t/1.cc (test for excess errors)
WARNING: 21_strings/basic_string/substr/wchar_t/1.cc compilation failed to produce executable
FAIL: 21_strings/char_traits/requirements/char/1.cc (test for excess errors)
WARNING: 21_strings/char_traits/requirements/char/1.cc compilation failed to produce executable
FAIL: 21_strings/char_traits/requirements/short/1.cc (test for excess errors)
WARNING: 21_strings/char_traits/requirements/short/1.cc compilation failed to produce executable
FAIL: 21_strings/char_traits/requirements/wchar_t/1.cc (test for excess errors)
WARNING: 21_strings/char_traits/requirements/wchar_t/1.cc compilation failed to produce executable
FAIL: 22_locale/codecvt/always_noconv/char/wrapped_env.cc (test for excess errors)
WARNING: 22_locale/codecvt/always_noconv/char/wrapped_env.cc compilation failed to produce executable
FAIL: 22_locale/codecvt/always_noconv/char/wrapped_locale.cc (test for excess errors)
WARNING: 22_locale/codecvt/always_noconv/char/wrapped_locale.cc compilation failed to produce executable
FAIL: 22_locale/codecvt/always_noconv/wchar_t/2.cc (test for excess errors)
WARNING: 22_locale/codecvt/always_noconv/wchar_t/2.cc compilation failed to produce executable
FAIL: 22_locale/codecvt/always_noconv/wchar_t/3.cc (test for excess errors)
WARNING: 22_locale/codecvt/always_noconv/wchar_t/3.cc compilation failed to produce executable
FAIL: 22_locale/codecvt/always_noconv/wchar_t/4.cc (test for excess errors)
WARNING: 22_locale/codecvt/always_noconv/wchar_t/4.cc compilation failed to produce executable
FAIL: 22_locale/codecvt/always_noconv/wchar_t/wrapped_env.cc (test for excess errors)
WARNING: 22_locale/codecvt/always_noconv/wchar_t/wrapped_env.cc compilation failed to produce executable
FAIL: 22_locale/codecvt/always_noconv/wchar_t/wrapped_locale.cc (test for excess errors)
WARNING: 22_locale/codecvt/always_noconv/wchar_t/wrapped_locale.cc compilation failed to produce executable
FAIL: 22_locale/codecvt/encoding/char/wrapped_env.cc (test for excess errors)
WARNING: 22_locale/codecvt/encoding/char/wrapped_env.cc compilation failed to produce executable
FAIL: 22_locale/codecvt/encoding/char/wrapped_locale.cc (test for excess errors)
WARNING: 22_locale/codecvt/encoding/char/wrapped_locale.cc compilation failed to produce executable
FAIL: 22_locale/codecvt/encoding/wchar_t/1.cc execution test
FAIL: 22_locale/codecvt/encoding/wchar_t/2.cc (test for excess errors)
WARNING: 22_locale/codecvt/encoding/wchar_t/2.cc compilation failed to produce executable
FAIL: 22_locale/codecvt/encoding/wchar_t/3.cc (test for excess errors)
WARNING: 22_locale/codecvt/encoding/wchar_t/3.cc compilation failed to produce executable
FAIL: 22_locale/codecvt/encoding/wchar_t/4.cc (test for excess errors)
WARNING: 22_locale/codecvt/encoding/wchar_t/4.cc compilation failed to produce executable
FAIL: 22_locale/codecvt/encoding/wchar_t/wrapped_env.cc (test for excess errors)
WARNING: 22_locale/codecvt/encoding/wchar_t/wrapped_env.cc compilation failed to produce executable
FAIL: 22_locale/codecvt/encoding/wchar_t/wrapped_locale.cc (test for excess errors)
WARNING: 22_locale/codecvt/encoding/wchar_t/wrapped_locale.cc compilation failed to produce executable
FAIL: 22_locale/codecvt/in/char/wrapped_env.cc (test for excess errors)
WARNING: 22_locale/codecvt/in/char/wrapped_env.cc compilation failed to produce executable
FAIL: 22_locale/codecvt/in/char/wrapped_locale.cc (test for excess errors)
WARNING: 22_locale/codecvt/in/char/wrapped_locale.cc compilation failed to produce executable
FAIL: 22_locale/codecvt/in/wchar_t/2.cc (test for excess errors)
WARNING: 22_locale/codecvt/in/wchar_t/2.cc compilation failed to produce executable
FAIL: 22_locale/codecvt/in/wchar_t/3.cc (test for excess errors)
WARNING: 22_locale/codecvt/in/wchar_t/3.cc compilation failed to produce executable
FAIL: 22_locale/codecvt/in/wchar_t/4.cc (test for excess errors)
WARNING: 22_locale/codecvt/in/wchar_t/4.cc compilation failed to produce executable
FAIL: 22_locale/codecvt/in/wchar_t/5.cc execution test
FAIL: 22_locale/codecvt/in/wchar_t/6.cc execution test
FAIL: 22_locale/codecvt/in/wchar_t/7.cc (test for excess errors)
WARNING: 22_locale/codecvt/in/wchar_t/7.cc compilation failed to produce executable
FAIL: 22_locale/codecvt/in/wchar_t/8.cc (test for excess errors)
WARNING: 22_locale/codecvt/in/wchar_t/8.cc compilation failed to produce executable
FAIL: 22_locale/codecvt/in/wchar_t/9.cc (test for excess errors)
WARNING: 22_locale/codecvt/in/wchar_t/9.cc compilation failed to produce executable
FAIL: 22_locale/codecvt/in/wchar_t/wrapped_env.cc (test for excess errors)
WARNING: 22_locale/codecvt/in/wchar_t/wrapped_env.cc compilation failed to produce executable
FAIL: 22_locale/codecvt/in/wchar_t/wrapped_locale.cc (test for excess errors)
WARNING: 22_locale/codecvt/in/wchar_t/wrapped_locale.cc compilation failed to produce executable
FAIL: 22_locale/codecvt/length/char/2.cc (test for excess errors)
WARNING: 22_locale/codecvt/length/char/2.cc compilation failed to produce executable
FAIL: 22_locale/codecvt/length/char/wrapped_env.cc (test for excess errors)
WARNING: 22_locale/codecvt/length/char/wrapped_env.cc compilation failed to produce executable
FAIL: 22_locale/codecvt/length/char/wrapped_locale.cc (test for excess errors)
WARNING: 22_locale/codecvt/length/char/wrapped_locale.cc compilation failed to produce executable
FAIL: 22_locale/codecvt/length/wchar_t/2.cc (test for excess errors)
WARNING: 22_locale/codecvt/length/wchar_t/2.cc compilation failed to produce executable
FAIL: 22_locale/codecvt/length/wchar_t/3.cc (test for excess errors)
WARNING: 22_locale/codecvt/length/wchar_t/3.cc compilation failed to produce executable
FAIL: 22_locale/codecvt/length/wchar_t/4.cc (test for excess errors)
WARNING: 22_locale/codecvt/length/wchar_t/4.cc compilation failed to produce executable
FAIL: 22_locale/codecvt/length/wchar_t/6.cc (test for excess errors)
WARNING: 22_locale/codecvt/length/wchar_t/6.cc compilation failed to produce executable
FAIL: 22_locale/codecvt/length/wchar_t/7.cc (test for excess errors)
WARNING: 22_locale/codecvt/length/wchar_t/7.cc compilation failed to produce executable
FAIL: 22_locale/codecvt/length/wchar_t/wrapped_env.cc (test for excess errors)
WARNING: 22_locale/codecvt/length/wchar_t/wrapped_env.cc compilation failed to produce executable
FAIL: 22_locale/codecvt/length/wchar_t/wrapped_locale.cc (test for excess errors)
WARNING: 22_locale/codecvt/length/wchar_t/wrapped_locale.cc compilation failed to produce executable
FAIL: 22_locale/codecvt/max_length/char/wrapped_env.cc (test for excess errors)
WARNING: 22_locale/codecvt/max_length/char/wrapped_env.cc compilation failed to produce executable
FAIL: 22_locale/codecvt/max_length/char/wrapped_locale.cc (test for excess errors)
WARNING: 22_locale/codecvt/max_length/char/wrapped_locale.cc compilation failed to produce executable
FAIL: 22_locale/codecvt/max_length/wchar_t/2.cc (test for excess errors)
WARNING: 22_locale/codecvt/max_length/wchar_t/2.cc compilation failed to produce executable
FAIL: 22_locale/codecvt/max_length/wchar_t/3.cc (test for excess errors)
WARNING: 22_locale/codecvt/max_length/wchar_t/3.cc compilation failed to produce executable
FAIL: 22_locale/codecvt/max_length/wchar_t/4.cc (test for excess errors)
WARNING: 22_locale/codecvt/max_length/wchar_t/4.cc compilation failed to produce executable
FAIL: 22_locale/codecvt/max_length/wchar_t/wrapped_env.cc (test for excess errors)
WARNING: 22_locale/codecvt/max_length/wchar_t/wrapped_env.cc compilation failed to produce executable
FAIL: 22_locale/codecvt/max_length/wchar_t/wrapped_locale.cc (test for excess errors)
WARNING: 22_locale/codecvt/max_length/wchar_t/wrapped_locale.cc compilation failed to produce executable
FAIL: 22_locale/codecvt/out/char/wrapped_env.cc (test for excess errors)
WARNING: 22_locale/codecvt/out/char/wrapped_env.cc compilation failed to produce executable
FAIL: 22_locale/codecvt/out/char/wrapped_locale.cc (test for excess errors)
WARNING: 22_locale/codecvt/out/char/wrapped_locale.cc compilation failed to produce executable
FAIL: 22_locale/codecvt/out/wchar_t/2.cc (test for excess errors)
WARNING: 22_locale/codecvt/out/wchar_t/2.cc compilation failed to produce executable
FAIL: 22_locale/codecvt/out/wchar_t/3.cc (test for excess errors)
WARNING: 22_locale/codecvt/out/wchar_t/3.cc compilation failed to produce executable
FAIL: 22_locale/codecvt/out/wchar_t/4.cc (test for excess errors)
WARNING: 22_locale/codecvt/out/wchar_t/4.cc compilation failed to produce executable
FAIL: 22_locale/codecvt/out/wchar_t/5.cc execution test
FAIL: 22_locale/codecvt/out/wchar_t/6.cc execution test
FAIL: 22_locale/codecvt/out/wchar_t/7.cc (test for excess errors)
WARNING: 22_locale/codecvt/out/wchar_t/7.cc compilation failed to produce executable
FAIL: 22_locale/codecvt/out/wchar_t/wrapped_env.cc (test for excess errors)
WARNING: 22_locale/codecvt/out/wchar_t/wrapped_env.cc compilation failed to produce executable
FAIL: 22_locale/codecvt/out/wchar_t/wrapped_locale.cc (test for excess errors)
WARNING: 22_locale/codecvt/out/wchar_t/wrapped_locale.cc compilation failed to produce executable
FAIL: 22_locale/codecvt/unicode/1.cc (test for excess errors)
WARNING: 22_locale/codecvt/unicode/1.cc compilation failed to produce executable
FAIL: 22_locale/codecvt/unicode/char.cc (test for excess errors)
WARNING: 22_locale/codecvt/unicode/char.cc compilation failed to produce executable
FAIL: 22_locale/codecvt/unicode/wchar_t.cc (test for excess errors)
WARNING: 22_locale/codecvt/unicode/wchar_t.cc compilation failed to produce executable
FAIL: 22_locale/codecvt/unshift/char/wrapped_env.cc (test for excess errors)
WARNING: 22_locale/codecvt/unshift/char/wrapped_env.cc compilation failed to produce executable
FAIL: 22_locale/codecvt/unshift/char/wrapped_locale.cc (test for excess errors)
WARNING: 22_locale/codecvt/unshift/char/wrapped_locale.cc compilation failed to produce executable
FAIL: 22_locale/codecvt/unshift/wchar_t/2.cc (test for excess errors)
WARNING: 22_locale/codecvt/unshift/wchar_t/2.cc compilation failed to produce executable
FAIL: 22_locale/codecvt/unshift/wchar_t/3.cc (test for excess errors)
WARNING: 22_locale/codecvt/unshift/wchar_t/3.cc compilation failed to produce executable
FAIL: 22_locale/codecvt/unshift/wchar_t/4.cc (test for excess errors)
WARNING: 22_locale/codecvt/unshift/wchar_t/4.cc compilation failed to produce executable
FAIL: 22_locale/codecvt/unshift/wchar_t/wrapped_env.cc (test for excess errors)
WARNING: 22_locale/codecvt/unshift/wchar_t/wrapped_env.cc compilation failed to produce executable
FAIL: 22_locale/codecvt/unshift/wchar_t/wrapped_locale.cc (test for excess errors)
WARNING: 22_locale/codecvt/unshift/wchar_t/wrapped_locale.cc compilation failed to produce executable
FAIL: 22_locale/collate/compare/char/1.cc (test for excess errors)
WARNING: 22_locale/collate/compare/char/1.cc compilation failed to produce executable
FAIL: 22_locale/collate/compare/char/2.cc (test for excess errors)
WARNING: 22_locale/collate/compare/char/2.cc compilation failed to produce executable
FAIL: 22_locale/collate/compare/char/3.cc (test for excess errors)
WARNING: 22_locale/collate/compare/char/3.cc compilation failed to produce executable
FAIL: 22_locale/collate/compare/char/wrapped_env.cc (test for excess errors)
WARNING: 22_locale/collate/compare/char/wrapped_env.cc compilation failed to produce executable
FAIL: 22_locale/collate/compare/char/wrapped_locale.cc (test for excess errors)
WARNING: 22_locale/collate/compare/char/wrapped_locale.cc compilation failed to produce executable
FAIL: 22_locale/collate/compare/wchar_t/1.cc (test for excess errors)
WARNING: 22_locale/collate/compare/wchar_t/1.cc compilation failed to produce executable
FAIL: 22_locale/collate/compare/wchar_t/3.cc (test for excess errors)
WARNING: 22_locale/collate/compare/wchar_t/3.cc compilation failed to produce executable
FAIL: 22_locale/collate/hash/char/1.cc (test for excess errors)
WARNING: 22_locale/collate/hash/char/1.cc compilation failed to produce executable
FAIL: 22_locale/collate/hash/char/2.cc (test for excess errors)
WARNING: 22_locale/collate/hash/char/2.cc compilation failed to produce executable
FAIL: 22_locale/collate/hash/char/wrapped_env.cc (test for excess errors)
WARNING: 22_locale/collate/hash/char/wrapped_env.cc compilation failed to produce executable
FAIL: 22_locale/collate/hash/char/wrapped_locale.cc (test for excess errors)
WARNING: 22_locale/collate/hash/char/wrapped_locale.cc compilation failed to produce executable
FAIL: 22_locale/collate/hash/wchar_t/1.cc (test for excess errors)
WARNING: 22_locale/collate/hash/wchar_t/1.cc compilation failed to produce executable
FAIL: 22_locale/collate/transform/char/2.cc (test for excess errors)
WARNING: 22_locale/collate/transform/char/2.cc compilation failed to produce executable
FAIL: 22_locale/collate/transform/char/3.cc (test for excess errors)
WARNING: 22_locale/collate/transform/char/3.cc compilation failed to produce executable
FAIL: 22_locale/collate/transform/char/wrapped_env.cc (test for excess errors)
WARNING: 22_locale/collate/transform/char/wrapped_env.cc compilation failed to produce executable
FAIL: 22_locale/collate/transform/char/wrapped_locale.cc (test for excess errors)
WARNING: 22_locale/collate/transform/char/wrapped_locale.cc compilation failed to produce executable
FAIL: 22_locale/collate/transform/wchar_t/3.cc (test for excess errors)
WARNING: 22_locale/collate/transform/wchar_t/3.cc compilation failed to produce executable
FAIL: 22_locale/collate_byname/named_equivalence.cc (test for excess errors)
WARNING: 22_locale/collate_byname/named_equivalence.cc compilation failed to produce executable
FAIL: 22_locale/ctype/cons/char/wrapped_env.cc (test for excess errors)
WARNING: 22_locale/ctype/cons/char/wrapped_env.cc compilation failed to produce executable
FAIL: 22_locale/ctype/cons/char/wrapped_locale.cc (test for excess errors)
WARNING: 22_locale/ctype/cons/char/wrapped_locale.cc compilation failed to produce executable
FAIL: 22_locale/ctype/is/char/2.cc (test for excess errors)
WARNING: 22_locale/ctype/is/char/2.cc compilation failed to produce executable
FAIL: 22_locale/ctype/is/char/3.cc (test for excess errors)
WARNING: 22_locale/ctype/is/char/3.cc compilation failed to produce executable
FAIL: 22_locale/ctype/is/char/wrapped_env.cc (test for excess errors)
WARNING: 22_locale/ctype/is/char/wrapped_env.cc compilation failed to produce executable
FAIL: 22_locale/ctype/is/char/wrapped_locale.cc (test for excess errors)
WARNING: 22_locale/ctype/is/char/wrapped_locale.cc compilation failed to produce executable
FAIL: 22_locale/ctype/is/wchar_t/2.cc (test for excess errors)
WARNING: 22_locale/ctype/is/wchar_t/2.cc compilation failed to produce executable
FAIL: 22_locale/ctype/is/wchar_t/wrapped_env.cc (test for excess errors)
WARNING: 22_locale/ctype/is/wchar_t/wrapped_env.cc compilation failed to produce executable
FAIL: 22_locale/ctype/is/wchar_t/wrapped_locale.cc (test for excess errors)
WARNING: 22_locale/ctype/is/wchar_t/wrapped_locale.cc compilation failed to produce executable
FAIL: 22_locale/ctype/narrow/char/1.cc (test for excess errors)
WARNING: 22_locale/ctype/narrow/char/1.cc compilation failed to produce executable
FAIL: 22_locale/ctype/narrow/char/2.cc (test for excess errors)
WARNING: 22_locale/ctype/narrow/char/2.cc compilation failed to produce executable
FAIL: 22_locale/ctype/narrow/char/wrapped_env.cc (test for excess errors)
WARNING: 22_locale/ctype/narrow/char/wrapped_env.cc compilation failed to produce executable
FAIL: 22_locale/ctype/narrow/char/wrapped_locale.cc (test for excess errors)
WARNING: 22_locale/ctype/narrow/char/wrapped_locale.cc compilation failed to produce executable
FAIL: 22_locale/ctype/narrow/wchar_t/1.cc (test for excess errors)
WARNING: 22_locale/ctype/narrow/wchar_t/1.cc compilation failed to produce executable
FAIL: 22_locale/ctype/narrow/wchar_t/2.cc (test for excess errors)
WARNING: 22_locale/ctype/narrow/wchar_t/2.cc compilation failed to produce executable
FAIL: 22_locale/ctype/narrow/wchar_t/3.cc (test for excess errors)
WARNING: 22_locale/ctype/narrow/wchar_t/3.cc compilation failed to produce executable
FAIL: 22_locale/ctype/narrow/wchar_t/wrapped_env.cc (test for excess errors)
WARNING: 22_locale/ctype/narrow/wchar_t/wrapped_env.cc compilation failed to produce executable
FAIL: 22_locale/ctype/narrow/wchar_t/wrapped_locale.cc (test for excess errors)
WARNING: 22_locale/ctype/narrow/wchar_t/wrapped_locale.cc compilation failed to produce executable
FAIL: 22_locale/ctype/scan/char/wrapped_env.cc (test for excess errors)
WARNING: 22_locale/ctype/scan/char/wrapped_env.cc compilation failed to produce executable
FAIL: 22_locale/ctype/scan/char/wrapped_locale.cc (test for excess errors)
WARNING: 22_locale/ctype/scan/char/wrapped_locale.cc compilation failed to produce executable
FAIL: 22_locale/ctype/scan/wchar_t/wrapped_env.cc (test for excess errors)
WARNING: 22_locale/ctype/scan/wchar_t/wrapped_env.cc compilation failed to produce executable
FAIL: 22_locale/ctype/scan/wchar_t/wrapped_locale.cc (test for excess errors)
WARNING: 22_locale/ctype/scan/wchar_t/wrapped_locale.cc compilation failed to produce executable
FAIL: 22_locale/ctype/to/char/wrapped_env.cc (test for excess errors)
WARNING: 22_locale/ctype/to/char/wrapped_env.cc compilation failed to produce executable
FAIL: 22_locale/ctype/to/char/wrapped_locale.cc (test for excess errors)
WARNING: 22_locale/ctype/to/char/wrapped_locale.cc compilation failed to produce executable
FAIL: 22_locale/ctype/to/wchar_t/wrapped_env.cc (test for excess errors)
WARNING: 22_locale/ctype/to/wchar_t/wrapped_env.cc compilation failed to produce executable
FAIL: 22_locale/ctype/to/wchar_t/wrapped_locale.cc (test for excess errors)
WARNING: 22_locale/ctype/to/wchar_t/wrapped_locale.cc compilation failed to produce executable
FAIL: 22_locale/ctype/widen/char/1.cc (test for excess errors)
WARNING: 22_locale/ctype/widen/char/1.cc compilation failed to produce executable
FAIL: 22_locale/ctype/widen/char/wrapped_env.cc (test for excess errors)
WARNING: 22_locale/ctype/widen/char/wrapped_env.cc compilation failed to produce executable
FAIL: 22_locale/ctype/widen/char/wrapped_locale.cc (test for excess errors)
WARNING: 22_locale/ctype/widen/char/wrapped_locale.cc compilation failed to produce executable
FAIL: 22_locale/ctype/widen/wchar_t/1.cc (test for excess errors)
WARNING: 22_locale/ctype/widen/wchar_t/1.cc compilation failed to produce executable
FAIL: 22_locale/ctype/widen/wchar_t/2.cc (test for excess errors)
WARNING: 22_locale/ctype/widen/wchar_t/2.cc compilation failed to produce executable
FAIL: 22_locale/ctype/widen/wchar_t/3.cc (test for excess errors)
WARNING: 22_locale/ctype/widen/wchar_t/3.cc compilation failed to produce executable
FAIL: 22_locale/ctype/widen/wchar_t/wrapped_env.cc (test for excess errors)
WARNING: 22_locale/ctype/widen/wchar_t/wrapped_env.cc compilation failed to produce executable
FAIL: 22_locale/ctype/widen/wchar_t/wrapped_locale.cc (test for excess errors)
WARNING: 22_locale/ctype/widen/wchar_t/wrapped_locale.cc compilation failed to produce executable
FAIL: 22_locale/facet/1.cc (test for excess errors)
WARNING: 22_locale/facet/1.cc compilation failed to produce executable
FAIL: 22_locale/facet/2.cc (test for excess errors)
WARNING: 22_locale/facet/2.cc compilation failed to produce executable
FAIL: 22_locale/global_templates/1.cc (test for excess errors)
WARNING: 22_locale/global_templates/1.cc compilation failed to produce executable
FAIL: 22_locale/locale/cons/12352.cc (test for excess errors)
WARNING: 22_locale/locale/cons/12352.cc compilation failed to produce executable
FAIL: 22_locale/locale/cons/12438.cc (test for excess errors)
WARNING: 22_locale/locale/cons/12438.cc compilation failed to produce executable
FAIL: 22_locale/locale/cons/2.cc (test for excess errors)
WARNING: 22_locale/locale/cons/2.cc compilation failed to produce executable
FAIL: 22_locale/locale/cons/4.cc (test for excess errors)
WARNING: 22_locale/locale/cons/4.cc compilation failed to produce executable
FAIL: 22_locale/locale/cons/5.cc (test for excess errors)
WARNING: 22_locale/locale/cons/5.cc compilation failed to produce executable
FAIL: 22_locale/locale/cons/6.cc (test for excess errors)
WARNING: 22_locale/locale/cons/6.cc compilation failed to produce executable
FAIL: 22_locale/locale/cons/7.cc (test for excess errors)
WARNING: 22_locale/locale/cons/7.cc compilation failed to produce executable
FAIL: 22_locale/locale/cons/7222-env.cc (test for excess errors)
WARNING: 22_locale/locale/cons/7222-env.cc compilation failed to produce executable
FAIL: 22_locale/locale/cons/8.cc (test for excess errors)
WARNING: 22_locale/locale/cons/8.cc compilation failed to produce executable
FAIL: 22_locale/locale/global_locale_objects/1.cc (test for excess errors)
WARNING: 22_locale/locale/global_locale_objects/1.cc compilation failed to produce executable
FAIL: 22_locale/locale/global_locale_objects/2.cc (test for excess errors)
WARNING: 22_locale/locale/global_locale_objects/2.cc compilation failed to produce executable
FAIL: 22_locale/locale/global_locale_objects/3.cc (test for excess errors)
WARNING: 22_locale/locale/global_locale_objects/3.cc compilation failed to produce executable
FAIL: 22_locale/locale/operations/1.cc (test for excess errors)
WARNING: 22_locale/locale/operations/1.cc compilation failed to produce executable
FAIL: 22_locale/locale/operations/2.cc (test for excess errors)
WARNING: 22_locale/locale/operations/2.cc compilation failed to produce executable
FAIL: 22_locale/messages/members/char/1.cc (test for excess errors)
WARNING: 22_locale/messages/members/char/1.cc compilation failed to produce executable
FAIL: 22_locale/messages/members/char/2.cc (test for excess errors)
WARNING: 22_locale/messages/members/char/2.cc compilation failed to produce executable
FAIL: 22_locale/messages/members/char/3.cc (test for excess errors)
WARNING: 22_locale/messages/members/char/3.cc compilation failed to produce executable
FAIL: 22_locale/messages/members/char/wrapped_env.cc (test for excess errors)
WARNING: 22_locale/messages/members/char/wrapped_env.cc compilation failed to produce executable
FAIL: 22_locale/messages/members/char/wrapped_locale.cc (test for excess errors)
WARNING: 22_locale/messages/members/char/wrapped_locale.cc compilation failed to produce executable
FAIL: 22_locale/messages_byname/named_equivalence.cc (test for excess errors)
WARNING: 22_locale/messages_byname/named_equivalence.cc compilation failed to produce executable
FAIL: 22_locale/money_get/get/char/1.cc (test for excess errors)
WARNING: 22_locale/money_get/get/char/1.cc compilation failed to produce executable
FAIL: 22_locale/money_get/get/char/10.cc (test for excess errors)
WARNING: 22_locale/money_get/get/char/10.cc compilation failed to produce executable
FAIL: 22_locale/money_get/get/char/11.cc (test for excess errors)
WARNING: 22_locale/money_get/get/char/11.cc compilation failed to produce executable
FAIL: 22_locale/money_get/get/char/11528.cc (test for excess errors)
WARNING: 22_locale/money_get/get/char/11528.cc compilation failed to produce executable
FAIL: 22_locale/money_get/get/char/2.cc (test for excess errors)
WARNING: 22_locale/money_get/get/char/2.cc compilation failed to produce executable
FAIL: 22_locale/money_get/get/char/3.cc (test for excess errors)
WARNING: 22_locale/money_get/get/char/3.cc compilation failed to produce executable
FAIL: 22_locale/money_get/get/char/4.cc (test for excess errors)
WARNING: 22_locale/money_get/get/char/4.cc compilation failed to produce executable
FAIL: 22_locale/money_get/get/char/5.cc (test for excess errors)
WARNING: 22_locale/money_get/get/char/5.cc compilation failed to produce executable
FAIL: 22_locale/money_get/get/char/6.cc (test for excess errors)
WARNING: 22_locale/money_get/get/char/6.cc compilation failed to produce executable
FAIL: 22_locale/money_get/get/char/7.cc (test for excess errors)
WARNING: 22_locale/money_get/get/char/7.cc compilation failed to produce executable
FAIL: 22_locale/money_get/get/char/8.cc (test for excess errors)
WARNING: 22_locale/money_get/get/char/8.cc compilation failed to produce executable
FAIL: 22_locale/money_get/get/char/9.cc (test for excess errors)
WARNING: 22_locale/money_get/get/char/9.cc compilation failed to produce executable
FAIL: 22_locale/money_get/get/char/wrapped_env.cc (test for excess errors)
WARNING: 22_locale/money_get/get/char/wrapped_env.cc compilation failed to produce executable
FAIL: 22_locale/money_get/get/char/wrapped_locale.cc (test for excess errors)
WARNING: 22_locale/money_get/get/char/wrapped_locale.cc compilation failed to produce executable
FAIL: 22_locale/money_get/get/wchar_t/1.cc (test for excess errors)
WARNING: 22_locale/money_get/get/wchar_t/1.cc compilation failed to produce executable
FAIL: 22_locale/money_get/get/wchar_t/10.cc (test for excess errors)
WARNING: 22_locale/money_get/get/wchar_t/10.cc compilation failed to produce executable
FAIL: 22_locale/money_get/get/wchar_t/11.cc (test for excess errors)
WARNING: 22_locale/money_get/get/wchar_t/11.cc compilation failed to produce executable
FAIL: 22_locale/money_get/get/wchar_t/11528.cc (test for excess errors)
WARNING: 22_locale/money_get/get/wchar_t/11528.cc compilation failed to produce executable
FAIL: 22_locale/money_get/get/wchar_t/2.cc (test for excess errors)
WARNING: 22_locale/money_get/get/wchar_t/2.cc compilation failed to produce executable
FAIL: 22_locale/money_get/get/wchar_t/3.cc (test for excess errors)
WARNING: 22_locale/money_get/get/wchar_t/3.cc compilation failed to produce executable
FAIL: 22_locale/money_get/get/wchar_t/4.cc (test for excess errors)
WARNING: 22_locale/money_get/get/wchar_t/4.cc compilation failed to produce executable
FAIL: 22_locale/money_get/get/wchar_t/5.cc (test for excess errors)
WARNING: 22_locale/money_get/get/wchar_t/5.cc compilation failed to produce executable
FAIL: 22_locale/money_get/get/wchar_t/6.cc (test for excess errors)
WARNING: 22_locale/money_get/get/wchar_t/6.cc compilation failed to produce executable
FAIL: 22_locale/money_get/get/wchar_t/7.cc (test for excess errors)
WARNING: 22_locale/money_get/get/wchar_t/7.cc compilation failed to produce executable
FAIL: 22_locale/money_get/get/wchar_t/8.cc (test for excess errors)
WARNING: 22_locale/money_get/get/wchar_t/8.cc compilation failed to produce executable
FAIL: 22_locale/money_get/get/wchar_t/9.cc (test for excess errors)
WARNING: 22_locale/money_get/get/wchar_t/9.cc compilation failed to produce executable
FAIL: 22_locale/money_get/get/wchar_t/wrapped_env.cc (test for excess errors)
WARNING: 22_locale/money_get/get/wchar_t/wrapped_env.cc compilation failed to produce executable
FAIL: 22_locale/money_get/get/wchar_t/wrapped_locale.cc (test for excess errors)
WARNING: 22_locale/money_get/get/wchar_t/wrapped_locale.cc compilation failed to produce executable
FAIL: 22_locale/money_put/put/char/1.cc (test for excess errors)
WARNING: 22_locale/money_put/put/char/1.cc compilation failed to produce executable
FAIL: 22_locale/money_put/put/char/12971.cc (test for excess errors)
WARNING: 22_locale/money_put/put/char/12971.cc compilation failed to produce executable
FAIL: 22_locale/money_put/put/char/2.cc (test for excess errors)
WARNING: 22_locale/money_put/put/char/2.cc compilation failed to produce executable
FAIL: 22_locale/money_put/put/char/3.cc (test for excess errors)
WARNING: 22_locale/money_put/put/char/3.cc compilation failed to produce executable
FAIL: 22_locale/money_put/put/char/4.cc (test for excess errors)
WARNING: 22_locale/money_put/put/char/4.cc compilation failed to produce executable
FAIL: 22_locale/money_put/put/char/5.cc (test for excess errors)
WARNING: 22_locale/money_put/put/char/5.cc compilation failed to produce executable
FAIL: 22_locale/money_put/put/char/6.cc (test for excess errors)
WARNING: 22_locale/money_put/put/char/6.cc compilation failed to produce executable
FAIL: 22_locale/money_put/put/char/wrapped_env.cc (test for excess errors)
WARNING: 22_locale/money_put/put/char/wrapped_env.cc compilation failed to produce executable
FAIL: 22_locale/money_put/put/char/wrapped_locale.cc (test for excess errors)
WARNING: 22_locale/money_put/put/char/wrapped_locale.cc compilation failed to produce executable
FAIL: 22_locale/money_put/put/wchar_t/1.cc (test for excess errors)
WARNING: 22_locale/money_put/put/wchar_t/1.cc compilation failed to produce executable
FAIL: 22_locale/money_put/put/wchar_t/12971.cc (test for excess errors)
WARNING: 22_locale/money_put/put/wchar_t/12971.cc compilation failed to produce executable
FAIL: 22_locale/money_put/put/wchar_t/2.cc (test for excess errors)
WARNING: 22_locale/money_put/put/wchar_t/2.cc compilation failed to produce executable
FAIL: 22_locale/money_put/put/wchar_t/3.cc (test for excess errors)
WARNING: 22_locale/money_put/put/wchar_t/3.cc compilation failed to produce executable
FAIL: 22_locale/money_put/put/wchar_t/4.cc (test for excess errors)
WARNING: 22_locale/money_put/put/wchar_t/4.cc compilation failed to produce executable
FAIL: 22_locale/money_put/put/wchar_t/5.cc (test for excess errors)
WARNING: 22_locale/money_put/put/wchar_t/5.cc compilation failed to produce executable
FAIL: 22_locale/money_put/put/wchar_t/6.cc (test for excess errors)
WARNING: 22_locale/money_put/put/wchar_t/6.cc compilation failed to produce executable
FAIL: 22_locale/money_put/put/wchar_t/wrapped_env.cc (test for excess errors)
WARNING: 22_locale/money_put/put/wchar_t/wrapped_env.cc compilation failed to produce executable
FAIL: 22_locale/money_put/put/wchar_t/wrapped_locale.cc (test for excess errors)
WARNING: 22_locale/money_put/put/wchar_t/wrapped_locale.cc compilation failed to produce executable
FAIL: 22_locale/moneypunct/members/char/1.cc (test for excess errors)
WARNING: 22_locale/moneypunct/members/char/1.cc compilation failed to produce executable
FAIL: 22_locale/moneypunct/members/char/2.cc (test for excess errors)
WARNING: 22_locale/moneypunct/members/char/2.cc compilation failed to produce executable
FAIL: 22_locale/moneypunct/members/char/wrapped_env.cc (test for excess errors)
WARNING: 22_locale/moneypunct/members/char/wrapped_env.cc compilation failed to produce executable
FAIL: 22_locale/moneypunct/members/char/wrapped_locale.cc (test for excess errors)
WARNING: 22_locale/moneypunct/members/char/wrapped_locale.cc compilation failed to produce executable
FAIL: 22_locale/moneypunct/members/wchar_t/1.cc (test for excess errors)
WARNING: 22_locale/moneypunct/members/wchar_t/1.cc compilation failed to produce executable
FAIL: 22_locale/moneypunct/members/wchar_t/2.cc (test for excess errors)
WARNING: 22_locale/moneypunct/members/wchar_t/2.cc compilation failed to produce executable
FAIL: 22_locale/moneypunct/members/wchar_t/wrapped_env.cc (test for excess errors)
WARNING: 22_locale/moneypunct/members/wchar_t/wrapped_env.cc compilation failed to produce executable
FAIL: 22_locale/moneypunct/members/wchar_t/wrapped_locale.cc (test for excess errors)
WARNING: 22_locale/moneypunct/members/wchar_t/wrapped_locale.cc compilation failed to produce executable
FAIL: 22_locale/moneypunct_byname/named_equivalence.cc (test for excess errors)
WARNING: 22_locale/moneypunct_byname/named_equivalence.cc compilation failed to produce executable
FAIL: 22_locale/num_get/get/char/1.cc (test for excess errors)
WARNING: 22_locale/num_get/get/char/1.cc compilation failed to produce executable
FAIL: 22_locale/num_get/get/char/10.cc (test for excess errors)
WARNING: 22_locale/num_get/get/char/10.cc compilation failed to produce executable
FAIL: 22_locale/num_get/get/char/11.cc (test for excess errors)
WARNING: 22_locale/num_get/get/char/11.cc compilation failed to produce executable
FAIL: 22_locale/num_get/get/char/12.cc (test for excess errors)
WARNING: 22_locale/num_get/get/char/12.cc compilation failed to produce executable
FAIL: 22_locale/num_get/get/char/2.cc (test for excess errors)
WARNING: 22_locale/num_get/get/char/2.cc compilation failed to produce executable
FAIL: 22_locale/num_get/get/char/3.cc (test for excess errors)
WARNING: 22_locale/num_get/get/char/3.cc compilation failed to produce executable
FAIL: 22_locale/num_get/get/char/4.cc (test for excess errors)
WARNING: 22_locale/num_get/get/char/4.cc compilation failed to produce executable
FAIL: 22_locale/num_get/get/char/5.cc (test for excess errors)
WARNING: 22_locale/num_get/get/char/5.cc compilation failed to produce executable
FAIL: 22_locale/num_get/get/char/6.cc (test for excess errors)
WARNING: 22_locale/num_get/get/char/6.cc compilation failed to produce executable
FAIL: 22_locale/num_get/get/char/7.cc (test for excess errors)
WARNING: 22_locale/num_get/get/char/7.cc compilation failed to produce executable
FAIL: 22_locale/num_get/get/char/8.cc (test for excess errors)
WARNING: 22_locale/num_get/get/char/8.cc compilation failed to produce executable
FAIL: 22_locale/num_get/get/char/9.cc (test for excess errors)
WARNING: 22_locale/num_get/get/char/9.cc compilation failed to produce executable
FAIL: 22_locale/num_get/get/char/wrapped_env.cc (test for excess errors)
WARNING: 22_locale/num_get/get/char/wrapped_env.cc compilation failed to produce executable
FAIL: 22_locale/num_get/get/char/wrapped_locale.cc (test for excess errors)
WARNING: 22_locale/num_get/get/char/wrapped_locale.cc compilation failed to produce executable
FAIL: 22_locale/num_get/get/wchar_t/1.cc (test for excess errors)
WARNING: 22_locale/num_get/get/wchar_t/1.cc compilation failed to produce executable
FAIL: 22_locale/num_get/get/wchar_t/10.cc (test for excess errors)
WARNING: 22_locale/num_get/get/wchar_t/10.cc compilation failed to produce executable
FAIL: 22_locale/num_get/get/wchar_t/11.cc (test for excess errors)
WARNING: 22_locale/num_get/get/wchar_t/11.cc compilation failed to produce executable
FAIL: 22_locale/num_get/get/wchar_t/12.cc (test for excess errors)
WARNING: 22_locale/num_get/get/wchar_t/12.cc compilation failed to produce executable
FAIL: 22_locale/num_get/get/wchar_t/2.cc (test for excess errors)
WARNING: 22_locale/num_get/get/wchar_t/2.cc compilation failed to produce executable
FAIL: 22_locale/num_get/get/wchar_t/3.cc (test for excess errors)
WARNING: 22_locale/num_get/get/wchar_t/3.cc compilation failed to produce executable
FAIL: 22_locale/num_get/get/wchar_t/4.cc (test for excess errors)
WARNING: 22_locale/num_get/get/wchar_t/4.cc compilation failed to produce executable
FAIL: 22_locale/num_get/get/wchar_t/5.cc (test for excess errors)
WARNING: 22_locale/num_get/get/wchar_t/5.cc compilation failed to produce executable
FAIL: 22_locale/num_get/get/wchar_t/6.cc (test for excess errors)
WARNING: 22_locale/num_get/get/wchar_t/6.cc compilation failed to produce executable
FAIL: 22_locale/num_get/get/wchar_t/7.cc (test for excess errors)
WARNING: 22_locale/num_get/get/wchar_t/7.cc compilation failed to produce executable
FAIL: 22_locale/num_get/get/wchar_t/8.cc (test for excess errors)
WARNING: 22_locale/num_get/get/wchar_t/8.cc compilation failed to produce executable
FAIL: 22_locale/num_get/get/wchar_t/9.cc (test for excess errors)
WARNING: 22_locale/num_get/get/wchar_t/9.cc compilation failed to produce executable
FAIL: 22_locale/num_get/get/wchar_t/wrapped_env.cc (test for excess errors)
WARNING: 22_locale/num_get/get/wchar_t/wrapped_env.cc compilation failed to produce executable
FAIL: 22_locale/num_get/get/wchar_t/wrapped_locale.cc (test for excess errors)
WARNING: 22_locale/num_get/get/wchar_t/wrapped_locale.cc compilation failed to produce executable
FAIL: 22_locale/num_put/put/char/1.cc (test for excess errors)
WARNING: 22_locale/num_put/put/char/1.cc compilation failed to produce executable
FAIL: 22_locale/num_put/put/char/2.cc (test for excess errors)
WARNING: 22_locale/num_put/put/char/2.cc compilation failed to produce executable
FAIL: 22_locale/num_put/put/char/3.cc (test for excess errors)
WARNING: 22_locale/num_put/put/char/3.cc compilation failed to produce executable
FAIL: 22_locale/num_put/put/char/4.cc (test for excess errors)
WARNING: 22_locale/num_put/put/char/4.cc compilation failed to produce executable
FAIL: 22_locale/num_put/put/char/5.cc (test for excess errors)
WARNING: 22_locale/num_put/put/char/5.cc compilation failed to produce executable
FAIL: 22_locale/num_put/put/char/6.cc (test for excess errors)
WARNING: 22_locale/num_put/put/char/6.cc compilation failed to produce executable
FAIL: 22_locale/num_put/put/char/7.cc (test for excess errors)
WARNING: 22_locale/num_put/put/char/7.cc compilation failed to produce executable
FAIL: 22_locale/num_put/put/char/8.cc (test for excess errors)
WARNING: 22_locale/num_put/put/char/8.cc compilation failed to produce executable
FAIL: 22_locale/num_put/put/char/wrapped_env.cc (test for excess errors)
WARNING: 22_locale/num_put/put/char/wrapped_env.cc compilation failed to produce executable
FAIL: 22_locale/num_put/put/char/wrapped_locale.cc (test for excess errors)
WARNING: 22_locale/num_put/put/char/wrapped_locale.cc compilation failed to produce executable
FAIL: 22_locale/num_put/put/wchar_t/1.cc (test for excess errors)
WARNING: 22_locale/num_put/put/wchar_t/1.cc compilation failed to produce executable
FAIL: 22_locale/num_put/put/wchar_t/2.cc (test for excess errors)
WARNING: 22_locale/num_put/put/wchar_t/2.cc compilation failed to produce executable
FAIL: 22_locale/num_put/put/wchar_t/3.cc (test for excess errors)
WARNING: 22_locale/num_put/put/wchar_t/3.cc compilation failed to produce executable
FAIL: 22_locale/num_put/put/wchar_t/4.cc (test for excess errors)
WARNING: 22_locale/num_put/put/wchar_t/4.cc compilation failed to produce executable
FAIL: 22_locale/num_put/put/wchar_t/5.cc (test for excess errors)
WARNING: 22_locale/num_put/put/wchar_t/5.cc compilation failed to produce executable
FAIL: 22_locale/num_put/put/wchar_t/6.cc (test for excess errors)
WARNING: 22_locale/num_put/put/wchar_t/6.cc compilation failed to produce executable
FAIL: 22_locale/num_put/put/wchar_t/7.cc (test for excess errors)
WARNING: 22_locale/num_put/put/wchar_t/7.cc compilation failed to produce executable
FAIL: 22_locale/num_put/put/wchar_t/8.cc (test for excess errors)
WARNING: 22_locale/num_put/put/wchar_t/8.cc compilation failed to produce executable
FAIL: 22_locale/num_put/put/wchar_t/wrapped_env.cc (test for excess errors)
WARNING: 22_locale/num_put/put/wchar_t/wrapped_env.cc compilation failed to produce executable
FAIL: 22_locale/num_put/put/wchar_t/wrapped_locale.cc (test for excess errors)
WARNING: 22_locale/num_put/put/wchar_t/wrapped_locale.cc compilation failed to produce executable
FAIL: 22_locale/numpunct/members/char/1.cc (test for excess errors)
WARNING: 22_locale/numpunct/members/char/1.cc compilation failed to produce executable
FAIL: 22_locale/numpunct/members/char/2.cc (test for excess errors)
WARNING: 22_locale/numpunct/members/char/2.cc compilation failed to produce executable
FAIL: 22_locale/numpunct/members/char/3.cc (test for excess errors)
WARNING: 22_locale/numpunct/members/char/3.cc compilation failed to produce executable
FAIL: 22_locale/numpunct/members/char/cache_1.cc (test for excess errors)
WARNING: 22_locale/numpunct/members/char/cache_1.cc compilation failed to produce executable
FAIL: 22_locale/numpunct/members/char/cache_2.cc (test for excess errors)
WARNING: 22_locale/numpunct/members/char/cache_2.cc compilation failed to produce executable
FAIL: 22_locale/numpunct/members/char/wrapped_env.cc (test for excess errors)
WARNING: 22_locale/numpunct/members/char/wrapped_env.cc compilation failed to produce executable
FAIL: 22_locale/numpunct/members/char/wrapped_locale.cc (test for excess errors)
WARNING: 22_locale/numpunct/members/char/wrapped_locale.cc compilation failed to produce executable
FAIL: 22_locale/numpunct/members/pod/1.cc (test for excess errors)
WARNING: 22_locale/numpunct/members/pod/1.cc compilation failed to produce executable
FAIL: 22_locale/numpunct/members/pod/2.cc (test for excess errors)
WARNING: 22_locale/numpunct/members/pod/2.cc compilation failed to produce executable
FAIL: 22_locale/numpunct/members/wchar_t/1.cc (test for excess errors)
WARNING: 22_locale/numpunct/members/wchar_t/1.cc compilation failed to produce executable
FAIL: 22_locale/numpunct/members/wchar_t/2.cc (test for excess errors)
WARNING: 22_locale/numpunct/members/wchar_t/2.cc compilation failed to produce executable
FAIL: 22_locale/numpunct/members/wchar_t/cache_1.cc (test for excess errors)
WARNING: 22_locale/numpunct/members/wchar_t/cache_1.cc compilation failed to produce executable
FAIL: 22_locale/numpunct/members/wchar_t/cache_2.cc (test for excess errors)
WARNING: 22_locale/numpunct/members/wchar_t/cache_2.cc compilation failed to produce executable
FAIL: 22_locale/numpunct/members/wchar_t/wrapped_env.cc (test for excess errors)
WARNING: 22_locale/numpunct/members/wchar_t/wrapped_env.cc compilation failed to produce executable
FAIL: 22_locale/numpunct/members/wchar_t/wrapped_locale.cc (test for excess errors)
WARNING: 22_locale/numpunct/members/wchar_t/wrapped_locale.cc compilation failed to produce executable
FAIL: 22_locale/numpunct_byname/named_equivalence.cc (test for excess errors)
WARNING: 22_locale/numpunct_byname/named_equivalence.cc compilation failed to produce executable
FAIL: 22_locale/time_get/date_order/char/1.cc (test for excess errors)
WARNING: 22_locale/time_get/date_order/char/1.cc compilation failed to produce executable
FAIL: 22_locale/time_get/date_order/char/wrapped_env.cc (test for excess errors)
WARNING: 22_locale/time_get/date_order/char/wrapped_env.cc compilation failed to produce executable
FAIL: 22_locale/time_get/date_order/char/wrapped_locale.cc (test for excess errors)
WARNING: 22_locale/time_get/date_order/char/wrapped_locale.cc compilation failed to produce executable
FAIL: 22_locale/time_get/date_order/wchar_t/1.cc (test for excess errors)
WARNING: 22_locale/time_get/date_order/wchar_t/1.cc compilation failed to produce executable
FAIL: 22_locale/time_get/date_order/wchar_t/wrapped_env.cc (test for excess errors)
WARNING: 22_locale/time_get/date_order/wchar_t/wrapped_env.cc compilation failed to produce executable
FAIL: 22_locale/time_get/date_order/wchar_t/wrapped_locale.cc (test for excess errors)
WARNING: 22_locale/time_get/date_order/wchar_t/wrapped_locale.cc compilation failed to produce executable
FAIL: 22_locale/time_get/get_date/char/1.cc (test for excess errors)
WARNING: 22_locale/time_get/get_date/char/1.cc compilation failed to produce executable
FAIL: 22_locale/time_get/get_date/char/12750.cc (test for excess errors)
WARNING: 22_locale/time_get/get_date/char/12750.cc compilation failed to produce executable
FAIL: 22_locale/time_get/get_date/char/12791.cc (test for excess errors)
WARNING: 22_locale/time_get/get_date/char/12791.cc compilation failed to produce executable
FAIL: 22_locale/time_get/get_date/char/2.cc (test for excess errors)
WARNING: 22_locale/time_get/get_date/char/2.cc compilation failed to produce executable
FAIL: 22_locale/time_get/get_date/char/3.cc (test for excess errors)
WARNING: 22_locale/time_get/get_date/char/3.cc compilation failed to produce executable
FAIL: 22_locale/time_get/get_date/char/wrapped_env.cc (test for excess errors)
WARNING: 22_locale/time_get/get_date/char/wrapped_env.cc compilation failed to produce executable
FAIL: 22_locale/time_get/get_date/char/wrapped_locale.cc (test for excess errors)
WARNING: 22_locale/time_get/get_date/char/wrapped_locale.cc compilation failed to produce executable
FAIL: 22_locale/time_get/get_date/wchar_t/1.cc (test for excess errors)
WARNING: 22_locale/time_get/get_date/wchar_t/1.cc compilation failed to produce executable
FAIL: 22_locale/time_get/get_date/wchar_t/12750.cc (test for excess errors)
WARNING: 22_locale/time_get/get_date/wchar_t/12750.cc compilation failed to produce executable
FAIL: 22_locale/time_get/get_date/wchar_t/12791.cc (test for excess errors)
WARNING: 22_locale/time_get/get_date/wchar_t/12791.cc compilation failed to produce executable
FAIL: 22_locale/time_get/get_date/wchar_t/2.cc (test for excess errors)
WARNING: 22_locale/time_get/get_date/wchar_t/2.cc compilation failed to produce executable
FAIL: 22_locale/time_get/get_date/wchar_t/3.cc (test for excess errors)
WARNING: 22_locale/time_get/get_date/wchar_t/3.cc compilation failed to produce executable
FAIL: 22_locale/time_get/get_date/wchar_t/4.cc (test for excess errors)
WARNING: 22_locale/time_get/get_date/wchar_t/4.cc compilation failed to produce executable
FAIL: 22_locale/time_get/get_date/wchar_t/wrapped_env.cc (test for excess errors)
WARNING: 22_locale/time_get/get_date/wchar_t/wrapped_env.cc compilation failed to produce executable
FAIL: 22_locale/time_get/get_date/wchar_t/wrapped_locale.cc (test for excess errors)
WARNING: 22_locale/time_get/get_date/wchar_t/wrapped_locale.cc compilation failed to produce executable
FAIL: 22_locale/time_get/get_monthname/char/1.cc (test for excess errors)
WARNING: 22_locale/time_get/get_monthname/char/1.cc compilation failed to produce executable
FAIL: 22_locale/time_get/get_monthname/char/2.cc (test for excess errors)
WARNING: 22_locale/time_get/get_monthname/char/2.cc compilation failed to produce executable
FAIL: 22_locale/time_get/get_monthname/char/3.cc (test for excess errors)
WARNING: 22_locale/time_get/get_monthname/char/3.cc compilation failed to produce executable
FAIL: 22_locale/time_get/get_monthname/char/wrapped_env.cc (test for excess errors)
WARNING: 22_locale/time_get/get_monthname/char/wrapped_env.cc compilation failed to produce executable
FAIL: 22_locale/time_get/get_monthname/char/wrapped_locale.cc (test for excess errors)
WARNING: 22_locale/time_get/get_monthname/char/wrapped_locale.cc compilation failed to produce executable
FAIL: 22_locale/time_get/get_monthname/wchar_t/1.cc (test for excess errors)
WARNING: 22_locale/time_get/get_monthname/wchar_t/1.cc compilation failed to produce executable
FAIL: 22_locale/time_get/get_monthname/wchar_t/2.cc (test for excess errors)
WARNING: 22_locale/time_get/get_monthname/wchar_t/2.cc compilation failed to produce executable
FAIL: 22_locale/time_get/get_monthname/wchar_t/3.cc (test for excess errors)
WARNING: 22_locale/time_get/get_monthname/wchar_t/3.cc compilation failed to produce executable
FAIL: 22_locale/time_get/get_monthname/wchar_t/wrapped_env.cc (test for excess errors)
WARNING: 22_locale/time_get/get_monthname/wchar_t/wrapped_env.cc compilation failed to produce executable
FAIL: 22_locale/time_get/get_monthname/wchar_t/wrapped_locale.cc (test for excess errors)
WARNING: 22_locale/time_get/get_monthname/wchar_t/wrapped_locale.cc compilation failed to produce executable
FAIL: 22_locale/time_get/get_time/char/1.cc (test for excess errors)
WARNING: 22_locale/time_get/get_time/char/1.cc compilation failed to produce executable
FAIL: 22_locale/time_get/get_time/char/2.cc (test for excess errors)
WARNING: 22_locale/time_get/get_time/char/2.cc compilation failed to produce executable
FAIL: 22_locale/time_get/get_time/char/3.cc (test for excess errors)
WARNING: 22_locale/time_get/get_time/char/3.cc compilation failed to produce executable
FAIL: 22_locale/time_get/get_time/char/wrapped_env.cc (test for excess errors)
WARNING: 22_locale/time_get/get_time/char/wrapped_env.cc compilation failed to produce executable
FAIL: 22_locale/time_get/get_time/char/wrapped_locale.cc (test for excess errors)
WARNING: 22_locale/time_get/get_time/char/wrapped_locale.cc compilation failed to produce executable
FAIL: 22_locale/time_get/get_time/wchar_t/1.cc (test for excess errors)
WARNING: 22_locale/time_get/get_time/wchar_t/1.cc compilation failed to produce executable
FAIL: 22_locale/time_get/get_time/wchar_t/2.cc (test for excess errors)
WARNING: 22_locale/time_get/get_time/wchar_t/2.cc compilation failed to produce executable
FAIL: 22_locale/time_get/get_time/wchar_t/3.cc (test for excess errors)
WARNING: 22_locale/time_get/get_time/wchar_t/3.cc compilation failed to produce executable
FAIL: 22_locale/time_get/get_time/wchar_t/wrapped_env.cc (test for excess errors)
WARNING: 22_locale/time_get/get_time/wchar_t/wrapped_env.cc compilation failed to produce executable
FAIL: 22_locale/time_get/get_time/wchar_t/wrapped_locale.cc (test for excess errors)
WARNING: 22_locale/time_get/get_time/wchar_t/wrapped_locale.cc compilation failed to produce executable
FAIL: 22_locale/time_get/get_weekday/char/1.cc (test for excess errors)
WARNING: 22_locale/time_get/get_weekday/char/1.cc compilation failed to produce executable
FAIL: 22_locale/time_get/get_weekday/char/2.cc (test for excess errors)
WARNING: 22_locale/time_get/get_weekday/char/2.cc compilation failed to produce executable
FAIL: 22_locale/time_get/get_weekday/char/3.cc (test for excess errors)
WARNING: 22_locale/time_get/get_weekday/char/3.cc compilation failed to produce executable
FAIL: 22_locale/time_get/get_weekday/char/wrapped_env.cc (test for excess errors)
WARNING: 22_locale/time_get/get_weekday/char/wrapped_env.cc compilation failed to produce executable
FAIL: 22_locale/time_get/get_weekday/char/wrapped_locale.cc (test for excess errors)
WARNING: 22_locale/time_get/get_weekday/char/wrapped_locale.cc compilation failed to produce executable
FAIL: 22_locale/time_get/get_weekday/wchar_t/1.cc (test for excess errors)
WARNING: 22_locale/time_get/get_weekday/wchar_t/1.cc compilation failed to produce executable
FAIL: 22_locale/time_get/get_weekday/wchar_t/2.cc (test for excess errors)
WARNING: 22_locale/time_get/get_weekday/wchar_t/2.cc compilation failed to produce executable
FAIL: 22_locale/time_get/get_weekday/wchar_t/3.cc (test for excess errors)
WARNING: 22_locale/time_get/get_weekday/wchar_t/3.cc compilation failed to produce executable
FAIL: 22_locale/time_get/get_weekday/wchar_t/wrapped_env.cc (test for excess errors)
WARNING: 22_locale/time_get/get_weekday/wchar_t/wrapped_env.cc compilation failed to produce executable
FAIL: 22_locale/time_get/get_weekday/wchar_t/wrapped_locale.cc (test for excess errors)
WARNING: 22_locale/time_get/get_weekday/wchar_t/wrapped_locale.cc compilation failed to produce executable
FAIL: 22_locale/time_get/get_year/char/1.cc (test for excess errors)
WARNING: 22_locale/time_get/get_year/char/1.cc compilation failed to produce executable
FAIL: 22_locale/time_get/get_year/char/3.cc (test for excess errors)
WARNING: 22_locale/time_get/get_year/char/3.cc compilation failed to produce executable
FAIL: 22_locale/time_get/get_year/char/wrapped_env.cc (test for excess errors)
WARNING: 22_locale/time_get/get_year/char/wrapped_env.cc compilation failed to produce executable
FAIL: 22_locale/time_get/get_year/char/wrapped_locale.cc (test for excess errors)
WARNING: 22_locale/time_get/get_year/char/wrapped_locale.cc compilation failed to produce executable
FAIL: 22_locale/time_get/get_year/wchar_t/1.cc (test for excess errors)
WARNING: 22_locale/time_get/get_year/wchar_t/1.cc compilation failed to produce executable
FAIL: 22_locale/time_get/get_year/wchar_t/3.cc (test for excess errors)
WARNING: 22_locale/time_get/get_year/wchar_t/3.cc compilation failed to produce executable
FAIL: 22_locale/time_get/get_year/wchar_t/wrapped_env.cc (test for excess errors)
WARNING: 22_locale/time_get/get_year/wchar_t/wrapped_env.cc compilation failed to produce executable
FAIL: 22_locale/time_get/get_year/wchar_t/wrapped_locale.cc (test for excess errors)
WARNING: 22_locale/time_get/get_year/wchar_t/wrapped_locale.cc compilation failed to produce executable
FAIL: 22_locale/time_put/put/char/1.cc (test for excess errors)
WARNING: 22_locale/time_put/put/char/1.cc compilation failed to produce executable
FAIL: 22_locale/time_put/put/char/10.cc (test for excess errors)
WARNING: 22_locale/time_put/put/char/10.cc compilation failed to produce executable
FAIL: 22_locale/time_put/put/char/12439_1.cc (test for excess errors)
WARNING: 22_locale/time_put/put/char/12439_1.cc compilation failed to produce executable
FAIL: 22_locale/time_put/put/char/12439_3.cc (test for excess errors)
WARNING: 22_locale/time_put/put/char/12439_3.cc compilation failed to produce executable
FAIL: 22_locale/time_put/put/char/2.cc (test for excess errors)
WARNING: 22_locale/time_put/put/char/2.cc compilation failed to produce executable
FAIL: 22_locale/time_put/put/char/3.cc (test for excess errors)
WARNING: 22_locale/time_put/put/char/3.cc compilation failed to produce executable
FAIL: 22_locale/time_put/put/char/4.cc (test for excess errors)
WARNING: 22_locale/time_put/put/char/4.cc compilation failed to produce executable
FAIL: 22_locale/time_put/put/char/5.cc (test for excess errors)
WARNING: 22_locale/time_put/put/char/5.cc compilation failed to produce executable
FAIL: 22_locale/time_put/put/char/6.cc (test for excess errors)
WARNING: 22_locale/time_put/put/char/6.cc compilation failed to produce executable
FAIL: 22_locale/time_put/put/char/7.cc (test for excess errors)
WARNING: 22_locale/time_put/put/char/7.cc compilation failed to produce executable
FAIL: 22_locale/time_put/put/char/8.cc (test for excess errors)
WARNING: 22_locale/time_put/put/char/8.cc compilation failed to produce executable
FAIL: 22_locale/time_put/put/char/9.cc (test for excess errors)
WARNING: 22_locale/time_put/put/char/9.cc compilation failed to produce executable
FAIL: 22_locale/time_put/put/char/wrapped_env.cc (test for excess errors)
WARNING: 22_locale/time_put/put/char/wrapped_env.cc compilation failed to produce executable
FAIL: 22_locale/time_put/put/char/wrapped_locale.cc (test for excess errors)
WARNING: 22_locale/time_put/put/char/wrapped_locale.cc compilation failed to produce executable
FAIL: 22_locale/time_put/put/wchar_t/1.cc (test for excess errors)
WARNING: 22_locale/time_put/put/wchar_t/1.cc compilation failed to produce executable
FAIL: 22_locale/time_put/put/wchar_t/10.cc (test for excess errors)
WARNING: 22_locale/time_put/put/wchar_t/10.cc compilation failed to produce executable
FAIL: 22_locale/time_put/put/wchar_t/12439_1.cc (test for excess errors)
WARNING: 22_locale/time_put/put/wchar_t/12439_1.cc compilation failed to produce executable
FAIL: 22_locale/time_put/put/wchar_t/12439_2.cc (test for excess errors)
WARNING: 22_locale/time_put/put/wchar_t/12439_2.cc compilation failed to produce executable
FAIL: 22_locale/time_put/put/wchar_t/12439_3.cc (test for excess errors)
WARNING: 22_locale/time_put/put/wchar_t/12439_3.cc compilation failed to produce executable
FAIL: 22_locale/time_put/put/wchar_t/2.cc (test for excess errors)
WARNING: 22_locale/time_put/put/wchar_t/2.cc compilation failed to produce executable
FAIL: 22_locale/time_put/put/wchar_t/3.cc (test for excess errors)
WARNING: 22_locale/time_put/put/wchar_t/3.cc compilation failed to produce executable
FAIL: 22_locale/time_put/put/wchar_t/4.cc (test for excess errors)
WARNING: 22_locale/time_put/put/wchar_t/4.cc compilation failed to produce executable
FAIL: 22_locale/time_put/put/wchar_t/5.cc (test for excess errors)
WARNING: 22_locale/time_put/put/wchar_t/5.cc compilation failed to produce executable
FAIL: 22_locale/time_put/put/wchar_t/6.cc (test for excess errors)
WARNING: 22_locale/time_put/put/wchar_t/6.cc compilation failed to produce executable
FAIL: 22_locale/time_put/put/wchar_t/7.cc (test for excess errors)
WARNING: 22_locale/time_put/put/wchar_t/7.cc compilation failed to produce executable
FAIL: 22_locale/time_put/put/wchar_t/8.cc (test for excess errors)
WARNING: 22_locale/time_put/put/wchar_t/8.cc compilation failed to produce executable
FAIL: 22_locale/time_put/put/wchar_t/9.cc (test for excess errors)
WARNING: 22_locale/time_put/put/wchar_t/9.cc compilation failed to produce executable
FAIL: 22_locale/time_put/put/wchar_t/wrapped_env.cc (test for excess errors)
WARNING: 22_locale/time_put/put/wchar_t/wrapped_env.cc compilation failed to produce executable
FAIL: 22_locale/time_put/put/wchar_t/wrapped_locale.cc (test for excess errors)
WARNING: 22_locale/time_put/put/wchar_t/wrapped_locale.cc compilation failed to produce executable
FAIL: 23_containers/bitset/cons/1.cc (test for excess errors)
WARNING: 23_containers/bitset/cons/1.cc compilation failed to produce executable
FAIL: 23_containers/bitset/cons/6282.cc (test for excess errors)
WARNING: 23_containers/bitset/cons/6282.cc compilation failed to produce executable
FAIL: 23_containers/bitset/input/1.cc (test for excess errors)
WARNING: 23_containers/bitset/input/1.cc compilation failed to produce executable
FAIL: 23_containers/bitset/invalidation/1.cc (test for excess errors)
WARNING: 23_containers/bitset/invalidation/1.cc compilation failed to produce executable
FAIL: 23_containers/bitset/operations/1.cc (test for excess errors)
WARNING: 23_containers/bitset/operations/1.cc compilation failed to produce executable
FAIL: 23_containers/bitset/to_ulong/1.cc (test for excess errors)
WARNING: 23_containers/bitset/to_ulong/1.cc compilation failed to produce executable
FAIL: 23_containers/deque/cons/1.cc (test for excess errors)
WARNING: 23_containers/deque/cons/1.cc compilation failed to produce executable
FAIL: 23_containers/deque/cons/2.cc (test for excess errors)
WARNING: 23_containers/deque/cons/2.cc compilation failed to produce executable
FAIL: 23_containers/deque/invalidation/1.cc (test for excess errors)
WARNING: 23_containers/deque/invalidation/1.cc compilation failed to produce executable
FAIL: 23_containers/deque/invalidation/2.cc (test for excess errors)
WARNING: 23_containers/deque/invalidation/2.cc compilation failed to produce executable
FAIL: 23_containers/deque/invalidation/3.cc (test for excess errors)
WARNING: 23_containers/deque/invalidation/3.cc compilation failed to produce executable
FAIL: 23_containers/deque/invalidation/4.cc (test for excess errors)
WARNING: 23_containers/deque/invalidation/4.cc compilation failed to produce executable
FAIL: 23_containers/deque/operators/1.cc (test for excess errors)
WARNING: 23_containers/deque/operators/1.cc compilation failed to produce executable
FAIL: 23_containers/list/capacity/1.cc (test for excess errors)
WARNING: 23_containers/list/capacity/1.cc compilation failed to produce executable
FAIL: 23_containers/list/cons/1.cc (test for excess errors)
WARNING: 23_containers/list/cons/1.cc compilation failed to produce executable
FAIL: 23_containers/list/cons/2.cc (test for excess errors)
WARNING: 23_containers/list/cons/2.cc compilation failed to produce executable
FAIL: 23_containers/list/cons/3.cc (test for excess errors)
WARNING: 23_containers/list/cons/3.cc compilation failed to produce executable
FAIL: 23_containers/list/cons/4.cc (test for excess errors)
WARNING: 23_containers/list/cons/4.cc compilation failed to produce executable
FAIL: 23_containers/list/cons/5.cc (test for excess errors)
WARNING: 23_containers/list/cons/5.cc compilation failed to produce executable
FAIL: 23_containers/list/cons/6.cc (test for excess errors)
WARNING: 23_containers/list/cons/6.cc compilation failed to produce executable
FAIL: 23_containers/list/cons/7.cc (test for excess errors)
WARNING: 23_containers/list/cons/7.cc compilation failed to produce executable
FAIL: 23_containers/list/cons/8.cc (test for excess errors)
WARNING: 23_containers/list/cons/8.cc compilation failed to produce executable
FAIL: 23_containers/list/cons/9.cc (test for excess errors)
WARNING: 23_containers/list/cons/9.cc compilation failed to produce executable
FAIL: 23_containers/list/invalidation/1.cc (test for excess errors)
WARNING: 23_containers/list/invalidation/1.cc compilation failed to produce executable
FAIL: 23_containers/list/invalidation/2.cc (test for excess errors)
WARNING: 23_containers/list/invalidation/2.cc compilation failed to produce executable
FAIL: 23_containers/list/invalidation/3.cc (test for excess errors)
WARNING: 23_containers/list/invalidation/3.cc compilation failed to produce executable
FAIL: 23_containers/list/invalidation/4.cc (test for excess errors)
WARNING: 23_containers/list/invalidation/4.cc compilation failed to produce executable
FAIL: 23_containers/list/modifiers/1.cc (test for excess errors)
WARNING: 23_containers/list/modifiers/1.cc compilation failed to produce executable
FAIL: 23_containers/list/modifiers/2.cc (test for excess errors)
WARNING: 23_containers/list/modifiers/2.cc compilation failed to produce executable
FAIL: 23_containers/list/modifiers/3.cc (test for excess errors)
WARNING: 23_containers/list/modifiers/3.cc compilation failed to produce executable
FAIL: 23_containers/list/operators/1.cc (test for excess errors)
WARNING: 23_containers/list/operators/1.cc compilation failed to produce executable
FAIL: 23_containers/list/operators/2.cc (test for excess errors)
WARNING: 23_containers/list/operators/2.cc compilation failed to produce executable
FAIL: 23_containers/list/operators/3.cc (test for excess errors)
WARNING: 23_containers/list/operators/3.cc compilation failed to produce executable
FAIL: 23_containers/list/operators/4.cc (test for excess errors)
WARNING: 23_containers/list/operators/4.cc compilation failed to produce executable
FAIL: 23_containers/map/insert/1.cc (test for excess errors)
WARNING: 23_containers/map/insert/1.cc compilation failed to produce executable
FAIL: 23_containers/map/invalidation/1.cc (test for excess errors)
WARNING: 23_containers/map/invalidation/1.cc compilation failed to produce executable
FAIL: 23_containers/map/invalidation/2.cc (test for excess errors)
WARNING: 23_containers/map/invalidation/2.cc compilation failed to produce executable
FAIL: 23_containers/map/operators/1.cc (test for excess errors)
WARNING: 23_containers/map/operators/1.cc compilation failed to produce executable
FAIL: 23_containers/multimap/invalidation/1.cc (test for excess errors)
WARNING: 23_containers/multimap/invalidation/1.cc compilation failed to produce executable
FAIL: 23_containers/multimap/invalidation/2.cc (test for excess errors)
WARNING: 23_containers/multimap/invalidation/2.cc compilation failed to produce executable
FAIL: 23_containers/multiset/insert/1.cc (test for excess errors)
WARNING: 23_containers/multiset/insert/1.cc compilation failed to produce executable
FAIL: 23_containers/multiset/invalidation/1.cc (test for excess errors)
WARNING: 23_containers/multiset/invalidation/1.cc compilation failed to produce executable
FAIL: 23_containers/multiset/invalidation/2.cc (test for excess errors)
WARNING: 23_containers/multiset/invalidation/2.cc compilation failed to produce executable
FAIL: 23_containers/priority_queue/members/7161.cc (test for excess errors)
WARNING: 23_containers/priority_queue/members/7161.cc compilation failed to produce executable
FAIL: 23_containers/queue/members/7157.cc (test for excess errors)
WARNING: 23_containers/queue/members/7157.cc compilation failed to produce executable
FAIL: 23_containers/set/invalidation/1.cc (test for excess errors)
WARNING: 23_containers/set/invalidation/1.cc compilation failed to produce executable
FAIL: 23_containers/set/invalidation/2.cc (test for excess errors)
WARNING: 23_containers/set/invalidation/2.cc compilation failed to produce executable
FAIL: 23_containers/stack/members/7158.cc (test for excess errors)
WARNING: 23_containers/stack/members/7158.cc compilation failed to produce executable
FAIL: 23_containers/vector/bool/6886.cc (test for excess errors)
WARNING: 23_containers/vector/bool/6886.cc compilation failed to produce executable
FAIL: 23_containers/vector/capacity/1.cc (test for excess errors)
WARNING: 23_containers/vector/capacity/1.cc compilation failed to produce executable
FAIL: 23_containers/vector/capacity/2.cc (test for excess errors)
WARNING: 23_containers/vector/capacity/2.cc compilation failed to produce executable
FAIL: 23_containers/vector/capacity/8230.cc (test for excess errors)
WARNING: 23_containers/vector/capacity/8230.cc compilation failed to produce executable
FAIL: 23_containers/vector/cons/1.cc (test for excess errors)
WARNING: 23_containers/vector/cons/1.cc compilation failed to produce executable
FAIL: 23_containers/vector/cons/2.cc (test for excess errors)
WARNING: 23_containers/vector/cons/2.cc compilation failed to produce executable
FAIL: 23_containers/vector/cons/3.cc (test for excess errors)
WARNING: 23_containers/vector/cons/3.cc compilation failed to produce executable
FAIL: 23_containers/vector/cons/4.cc (test for excess errors)
WARNING: 23_containers/vector/cons/4.cc compilation failed to produce executable
FAIL: 23_containers/vector/cons/6513.cc (test for excess errors)
WARNING: 23_containers/vector/cons/6513.cc compilation failed to produce executable
FAIL: 23_containers/vector/element_access/1.cc (test for excess errors)
WARNING: 23_containers/vector/element_access/1.cc compilation failed to produce executable
FAIL: 23_containers/vector/invalidation/1.cc (test for excess errors)
WARNING: 23_containers/vector/invalidation/1.cc compilation failed to produce executable
FAIL: 23_containers/vector/invalidation/2.cc (test for excess errors)
WARNING: 23_containers/vector/invalidation/2.cc compilation failed to produce executable
FAIL: 23_containers/vector/invalidation/3.cc (test for excess errors)
WARNING: 23_containers/vector/invalidation/3.cc compilation failed to produce executable
FAIL: 23_containers/vector/invalidation/4.cc (test for excess errors)
WARNING: 23_containers/vector/invalidation/4.cc compilation failed to produce executable
FAIL: 23_containers/vector/modifiers/1.cc (test for excess errors)
WARNING: 23_containers/vector/modifiers/1.cc compilation failed to produce executable
FAIL: 23_containers/vector/modifiers/2.cc (test for excess errors)
WARNING: 23_containers/vector/modifiers/2.cc compilation failed to produce executable
FAIL: 23_containers/vector/resize/1.cc (test for excess errors)
WARNING: 23_containers/vector/resize/1.cc compilation failed to produce executable
FAIL: 24_iterators/back_insert_iterator.cc (test for excess errors)
WARNING: 24_iterators/back_insert_iterator.cc compilation failed to produce executable
FAIL: 24_iterators/front_insert_iterator.cc (test for excess errors)
WARNING: 24_iterators/front_insert_iterator.cc compilation failed to produce executable
FAIL: 24_iterators/insert_iterator.cc (test for excess errors)
WARNING: 24_iterators/insert_iterator.cc compilation failed to produce executable
FAIL: 24_iterators/istream_iterator.cc (test for excess errors)
WARNING: 24_iterators/istream_iterator.cc compilation failed to produce executable
FAIL: 24_iterators/istreambuf_iterator/2.cc (test for excess errors)
WARNING: 24_iterators/istreambuf_iterator/2.cc compilation failed to produce executable
FAIL: 24_iterators/istreambuf_iterator/2627.cc (test for excess errors)
WARNING: 24_iterators/istreambuf_iterator/2627.cc compilation failed to produce executable
FAIL: 24_iterators/iterator.cc (test for excess errors)
WARNING: 24_iterators/iterator.cc compilation failed to produce executable
FAIL: 24_iterators/ostream_iterator.cc (test for excess errors)
WARNING: 24_iterators/ostream_iterator.cc compilation failed to produce executable
FAIL: 24_iterators/ostreambuf_iterator/2.cc (test for excess errors)
WARNING: 24_iterators/ostreambuf_iterator/2.cc compilation failed to produce executable
FAIL: 24_iterators/rel_ops.cc (test for excess errors)
WARNING: 24_iterators/rel_ops.cc compilation failed to produce executable
FAIL: 25_algorithms/equal.cc (test for excess errors)
FAIL: 25_algorithms/rotate.cc (test for excess errors)
WARNING: 25_algorithms/rotate.cc compilation failed to produce executable
FAIL: 25_algorithms/unique/1.cc (test for excess errors)
WARNING: 25_algorithms/unique/1.cc compilation failed to produce executable
FAIL: 25_algorithms/unique/2.cc (test for excess errors)
WARNING: 25_algorithms/unique/2.cc compilation failed to produce executable
XPASS: 26_numerics/c99_classification_macros_c.cc (test for excess errors)
FAIL: 26_numerics/complex_inserters_extractors.cc (test for excess errors)
WARNING: 26_numerics/complex_inserters_extractors.cc compilation failed to produce executable
FAIL: 27_io/basic_filebuf/3.cc (test for excess errors)
WARNING: 27_io/basic_filebuf/3.cc compilation failed to produce executable
FAIL: 27_io/basic_filebuf/4.cc execution test
FAIL: 27_io/basic_filebuf/close/12790-1.cc (test for excess errors)
WARNING: 27_io/basic_filebuf/close/12790-1.cc compilation failed to produce executable
FAIL: 27_io/basic_filebuf/close/char/1.cc execution test
FAIL: 27_io/basic_filebuf/close/char/12790-1.cc (test for excess errors)
WARNING: 27_io/basic_filebuf/close/char/12790-1.cc compilation failed to produce executable
FAIL: 27_io/basic_filebuf/close/char/12790-2.cc (test for excess errors)
WARNING: 27_io/basic_filebuf/close/char/12790-2.cc compilation failed to produce executable
FAIL: 27_io/basic_filebuf/close/char/12790-3.cc (test for excess errors)
WARNING: 27_io/basic_filebuf/close/char/12790-3.cc compilation failed to produce executable
FAIL: 27_io/basic_filebuf/close/char/12790-4.cc (test for excess errors)
WARNING: 27_io/basic_filebuf/close/char/12790-4.cc compilation failed to produce executable
FAIL: 27_io/basic_filebuf/close/char/2.cc (test for excess errors)
WARNING: 27_io/basic_filebuf/close/char/2.cc compilation failed to produce executable
FAIL: 27_io/basic_filebuf/close/char/3.cc (test for excess errors)
WARNING: 27_io/basic_filebuf/close/char/3.cc compilation failed to produce executable
FAIL: 27_io/basic_filebuf/close/char/4.cc execution test
WARNING: program timed out.
FAIL: 27_io/basic_filebuf/close/char/4879.cc execution test
FAIL: 27_io/basic_filebuf/close/char/5.cc (test for excess errors)
WARNING: 27_io/basic_filebuf/close/char/5.cc compilation failed to produce executable
FAIL: 27_io/basic_filebuf/close/char/9964.cc execution test
FAIL: 27_io/basic_filebuf/close/wchar_t/12790-1.cc (test for excess errors)
WARNING: 27_io/basic_filebuf/close/wchar_t/12790-1.cc compilation failed to produce executable
FAIL: 27_io/basic_filebuf/close/wchar_t/12790-2.cc (test for excess errors)
WARNING: 27_io/basic_filebuf/close/wchar_t/12790-2.cc compilation failed to produce executable
FAIL: 27_io/basic_filebuf/close/wchar_t/12790-3.cc (test for excess errors)
WARNING: 27_io/basic_filebuf/close/wchar_t/12790-3.cc compilation failed to produce executable
FAIL: 27_io/basic_filebuf/close/wchar_t/12790-4.cc (test for excess errors)
WARNING: 27_io/basic_filebuf/close/wchar_t/12790-4.cc compilation failed to produce executable
FAIL: 27_io/basic_filebuf/cons/wchar_t/10132-1.cc (test for excess errors)
WARNING: 27_io/basic_filebuf/cons/wchar_t/10132-1.cc compilation failed to produce executable
FAIL: 27_io/basic_filebuf/imbue/12206.cc (test for excess errors)
WARNING: 27_io/basic_filebuf/imbue/12206.cc compilation failed to produce executable
FAIL: 27_io/basic_filebuf/imbue/char/1.cc execution test
FAIL: 27_io/basic_filebuf/imbue/char/13007.cc (test for excess errors)
WARNING: 27_io/basic_filebuf/imbue/char/13007.cc compilation failed to produce executable
FAIL: 27_io/basic_filebuf/imbue/char/13171-1.cc (test for excess errors)
WARNING: 27_io/basic_filebuf/imbue/char/13171-1.cc compilation failed to produce executable
FAIL: 27_io/basic_filebuf/imbue/char/13171-2.cc (test for excess errors)
WARNING: 27_io/basic_filebuf/imbue/char/13171-2.cc compilation failed to produce executable
FAIL: 27_io/basic_filebuf/imbue/char/13171-4.cc (test for excess errors)
WARNING: 27_io/basic_filebuf/imbue/char/13171-4.cc compilation failed to produce executable
FAIL: 27_io/basic_filebuf/imbue/char/2.cc (test for excess errors)
WARNING: 27_io/basic_filebuf/imbue/char/2.cc compilation failed to produce executable
FAIL: 27_io/basic_filebuf/imbue/char/3.cc (test for excess errors)
WARNING: 27_io/basic_filebuf/imbue/char/3.cc compilation failed to produce executable
FAIL: 27_io/basic_filebuf/imbue/char/9322.cc (test for excess errors)
WARNING: 27_io/basic_filebuf/imbue/char/9322.cc compilation failed to produce executable
FAIL: 27_io/basic_filebuf/imbue/wchar_t/1.cc execution test
FAIL: 27_io/basic_filebuf/imbue/wchar_t/12868.cc (test for excess errors)
WARNING: 27_io/basic_filebuf/imbue/wchar_t/12868.cc compilation failed to produce executable
FAIL: 27_io/basic_filebuf/imbue/wchar_t/13007.cc (test for excess errors)
WARNING: 27_io/basic_filebuf/imbue/wchar_t/13007.cc compilation failed to produce executable
FAIL: 27_io/basic_filebuf/imbue/wchar_t/13171-3.cc (test for excess errors)
WARNING: 27_io/basic_filebuf/imbue/wchar_t/13171-3.cc compilation failed to produce executable
FAIL: 27_io/basic_filebuf/imbue/wchar_t/2.cc (test for excess errors)
WARNING: 27_io/basic_filebuf/imbue/wchar_t/2.cc compilation failed to produce executable
FAIL: 27_io/basic_filebuf/imbue/wchar_t/3.cc (test for excess errors)
WARNING: 27_io/basic_filebuf/imbue/wchar_t/3.cc compilation failed to produce executable
FAIL: 27_io/basic_filebuf/imbue/wchar_t/9322.cc (test for excess errors)
WARNING: 27_io/basic_filebuf/imbue/wchar_t/9322.cc compilation failed to produce executable
FAIL: 27_io/basic_filebuf/in_avail/char/1.cc (test for excess errors)
WARNING: 27_io/basic_filebuf/in_avail/char/1.cc compilation failed to produce executable
FAIL: 27_io/basic_filebuf/is_open/char/1.cc execution test
FAIL: 27_io/basic_filebuf/open/12790-1.cc (test for excess errors)
WARNING: 27_io/basic_filebuf/open/12790-1.cc compilation failed to produce executable
FAIL: 27_io/basic_filebuf/open/char/1.cc execution test
FAIL: 27_io/basic_filebuf/open/char/2.cc (test for excess errors)
WARNING: 27_io/basic_filebuf/open/char/2.cc compilation failed to produce executable
FAIL: 27_io/basic_filebuf/open/char/3.cc execution test
FAIL: 27_io/basic_filebuf/open/char/9507.cc execution test
FAIL: 27_io/basic_filebuf/overflow/char/1.cc (test for excess errors)
WARNING: 27_io/basic_filebuf/overflow/char/1.cc compilation failed to produce executable
FAIL: 27_io/basic_filebuf/overflow/char/2-unbuf.cc (test for excess errors)
WARNING: 27_io/basic_filebuf/overflow/char/2-unbuf.cc compilation failed to produce executable
FAIL: 27_io/basic_filebuf/overflow/char/2.cc (test for excess errors)
WARNING: 27_io/basic_filebuf/overflow/char/2.cc compilation failed to produce executable
FAIL: 27_io/basic_filebuf/overflow/char/3599.cc (test for excess errors)
WARNING: 27_io/basic_filebuf/overflow/char/3599.cc compilation failed to produce executable
FAIL: 27_io/basic_filebuf/overflow/char/9169.cc (test for excess errors)
WARNING: 27_io/basic_filebuf/overflow/char/9169.cc compilation failed to produce executable
FAIL: 27_io/basic_filebuf/overflow/char/9182-2.cc (test for excess errors)
WARNING: 27_io/basic_filebuf/overflow/char/9182-2.cc compilation failed to produce executable
FAIL: 27_io/basic_filebuf/overflow/char/9988.cc (test for excess errors)
WARNING: 27_io/basic_filebuf/overflow/char/9988.cc compilation failed to produce executable
FAIL: 27_io/basic_filebuf/overflow/wchar_t/11305-1.cc (test for excess errors)
WARNING: 27_io/basic_filebuf/overflow/wchar_t/11305-1.cc compilation failed to produce executable
FAIL: 27_io/basic_filebuf/overflow/wchar_t/11305-2.cc (test for excess errors)
WARNING: 27_io/basic_filebuf/overflow/wchar_t/11305-2.cc compilation failed to produce executable
FAIL: 27_io/basic_filebuf/overflow/wchar_t/11305-3.cc (test for excess errors)
WARNING: 27_io/basic_filebuf/overflow/wchar_t/11305-3.cc compilation failed to produce executable
FAIL: 27_io/basic_filebuf/overflow/wchar_t/11305-4.cc (test for excess errors)
WARNING: 27_io/basic_filebuf/overflow/wchar_t/11305-4.cc compilation failed to produce executable
FAIL: 27_io/basic_filebuf/pbackfail/char/9761.cc execution test
FAIL: 27_io/basic_filebuf/sbumpc/char/1-in.cc (test for excess errors)
WARNING: 27_io/basic_filebuf/sbumpc/char/1-in.cc compilation failed to produce executable
FAIL: 27_io/basic_filebuf/sbumpc/char/1-io.cc (test for excess errors)
WARNING: 27_io/basic_filebuf/sbumpc/char/1-io.cc compilation failed to produce executable
FAIL: 27_io/basic_filebuf/sbumpc/char/1-out.cc (test for excess errors)
WARNING: 27_io/basic_filebuf/sbumpc/char/1-out.cc compilation failed to produce executable
FAIL: 27_io/basic_filebuf/sbumpc/char/2-in.cc (test for excess errors)
WARNING: 27_io/basic_filebuf/sbumpc/char/2-in.cc compilation failed to produce executable
FAIL: 27_io/basic_filebuf/sbumpc/char/2-io.cc (test for excess errors)
WARNING: 27_io/basic_filebuf/sbumpc/char/2-io.cc compilation failed to produce executable
FAIL: 27_io/basic_filebuf/sbumpc/char/2-out.cc (test for excess errors)
WARNING: 27_io/basic_filebuf/sbumpc/char/2-out.cc compilation failed to produce executable
FAIL: 27_io/basic_filebuf/sbumpc/char/9825.cc execution test
FAIL: 27_io/basic_filebuf/seekoff/10132-2.cc (test for excess errors)
WARNING: 27_io/basic_filebuf/seekoff/10132-2.cc compilation failed to produce executable
FAIL: 27_io/basic_filebuf/seekoff/12790-1.cc (test for excess errors)
WARNING: 27_io/basic_filebuf/seekoff/12790-1.cc compilation failed to produce executable
FAIL: 27_io/basic_filebuf/seekoff/12790-2.cc (test for excess errors)
WARNING: 27_io/basic_filebuf/seekoff/12790-2.cc compilation failed to produce executable
FAIL: 27_io/basic_filebuf/seekoff/12790-3.cc (test for excess errors)
WARNING: 27_io/basic_filebuf/seekoff/12790-3.cc compilation failed to produce executable
FAIL: 27_io/basic_filebuf/seekoff/12790-4.cc (test for excess errors)
WARNING: 27_io/basic_filebuf/seekoff/12790-4.cc compilation failed to produce executable
FAIL: 27_io/basic_filebuf/seekoff/char/1-in.cc (test for excess errors)
WARNING: 27_io/basic_filebuf/seekoff/char/1-in.cc compilation failed to produce executable
FAIL: 27_io/basic_filebuf/seekoff/char/1-io.cc (test for excess errors)
WARNING: 27_io/basic_filebuf/seekoff/char/1-io.cc compilation failed to produce executable
FAIL: 27_io/basic_filebuf/seekoff/char/1-out.cc (test for excess errors)
WARNING: 27_io/basic_filebuf/seekoff/char/1-out.cc compilation failed to produce executable
FAIL: 27_io/basic_filebuf/seekoff/char/11543.cc (test for excess errors)
WARNING: 27_io/basic_filebuf/seekoff/char/11543.cc compilation failed to produce executable
FAIL: 27_io/basic_filebuf/seekoff/char/12790-1.cc (test for excess errors)
WARNING: 27_io/basic_filebuf/seekoff/char/12790-1.cc compilation failed to produce executable
FAIL: 27_io/basic_filebuf/seekoff/char/12790-2.cc (test for excess errors)
WARNING: 27_io/basic_filebuf/seekoff/char/12790-2.cc compilation failed to produce executable
FAIL: 27_io/basic_filebuf/seekoff/char/12790-3.cc (test for excess errors)
WARNING: 27_io/basic_filebuf/seekoff/char/12790-3.cc compilation failed to produce executable
FAIL: 27_io/basic_filebuf/seekoff/char/12790-4.cc (test for excess errors)
WARNING: 27_io/basic_filebuf/seekoff/char/12790-4.cc compilation failed to produce executable
FAIL: 27_io/basic_filebuf/seekoff/char/2-in.cc (test for excess errors)
WARNING: 27_io/basic_filebuf/seekoff/char/2-in.cc compilation failed to produce executable
FAIL: 27_io/basic_filebuf/seekoff/char/2-io.cc (test for excess errors)
WARNING: 27_io/basic_filebuf/seekoff/char/2-io.cc compilation failed to produce executable
FAIL: 27_io/basic_filebuf/seekoff/char/2-out.cc (test for excess errors)
WARNING: 27_io/basic_filebuf/seekoff/char/2-out.cc compilation failed to produce executable
FAIL: 27_io/basic_filebuf/seekoff/char/3-in.cc execution test
FAIL: 27_io/basic_filebuf/seekoff/char/3-io.cc execution test
FAIL: 27_io/basic_filebuf/seekoff/char/3-out.cc execution test
FAIL: 27_io/basic_filebuf/seekoff/wchar_t/1.cc (test for excess errors)
WARNING: 27_io/basic_filebuf/seekoff/wchar_t/1.cc compilation failed to produce executable
FAIL: 27_io/basic_filebuf/seekoff/wchar_t/11543.cc (test for excess errors)
WARNING: 27_io/basic_filebuf/seekoff/wchar_t/11543.cc compilation failed to produce executable
FAIL: 27_io/basic_filebuf/seekoff/wchar_t/12790-1.cc (test for excess errors)
WARNING: 27_io/basic_filebuf/seekoff/wchar_t/12790-1.cc compilation failed to produce executable
FAIL: 27_io/basic_filebuf/seekoff/wchar_t/12790-2.cc (test for excess errors)
WARNING: 27_io/basic_filebuf/seekoff/wchar_t/12790-2.cc compilation failed to produce executable
FAIL: 27_io/basic_filebuf/seekoff/wchar_t/12790-3.cc (test for excess errors)
WARNING: 27_io/basic_filebuf/seekoff/wchar_t/12790-3.cc compilation failed to produce executable
FAIL: 27_io/basic_filebuf/seekoff/wchar_t/12790-4.cc (test for excess errors)
WARNING: 27_io/basic_filebuf/seekoff/wchar_t/12790-4.cc compilation failed to produce executable
FAIL: 27_io/basic_filebuf/seekoff/wchar_t/2.cc (test for excess errors)
WARNING: 27_io/basic_filebuf/seekoff/wchar_t/2.cc compilation failed to produce executable
FAIL: 27_io/basic_filebuf/seekoff/wchar_t/3.cc execution test
FAIL: 27_io/basic_filebuf/seekoff/wchar_t/9875_seekoff.cc (test for excess errors)
WARNING: 27_io/basic_filebuf/seekoff/wchar_t/9875_seekoff.cc compilation failed to produce executable
FAIL: 27_io/basic_filebuf/seekpos/10132-3.cc (test for excess errors)
WARNING: 27_io/basic_filebuf/seekpos/10132-3.cc compilation failed to produce executable
FAIL: 27_io/basic_filebuf/seekpos/12790-1.cc (test for excess errors)
WARNING: 27_io/basic_filebuf/seekpos/12790-1.cc compilation failed to produce executable
FAIL: 27_io/basic_filebuf/seekpos/12790-2.cc (test for excess errors)
WARNING: 27_io/basic_filebuf/seekpos/12790-2.cc compilation failed to produce executable
FAIL: 27_io/basic_filebuf/seekpos/12790-3.cc (test for excess errors)
WARNING: 27_io/basic_filebuf/seekpos/12790-3.cc compilation failed to produce executable
FAIL: 27_io/basic_filebuf/seekpos/char/1-in.cc (test for excess errors)
WARNING: 27_io/basic_filebuf/seekpos/char/1-in.cc compilation failed to produce executable
FAIL: 27_io/basic_filebuf/seekpos/char/1-io.cc (test for excess errors)
WARNING: 27_io/basic_filebuf/seekpos/char/1-io.cc compilation failed to produce executable
FAIL: 27_io/basic_filebuf/seekpos/char/1-out.cc (test for excess errors)
WARNING: 27_io/basic_filebuf/seekpos/char/1-out.cc compilation failed to produce executable
FAIL: 27_io/basic_filebuf/seekpos/char/12790-1.cc (test for excess errors)
WARNING: 27_io/basic_filebuf/seekpos/char/12790-1.cc compilation failed to produce executable
FAIL: 27_io/basic_filebuf/seekpos/char/12790-2.cc (test for excess errors)
WARNING: 27_io/basic_filebuf/seekpos/char/12790-2.cc compilation failed to produce executable
FAIL: 27_io/basic_filebuf/seekpos/char/12790-3.cc (test for excess errors)
WARNING: 27_io/basic_filebuf/seekpos/char/12790-3.cc compilation failed to produce executable
FAIL: 27_io/basic_filebuf/seekpos/char/12790-4.cc (test for excess errors)
WARNING: 27_io/basic_filebuf/seekpos/char/12790-4.cc compilation failed to produce executable
FAIL: 27_io/basic_filebuf/seekpos/char/2-in.cc (test for excess errors)
WARNING: 27_io/basic_filebuf/seekpos/char/2-in.cc compilation failed to produce executable
FAIL: 27_io/basic_filebuf/seekpos/char/2-io.cc (test for excess errors)
WARNING: 27_io/basic_filebuf/seekpos/char/2-io.cc compilation failed to produce executable
FAIL: 27_io/basic_filebuf/seekpos/char/2-out.cc (test for excess errors)
WARNING: 27_io/basic_filebuf/seekpos/char/2-out.cc compilation failed to produce executable
FAIL: 27_io/basic_filebuf/seekpos/char/3-in.cc execution test
FAIL: 27_io/basic_filebuf/seekpos/char/3-io.cc execution test
FAIL: 27_io/basic_filebuf/seekpos/char/3-out.cc execution test
FAIL: 27_io/basic_filebuf/seekpos/wchar_t/1.cc execution test
FAIL: 27_io/basic_filebuf/seekpos/wchar_t/12790-1.cc (test for excess errors)
WARNING: 27_io/basic_filebuf/seekpos/wchar_t/12790-1.cc compilation failed to produce executable
FAIL: 27_io/basic_filebuf/seekpos/wchar_t/12790-2.cc (test for excess errors)
WARNING: 27_io/basic_filebuf/seekpos/wchar_t/12790-2.cc compilation failed to produce executable
FAIL: 27_io/basic_filebuf/seekpos/wchar_t/12790-3.cc (test for excess errors)
WARNING: 27_io/basic_filebuf/seekpos/wchar_t/12790-3.cc compilation failed to produce executable
FAIL: 27_io/basic_filebuf/seekpos/wchar_t/12790-4.cc (test for excess errors)
WARNING: 27_io/basic_filebuf/seekpos/wchar_t/12790-4.cc compilation failed to produce executable
FAIL: 27_io/basic_filebuf/seekpos/wchar_t/9874.cc (test for excess errors)
WARNING: 27_io/basic_filebuf/seekpos/wchar_t/9874.cc compilation failed to produce executable
FAIL: 27_io/basic_filebuf/seekpos/wchar_t/9875_seekpos.cc (test for excess errors)
WARNING: 27_io/basic_filebuf/seekpos/wchar_t/9875_seekpos.cc compilation failed to produce executable
FAIL: 27_io/basic_filebuf/setbuf/char/1.cc (test for excess errors)
WARNING: 27_io/basic_filebuf/setbuf/char/1.cc compilation failed to produce executable
FAIL: 27_io/basic_filebuf/setbuf/char/12875-1.cc execution test
FAIL: 27_io/basic_filebuf/setbuf/char/12875-2.cc execution test
FAIL: 27_io/basic_filebuf/setbuf/char/2.cc execution test
FAIL: 27_io/basic_filebuf/setbuf/char/3.cc execution test
FAIL: 27_io/basic_filebuf/sgetc/char/1-in.cc (test for excess errors)
WARNING: 27_io/basic_filebuf/sgetc/char/1-in.cc compilation failed to produce executable
FAIL: 27_io/basic_filebuf/sgetc/char/1-io.cc (test for excess errors)
WARNING: 27_io/basic_filebuf/sgetc/char/1-io.cc compilation failed to produce executable
FAIL: 27_io/basic_filebuf/sgetc/char/1-out.cc (test for excess errors)
WARNING: 27_io/basic_filebuf/sgetc/char/1-out.cc compilation failed to produce executable
FAIL: 27_io/basic_filebuf/sgetc/char/2-in.cc (test for excess errors)
WARNING: 27_io/basic_filebuf/sgetc/char/2-in.cc compilation failed to produce executable
FAIL: 27_io/basic_filebuf/sgetc/char/2-io.cc (test for excess errors)
WARNING: 27_io/basic_filebuf/sgetc/char/2-io.cc compilation failed to produce executable
FAIL: 27_io/basic_filebuf/sgetc/char/2-out.cc (test for excess errors)
WARNING: 27_io/basic_filebuf/sgetc/char/2-out.cc compilation failed to produce executable
FAIL: 27_io/basic_filebuf/sgetn/char/1-in.cc (test for excess errors)
WARNING: 27_io/basic_filebuf/sgetn/char/1-in.cc compilation failed to produce executable
FAIL: 27_io/basic_filebuf/sgetn/char/1-io.cc (test for excess errors)
WARNING: 27_io/basic_filebuf/sgetn/char/1-io.cc compilation failed to produce executable
FAIL: 27_io/basic_filebuf/sgetn/char/1-out.cc (test for excess errors)
WARNING: 27_io/basic_filebuf/sgetn/char/1-out.cc compilation failed to produce executable
FAIL: 27_io/basic_filebuf/sgetn/char/2-in.cc (test for excess errors)
WARNING: 27_io/basic_filebuf/sgetn/char/2-in.cc compilation failed to produce executable
FAIL: 27_io/basic_filebuf/sgetn/char/2-io.cc (test for excess errors)
WARNING: 27_io/basic_filebuf/sgetn/char/2-io.cc compilation failed to produce executable
FAIL: 27_io/basic_filebuf/sgetn/char/2-out.cc (test for excess errors)
WARNING: 27_io/basic_filebuf/sgetn/char/2-out.cc compilation failed to produce executable
FAIL: 27_io/basic_filebuf/sgetn/char/3.cc execution test
FAIL: 27_io/basic_filebuf/showmanyc/char/9533-1.cc execution test
FAIL: 27_io/basic_filebuf/showmanyc/char/9533-2.cc execution test
FAIL: 27_io/basic_filebuf/snextc/char/1-in.cc (test for excess errors)
WARNING: 27_io/basic_filebuf/snextc/char/1-in.cc compilation failed to produce executable
FAIL: 27_io/basic_filebuf/snextc/char/1-io.cc (test for excess errors)
WARNING: 27_io/basic_filebuf/snextc/char/1-io.cc compilation failed to produce executable
FAIL: 27_io/basic_filebuf/snextc/char/1-out.cc (test for excess errors)
WARNING: 27_io/basic_filebuf/snextc/char/1-out.cc compilation failed to produce executable
FAIL: 27_io/basic_filebuf/snextc/char/2-in.cc (test for excess errors)
WARNING: 27_io/basic_filebuf/snextc/char/2-in.cc compilation failed to produce executable
FAIL: 27_io/basic_filebuf/snextc/char/2-io.cc (test for excess errors)
WARNING: 27_io/basic_filebuf/snextc/char/2-io.cc compilation failed to produce executable
FAIL: 27_io/basic_filebuf/snextc/char/2-out.cc (test for excess errors)
WARNING: 27_io/basic_filebuf/snextc/char/2-out.cc compilation failed to produce executable
FAIL: 27_io/basic_filebuf/sputbackc/char/1-in.cc (test for excess errors)
WARNING: 27_io/basic_filebuf/sputbackc/char/1-in.cc compilation failed to produce executable
FAIL: 27_io/basic_filebuf/sputbackc/char/1-io.cc (test for excess errors)
WARNING: 27_io/basic_filebuf/sputbackc/char/1-io.cc compilation failed to produce executable
FAIL: 27_io/basic_filebuf/sputbackc/char/1-out.cc (test for excess errors)
WARNING: 27_io/basic_filebuf/sputbackc/char/1-out.cc compilation failed to produce executable
FAIL: 27_io/basic_filebuf/sputbackc/char/2-in.cc (test for excess errors)
WARNING: 27_io/basic_filebuf/sputbackc/char/2-in.cc compilation failed to produce executable
FAIL: 27_io/basic_filebuf/sputbackc/char/2-io.cc (test for excess errors)
WARNING: 27_io/basic_filebuf/sputbackc/char/2-io.cc compilation failed to produce executable
FAIL: 27_io/basic_filebuf/sputbackc/char/2-out.cc (test for excess errors)
WARNING: 27_io/basic_filebuf/sputbackc/char/2-out.cc compilation failed to produce executable
FAIL: 27_io/basic_filebuf/sputbackc/char/9425.cc execution test
FAIL: 27_io/basic_filebuf/sputc/char/1-in.cc (test for excess errors)
WARNING: 27_io/basic_filebuf/sputc/char/1-in.cc compilation failed to produce executable
FAIL: 27_io/basic_filebuf/sputc/char/1-io.cc (test for excess errors)
WARNING: 27_io/basic_filebuf/sputc/char/1-io.cc compilation failed to produce executable
FAIL: 27_io/basic_filebuf/sputc/char/1-out.cc (test for excess errors)
WARNING: 27_io/basic_filebuf/sputc/char/1-out.cc compilation failed to produce executable
FAIL: 27_io/basic_filebuf/sputc/char/1057.cc (test for excess errors)
WARNING: 27_io/basic_filebuf/sputc/char/1057.cc compilation failed to produce executable
FAIL: 27_io/basic_filebuf/sputc/char/2-in.cc (test for excess errors)
WARNING: 27_io/basic_filebuf/sputc/char/2-in.cc compilation failed to produce executable
FAIL: 27_io/basic_filebuf/sputc/char/2-io.cc (test for excess errors)
WARNING: 27_io/basic_filebuf/sputc/char/2-io.cc compilation failed to produce executable
FAIL: 27_io/basic_filebuf/sputc/char/2-out.cc (test for excess errors)
WARNING: 27_io/basic_filebuf/sputc/char/2-out.cc compilation failed to produce executable
FAIL: 27_io/basic_filebuf/sputc/char/9701-2.cc (test for excess errors)
WARNING: 27_io/basic_filebuf/sputc/char/9701-2.cc compilation failed to produce executable
FAIL: 27_io/basic_filebuf/sputn/char/1-in.cc (test for excess errors)
WARNING: 27_io/basic_filebuf/sputn/char/1-in.cc compilation failed to produce executable
FAIL: 27_io/basic_filebuf/sputn/char/1-io.cc (test for excess errors)
WARNING: 27_io/basic_filebuf/sputn/char/1-io.cc compilation failed to produce executable
FAIL: 27_io/basic_filebuf/sputn/char/1-out.cc (test for excess errors)
WARNING: 27_io/basic_filebuf/sputn/char/1-out.cc compilation failed to produce executable
FAIL: 27_io/basic_filebuf/sputn/char/1057.cc (test for excess errors)
WARNING: 27_io/basic_filebuf/sputn/char/1057.cc compilation failed to produce executable
FAIL: 27_io/basic_filebuf/sputn/char/2-in.cc (test for excess errors)
WARNING: 27_io/basic_filebuf/sputn/char/2-in.cc compilation failed to produce executable
FAIL: 27_io/basic_filebuf/sputn/char/2-io.cc (test for excess errors)
WARNING: 27_io/basic_filebuf/sputn/char/2-io.cc compilation failed to produce executable
FAIL: 27_io/basic_filebuf/sputn/char/2-out.cc (test for excess errors)
WARNING: 27_io/basic_filebuf/sputn/char/2-out.cc compilation failed to produce executable
FAIL: 27_io/basic_filebuf/sputn/char/9339.cc execution test
FAIL: 27_io/basic_filebuf/sputn/char/9701-1.cc (test for excess errors)
WARNING: 27_io/basic_filebuf/sputn/char/9701-1.cc compilation failed to produce executable
FAIL: 27_io/basic_filebuf/sungetc/char/1-in.cc (test for excess errors)
WARNING: 27_io/basic_filebuf/sungetc/char/1-in.cc compilation failed to produce executable
FAIL: 27_io/basic_filebuf/sungetc/char/1-io.cc (test for excess errors)
WARNING: 27_io/basic_filebuf/sungetc/char/1-io.cc compilation failed to produce executable
FAIL: 27_io/basic_filebuf/sungetc/char/1-out.cc (test for excess errors)
WARNING: 27_io/basic_filebuf/sungetc/char/1-out.cc compilation failed to produce executable
FAIL: 27_io/basic_filebuf/sungetc/char/2-in.cc (test for excess errors)
WARNING: 27_io/basic_filebuf/sungetc/char/2-in.cc compilation failed to produce executable
FAIL: 27_io/basic_filebuf/sungetc/char/2-io.cc (test for excess errors)
WARNING: 27_io/basic_filebuf/sungetc/char/2-io.cc compilation failed to produce executable
FAIL: 27_io/basic_filebuf/sungetc/char/2-out.cc (test for excess errors)
WARNING: 27_io/basic_filebuf/sungetc/char/2-out.cc compilation failed to produce executable
FAIL: 27_io/basic_filebuf/sync/char/1.cc execution test
FAIL: 27_io/basic_filebuf/sync/char/1057.cc (test for excess errors)
WARNING: 27_io/basic_filebuf/sync/char/1057.cc compilation failed to produce executable
FAIL: 27_io/basic_filebuf/sync/char/9182-1.cc (test for excess errors)
WARNING: 27_io/basic_filebuf/sync/char/9182-1.cc compilation failed to produce executable
FAIL: 27_io/basic_filebuf/sync/wchar_t/1.cc execution test
FAIL: 27_io/basic_filebuf/underflow/10096.cc (test for excess errors)
WARNING: 27_io/basic_filebuf/underflow/10096.cc compilation failed to produce executable
FAIL: 27_io/basic_filebuf/underflow/char/1.cc (test for excess errors)
WARNING: 27_io/basic_filebuf/underflow/char/1.cc compilation failed to produce executable
FAIL: 27_io/basic_filebuf/underflow/char/10097.cc (test for excess errors)
WARNING: 27_io/basic_filebuf/underflow/char/10097.cc compilation failed to produce executable
FAIL: 27_io/basic_filebuf/underflow/char/2.cc execution test
FAIL: 27_io/basic_filebuf/underflow/char/9027.cc (test for excess errors)
WARNING: 27_io/basic_filebuf/underflow/char/9027.cc compilation failed to produce executable
FAIL: 27_io/basic_filebuf/underflow/wchar_t/1.cc (test for excess errors)
WARNING: 27_io/basic_filebuf/underflow/wchar_t/1.cc compilation failed to produce executable
FAIL: 27_io/basic_filebuf/underflow/wchar_t/11389-1.cc (test for excess errors)
WARNING: 27_io/basic_filebuf/underflow/wchar_t/11389-1.cc compilation failed to produce executable
FAIL: 27_io/basic_filebuf/underflow/wchar_t/11389-2.cc (test for excess errors)
WARNING: 27_io/basic_filebuf/underflow/wchar_t/11389-2.cc compilation failed to produce executable
FAIL: 27_io/basic_filebuf/underflow/wchar_t/11389-3.cc (test for excess errors)
WARNING: 27_io/basic_filebuf/underflow/wchar_t/11389-3.cc compilation failed to produce executable
FAIL: 27_io/basic_filebuf/underflow/wchar_t/11389-4.cc (test for excess errors)
WARNING: 27_io/basic_filebuf/underflow/wchar_t/11389-4.cc compilation failed to produce executable
FAIL: 27_io/basic_filebuf/underflow/wchar_t/11544-1.cc (test for excess errors)
WARNING: 27_io/basic_filebuf/underflow/wchar_t/11544-1.cc compilation failed to produce executable
FAIL: 27_io/basic_filebuf/underflow/wchar_t/11544-2.cc (test for excess errors)
WARNING: 27_io/basic_filebuf/underflow/wchar_t/11544-2.cc compilation failed to produce executable
FAIL: 27_io/basic_filebuf/underflow/wchar_t/11603.cc (test for excess errors)
WARNING: 27_io/basic_filebuf/underflow/wchar_t/11603.cc compilation failed to produce executable
FAIL: 27_io/basic_filebuf/underflow/wchar_t/2.cc (test for excess errors)
WARNING: 27_io/basic_filebuf/underflow/wchar_t/2.cc compilation failed to produce executable
FAIL: 27_io/basic_filebuf/underflow/wchar_t/3.cc (test for excess errors)
WARNING: 27_io/basic_filebuf/underflow/wchar_t/3.cc compilation failed to produce executable
FAIL: 27_io/basic_filebuf/underflow/wchar_t/4.cc (test for excess errors)
WARNING: 27_io/basic_filebuf/underflow/wchar_t/4.cc compilation failed to produce executable
FAIL: 27_io/basic_filebuf/underflow/wchar_t/5.cc (test for excess errors)
WARNING: 27_io/basic_filebuf/underflow/wchar_t/5.cc compilation failed to produce executable
FAIL: 27_io/basic_filebuf/underflow/wchar_t/9178.cc (test for excess errors)
WARNING: 27_io/basic_filebuf/underflow/wchar_t/9178.cc compilation failed to produce executable
FAIL: 27_io/basic_filebuf/underflow/wchar_t/9520.cc (test for excess errors)
WARNING: 27_io/basic_filebuf/underflow/wchar_t/9520.cc compilation failed to produce executable
FAIL: 27_io/basic_fstream/4.cc execution test
FAIL: 27_io/basic_fstream/rdbuf/char/2832.cc (test for excess errors)
WARNING: 27_io/basic_fstream/rdbuf/char/2832.cc compilation failed to produce executable
FAIL: 27_io/basic_ifstream/4.cc execution test
FAIL: 27_io/basic_ifstream/cons/char/1.cc execution test
FAIL: 27_io/basic_ifstream/open/char/1.cc execution test
FAIL: 27_io/basic_ifstream/rdbuf/char/2832.cc (test for excess errors)
WARNING: 27_io/basic_ifstream/rdbuf/char/2832.cc compilation failed to produce executable
FAIL: 27_io/basic_ios/4.cc (test for excess errors)
WARNING: 27_io/basic_ios/4.cc compilation failed to produce executable
FAIL: 27_io/basic_ios/clear/char/1.cc execution test
FAIL: 27_io/basic_ios/cons/char/1.cc (test for excess errors)
WARNING: 27_io/basic_ios/cons/char/1.cc compilation failed to produce executable
FAIL: 27_io/basic_ios/cons/char/3.cc (test for excess errors)
WARNING: 27_io/basic_ios/cons/char/3.cc compilation failed to produce executable
FAIL: 27_io/basic_ios/copyfmt/char/1.cc execution test
FAIL: 27_io/basic_ios/copyfmt/char/2.cc (test for excess errors)
WARNING: 27_io/basic_ios/copyfmt/char/2.cc compilation failed to produce executable
FAIL: 27_io/basic_ios/exceptions/char/1.cc execution test
FAIL: 27_io/basic_ios/exceptions/char/2.cc (test for excess errors)
WARNING: 27_io/basic_ios/exceptions/char/2.cc compilation failed to produce executable
FAIL: 27_io/basic_ios/locales/char/1.cc execution test
FAIL: 27_io/basic_iostream/4.cc (test for excess errors)
WARNING: 27_io/basic_iostream/4.cc compilation failed to produce executable
FAIL: 27_io/basic_istream/4.cc (test for excess errors)
WARNING: 27_io/basic_istream/4.cc compilation failed to produce executable
FAIL: 27_io/basic_istream/exceptions/char/9561.cc execution test
FAIL: 27_io/basic_istream/extractors_arithmetic/char/01.cc (test for excess errors)
WARNING: 27_io/basic_istream/extractors_arithmetic/char/01.cc compilation failed to produce executable
FAIL: 27_io/basic_istream/extractors_arithmetic/char/02.cc (test for excess errors)
WARNING: 27_io/basic_istream/extractors_arithmetic/char/02.cc compilation failed to produce executable
FAIL: 27_io/basic_istream/extractors_arithmetic/char/03.cc (test for excess errors)
WARNING: 27_io/basic_istream/extractors_arithmetic/char/03.cc compilation failed to produce executable
FAIL: 27_io/basic_istream/extractors_arithmetic/char/06.cc (test for excess errors)
WARNING: 27_io/basic_istream/extractors_arithmetic/char/06.cc compilation failed to produce executable
FAIL: 27_io/basic_istream/extractors_arithmetic/char/07.cc (test for excess errors)
WARNING: 27_io/basic_istream/extractors_arithmetic/char/07.cc compilation failed to produce executable
FAIL: 27_io/basic_istream/extractors_arithmetic/char/08.cc (test for excess errors)
WARNING: 27_io/basic_istream/extractors_arithmetic/char/08.cc compilation failed to produce executable
FAIL: 27_io/basic_istream/extractors_arithmetic/char/09.cc (test for excess errors)
WARNING: 27_io/basic_istream/extractors_arithmetic/char/09.cc compilation failed to produce executable
FAIL: 27_io/basic_istream/extractors_arithmetic/char/10.cc (test for excess errors)
WARNING: 27_io/basic_istream/extractors_arithmetic/char/10.cc compilation failed to produce executable
FAIL: 27_io/basic_istream/extractors_arithmetic/char/11.cc (test for excess errors)
WARNING: 27_io/basic_istream/extractors_arithmetic/char/11.cc compilation failed to produce executable
FAIL: 27_io/basic_istream/extractors_arithmetic/char/12.cc (test for excess errors)
WARNING: 27_io/basic_istream/extractors_arithmetic/char/12.cc compilation failed to produce executable
FAIL: 27_io/basic_istream/extractors_arithmetic/char/13.cc (test for excess errors)
WARNING: 27_io/basic_istream/extractors_arithmetic/char/13.cc compilation failed to produce executable
FAIL: 27_io/basic_istream/extractors_arithmetic/char/9555-ia.cc (test for excess errors)
WARNING: 27_io/basic_istream/extractors_arithmetic/char/9555-ia.cc compilation failed to produce executable
FAIL: 27_io/basic_istream/extractors_arithmetic/char/exceptions_badbit_throw.cc (test for excess errors)
WARNING: 27_io/basic_istream/extractors_arithmetic/char/exceptions_badbit_throw.cc compilation failed to produce executable
FAIL: 27_io/basic_istream/extractors_arithmetic/char/exceptions_failbit.cc (test for excess errors)
WARNING: 27_io/basic_istream/extractors_arithmetic/char/exceptions_failbit.cc compilation failed to produce executable
FAIL: 27_io/basic_istream/extractors_arithmetic/char/exceptions_failbit_throw.cc (test for excess errors)
WARNING: 27_io/basic_istream/extractors_arithmetic/char/exceptions_failbit_throw.cc compilation failed to produce executable
FAIL: 27_io/basic_istream/extractors_arithmetic/pod/3983-1.cc (test for excess errors)
WARNING: 27_io/basic_istream/extractors_arithmetic/pod/3983-1.cc compilation failed to produce executable
FAIL: 27_io/basic_istream/extractors_character/char/1.cc (test for excess errors)
WARNING: 27_io/basic_istream/extractors_character/char/1.cc compilation failed to produce executable
FAIL: 27_io/basic_istream/extractors_character/char/11095-i.cc (test for excess errors)
WARNING: 27_io/basic_istream/extractors_character/char/11095-i.cc compilation failed to produce executable
FAIL: 27_io/basic_istream/extractors_character/char/2.cc (test for excess errors)
WARNING: 27_io/basic_istream/extractors_character/char/2.cc compilation failed to produce executable
FAIL: 27_io/basic_istream/extractors_character/char/3.cc (test for excess errors)
WARNING: 27_io/basic_istream/extractors_character/char/3.cc compilation failed to produce executable
FAIL: 27_io/basic_istream/extractors_character/char/9555-ic.cc (test for excess errors)
WARNING: 27_io/basic_istream/extractors_character/char/9555-ic.cc compilation failed to produce executable
FAIL: 27_io/basic_istream/extractors_character/pod/3983-2.cc (test for excess errors)
WARNING: 27_io/basic_istream/extractors_character/pod/3983-2.cc compilation failed to produce executable
FAIL: 27_io/basic_istream/extractors_other/char/1.cc (test for excess errors)
WARNING: 27_io/basic_istream/extractors_other/char/1.cc compilation failed to produce executable
FAIL: 27_io/basic_istream/extractors_other/char/2.cc execution test
FAIL: 27_io/basic_istream/extractors_other/char/3.cc (test for excess errors)
WARNING: 27_io/basic_istream/extractors_other/char/3.cc compilation failed to produce executable
FAIL: 27_io/basic_istream/extractors_other/char/9318-in.cc (test for excess errors)
WARNING: 27_io/basic_istream/extractors_other/char/9318-in.cc compilation failed to produce executable
FAIL: 27_io/basic_istream/extractors_other/char/9424-in.cc (test for excess errors)
WARNING: 27_io/basic_istream/extractors_other/char/9424-in.cc compilation failed to produce executable
FAIL: 27_io/basic_istream/extractors_other/char/9555-io.cc (test for excess errors)
WARNING: 27_io/basic_istream/extractors_other/char/9555-io.cc compilation failed to produce executable
FAIL: 27_io/basic_istream/extractors_other/char/error_failbit.cc (test for excess errors)
WARNING: 27_io/basic_istream/extractors_other/char/error_failbit.cc compilation failed to produce executable
FAIL: 27_io/basic_istream/extractors_other/char/exceptions_badbit_throw.cc (test for excess errors)
WARNING: 27_io/basic_istream/extractors_other/char/exceptions_badbit_throw.cc compilation failed to produce executable
FAIL: 27_io/basic_istream/extractors_other/char/exceptions_failbit_throw.cc (test for excess errors)
WARNING: 27_io/basic_istream/extractors_other/char/exceptions_failbit_throw.cc compilation failed to produce executable
FAIL: 27_io/basic_istream/extractors_other/char/exceptions_null.cc (test for excess errors)
WARNING: 27_io/basic_istream/extractors_other/char/exceptions_null.cc compilation failed to produce executable
FAIL: 27_io/basic_istream/extractors_other/pod/3983-3.cc (test for excess errors)
WARNING: 27_io/basic_istream/extractors_other/pod/3983-3.cc compilation failed to produce executable
FAIL: 27_io/basic_istream/get/char/1.cc (test for excess errors)
WARNING: 27_io/basic_istream/get/char/1.cc compilation failed to produce executable
FAIL: 27_io/basic_istream/get/char/2.cc (test for excess errors)
WARNING: 27_io/basic_istream/get/char/2.cc compilation failed to produce executable
FAIL: 27_io/basic_istream/getline/char/1.cc (test for excess errors)
WARNING: 27_io/basic_istream/getline/char/1.cc compilation failed to produce executable
FAIL: 27_io/basic_istream/getline/char/2.cc (test for excess errors)
WARNING: 27_io/basic_istream/getline/char/2.cc compilation failed to produce executable
FAIL: 27_io/basic_istream/getline/char/3.cc (test for excess errors)
WARNING: 27_io/basic_istream/getline/char/3.cc compilation failed to produce executable
FAIL: 27_io/basic_istream/ignore/char/1.cc (test for excess errors)
WARNING: 27_io/basic_istream/ignore/char/1.cc compilation failed to produce executable
FAIL: 27_io/basic_istream/ignore/char/6360.cc (test for excess errors)
WARNING: 27_io/basic_istream/ignore/char/6360.cc compilation failed to produce executable
FAIL: 27_io/basic_istream/ignore/char/7220.cc (test for excess errors)
WARNING: 27_io/basic_istream/ignore/char/7220.cc compilation failed to produce executable
FAIL: 27_io/basic_istream/peek/char/1.cc (test for excess errors)
WARNING: 27_io/basic_istream/peek/char/1.cc compilation failed to produce executable
FAIL: 27_io/basic_istream/peek/char/12296.cc (test for excess errors)
WARNING: 27_io/basic_istream/peek/char/12296.cc compilation failed to produce executable
FAIL: 27_io/basic_istream/peek/char/6414.cc (test for excess errors)
WARNING: 27_io/basic_istream/peek/char/6414.cc compilation failed to produce executable
FAIL: 27_io/basic_istream/putback/char/1.cc (test for excess errors)
WARNING: 27_io/basic_istream/putback/char/1.cc compilation failed to produce executable
FAIL: 27_io/basic_istream/read/char/1.cc (test for excess errors)
WARNING: 27_io/basic_istream/read/char/1.cc compilation failed to produce executable
FAIL: 27_io/basic_istream/read/char/2.cc (test for excess errors)
WARNING: 27_io/basic_istream/read/char/2.cc compilation failed to produce executable
FAIL: 27_io/basic_istream/read/char/3.cc (test for excess errors)
WARNING: 27_io/basic_istream/read/char/3.cc compilation failed to produce executable
FAIL: 27_io/basic_istream/readsome/char/6746-1.cc (test for excess errors)
WARNING: 27_io/basic_istream/readsome/char/6746-1.cc compilation failed to produce executable
FAIL: 27_io/basic_istream/readsome/char/6746-2.cc execution test
FAIL: 27_io/basic_istream/readsome/char/8258.cc (test for excess errors)
WARNING: 27_io/basic_istream/readsome/char/8258.cc compilation failed to produce executable
FAIL: 27_io/basic_istream/seekg/char/2.cc (test for excess errors)
WARNING: 27_io/basic_istream/seekg/char/2.cc compilation failed to produce executable
FAIL: 27_io/basic_istream/seekg/char/2346-fstream.cc (test for excess errors)
WARNING: 27_io/basic_istream/seekg/char/2346-fstream.cc compilation failed to produce executable
FAIL: 27_io/basic_istream/seekg/char/2346-sstream.cc (test for excess errors)
WARNING: 27_io/basic_istream/seekg/char/2346-sstream.cc compilation failed to produce executable
FAIL: 27_io/basic_istream/seekg/char/8348-1.cc (test for excess errors)
WARNING: 27_io/basic_istream/seekg/char/8348-1.cc compilation failed to produce executable
FAIL: 27_io/basic_istream/seekg/char/8348-2.cc (test for excess errors)
WARNING: 27_io/basic_istream/seekg/char/8348-2.cc compilation failed to produce executable
FAIL: 27_io/basic_istream/seekg/char/exceptions_badbit_throw.cc (test for excess errors)
WARNING: 27_io/basic_istream/seekg/char/exceptions_badbit_throw.cc compilation failed to produce executable
FAIL: 27_io/basic_istream/seekg/char/fstream.cc (test for excess errors)
WARNING: 27_io/basic_istream/seekg/char/fstream.cc compilation failed to produce executable
FAIL: 27_io/basic_istream/seekg/char/sstream.cc (test for excess errors)
WARNING: 27_io/basic_istream/seekg/char/sstream.cc compilation failed to produce executable
FAIL: 27_io/basic_istream/sentry/char/1.cc (test for excess errors)
WARNING: 27_io/basic_istream/sentry/char/1.cc compilation failed to produce executable
FAIL: 27_io/basic_istream/sentry/char/12297.cc (test for excess errors)
WARNING: 27_io/basic_istream/sentry/char/12297.cc compilation failed to produce executable
FAIL: 27_io/basic_istream/sentry/char/2.cc (test for excess errors)
WARNING: 27_io/basic_istream/sentry/char/2.cc compilation failed to produce executable
FAIL: 27_io/basic_istream/sentry/char/3.cc (test for excess errors)
WARNING: 27_io/basic_istream/sentry/char/3.cc compilation failed to produce executable
FAIL: 27_io/basic_istream/sentry/pod/1.cc (test for excess errors)
WARNING: 27_io/basic_istream/sentry/pod/1.cc compilation failed to produce executable
FAIL: 27_io/basic_istream/tellg/char/1.cc (test for excess errors)
WARNING: 27_io/basic_istream/tellg/char/1.cc compilation failed to produce executable
FAIL: 27_io/basic_istream/tellg/char/2.cc (test for excess errors)
WARNING: 27_io/basic_istream/tellg/char/2.cc compilation failed to produce executable
FAIL: 27_io/basic_istream/tellg/char/8348.cc (test for excess errors)
WARNING: 27_io/basic_istream/tellg/char/8348.cc compilation failed to produce executable
FAIL: 27_io/basic_istream/tellg/char/exceptions_badbit_throw.cc execution test
FAIL: 27_io/basic_istream/tellg/char/fstream.cc (test for excess errors)
WARNING: 27_io/basic_istream/tellg/char/fstream.cc compilation failed to produce executable
FAIL: 27_io/basic_istream/tellg/char/sstream.cc (test for excess errors)
WARNING: 27_io/basic_istream/tellg/char/sstream.cc compilation failed to produce executable
FAIL: 27_io/basic_istream/ws/char/1.cc (test for excess errors)
WARNING: 27_io/basic_istream/ws/char/1.cc compilation failed to produce executable
FAIL: 27_io/basic_istringstream/4.cc (test for excess errors)
WARNING: 27_io/basic_istringstream/4.cc compilation failed to produce executable
FAIL: 27_io/basic_istringstream/rdbuf/char/2832.cc (test for excess errors)
WARNING: 27_io/basic_istringstream/rdbuf/char/2832.cc compilation failed to produce executable
FAIL: 27_io/basic_istringstream/str/char/1.cc (test for excess errors)
WARNING: 27_io/basic_istringstream/str/char/1.cc compilation failed to produce executable
FAIL: 27_io/basic_ofstream/cons/char/2.cc execution test
FAIL: 27_io/basic_ofstream/open/char/1.cc execution test
FAIL: 27_io/basic_ofstream/rdbuf/char/2832.cc (test for excess errors)
WARNING: 27_io/basic_ofstream/rdbuf/char/2832.cc compilation failed to produce executable
FAIL: 27_io/basic_ostream/4.cc (test for excess errors)
WARNING: 27_io/basic_ostream/4.cc compilation failed to produce executable
FAIL: 27_io/basic_ostream/cons/char/9827.cc (test for excess errors)
WARNING: 27_io/basic_ostream/cons/char/9827.cc compilation failed to produce executable
FAIL: 27_io/basic_ostream/endl/char/1.cc (test for excess errors)
WARNING: 27_io/basic_ostream/endl/char/1.cc compilation failed to produce executable
FAIL: 27_io/basic_ostream/ends/char/1.cc (test for excess errors)
WARNING: 27_io/basic_ostream/ends/char/1.cc compilation failed to produce executable
FAIL: 27_io/basic_ostream/ends/char/2.cc (test for excess errors)
WARNING: 27_io/basic_ostream/ends/char/2.cc compilation failed to produce executable
FAIL: 27_io/basic_ostream/exceptions/char/9561.cc (test for excess errors)
WARNING: 27_io/basic_ostream/exceptions/char/9561.cc compilation failed to produce executable
FAIL: 27_io/basic_ostream/flush/char/1.cc (test for excess errors)
WARNING: 27_io/basic_ostream/flush/char/1.cc compilation failed to produce executable
FAIL: 27_io/basic_ostream/flush/char/2.cc (test for excess errors)
WARNING: 27_io/basic_ostream/flush/char/2.cc compilation failed to produce executable
FAIL: 27_io/basic_ostream/flush/char/exceptions_badbit_throw.cc execution test
FAIL: 27_io/basic_ostream/inserters_arithmetic/char/1.cc (test for excess errors)
WARNING: 27_io/basic_ostream/inserters_arithmetic/char/1.cc compilation failed to produce executable
FAIL: 27_io/basic_ostream/inserters_arithmetic/char/2.cc (test for excess errors)
WARNING: 27_io/basic_ostream/inserters_arithmetic/char/2.cc compilation failed to produce executable
FAIL: 27_io/basic_ostream/inserters_arithmetic/char/3.cc (test for excess errors)
WARNING: 27_io/basic_ostream/inserters_arithmetic/char/3.cc compilation failed to produce executable
FAIL: 27_io/basic_ostream/inserters_arithmetic/char/4.cc (test for excess errors)
WARNING: 27_io/basic_ostream/inserters_arithmetic/char/4.cc compilation failed to produce executable
FAIL: 27_io/basic_ostream/inserters_arithmetic/char/4402.cc (test for excess errors)
WARNING: 27_io/basic_ostream/inserters_arithmetic/char/4402.cc compilation failed to produce executable
FAIL: 27_io/basic_ostream/inserters_arithmetic/char/5.cc (test for excess errors)
WARNING: 27_io/basic_ostream/inserters_arithmetic/char/5.cc compilation failed to produce executable
FAIL: 27_io/basic_ostream/inserters_arithmetic/char/6.cc (test for excess errors)
WARNING: 27_io/basic_ostream/inserters_arithmetic/char/6.cc compilation failed to produce executable
FAIL: 27_io/basic_ostream/inserters_arithmetic/char/9555-oa.cc (test for excess errors)
WARNING: 27_io/basic_ostream/inserters_arithmetic/char/9555-oa.cc compilation failed to produce executable
FAIL: 27_io/basic_ostream/inserters_arithmetic/char/exceptions_badbit_throw.cc (test for excess errors)
WARNING: 27_io/basic_ostream/inserters_arithmetic/char/exceptions_badbit_throw.cc compilation failed to produce executable
FAIL: 27_io/basic_ostream/inserters_arithmetic/char/exceptions_failbit_throw.cc (test for excess errors)
WARNING: 27_io/basic_ostream/inserters_arithmetic/char/exceptions_failbit_throw.cc compilation failed to produce executable
FAIL: 27_io/basic_ostream/inserters_arithmetic/wchar_t/1.cc (test for excess errors)
WARNING: 27_io/basic_ostream/inserters_arithmetic/wchar_t/1.cc compilation failed to produce executable
FAIL: 27_io/basic_ostream/inserters_character/char/1.cc (test for excess errors)
WARNING: 27_io/basic_ostream/inserters_character/char/1.cc compilation failed to produce executable
FAIL: 27_io/basic_ostream/inserters_character/char/11095-oa.cc (test for excess errors)
WARNING: 27_io/basic_ostream/inserters_character/char/11095-oa.cc compilation failed to produce executable
FAIL: 27_io/basic_ostream/inserters_character/char/11095-ob.cc (test for excess errors)
WARNING: 27_io/basic_ostream/inserters_character/char/11095-ob.cc compilation failed to produce executable
FAIL: 27_io/basic_ostream/inserters_character/char/11095-oc.cc (test for excess errors)
WARNING: 27_io/basic_ostream/inserters_character/char/11095-oc.cc compilation failed to produce executable
FAIL: 27_io/basic_ostream/inserters_character/char/2.cc (test for excess errors)
WARNING: 27_io/basic_ostream/inserters_character/char/2.cc compilation failed to produce executable
FAIL: 27_io/basic_ostream/inserters_character/char/3.cc (test for excess errors)
WARNING: 27_io/basic_ostream/inserters_character/char/3.cc compilation failed to produce executable
FAIL: 27_io/basic_ostream/inserters_character/char/4.cc (test for excess errors)
WARNING: 27_io/basic_ostream/inserters_character/char/4.cc compilation failed to produce executable
FAIL: 27_io/basic_ostream/inserters_character/char/5.cc (test for excess errors)
WARNING: 27_io/basic_ostream/inserters_character/char/5.cc compilation failed to produce executable
FAIL: 27_io/basic_ostream/inserters_character/char/6.cc (test for excess errors)
WARNING: 27_io/basic_ostream/inserters_character/char/6.cc compilation failed to produce executable
FAIL: 27_io/basic_ostream/inserters_character/char/8.cc (test for excess errors)
WARNING: 27_io/basic_ostream/inserters_character/char/8.cc compilation failed to produce executable
FAIL: 27_io/basic_ostream/inserters_character/char/9555-oc.cc (test for excess errors)
WARNING: 27_io/basic_ostream/inserters_character/char/9555-oc.cc compilation failed to produce executable
FAIL: 27_io/basic_ostream/inserters_character/wchar_t/11095-od.cc (test for excess errors)
WARNING: 27_io/basic_ostream/inserters_character/wchar_t/11095-od.cc compilation failed to produce executable
FAIL: 27_io/basic_ostream/inserters_character/wchar_t/11095-oe.cc (test for excess errors)
WARNING: 27_io/basic_ostream/inserters_character/wchar_t/11095-oe.cc compilation failed to produce executable
FAIL: 27_io/basic_ostream/inserters_character/wchar_t/11095-of.cc (test for excess errors)
WARNING: 27_io/basic_ostream/inserters_character/wchar_t/11095-of.cc compilation failed to produce executable
FAIL: 27_io/basic_ostream/inserters_character/wchar_t/7.cc (test for excess errors)
WARNING: 27_io/basic_ostream/inserters_character/wchar_t/7.cc compilation failed to produce executable
FAIL: 27_io/basic_ostream/inserters_character/wchar_t/8.cc (test for excess errors)
WARNING: 27_io/basic_ostream/inserters_character/wchar_t/8.cc compilation failed to produce executable
FAIL: 27_io/basic_ostream/inserters_other/char/1.cc (test for excess errors)
WARNING: 27_io/basic_ostream/inserters_other/char/1.cc compilation failed to produce executable
FAIL: 27_io/basic_ostream/inserters_other/char/2.cc (test for excess errors)
WARNING: 27_io/basic_ostream/inserters_other/char/2.cc compilation failed to produce executable
FAIL: 27_io/basic_ostream/inserters_other/char/3.cc (test for excess errors)
WARNING: 27_io/basic_ostream/inserters_other/char/3.cc compilation failed to produce executable
FAIL: 27_io/basic_ostream/inserters_other/char/4.cc (test for excess errors)
WARNING: 27_io/basic_ostream/inserters_other/char/4.cc compilation failed to produce executable
FAIL: 27_io/basic_ostream/inserters_other/char/5.cc (test for excess errors)
WARNING: 27_io/basic_ostream/inserters_other/char/5.cc compilation failed to produce executable
FAIL: 27_io/basic_ostream/inserters_other/char/9318-out.cc (test for excess errors)
WARNING: 27_io/basic_ostream/inserters_other/char/9318-out.cc compilation failed to produce executable
FAIL: 27_io/basic_ostream/inserters_other/char/9424-out.cc (test for excess errors)
WARNING: 27_io/basic_ostream/inserters_other/char/9424-out.cc compilation failed to produce executable
FAIL: 27_io/basic_ostream/inserters_other/char/9555-oo.cc (test for excess errors)
WARNING: 27_io/basic_ostream/inserters_other/char/9555-oo.cc compilation failed to produce executable
FAIL: 27_io/basic_ostream/inserters_other/char/error_failbit.cc (test for excess errors)
WARNING: 27_io/basic_ostream/inserters_other/char/error_failbit.cc compilation failed to produce executable
FAIL: 27_io/basic_ostream/inserters_other/char/exceptions_badbit_throw.cc (test for excess errors)
WARNING: 27_io/basic_ostream/inserters_other/char/exceptions_badbit_throw.cc compilation failed to produce executable
FAIL: 27_io/basic_ostream/inserters_other/char/exceptions_failbit_throw.cc (test for excess errors)
WARNING: 27_io/basic_ostream/inserters_other/char/exceptions_failbit_throw.cc compilation failed to produce executable
FAIL: 27_io/basic_ostream/inserters_other/char/exceptions_null.cc (test for excess errors)
WARNING: 27_io/basic_ostream/inserters_other/char/exceptions_null.cc compilation failed to produce executable
FAIL: 27_io/basic_ostream/put/char/1.cc (test for excess errors)
WARNING: 27_io/basic_ostream/put/char/1.cc compilation failed to produce executable
FAIL: 27_io/basic_ostream/seekp/char/exceptions_badbit_throw.cc (test for excess errors)
WARNING: 27_io/basic_ostream/seekp/char/exceptions_badbit_throw.cc compilation failed to produce executable
FAIL: 27_io/basic_ostream/sentry/char/1.cc (test for excess errors)
WARNING: 27_io/basic_ostream/sentry/char/1.cc compilation failed to produce executable
FAIL: 27_io/basic_ostream/sentry/char/2.cc (test for excess errors)
WARNING: 27_io/basic_ostream/sentry/char/2.cc compilation failed to produce executable
FAIL: 27_io/basic_ostream/sentry/pod/1.cc (test for excess errors)
WARNING: 27_io/basic_ostream/sentry/pod/1.cc compilation failed to produce executable
FAIL: 27_io/basic_ostream/tellp/char/1.cc (test for excess errors)
WARNING: 27_io/basic_ostream/tellp/char/1.cc compilation failed to produce executable
FAIL: 27_io/basic_ostream/tellp/char/2.cc (test for excess errors)
WARNING: 27_io/basic_ostream/tellp/char/2.cc compilation failed to produce executable
FAIL: 27_io/basic_ostream/tellp/char/exceptions_badbit_throw.cc execution test
FAIL: 27_io/basic_ostream/write/char/1.cc (test for excess errors)
WARNING: 27_io/basic_ostream/write/char/1.cc compilation failed to produce executable
FAIL: 27_io/basic_ostringstream/4.cc (test for excess errors)
WARNING: 27_io/basic_ostringstream/4.cc compilation failed to produce executable
FAIL: 27_io/basic_ostringstream/cons/char/3.cc (test for excess errors)
WARNING: 27_io/basic_ostringstream/cons/char/3.cc compilation failed to produce executable
FAIL: 27_io/basic_ostringstream/rdbuf/char/2832.cc (test for excess errors)
WARNING: 27_io/basic_ostringstream/rdbuf/char/2832.cc compilation failed to produce executable
FAIL: 27_io/basic_ostringstream/str/char/1.cc (test for excess errors)
WARNING: 27_io/basic_ostringstream/str/char/1.cc compilation failed to produce executable
FAIL: 27_io/basic_ostringstream/str/char/2.cc (test for excess errors)
WARNING: 27_io/basic_ostringstream/str/char/2.cc compilation failed to produce executable
FAIL: 27_io/basic_streambuf/cons/char/1.cc (test for excess errors)
WARNING: 27_io/basic_streambuf/cons/char/1.cc compilation failed to produce executable
FAIL: 27_io/basic_streambuf/imbue/char/1.cc (test for excess errors)
WARNING: 27_io/basic_streambuf/imbue/char/1.cc compilation failed to produce executable
FAIL: 27_io/basic_streambuf/imbue/char/13007-1.cc (test for excess errors)
WARNING: 27_io/basic_streambuf/imbue/char/13007-1.cc compilation failed to produce executable
FAIL: 27_io/basic_streambuf/imbue/char/13007-2.cc (test for excess errors)
WARNING: 27_io/basic_streambuf/imbue/char/13007-2.cc compilation failed to produce executable
FAIL: 27_io/basic_streambuf/imbue/char/9322.cc (test for excess errors)
WARNING: 27_io/basic_streambuf/imbue/char/9322.cc compilation failed to produce executable
FAIL: 27_io/basic_streambuf/imbue/wchar_t/13007-1.cc (test for excess errors)
WARNING: 27_io/basic_streambuf/imbue/wchar_t/13007-1.cc compilation failed to produce executable
FAIL: 27_io/basic_streambuf/imbue/wchar_t/13007-2.cc (test for excess errors)
WARNING: 27_io/basic_streambuf/imbue/wchar_t/13007-2.cc compilation failed to produce executable
FAIL: 27_io/basic_streambuf/in_avail/char/9701-3.cc (test for excess errors)
WARNING: 27_io/basic_streambuf/in_avail/char/9701-3.cc compilation failed to produce executable
FAIL: 27_io/basic_streambuf/overflow/char/1.cc (test for excess errors)
WARNING: 27_io/basic_streambuf/overflow/char/1.cc compilation failed to produce executable
FAIL: 27_io/basic_streambuf/overflow/char/2.cc (test for excess errors)
WARNING: 27_io/basic_streambuf/overflow/char/2.cc compilation failed to produce executable
FAIL: 27_io/basic_streambuf/overflow/char/3599.cc (test for excess errors)
WARNING: 27_io/basic_streambuf/overflow/char/3599.cc compilation failed to produce executable
FAIL: 27_io/basic_streambuf/sgetc/char/1.cc (test for excess errors)
WARNING: 27_io/basic_streambuf/sgetc/char/1.cc compilation failed to produce executable
FAIL: 27_io/basic_streambuf/sgetn/char/1.cc (test for excess errors)
WARNING: 27_io/basic_streambuf/sgetn/char/1.cc compilation failed to produce executable
FAIL: 27_io/basic_streambuf/sputc/char/1057.cc (test for excess errors)
WARNING: 27_io/basic_streambuf/sputc/char/1057.cc compilation failed to produce executable
FAIL: 27_io/basic_streambuf/sputn/char/1.cc (test for excess errors)
WARNING: 27_io/basic_streambuf/sputn/char/1.cc compilation failed to produce executable
FAIL: 27_io/basic_streambuf/sputn/char/1057.cc (test for excess errors)
WARNING: 27_io/basic_streambuf/sputn/char/1057.cc compilation failed to produce executable
FAIL: 27_io/basic_streambuf/sync/char/1057.cc (test for excess errors)
WARNING: 27_io/basic_streambuf/sync/char/1057.cc compilation failed to produce executable
FAIL: 27_io/basic_stringbuf/3.cc (test for excess errors)
WARNING: 27_io/basic_stringbuf/3.cc compilation failed to produce executable
FAIL: 27_io/basic_stringbuf/5.cc (test for excess errors)
WARNING: 27_io/basic_stringbuf/5.cc compilation failed to produce executable
FAIL: 27_io/basic_stringbuf/imbue/char/1.cc (test for excess errors)
WARNING: 27_io/basic_stringbuf/imbue/char/1.cc compilation failed to produce executable
FAIL: 27_io/basic_stringbuf/imbue/char/9322.cc (test for excess errors)
WARNING: 27_io/basic_stringbuf/imbue/char/9322.cc compilation failed to produce executable
FAIL: 27_io/basic_stringbuf/in_avail/char/1.cc (test for excess errors)
WARNING: 27_io/basic_stringbuf/in_avail/char/1.cc compilation failed to produce executable
FAIL: 27_io/basic_stringbuf/overflow/char/2.cc (test for excess errors)
WARNING: 27_io/basic_stringbuf/overflow/char/2.cc compilation failed to produce executable
FAIL: 27_io/basic_stringbuf/overflow/char/3599.cc (test for excess errors)
WARNING: 27_io/basic_stringbuf/overflow/char/3599.cc compilation failed to produce executable
FAIL: 27_io/basic_stringbuf/overflow/char/9988.cc (test for excess errors)
WARNING: 27_io/basic_stringbuf/overflow/char/9988.cc compilation failed to produce executable
FAIL: 27_io/basic_stringbuf/sbumpc/char/1.cc (test for excess errors)
WARNING: 27_io/basic_stringbuf/sbumpc/char/1.cc compilation failed to produce executable
FAIL: 27_io/basic_stringbuf/sbumpc/char/9825.cc (test for excess errors)
WARNING: 27_io/basic_stringbuf/sbumpc/char/9825.cc compilation failed to produce executable
FAIL: 27_io/basic_stringbuf/seekoff/char/1.cc (test for excess errors)
WARNING: 27_io/basic_stringbuf/seekoff/char/1.cc compilation failed to produce executable
FAIL: 27_io/basic_stringbuf/seekoff/char/2.cc (test for excess errors)
WARNING: 27_io/basic_stringbuf/seekoff/char/2.cc compilation failed to produce executable
FAIL: 27_io/basic_stringbuf/seekpos/char/1.cc (test for excess errors)
WARNING: 27_io/basic_stringbuf/seekpos/char/1.cc compilation failed to produce executable
FAIL: 27_io/basic_stringbuf/seekpos/char/2.cc (test for excess errors)
WARNING: 27_io/basic_stringbuf/seekpos/char/2.cc compilation failed to produce executable
FAIL: 27_io/basic_stringbuf/seekpos/char/3.cc (test for excess errors)
WARNING: 27_io/basic_stringbuf/seekpos/char/3.cc compilation failed to produce executable
FAIL: 27_io/basic_stringbuf/setbuf/char/1.cc (test for excess errors)
WARNING: 27_io/basic_stringbuf/setbuf/char/1.cc compilation failed to produce executable
FAIL: 27_io/basic_stringbuf/setbuf/char/2.cc (test for excess errors)
WARNING: 27_io/basic_stringbuf/setbuf/char/2.cc compilation failed to produce executable
FAIL: 27_io/basic_stringbuf/setbuf/char/3.cc (test for excess errors)
WARNING: 27_io/basic_stringbuf/setbuf/char/3.cc compilation failed to produce executable
FAIL: 27_io/basic_stringbuf/sgetc/char/1.cc (test for excess errors)
WARNING: 27_io/basic_stringbuf/sgetc/char/1.cc compilation failed to produce executable
FAIL: 27_io/basic_stringbuf/sgetn/char/1.cc (test for excess errors)
WARNING: 27_io/basic_stringbuf/sgetn/char/1.cc compilation failed to produce executable
FAIL: 27_io/basic_stringbuf/snextc/char/1.cc (test for excess errors)
WARNING: 27_io/basic_stringbuf/snextc/char/1.cc compilation failed to produce executable
FAIL: 27_io/basic_stringbuf/sputbackc/char/1.cc (test for excess errors)
WARNING: 27_io/basic_stringbuf/sputbackc/char/1.cc compilation failed to produce executable
FAIL: 27_io/basic_stringbuf/sputbackc/char/9425.cc (test for excess errors)
WARNING: 27_io/basic_stringbuf/sputbackc/char/9425.cc compilation failed to produce executable
FAIL: 27_io/basic_stringbuf/sputc/char/1.cc (test for excess errors)
WARNING: 27_io/basic_stringbuf/sputc/char/1.cc compilation failed to produce executable
FAIL: 27_io/basic_stringbuf/sputc/char/1057.cc (test for excess errors)
WARNING: 27_io/basic_stringbuf/sputc/char/1057.cc compilation failed to produce executable
FAIL: 27_io/basic_stringbuf/sputc/char/9404-1.cc (test for excess errors)
WARNING: 27_io/basic_stringbuf/sputc/char/9404-1.cc compilation failed to produce executable
FAIL: 27_io/basic_stringbuf/sputn/char/1.cc (test for excess errors)
WARNING: 27_io/basic_stringbuf/sputn/char/1.cc compilation failed to produce executable
FAIL: 27_io/basic_stringbuf/sputn/char/1057.cc (test for excess errors)
WARNING: 27_io/basic_stringbuf/sputn/char/1057.cc compilation failed to produce executable
FAIL: 27_io/basic_stringbuf/sputn/char/9404-2.cc (test for excess errors)
WARNING: 27_io/basic_stringbuf/sputn/char/9404-2.cc compilation failed to produce executable
FAIL: 27_io/basic_stringbuf/str/char/1.cc (test for excess errors)
WARNING: 27_io/basic_stringbuf/str/char/1.cc compilation failed to produce executable
FAIL: 27_io/basic_stringbuf/str/char/2.cc (test for excess errors)
WARNING: 27_io/basic_stringbuf/str/char/2.cc compilation failed to produce executable
FAIL: 27_io/basic_stringbuf/str/char/3.cc (test for excess errors)
WARNING: 27_io/basic_stringbuf/str/char/3.cc compilation failed to produce executable
FAIL: 27_io/basic_stringbuf/str/char/3955.cc (test for excess errors)
WARNING: 27_io/basic_stringbuf/str/char/3955.cc compilation failed to produce executable
FAIL: 27_io/basic_stringbuf/sungetc/char/1.cc (test for excess errors)
WARNING: 27_io/basic_stringbuf/sungetc/char/1.cc compilation failed to produce executable
FAIL: 27_io/basic_stringbuf/sync/char/1057.cc (test for excess errors)
WARNING: 27_io/basic_stringbuf/sync/char/1057.cc compilation failed to produce executable
FAIL: 27_io/basic_stringstream/4.cc (test for excess errors)
WARNING: 27_io/basic_stringstream/4.cc compilation failed to produce executable
FAIL: 27_io/basic_stringstream/rdbuf/char/2832.cc (test for excess errors)
WARNING: 27_io/basic_stringstream/rdbuf/char/2832.cc compilation failed to produce executable
FAIL: 27_io/basic_stringstream/str/char/1.cc (test for excess errors)
WARNING: 27_io/basic_stringstream/str/char/1.cc compilation failed to produce executable
FAIL: 27_io/basic_stringstream/str/char/2.cc (test for excess errors)
WARNING: 27_io/basic_stringstream/str/char/2.cc compilation failed to produce executable
FAIL: 27_io/basic_stringstream/str/char/3.cc (test for excess errors)
WARNING: 27_io/basic_stringstream/str/char/3.cc compilation failed to produce executable
FAIL: 27_io/basic_stringstream/str/char/4.cc (test for excess errors)
WARNING: 27_io/basic_stringstream/str/char/4.cc compilation failed to produce executable
FAIL: 27_io/ios_base/callbacks/1.cc (test for excess errors)
WARNING: 27_io/ios_base/callbacks/1.cc compilation failed to produce executable
FAIL: 27_io/ios_base/state/1.cc (test for excess errors)
WARNING: 27_io/ios_base/state/1.cc compilation failed to produce executable
FAIL: 27_io/ios_base/storage/1.cc (test for excess errors)
WARNING: 27_io/ios_base/storage/1.cc compilation failed to produce executable
FAIL: 27_io/ios_base/storage/2.cc (test for excess errors)
WARNING: 27_io/ios_base/storage/2.cc compilation failed to produce executable
FAIL: 27_io/ios_base/storage/3.cc (test for excess errors)
WARNING: 27_io/ios_base/storage/3.cc compilation failed to produce executable
FAIL: 27_io/ios_base/sync_with_stdio/2.cc (test for excess errors)
WARNING: 27_io/ios_base/sync_with_stdio/2.cc compilation failed to produce executable
FAIL: 27_io/ios_base/sync_with_stdio/9523.cc execution test
FAIL: 27_io/manipulators/adjustfield/char/1.cc (test for excess errors)
WARNING: 27_io/manipulators/adjustfield/char/1.cc compilation failed to produce executable
FAIL: 27_io/manipulators/adjustfield/char/2.cc (test for excess errors)
WARNING: 27_io/manipulators/adjustfield/char/2.cc compilation failed to produce executable
FAIL: 27_io/manipulators/basefield/char/1.cc (test for excess errors)
WARNING: 27_io/manipulators/basefield/char/1.cc compilation failed to produce executable
FAIL: 27_io/manipulators/standard/char/1.cc (test for excess errors)
WARNING: 27_io/manipulators/standard/char/1.cc compilation failed to produce executable
FAIL: 27_io/manipulators/standard/char/2.cc (test for excess errors)
WARNING: 27_io/manipulators/standard/char/2.cc compilation failed to produce executable
FAIL: 27_io/objects/char/10.cc (test for excess errors)
WARNING: 27_io/objects/char/10.cc compilation failed to produce executable
FAIL: 27_io/objects/char/12048-2.cc execution test
FAIL: 27_io/objects/char/12048-3.cc execution test
FAIL: 27_io/objects/char/12048-4.cc execution test
FAIL: 27_io/objects/char/3045.cc (test for excess errors)
WARNING: 27_io/objects/char/3045.cc compilation failed to produce executable
FAIL: 27_io/objects/char/5268.cc (test for excess errors)
WARNING: 27_io/objects/char/5268.cc compilation failed to produce executable
FAIL: 27_io/objects/char/6.cc (test for excess errors)
WARNING: 27_io/objects/char/6.cc compilation failed to produce executable
FAIL: 27_io/objects/char/7.cc execution test
FAIL: 27_io/objects/char/9.cc execution test
FAIL: 27_io/objects/char/9661-1.cc execution test
FAIL: 27_io/objects/wchar_t/10.cc (test for excess errors)
WARNING: 27_io/objects/wchar_t/10.cc compilation failed to produce executable
FAIL: 27_io/objects/wchar_t/11.cc (test for excess errors)
WARNING: 27_io/objects/wchar_t/11.cc compilation failed to produce executable
FAIL: 27_io/objects/wchar_t/12.cc (test for excess errors)
WARNING: 27_io/objects/wchar_t/12.cc compilation failed to produce executable
FAIL: 27_io/objects/wchar_t/12048-2.cc execution test
FAIL: 27_io/objects/wchar_t/12048-3.cc execution test
FAIL: 27_io/objects/wchar_t/12048-4.cc execution test
FAIL: 27_io/objects/wchar_t/13.cc (test for excess errors)
WARNING: 27_io/objects/wchar_t/13.cc compilation failed to produce executable
FAIL: 27_io/objects/wchar_t/3045.cc (test for excess errors)
WARNING: 27_io/objects/wchar_t/3045.cc compilation failed to produce executable
FAIL: 27_io/objects/wchar_t/5268.cc (test for excess errors)
WARNING: 27_io/objects/wchar_t/5268.cc compilation failed to produce executable
FAIL: 27_io/objects/wchar_t/6.cc (test for excess errors)
WARNING: 27_io/objects/wchar_t/6.cc compilation failed to produce executable
FAIL: 27_io/objects/wchar_t/7.cc execution test
FAIL: 27_io/objects/wchar_t/9520.cc (test for excess errors)
WARNING: 27_io/objects/wchar_t/9520.cc compilation failed to produce executable
FAIL: 27_io/objects/wchar_t/9661-1.cc execution test
FAIL: 27_io/objects/wchar_t/9662.cc execution test
FAIL: backward/11460.cc (test for excess errors)
WARNING: backward/11460.cc compilation failed to produce executable
FAIL: backward/strstream_members.cc execution test
FAIL: demangle/abi_examples/01.cc (test for excess errors)
WARNING: demangle/abi_examples/01.cc compilation failed to produce executable
FAIL: demangle/abi_examples/02.cc (test for excess errors)
WARNING: demangle/abi_examples/02.cc compilation failed to produce executable
FAIL: demangle/abi_examples/03.cc (test for excess errors)
WARNING: demangle/abi_examples/03.cc compilation failed to produce executable
FAIL: demangle/abi_examples/04.cc (test for excess errors)
WARNING: demangle/abi_examples/04.cc compilation failed to produce executable
FAIL: demangle/abi_examples/05.cc (test for excess errors)
WARNING: demangle/abi_examples/05.cc compilation failed to produce executable
FAIL: demangle/abi_examples/06.cc (test for excess errors)
WARNING: demangle/abi_examples/06.cc compilation failed to produce executable
FAIL: demangle/abi_examples/07.cc (test for excess errors)
WARNING: demangle/abi_examples/07.cc compilation failed to produce executable
FAIL: demangle/abi_examples/08.cc (test for excess errors)
WARNING: demangle/abi_examples/08.cc compilation failed to produce executable
FAIL: demangle/abi_examples/09.cc (test for excess errors)
WARNING: demangle/abi_examples/09.cc compilation failed to produce executable
FAIL: demangle/abi_examples/10.cc (test for excess errors)
WARNING: demangle/abi_examples/10.cc compilation failed to produce executable
FAIL: demangle/abi_examples/11.cc (test for excess errors)
WARNING: demangle/abi_examples/11.cc compilation failed to produce executable
FAIL: demangle/abi_examples/12.cc (test for excess errors)
WARNING: demangle/abi_examples/12.cc compilation failed to produce executable
FAIL: demangle/abi_examples/13.cc (test for excess errors)
WARNING: demangle/abi_examples/13.cc compilation failed to produce executable
FAIL: demangle/abi_examples/14.cc (test for excess errors)
WARNING: demangle/abi_examples/14.cc compilation failed to produce executable
FAIL: demangle/abi_examples/15.cc (test for excess errors)
WARNING: demangle/abi_examples/15.cc compilation failed to produce executable
FAIL: demangle/abi_examples/16.cc (test for excess errors)
WARNING: demangle/abi_examples/16.cc compilation failed to produce executable
FAIL: demangle/abi_examples/17.cc (test for excess errors)
WARNING: demangle/abi_examples/17.cc compilation failed to produce executable
FAIL: demangle/abi_examples/18.cc (test for excess errors)
WARNING: demangle/abi_examples/18.cc compilation failed to produce executable
FAIL: demangle/abi_examples/19.cc (test for excess errors)
WARNING: demangle/abi_examples/19.cc compilation failed to produce executable
FAIL: demangle/abi_examples/20.cc (test for excess errors)
WARNING: demangle/abi_examples/20.cc compilation failed to produce executable
FAIL: demangle/abi_examples/21.cc (test for excess errors)
WARNING: demangle/abi_examples/21.cc compilation failed to produce executable
FAIL: demangle/abi_examples/22.cc (test for excess errors)
WARNING: demangle/abi_examples/22.cc compilation failed to produce executable
FAIL: demangle/abi_examples/23.cc (test for excess errors)
WARNING: demangle/abi_examples/23.cc compilation failed to produce executable
FAIL: demangle/abi_examples/24.cc (test for excess errors)
WARNING: demangle/abi_examples/24.cc compilation failed to produce executable
FAIL: demangle/abi_examples/25.cc (test for excess errors)
WARNING: demangle/abi_examples/25.cc compilation failed to produce executable
FAIL: demangle/abi_examples/26.cc (test for excess errors)
WARNING: demangle/abi_examples/26.cc compilation failed to produce executable
FAIL: demangle/abi_text/01.cc (test for excess errors)
WARNING: demangle/abi_text/01.cc compilation failed to produce executable
FAIL: demangle/abi_text/02.cc (test for excess errors)
WARNING: demangle/abi_text/02.cc compilation failed to produce executable
FAIL: demangle/abi_text/03.cc (test for excess errors)
WARNING: demangle/abi_text/03.cc compilation failed to produce executable
FAIL: demangle/abi_text/04.cc (test for excess errors)
WARNING: demangle/abi_text/04.cc compilation failed to produce executable
FAIL: demangle/abi_text/05.cc (test for excess errors)
WARNING: demangle/abi_text/05.cc compilation failed to produce executable
FAIL: demangle/abi_text/06.cc (test for excess errors)
WARNING: demangle/abi_text/06.cc compilation failed to produce executable
FAIL: demangle/abi_text/07.cc (test for excess errors)
WARNING: demangle/abi_text/07.cc compilation failed to produce executable
FAIL: demangle/abi_text/08.cc (test for excess errors)
WARNING: demangle/abi_text/08.cc compilation failed to produce executable
FAIL: demangle/abi_text/09.cc (test for excess errors)
WARNING: demangle/abi_text/09.cc compilation failed to produce executable
FAIL: demangle/abi_text/10.cc (test for excess errors)
WARNING: demangle/abi_text/10.cc compilation failed to produce executable
FAIL: demangle/abi_text/11.cc (test for excess errors)
WARNING: demangle/abi_text/11.cc compilation failed to produce executable
FAIL: demangle/abi_text/12.cc (test for excess errors)
WARNING: demangle/abi_text/12.cc compilation failed to produce executable
FAIL: demangle/abi_text/13.cc (test for excess errors)
WARNING: demangle/abi_text/13.cc compilation failed to produce executable
FAIL: demangle/abi_text/14.cc (test for excess errors)
WARNING: demangle/abi_text/14.cc compilation failed to produce executable
FAIL: demangle/regression/3111-1.cc (test for excess errors)
WARNING: demangle/regression/3111-1.cc compilation failed to produce executable
FAIL: demangle/regression/3111-2.cc (test for excess errors)
WARNING: demangle/regression/3111-2.cc compilation failed to produce executable
FAIL: demangle/regression/7986-01.cc (test for excess errors)
WARNING: demangle/regression/7986-01.cc compilation failed to produce executable
FAIL: demangle/regression/7986-02.cc (test for excess errors)
WARNING: demangle/regression/7986-02.cc compilation failed to produce executable
FAIL: demangle/regression/7986-03.cc (test for excess errors)
WARNING: demangle/regression/7986-03.cc compilation failed to produce executable
FAIL: demangle/regression/7986-04.cc (test for excess errors)
WARNING: demangle/regression/7986-04.cc compilation failed to produce executable
FAIL: demangle/regression/7986-05.cc (test for excess errors)
WARNING: demangle/regression/7986-05.cc compilation failed to produce executable
FAIL: demangle/regression/7986-06.cc (test for excess errors)
WARNING: demangle/regression/7986-06.cc compilation failed to produce executable
FAIL: demangle/regression/7986-07.cc (test for excess errors)
WARNING: demangle/regression/7986-07.cc compilation failed to produce executable
FAIL: demangle/regression/7986-08.cc (test for excess errors)
WARNING: demangle/regression/7986-08.cc compilation failed to produce executable
FAIL: demangle/regression/7986-09.cc (test for excess errors)
WARNING: demangle/regression/7986-09.cc compilation failed to produce executable
FAIL: demangle/regression/7986-10.cc (test for excess errors)
WARNING: demangle/regression/7986-10.cc compilation failed to produce executable
FAIL: demangle/regression/7986-11.cc (test for excess errors)
WARNING: demangle/regression/7986-11.cc compilation failed to produce executable
FAIL: demangle/regression/7986-12.cc (test for excess errors)
WARNING: demangle/regression/7986-12.cc compilation failed to produce executable
FAIL: demangle/regression/8897.cc (test for excess errors)
WARNING: demangle/regression/8897.cc compilation failed to produce executable
FAIL: demangle/regression/cw-01.cc (test for excess errors)
WARNING: demangle/regression/cw-01.cc compilation failed to produce executable
FAIL: demangle/regression/cw-02.cc (test for excess errors)
WARNING: demangle/regression/cw-02.cc compilation failed to produce executable
FAIL: demangle/regression/cw-03.cc (test for excess errors)
WARNING: demangle/regression/cw-03.cc compilation failed to produce executable
FAIL: demangle/regression/cw-04.cc (test for excess errors)
WARNING: demangle/regression/cw-04.cc compilation failed to produce executable
FAIL: demangle/regression/cw-05.cc (test for excess errors)
WARNING: demangle/regression/cw-05.cc compilation failed to produce executable
FAIL: demangle/regression/cw-06.cc (test for excess errors)
WARNING: demangle/regression/cw-06.cc compilation failed to produce executable
FAIL: demangle/regression/cw-07.cc (test for excess errors)
WARNING: demangle/regression/cw-07.cc compilation failed to produce executable
FAIL: demangle/regression/cw-08.cc (test for excess errors)
WARNING: demangle/regression/cw-08.cc compilation failed to produce executable
FAIL: demangle/regression/cw-09.cc (test for excess errors)
WARNING: demangle/regression/cw-09.cc compilation failed to produce executable
FAIL: demangle/regression/cw-10.cc (test for excess errors)
WARNING: demangle/regression/cw-10.cc compilation failed to produce executable
FAIL: demangle/regression/cw-11.cc (test for excess errors)
WARNING: demangle/regression/cw-11.cc compilation failed to produce executable
FAIL: demangle/regression/cw-12.cc (test for excess errors)
WARNING: demangle/regression/cw-12.cc compilation failed to produce executable
FAIL: demangle/regression/cw-13.cc (test for excess errors)
WARNING: demangle/regression/cw-13.cc compilation failed to produce executable
FAIL: demangle/regression/cw-14.cc (test for excess errors)
WARNING: demangle/regression/cw-14.cc compilation failed to produce executable
FAIL: demangle/regression/cw-15.cc (test for excess errors)
WARNING: demangle/regression/cw-15.cc compilation failed to produce executable
FAIL: demangle/regression/cw-16.cc (test for excess errors)
WARNING: demangle/regression/cw-16.cc compilation failed to produce executable
FAIL: demangle/regression/old.cc (test for excess errors)
WARNING: demangle/regression/old.cc compilation failed to produce executable
FAIL: ext/concept_checks.cc (test for excess errors)
WARNING: ext/concept_checks.cc compilation failed to produce executable
FAIL: ext/enc_filebuf/char/13189.cc (test for excess errors)
WARNING: ext/enc_filebuf/char/13189.cc compilation failed to produce executable
FAIL: ext/enc_filebuf/wchar_t/13189.cc (test for excess errors)
WARNING: ext/enc_filebuf/wchar_t/13189.cc compilation failed to produce executable
FAIL: ext/hash_map.cc (test for excess errors)
WARNING: ext/hash_map.cc compilation failed to produce executable
FAIL: ext/hash_set.cc (test for excess errors)
WARNING: ext/hash_set.cc compilation failed to produce executable
FAIL: ext/pod_char_traits.cc (test for excess errors)
WARNING: ext/pod_char_traits.cc compilation failed to produce executable
FAIL: ext/rope.cc (test for excess errors)
WARNING: ext/rope.cc compilation failed to produce executable
FAIL: ext/stdio_filebuf/char/10063-1.cc (test for excess errors)
WARNING: ext/stdio_filebuf/char/10063-1.cc compilation failed to produce executable
FAIL: ext/stdio_filebuf/char/10063-2.cc (test for excess errors)
WARNING: ext/stdio_filebuf/char/10063-2.cc compilation failed to produce executable
FAIL: ext/stdio_filebuf/char/2.cc (test for excess errors)
WARNING: ext/stdio_filebuf/char/2.cc compilation failed to produce executable
FAIL: ext/stdio_sync_filebuf/char/1.cc (test for excess errors)
WARNING: ext/stdio_sync_filebuf/char/1.cc compilation failed to produce executable
FAIL: ext/stdio_sync_filebuf/char/12048-1.cc (test for excess errors)
WARNING: ext/stdio_sync_filebuf/char/12048-1.cc compilation failed to produce executable
FAIL: ext/stdio_sync_filebuf/char/12048-2.cc (test for excess errors)
WARNING: ext/stdio_sync_filebuf/char/12048-2.cc compilation failed to produce executable
FAIL: ext/stdio_sync_filebuf/char/12048-3.cc (test for excess errors)
WARNING: ext/stdio_sync_filebuf/char/12048-3.cc compilation failed to produce executable
FAIL: ext/stdio_sync_filebuf/char/12048-4.cc (test for excess errors)
WARNING: ext/stdio_sync_filebuf/char/12048-4.cc compilation failed to produce executable
FAIL: ext/stdio_sync_filebuf/wchar_t/1.cc (test for excess errors)
WARNING: ext/stdio_sync_filebuf/wchar_t/1.cc compilation failed to produce executable
FAIL: ext/stdio_sync_filebuf/wchar_t/12948-1.cc (test for excess errors)
WARNING: ext/stdio_sync_filebuf/wchar_t/12948-1.cc compilation failed to produce executable
FAIL: ext/stdio_sync_filebuf/wchar_t/12948-2.cc (test for excess errors)
WARNING: ext/stdio_sync_filebuf/wchar_t/12948-2.cc compilation failed to produce executable
FAIL: ext/stdio_sync_filebuf/wchar_t/12948-3.cc (test for excess errors)
WARNING: ext/stdio_sync_filebuf/wchar_t/12948-3.cc compilation failed to produce executable
FAIL: ext/stdio_sync_filebuf/wchar_t/12948-4.cc (test for excess errors)
WARNING: ext/stdio_sync_filebuf/wchar_t/12948-4.cc compilation failed to produce executable
FAIL: thread/pthread1.cc (test for excess errors)
WARNING: thread/pthread1.cc compilation failed to produce executable
FAIL: thread/pthread2.cc execution test
FAIL: thread/pthread3.cc (test for excess errors)
WARNING: thread/pthread3.cc compilation failed to produce executable
FAIL: thread/pthread4.cc (test for excess errors)
WARNING: thread/pthread4.cc compilation failed to produce executable
FAIL: thread/pthread5.cc (test for excess errors)
WARNING: thread/pthread5.cc compilation failed to produce executable
FAIL: thread/pthread6.cc (test for excess errors)
WARNING: thread/pthread6.cc compilation failed to produce executable
FAIL: thread/pthread7-rope.cc (test for excess errors)
WARNING: thread/pthread7-rope.cc compilation failed to produce executable

		=== libstdc++ Summary ===

# of expected passes		424
# of unexpected failures	1056
# of unexpected successes	1
# of expected failures		11

Compiler version: 3.4.020031224(experimental) 
Platform: i686-pc-linux-gnu
configure flags: --prefix=/mnt/build/install-2003-12-24-trunk --enable-threads=posix --enable-__cxa_atexit --enable-languages=c++ --with-dwarf2


Index Nav: [Date Index] [Subject Index] [Author Index] [Thread Index]
Message Nav: [Date Prev] [Date Next] [Thread Prev] [Thread Next]