This is the mail archive of the gcc-testresults@gcc.gnu.org mailing list for the GCC project.


Index Nav: [Date Index] [Subject Index] [Author Index] [Thread Index]
Message Nav: [Date Prev] [Date Next] [Thread Prev] [Thread Next]
Other format: [Raw text]

Results for 3.4.0 20031223 (experimental) testsuite on x86_64-unknown-linux-gnu


Native configuration is x86_64-unknown-linux-gnu

                === g77 tests ===


Running target unix

                === g77 Summary ===

# of expected passes            1774
# of expected failures          1
# of untested testcases         1
# of unsupported tests          6
/home/ritzert/gcc/HEAD/compile/gcc/testsuite/../g77 version 3.4.0
20031223 (experimental)

                === gcc tests ===


Running target unix
FAIL: gcc.c-torture/compile/simd-3.c (test for excess errors)
FAIL: gcc.dg/compat/vector-1 c_compat_x_tst.o compile
FAIL: gcc.dg/compat/vector-1 c_compat_y_tst.o compile
UNRESOLVED: gcc.dg/compat/vector-1 c_compat_x_tst.o-c_compat_y_tst.o
link
UNRESOLVED: gcc.dg/compat/vector-1 c_compat_x_tst.o-c_compat_y_tst.o
execute
FAIL: gcc.dg/compat/vector-2 c_compat_x_tst.o compile
FAIL: gcc.dg/compat/vector-2 c_compat_y_tst.o compile
UNRESOLVED: gcc.dg/compat/vector-2 c_compat_x_tst.o-c_compat_y_tst.o
link
UNRESOLVED: gcc.dg/compat/vector-2 c_compat_x_tst.o-c_compat_y_tst.o
execute
FAIL: gcc.dg/20020103-1.c scan-assembler-not LC
FAIL: gcc.dg/i386-local.c scan-assembler magic[^\\n]*eax
FAIL: gcc.dg/i386-sse-2.c (test for excess errors)

                === gcc Summary ===

# of expected passes            23923
# of unexpected failures        8
# of expected failures          72
# of unresolved testcases       4
# of untested testcases         7
# of unsupported tests          252
/home/ritzert/gcc/HEAD/compile/gcc/xgcc version 3.4.0 20031223
(experimental)

                === g++ tests ===


Running target unix
XPASS: g++.dg/ext/lvalue1.C not an lvalue (test for errors, line 7)
XPASS: g++.dg/warn/Wunused-2.C  (test for warnings, line 5)
WARNING: g++.old-deja/g++.mike/p10769a.C compilation failed to produce
executable
WARNING: g++.old-deja/g++.other/enum5.C compilation failed to produce
executable
WARNING: g++.old-deja/g++.pt/friend44.C compilation failed to produce
executable

                === g++ Summary ===

# of expected passes            9233
# of unexpected successes       2
# of expected failures          56
# of unsupported tests          67
/home/ritzert/gcc/HEAD/compile/gcc/testsuite/../g++ version 3.4.0
20031223 (experimental)

                === objc tests ===


Running target unix
FAIL: objc.dg/call-super-2.m (test for excess errors)
FAIL: objc.dg/desig-init-1.m (test for excess errors)
FAIL: objc.dg/encode-2.m execution test
FAIL: objc.dg/encode-3.m execution test
FAIL: objc.dg/proto-qual-1.m execution test

                === objc Summary ===

# of expected passes            1334
# of unexpected failures        5
# of unsupported tests          7
/home/ritzert/gcc/HEAD/compile/gcc/xgcc version 3.4.0 20031223
(experimental)

                === libffi tests ===


Running target unix
FAIL: libffi.call/cls_12byte.c output pattern test, is 7 4 9 1 5 3: 8 9
12
FAIL: libffi.call/cls_16byte.c output pattern test, is 7 8 9 1 9 3: 8
17 12
FAIL: libffi.call/cls_18byte.c output pattern test, is 1 127 126 3 4
125 124 5: 5 252 250 8
FAIL: libffi.call/cls_19byte.c output pattern test, is 1 127 126 3 120
4 125 124 5 119: 5 252 250 8 239
FAIL: libffi.call/cls_1_1byte.c execution test
FAIL: libffi.call/cls_20byte.c output pattern test, is 1 2 3 4 5 7: 5 7
10
FAIL: libffi.call/cls_20byte1.c output pattern test, is 1 2 3 4 5 7: 5
7 10
FAIL: libffi.call/cls_24byte.c execution test
FAIL: libffi.call/cls_2byte.c output pattern test, is 12 127 1 13: 13
140
FAIL: libffi.call/cls_3_1byte.c output pattern test, is 12 13 14 178
179 180: 190 192 194
FAIL: libffi.call/cls_3byte1.c output pattern test, is 12 119 1 15: 13
134
FAIL: libffi.call/cls_3byte2.c output pattern test, is 15 125 9 19: 24
144
FAIL: libffi.call/cls_4_1byte.c output pattern test, is 12 13 14 15 178
179 180 181: 190 192 194 196
FAIL: libffi.call/cls_4byte.c output pattern test, is 127 120 12 128:
139 248
FAIL: libffi.call/cls_5byte.c output pattern test, is 127 120 1 12 128
9: 139 248 10
FAIL: libffi.call/cls_64byte.c execution test
FAIL: libffi.call/cls_6byte.c output pattern test, is 127 120 1 128 12
128 9 127: 139 248 10 255
FAIL: libffi.call/cls_7byte.c output pattern test, is 127 120 1 254 12
128 9 255: 139 248 10 509
FAIL: libffi.call/cls_8byte.c output pattern test, is 1 2 4 5: 5 7
FAIL: libffi.call/cls_9byte1.c output pattern test, is 7 8 1 9: 8 17
FAIL: libffi.call/cls_9byte2.c output pattern test, is 7 8 1 9: 8 17
FAIL: libffi.call/cls_align_double.c output pattern test, is 12 4951
127 1 9320 13: 13 14271 140
FAIL: libffi.call/cls_align_float.c output pattern test, is 12 4951 127
1 9320 13: 13 14271 140
FAIL: libffi.call/cls_align_longdouble.c output pattern test, is 12
4951 127 1 9320 13: 13 14271 140
FAIL: libffi.call/cls_align_pointer.c output pattern test, is 12 4951
127 1 9320 13: 13 14271 140
FAIL: libffi.call/cls_align_sint16.c output pattern test, is 12 4951
127 1 9320 13: 13 14271 140
FAIL: libffi.call/cls_align_sint32.c output pattern test, is 12 4951
127 1 9320 13: 13 14271 140
FAIL: libffi.call/cls_align_sint64.c output pattern test, is 12 4951
127 1 9320 13: 13 14271 140
FAIL: libffi.call/cls_align_uint16.c output pattern test, is 12 4951
127 1 9320 13: 13 14271 140
FAIL: libffi.call/cls_align_uint32.c output pattern test, is 12 4951
127 1 9320 13: 13 14271 140
FAIL: libffi.call/cls_align_uint64.c output pattern test, is 12 4951
127 1 9320 13: 13 14271 140
FAIL: libffi.call/nested_struct.c execution test
FAIL: libffi.call/nested_struct1.c output pattern test, is 9 2 6 1 2 3
4 5 6 3 1 8 3 2 4: 15 10 13 10 12 13
FAIL: libffi.call/nested_struct2.c output pattern test, is 1 7 12 127
99: 13 233 134
FAIL: libffi.call/nested_struct3.c output pattern test, is 1 7 12 127
99: 13 233 134
FAIL: libffi.call/problem1.c output pattern test, is 1 2 3 1 2 3: 2 4
6
FAIL: libffi.call/pyobjc-tc.c execution test

                === libffi Summary ===

# of expected passes            171
# of unexpected failures        37
# of unsupported tests          2
                === libjava tests ===


Running target unix
FAIL: linking simple
FAIL:
/home/ritzert/gcc/HEAD/gcc/libjava/testsuite/libjava.jar/simple.jar
execution - gij test

                === libjava Summary ===

# of expected passes            3258
# of unexpected failures        2
# of expected failures          11
# of untested testcases         9

                === libstdc++-v3 check-abi Summary ===

# of added symbols:              230
# of missing symbols:            244
# of incompatible symbols:       251
                === libstdc++ tests ===


Running target unix
FAIL: 22_locale/locale/cons/12352.cc execution test
FAIL: 22_locale/messages/members/char/1.cc execution test
FAIL: 22_locale/messages/members/char/2.cc execution test
FAIL: 22_locale/messages/members/char/wrapped_env.cc execution test
FAIL: 22_locale/messages/members/char/wrapped_locale.cc execution test
FAIL: 22_locale/messages_byname/named_equivalence.cc execution test
XPASS: 26_numerics/c99_classification_macros_c.cc (test for excess
errors)

                === libstdc++ Summary ===

# of expected passes            2460
# of unexpected failures        6
# of unexpected successes       1
# of expected failures          11

Compiler version: 3.4.0 20031223 (experimental)
Platform: x86_64-unknown-linux-gnu
configure flags: --prefix=/opt/gcc-HEAD --disable-nls


Index Nav: [Date Index] [Subject Index] [Author Index] [Thread Index]
Message Nav: [Date Prev] [Date Next] [Thread Prev] [Thread Next]