This is the mail archive of the gcc-testresults@gcc.gnu.org mailing list for the GCC project.


Index Nav: [Date Index] [Subject Index] [Author Index] [Thread Index]
Message Nav: [Date Prev] [Date Next] [Thread Prev] [Thread Next]
Other format: [Raw text]

Results for 3.4 20031127 (experimental) testsuite on mips-sgi-irix6.5


LAST_UPDATED: Thu Nov 27 13:27:15 UTC 2003

		=== acats tests ===
FAIL:	c34005a
FAIL:	c34005d
FAIL:	c34005g
FAIL:	c34005j
FAIL:	ce3806d
FAIL:	ce3806e
FAIL:	ce3810a
FAIL:	cxaa008
FAIL:	cxaa009
FAIL:	cxb3010
FAIL:	cxb3014
Native configuration is mips-sgi-irix6.5

		=== g++ tests ===


Running target unix
FAIL: g++.dg/expr/anew1.C execution test
FAIL: g++.dg/expr/anew2.C execution test
FAIL: g++.dg/expr/anew3.C execution test
FAIL: g++.dg/expr/anew4.C execution test
XPASS: g++.dg/ext/lvalue1.C not an lvalue (test for errors, line 7)
FAIL: g++.dg/ext/pretty1.C scan-assembler int bar\\(T\\).*with T = int
FAIL: g++.dg/ext/pretty1.C scan-assembler top level
FAIL: g++.dg/ext/pretty1.C scan-assembler int main\\(\\)
FAIL: g++.dg/ext/pretty1.C scan-assembler int bar\\(T\\).*with T = double
FAIL: g++.dg/ext/pretty1.C scan-assembler int bar\\(T\\).*with T = unsigned char*
FAIL: g++.dg/lookup/using9.C  (test for errors, line 7)
FAIL: g++.dg/lookup/using9.C  (test for errors, line 8)
FAIL: g++.dg/lookup/using9.C  (test for errors, line 12)
FAIL: g++.dg/lookup/using9.C  (test for errors, line 13)
FAIL: g++.dg/lookup/using9.C  (test for errors, line 14)
FAIL: g++.dg/lookup/using9.C  (test for errors, line 22)
FAIL: g++.dg/lookup/using9.C  (test for errors, line 23)
FAIL: g++.dg/lookup/using9.C (test for excess errors)
FAIL: g++.dg/template/ptrmem7.C  (test for errors, line 38)
FAIL: g++.dg/template/ptrmem7.C  (test for errors, line 39)
FAIL: g++.dg/template/ptrmem7.C  (test for errors, line 43)
FAIL: g++.dg/template/ptrmem7.C (test for excess errors)
XPASS: g++.dg/warn/Wunused-2.C  (test for warnings, line 5)
FAIL: g++.dg/pch/system-1.C -g assembly comparison
FAIL: g++.dg/pch/system-2.C -g assembly comparison
FAIL: g++.old-deja/g++.jason/thunk1.C (test for excess errors)
WARNING: g++.old-deja/g++.jason/thunk1.C compilation failed to produce executable
FAIL: g++.old-deja/g++.jason/thunk2.C (test for excess errors)
WARNING: g++.old-deja/g++.jason/thunk2.C compilation failed to produce executable
FAIL: g++.old-deja/g++.jason/thunk3.C (test for excess errors)
WARNING: g++.old-deja/g++.jason/thunk3.C compilation failed to produce executable
FAIL: g++.old-deja/g++.law/profile1.C (test for excess errors)
WARNING: g++.old-deja/g++.law/profile1.C compilation failed to produce executable
WARNING: g++.old-deja/g++.mike/p10769a.C compilation failed to produce executable
WARNING: g++.old-deja/g++.other/enum5.C compilation failed to produce executable
WARNING: g++.old-deja/g++.pt/friend44.C compilation failed to produce executable

		=== g++ Summary for unix ===

# of expected passes		8761
# of unexpected failures	27
# of unexpected successes	2
# of expected failures		60
# of unsupported tests		62

Running target unix/-mabi=32
FAIL: g++.dg/compat/eh/new1 cp_compat_x_tst.o-cp_compat_y_tst.o execute 
FAIL: g++.dg/compat/eh/unexpected1 cp_compat_x_tst.o-cp_compat_y_tst.o execute 
FAIL: g++.dg/compat/init/array5 cp_compat_x_tst.o-cp_compat_y_tst.o execute 
WARNING: program timed out.
FAIL: g++.dg/eh/cleanup1.C (test for excess errors)
FAIL: g++.dg/eh/crossjump1.C execution test
FAIL: g++.dg/eh/delayslot1.C execution test
FAIL: g++.dg/eh/filter2.C execution test
FAIL: g++.dg/eh/forced1.C execution test
FAIL: g++.dg/eh/registers1.C execution test
FAIL: g++.dg/eh/unexpected1.C execution test
FAIL: g++.dg/expr/anew1.C execution test
FAIL: g++.dg/expr/anew2.C execution test
FAIL: g++.dg/expr/anew3.C execution test
FAIL: g++.dg/expr/anew4.C execution test
XPASS: g++.dg/ext/lvalue1.C not an lvalue (test for errors, line 7)
FAIL: g++.dg/ext/pretty1.C scan-assembler int bar\\(T\\).*with T = int
FAIL: g++.dg/ext/pretty1.C scan-assembler top level
FAIL: g++.dg/ext/pretty1.C scan-assembler int main\\(\\)
FAIL: g++.dg/ext/pretty1.C scan-assembler int bar\\(T\\).*with T = double
FAIL: g++.dg/ext/pretty1.C scan-assembler int bar\\(T\\).*with T = unsigned char*
FAIL: g++.dg/init/array5.C execution test
FAIL: g++.dg/init/ctor1.C execution test
FAIL: g++.dg/lookup/using9.C  (test for errors, line 7)
FAIL: g++.dg/lookup/using9.C  (test for errors, line 8)
FAIL: g++.dg/lookup/using9.C  (test for errors, line 12)
FAIL: g++.dg/lookup/using9.C  (test for errors, line 13)
FAIL: g++.dg/lookup/using9.C  (test for errors, line 14)
FAIL: g++.dg/lookup/using9.C  (test for errors, line 22)
FAIL: g++.dg/lookup/using9.C  (test for errors, line 23)
FAIL: g++.dg/lookup/using9.C (test for excess errors)
FAIL: g++.dg/opt/inline4.C scan-assembler-not _Z1g
FAIL: g++.dg/opt/template1.C scan-assembler-not foo1
FAIL: g++.dg/parse/attr-ctor1.C (test for excess errors)
FAIL: g++.dg/template/ptrmem7.C  (test for errors, line 38)
FAIL: g++.dg/template/ptrmem7.C  (test for errors, line 39)
FAIL: g++.dg/template/ptrmem7.C  (test for errors, line 43)
FAIL: g++.dg/template/ptrmem7.C (test for excess errors)
XPASS: g++.dg/warn/Wunused-2.C  (test for warnings, line 5)
FAIL: g++.old-deja/g++.abi/cxa_vec.C execution test
FAIL: g++.old-deja/g++.eh/badalloc1.C execution test
FAIL: g++.old-deja/g++.eh/catch11.C execution test
FAIL: g++.old-deja/g++.eh/catch12.C execution test
FAIL: g++.old-deja/g++.eh/catch3.C execution test
FAIL: g++.old-deja/g++.eh/catch3p.C execution test
FAIL: g++.old-deja/g++.eh/catch4.C execution test
FAIL: g++.old-deja/g++.eh/catch4p.C execution test
FAIL: g++.old-deja/g++.eh/catch5.C execution test
FAIL: g++.old-deja/g++.eh/catch5p.C execution test
FAIL: g++.old-deja/g++.eh/catch6.C execution test
FAIL: g++.old-deja/g++.eh/catch6p.C execution test
FAIL: g++.old-deja/g++.eh/catch7.C execution test
FAIL: g++.old-deja/g++.eh/catch7p.C execution test
FAIL: g++.old-deja/g++.eh/catch8.C execution test
FAIL: g++.old-deja/g++.eh/catch8p.C execution test
FAIL: g++.old-deja/g++.eh/catch9.C execution test
FAIL: g++.old-deja/g++.eh/catch9p.C execution test
FAIL: g++.old-deja/g++.eh/fntry1.C execution test
FAIL: g++.old-deja/g++.eh/ia64-1.C execution test
FAIL: g++.old-deja/g++.eh/inline2.C execution test
FAIL: g++.old-deja/g++.eh/rethrow3.C execution test
FAIL: g++.old-deja/g++.eh/spec2.C execution test
FAIL: g++.old-deja/g++.eh/spec3.C execution test
FAIL: g++.old-deja/g++.eh/spec4.C execution test
FAIL: g++.old-deja/g++.ext/attrib5.C execution test
FAIL: g++.old-deja/g++.jason/thunk1.C (test for excess errors)
WARNING: g++.old-deja/g++.jason/thunk1.C compilation failed to produce executable
FAIL: g++.old-deja/g++.jason/thunk2.C (test for excess errors)
WARNING: g++.old-deja/g++.jason/thunk2.C compilation failed to produce executable
FAIL: g++.old-deja/g++.jason/thunk3.C (test for excess errors)
WARNING: g++.old-deja/g++.jason/thunk3.C compilation failed to produce executable
FAIL: g++.old-deja/g++.law/profile1.C (test for excess errors)
WARNING: g++.old-deja/g++.law/profile1.C compilation failed to produce executable
FAIL: g++.old-deja/g++.martin/new1.C execution test
FAIL: g++.old-deja/g++.mike/eh23.C execution test
FAIL: g++.old-deja/g++.mike/eh33.C execution test
FAIL: g++.old-deja/g++.mike/eh39.C execution test
FAIL: g++.old-deja/g++.mike/eh40.C execution test
FAIL: g++.old-deja/g++.mike/eh50.C execution test
FAIL: g++.old-deja/g++.mike/eh51.C execution test
WARNING: g++.old-deja/g++.mike/p10769a.C compilation failed to produce executable
WARNING: g++.old-deja/g++.other/enum5.C compilation failed to produce executable
WARNING: g++.old-deja/g++.pt/friend44.C compilation failed to produce executable
FAIL: g++.old-deja/g++.robertl/eh990323-1.C execution test
FAIL: g++.old-deja/g++.robertl/eh990323-2.C execution test
FAIL: g++.old-deja/g++.robertl/eh990323-4.C execution test
FAIL: g++.old-deja/g++.robertl/eh990323-5.C execution test
FAIL: g++.old-deja/g++.robertl/ice990323-2.C execution test

		=== g++ Summary for unix/-mabi=32 ===

# of expected passes		9430
# of unexpected failures	78
# of unexpected successes	2
# of expected failures		60
# of unsupported tests		62

Running target unix/-mabi=64
FAIL: g++.dg/expr/anew1.C execution test
FAIL: g++.dg/expr/anew2.C execution test
FAIL: g++.dg/expr/anew3.C execution test
FAIL: g++.dg/expr/anew4.C execution test
XPASS: g++.dg/ext/lvalue1.C not an lvalue (test for errors, line 7)
FAIL: g++.dg/ext/pretty1.C scan-assembler int bar\\(T\\).*with T = int
FAIL: g++.dg/ext/pretty1.C scan-assembler top level
FAIL: g++.dg/ext/pretty1.C scan-assembler int main\\(\\)
FAIL: g++.dg/ext/pretty1.C scan-assembler int bar\\(T\\).*with T = double
FAIL: g++.dg/ext/pretty1.C scan-assembler int bar\\(T\\).*with T = unsigned char*
FAIL: g++.dg/lookup/using9.C  (test for errors, line 7)
FAIL: g++.dg/lookup/using9.C  (test for errors, line 8)
FAIL: g++.dg/lookup/using9.C  (test for errors, line 12)
FAIL: g++.dg/lookup/using9.C  (test for errors, line 13)
FAIL: g++.dg/lookup/using9.C  (test for errors, line 14)
FAIL: g++.dg/lookup/using9.C  (test for errors, line 22)
FAIL: g++.dg/lookup/using9.C  (test for errors, line 23)
FAIL: g++.dg/lookup/using9.C (test for excess errors)
FAIL: g++.dg/template/ptrmem7.C  (test for errors, line 38)
FAIL: g++.dg/template/ptrmem7.C  (test for errors, line 39)
FAIL: g++.dg/template/ptrmem7.C  (test for errors, line 43)
FAIL: g++.dg/template/ptrmem7.C (test for excess errors)
XPASS: g++.dg/warn/Wunused-2.C  (test for warnings, line 5)
FAIL: g++.dg/pch/system-1.C -g assembly comparison
FAIL: g++.dg/pch/system-2.C -g assembly comparison
FAIL: g++.old-deja/g++.jason/thunk1.C (test for excess errors)
WARNING: g++.old-deja/g++.jason/thunk1.C compilation failed to produce executable
FAIL: g++.old-deja/g++.jason/thunk2.C (test for excess errors)
WARNING: g++.old-deja/g++.jason/thunk2.C compilation failed to produce executable
FAIL: g++.old-deja/g++.jason/thunk3.C (test for excess errors)
WARNING: g++.old-deja/g++.jason/thunk3.C compilation failed to produce executable
FAIL: g++.old-deja/g++.law/profile1.C (test for excess errors)
WARNING: g++.old-deja/g++.law/profile1.C compilation failed to produce executable
WARNING: g++.old-deja/g++.mike/p10769a.C compilation failed to produce executable
WARNING: g++.old-deja/g++.other/enum5.C compilation failed to produce executable
WARNING: g++.old-deja/g++.pt/friend44.C compilation failed to produce executable

		=== g++ Summary for unix/-mabi=64 ===

# of expected passes		8761
# of unexpected failures	27
# of unexpected successes	2
# of expected failures		60
# of unsupported tests		62

		=== g++ Summary ===

# of expected passes		26952
# of unexpected failures	132
# of unexpected successes	6
# of expected failures		180
# of unsupported tests		186
/.vol/gcc/obj/gcc-3.4-20031127/6.5-gcc-java/gcc/testsuite/../g++ version 3.4 20031127 (experimental)

		=== g77 tests ===


Running target unix

		=== g77 Summary for unix ===

# of expected passes		1752
# of expected failures		1
# of untested testcases		1
# of unsupported tests		6

Running target unix/-mabi=32
FAIL: g77.dg/f77-edit-apostrophe-out.f (test for excess errors)
WARNING: g77.dg/f77-edit-apostrophe-out.f compilation failed to produce executable
FAIL: g77.dg/f77-edit-apostrophe-out.f (test for excess errors)
WARNING: g77.dg/f77-edit-apostrophe-out.f compilation failed to produce executable
FAIL: g77.dg/f77-edit-apostrophe-out.f (test for excess errors)
WARNING: g77.dg/f77-edit-apostrophe-out.f compilation failed to produce executable
FAIL: g77.dg/f77-edit-apostrophe-out.f (test for excess errors)
WARNING: g77.dg/f77-edit-apostrophe-out.f compilation failed to produce executable
FAIL: g77.dg/f77-edit-apostrophe-out.f (test for excess errors)
WARNING: g77.dg/f77-edit-apostrophe-out.f compilation failed to produce executable
FAIL: g77.dg/f77-edit-apostrophe-out.f (test for excess errors)
WARNING: g77.dg/f77-edit-apostrophe-out.f compilation failed to produce executable
FAIL: g77.dg/f77-edit-apostrophe-out.f (test for excess errors)
WARNING: g77.dg/f77-edit-apostrophe-out.f compilation failed to produce executable
FAIL: g77.dg/f77-edit-apostrophe-out.f (test for excess errors)
WARNING: g77.dg/f77-edit-apostrophe-out.f compilation failed to produce executable
FAIL: g77.dg/fbackslash.f (test for excess errors)
WARNING: g77.dg/fbackslash.f compilation failed to produce executable
FAIL: g77.dg/fbackslash.f (test for excess errors)
WARNING: g77.dg/fbackslash.f compilation failed to produce executable
FAIL: g77.dg/fbackslash.f (test for excess errors)
WARNING: g77.dg/fbackslash.f compilation failed to produce executable
FAIL: g77.dg/fbackslash.f (test for excess errors)
WARNING: g77.dg/fbackslash.f compilation failed to produce executable
FAIL: g77.dg/fbackslash.f (test for excess errors)
WARNING: g77.dg/fbackslash.f compilation failed to produce executable
FAIL: g77.dg/fbackslash.f (test for excess errors)
WARNING: g77.dg/fbackslash.f compilation failed to produce executable
FAIL: g77.dg/fcase-preserve.f (test for excess errors)
WARNING: g77.dg/fcase-preserve.f compilation failed to produce executable
FAIL: g77.dg/fcase-preserve.f (test for excess errors)
WARNING: g77.dg/fcase-preserve.f compilation failed to produce executable
FAIL: g77.dg/fcase-preserve.f (test for excess errors)
WARNING: g77.dg/fcase-preserve.f compilation failed to produce executable
FAIL: g77.dg/fcase-preserve.f (test for excess errors)
WARNING: g77.dg/fcase-preserve.f compilation failed to produce executable
FAIL: g77.dg/fcase-preserve.f (test for excess errors)
WARNING: g77.dg/fcase-preserve.f compilation failed to produce executable
FAIL: g77.dg/fcase-preserve.f (test for excess errors)
WARNING: g77.dg/fcase-preserve.f compilation failed to produce executable
FAIL: g77.dg/fno-backslash.f (test for excess errors)
WARNING: g77.dg/fno-backslash.f compilation failed to produce executable
FAIL: g77.dg/fno-backslash.f (test for excess errors)
WARNING: g77.dg/fno-backslash.f compilation failed to produce executable
FAIL: g77.dg/fno-backslash.f (test for excess errors)
WARNING: g77.dg/fno-backslash.f compilation failed to produce executable
FAIL: g77.dg/fno-backslash.f (test for excess errors)
WARNING: g77.dg/fno-backslash.f compilation failed to produce executable
FAIL: g77.dg/fno-backslash.f (test for excess errors)
WARNING: g77.dg/fno-backslash.f compilation failed to produce executable
FAIL: g77.dg/fno-backslash.f (test for excess errors)
WARNING: g77.dg/fno-backslash.f compilation failed to produce executable
FAIL: g77.dg/fno-onetrip.f (test for excess errors)
WARNING: g77.dg/fno-onetrip.f compilation failed to produce executable
FAIL: g77.dg/fno-onetrip.f (test for excess errors)
WARNING: g77.dg/fno-onetrip.f compilation failed to produce executable
FAIL: g77.dg/fno-onetrip.f (test for excess errors)
WARNING: g77.dg/fno-onetrip.f compilation failed to produce executable
FAIL: g77.dg/fno-onetrip.f (test for excess errors)
WARNING: g77.dg/fno-onetrip.f compilation failed to produce executable
FAIL: g77.dg/fno-onetrip.f (test for excess errors)
WARNING: g77.dg/fno-onetrip.f compilation failed to produce executable
FAIL: g77.dg/fno-onetrip.f (test for excess errors)
WARNING: g77.dg/fno-onetrip.f compilation failed to produce executable
FAIL: g77.dg/pr3743-1.f (test for excess errors)
FAIL: g77.dg/pr3743-1.f (test for excess errors)
FAIL: g77.dg/pr3743-1.f (test for excess errors)
FAIL: g77.dg/pr3743-1.f (test for excess errors)
FAIL: g77.dg/pr3743-1.f (test for excess errors)
FAIL: g77.dg/pr3743-1.f (test for excess errors)
FAIL: g77.dg/pr3743-2.f (test for excess errors)
FAIL: g77.dg/pr3743-2.f (test for excess errors)
FAIL: g77.dg/pr3743-2.f (test for excess errors)
FAIL: g77.dg/pr3743-2.f (test for excess errors)
FAIL: g77.dg/pr3743-2.f (test for excess errors)
FAIL: g77.dg/pr3743-2.f (test for excess errors)
FAIL: g77.dg/pr3743-3.f (test for excess errors)
FAIL: g77.dg/pr3743-3.f (test for excess errors)
FAIL: g77.dg/pr3743-3.f (test for excess errors)
FAIL: g77.dg/pr3743-3.f (test for excess errors)
FAIL: g77.dg/pr3743-3.f (test for excess errors)
FAIL: g77.dg/pr3743-3.f (test for excess errors)
FAIL: g77.dg/pr3743-4.f (test for excess errors)
FAIL: g77.dg/pr3743-4.f (test for excess errors)
FAIL: g77.dg/pr3743-4.f (test for excess errors)
FAIL: g77.dg/pr3743-4.f (test for excess errors)
FAIL: g77.dg/pr3743-4.f (test for excess errors)
FAIL: g77.dg/pr3743-4.f (test for excess errors)
FAIL: g77.f-torture/execute/19981119-0.f compilation,  -O0 
FAIL: g77.f-torture/execute/19981119-0.f compilation,  -O1 
FAIL: g77.f-torture/execute/19981119-0.f compilation,  -O2 
FAIL: g77.f-torture/execute/19981119-0.f compilation,  -O3 -fomit-frame-pointer 
FAIL: g77.f-torture/execute/19981119-0.f compilation,  -O3 -g 
FAIL: g77.f-torture/execute/19981119-0.f compilation,  -Os 
FAIL: g77.f-torture/execute/19990313-0.f compilation,  -O0 
FAIL: g77.f-torture/execute/19990313-0.f compilation,  -O1 
FAIL: g77.f-torture/execute/19990313-0.f compilation,  -O2 
FAIL: g77.f-torture/execute/19990313-0.f compilation,  -O3 -fomit-frame-pointer 
FAIL: g77.f-torture/execute/19990313-0.f compilation,  -O3 -g 
FAIL: g77.f-torture/execute/19990313-0.f compilation,  -Os 
FAIL: g77.f-torture/execute/19990313-1.f compilation,  -O0 
FAIL: g77.f-torture/execute/19990313-1.f compilation,  -O1 
FAIL: g77.f-torture/execute/19990313-1.f compilation,  -O2 
FAIL: g77.f-torture/execute/19990313-1.f compilation,  -O3 -fomit-frame-pointer 
FAIL: g77.f-torture/execute/19990313-1.f compilation,  -O3 -g 
FAIL: g77.f-torture/execute/19990313-1.f compilation,  -Os 
FAIL: g77.f-torture/execute/19990313-2.f compilation,  -O0 
FAIL: g77.f-torture/execute/19990313-2.f compilation,  -O1 
FAIL: g77.f-torture/execute/19990313-2.f compilation,  -O2 
FAIL: g77.f-torture/execute/19990313-2.f compilation,  -O3 -fomit-frame-pointer 
FAIL: g77.f-torture/execute/19990313-2.f compilation,  -O3 -g 
FAIL: g77.f-torture/execute/19990313-2.f compilation,  -Os 
FAIL: g77.f-torture/execute/19990313-3.f compilation,  -O0 
FAIL: g77.f-torture/execute/19990313-3.f compilation,  -O1 
FAIL: g77.f-torture/execute/19990313-3.f compilation,  -O2 
FAIL: g77.f-torture/execute/19990313-3.f compilation,  -O3 -fomit-frame-pointer 
FAIL: g77.f-torture/execute/19990313-3.f compilation,  -O3 -g 
FAIL: g77.f-torture/execute/19990313-3.f compilation,  -Os 
FAIL: g77.f-torture/execute/19990419-1.f compilation,  -O0 
FAIL: g77.f-torture/execute/19990419-1.f compilation,  -O1 
FAIL: g77.f-torture/execute/19990419-1.f compilation,  -O2 
FAIL: g77.f-torture/execute/19990419-1.f compilation,  -O3 -fomit-frame-pointer 
FAIL: g77.f-torture/execute/19990419-1.f compilation,  -O3 -fomit-frame-pointer -funroll-loops 
FAIL: g77.f-torture/execute/19990419-1.f compilation,  -O3 -fomit-frame-pointer -funroll-all-loops -finline-functions 
FAIL: g77.f-torture/execute/19990419-1.f compilation,  -O3 -g 
FAIL: g77.f-torture/execute/19990419-1.f compilation,  -Os 
FAIL: g77.f-torture/execute/19990826-0.f compilation,  -O0 
FAIL: g77.f-torture/execute/19990826-0.f compilation,  -O1 
FAIL: g77.f-torture/execute/19990826-0.f compilation,  -O2 
FAIL: g77.f-torture/execute/19990826-0.f compilation,  -O3 -fomit-frame-pointer 
FAIL: g77.f-torture/execute/19990826-0.f compilation,  -O3 -g 
FAIL: g77.f-torture/execute/19990826-0.f compilation,  -Os 
FAIL: g77.f-torture/execute/20010610.f compilation,  -O0 
FAIL: g77.f-torture/execute/20010610.f compilation,  -O1 
FAIL: g77.f-torture/execute/20010610.f compilation,  -O2 
FAIL: g77.f-torture/execute/20010610.f compilation,  -O3 -fomit-frame-pointer 
FAIL: g77.f-torture/execute/20010610.f compilation,  -O3 -fomit-frame-pointer -funroll-loops 
FAIL: g77.f-torture/execute/20010610.f compilation,  -O3 -fomit-frame-pointer -funroll-all-loops -finline-functions 
FAIL: g77.f-torture/execute/20010610.f compilation,  -O3 -g 
FAIL: g77.f-torture/execute/20010610.f compilation,  -Os 
FAIL: g77.f-torture/execute/980520-1.f compilation,  -O1 
FAIL: g77.f-torture/execute/980520-1.f compilation,  -O2 
FAIL: g77.f-torture/execute/980520-1.f compilation,  -O3 -fomit-frame-pointer 
FAIL: g77.f-torture/execute/980520-1.f compilation,  -O3 -g 
FAIL: g77.f-torture/execute/980520-1.f compilation,  -Os 
FAIL: g77.f-torture/execute/auto0.f compilation,  -O0 
FAIL: g77.f-torture/execute/auto0.f compilation,  -O1 
FAIL: g77.f-torture/execute/auto0.f compilation,  -O2 
FAIL: g77.f-torture/execute/auto0.f compilation,  -O3 -fomit-frame-pointer 
FAIL: g77.f-torture/execute/auto0.f compilation,  -O3 -fomit-frame-pointer -funroll-loops 
FAIL: g77.f-torture/execute/auto0.f compilation,  -O3 -fomit-frame-pointer -funroll-all-loops -finline-functions 
FAIL: g77.f-torture/execute/auto0.f compilation,  -O3 -g 
FAIL: g77.f-torture/execute/auto0.f compilation,  -Os 
FAIL: g77.f-torture/execute/auto1.f compilation,  -O0 
FAIL: g77.f-torture/execute/auto1.f compilation,  -O1 
FAIL: g77.f-torture/execute/auto1.f compilation,  -O2 
FAIL: g77.f-torture/execute/auto1.f compilation,  -O3 -fomit-frame-pointer 
FAIL: g77.f-torture/execute/auto1.f compilation,  -O3 -fomit-frame-pointer -funroll-loops 
FAIL: g77.f-torture/execute/auto1.f compilation,  -O3 -fomit-frame-pointer -funroll-all-loops -finline-functions 
FAIL: g77.f-torture/execute/auto1.f compilation,  -O3 -g 
FAIL: g77.f-torture/execute/auto1.f compilation,  -Os 
FAIL: g77.f-torture/execute/labug1.f compilation,  -O0 
FAIL: g77.f-torture/execute/labug1.f compilation,  -Os 
FAIL: g77.f-torture/execute/large_vec.f compilation,  -O0 
FAIL: g77.f-torture/execute/large_vec.f compilation,  -O1 
FAIL: g77.f-torture/execute/large_vec.f compilation,  -O2 
FAIL: g77.f-torture/execute/large_vec.f compilation,  -O3 -fomit-frame-pointer 
FAIL: g77.f-torture/execute/large_vec.f compilation,  -O3 -g 
FAIL: g77.f-torture/execute/large_vec.f compilation,  -Os 
FAIL: g77.f-torture/execute/cpp2.F compilation,  -O0 
FAIL: g77.f-torture/execute/cpp2.F compilation,  -O1 
FAIL: g77.f-torture/execute/cpp2.F compilation,  -O2 
FAIL: g77.f-torture/execute/cpp2.F compilation,  -O3 -fomit-frame-pointer 
FAIL: g77.f-torture/execute/cpp2.F compilation,  -O3 -g 
FAIL: g77.f-torture/execute/cpp2.F compilation,  -Os 

		=== g77 Summary for unix/-mabi=32 ===

# of expected passes		1482
# of unexpected failures	143
# of expected failures		1
# of untested testcases		88
# of unsupported tests		6

Running target unix/-mabi=64

		=== g77 Summary for unix/-mabi=64 ===

# of expected passes		1752
# of expected failures		1
# of untested testcases		1
# of unsupported tests		6

		=== g77 Summary ===

# of expected passes		4986
# of unexpected failures	143
# of expected failures		3
# of untested testcases		90
# of unsupported tests		18
/.vol/gcc/obj/gcc-3.4-20031127/6.5-gcc-java/gcc/testsuite/../g77 version 3.4 20031127 (experimental)

		=== gcc tests ===


Running target unix
WARNING: program timed out.
FAIL: gcc.c-torture/compile/20001226-1.c (test for excess errors)
WARNING: program timed out.
FAIL: gcc.c-torture/compile/20001226-1.c (test for excess errors)
WARNING: program timed out.
FAIL: gcc.c-torture/compile/20001226-1.c (test for excess errors)
WARNING: program timed out.
FAIL: gcc.c-torture/compile/20001226-1.c (test for excess errors)
UNRESOLVED: gcc.c-torture/execute/wchar_t-1.c execution,  -O0 
UNRESOLVED: gcc.c-torture/execute/wchar_t-1.c execution,  -O1 
UNRESOLVED: gcc.c-torture/execute/wchar_t-1.c execution,  -O2 
UNRESOLVED: gcc.c-torture/execute/wchar_t-1.c execution,  -O3 -fomit-frame-pointer 
UNRESOLVED: gcc.c-torture/execute/wchar_t-1.c execution,  -O3 -g 
UNRESOLVED: gcc.c-torture/execute/wchar_t-1.c execution,  -Os 
WARNING: gcc.dg/20021014-1.c compilation failed to produce executable
FAIL: gcc.dg/builtins-18.c (test for excess errors)
FAIL: gcc.dg/builtins-20.c (test for excess errors)
FAIL: gcc.dg/const-elim-2.c scan-assembler-times hi there 1
WARNING: gcc.dg/nest.c compilation failed to produce executable
XPASS: gcc.dg/sibcall-3.c execution test
XPASS: gcc.dg/sibcall-4.c execution test
FAIL: gcc.dg/unused-5.c scan-assembler string_to_look_for
FAIL: gcc.dg/special/wkali-2.c (test for excess errors)
FAIL: gcc.dg/special/wkali-2.c execution test

		=== gcc Summary for unix ===

# of expected passes		23241
# of unexpected failures	10
# of unexpected successes	2
# of expected failures		83
# of unresolved testcases	6
# of untested testcases		7
# of unsupported tests		257

Running target unix/-mabi=32
WARNING: program timed out.
FAIL: gcc.c-torture/compile/20001226-1.c (test for excess errors)
WARNING: program timed out.
FAIL: gcc.c-torture/compile/20001226-1.c (test for excess errors)
WARNING: program timed out.
FAIL: gcc.c-torture/compile/20001226-1.c (test for excess errors)
WARNING: program timed out.
FAIL: gcc.c-torture/compile/20001226-1.c (test for excess errors)
XPASS: gcc.c-torture/execute/20020227-1.c execution,  -O0 
XPASS: gcc.c-torture/execute/20020227-1.c execution,  -O1 
XPASS: gcc.c-torture/execute/20020227-1.c execution,  -O2 
XPASS: gcc.c-torture/execute/20020227-1.c execution,  -O3 -fomit-frame-pointer 
XPASS: gcc.c-torture/execute/20020227-1.c execution,  -O3 -g 
XPASS: gcc.c-torture/execute/20020227-1.c execution,  -Os 
FAIL: gcc.c-torture/execute/20021120-1.c compilation,  -Os 
UNRESOLVED: gcc.c-torture/execute/20021120-1.c execution,  -Os 
UNRESOLVED: gcc.c-torture/execute/wchar_t-1.c execution,  -O0 
UNRESOLVED: gcc.c-torture/execute/wchar_t-1.c execution,  -O1 
UNRESOLVED: gcc.c-torture/execute/wchar_t-1.c execution,  -O2 
UNRESOLVED: gcc.c-torture/execute/wchar_t-1.c execution,  -O3 -fomit-frame-pointer 
UNRESOLVED: gcc.c-torture/execute/wchar_t-1.c execution,  -O3 -g 
UNRESOLVED: gcc.c-torture/execute/wchar_t-1.c execution,  -Os 
FAIL: gcc.dg/compat/sdata-1 c_compat_x_tst.o compile
FAIL: gcc.dg/compat/sdata-1 c_compat_y_tst.o compile
UNRESOLVED: gcc.dg/compat/sdata-1 c_compat_x_tst.o-c_compat_y_tst.o link 
UNRESOLVED: gcc.dg/compat/sdata-1 c_compat_x_tst.o-c_compat_y_tst.o execute 
FAIL: gcc.dg/debug/debug-1.c scan-assembler xyzzy
FAIL: gcc.dg/debug/debug-1.c scan-assembler xyzzy
FAIL: gcc.dg/debug/debug-1.c scan-assembler xyzzy
FAIL: gcc.dg/debug/debug-1.c scan-assembler xyzzy
FAIL: gcc.dg/debug/debug-1.c scan-assembler xyzzy
FAIL: gcc.dg/debug/debug-1.c scan-assembler xyzzy
FAIL: gcc.dg/debug/debug-1.c scan-assembler xyzzy
FAIL: gcc.dg/debug/debug-1.c scan-assembler xyzzy
FAIL: gcc.dg/debug/debug-1.c scan-assembler xyzzy
FAIL: gcc.dg/debug/debug-1.c scan-assembler xyzzy
FAIL: gcc.dg/debug/debug-1.c scan-assembler xyzzy
FAIL: gcc.dg/debug/debug-1.c scan-assembler xyzzy
FAIL: gcc.dg/debug/debug-1.c scan-assembler xyzzy
FAIL: gcc.dg/debug/debug-1.c scan-assembler xyzzy
FAIL: gcc.dg/debug/debug-1.c scan-assembler xyzzy
FAIL: gcc.dg/debug/debug-1.c scan-assembler xyzzy
FAIL: gcc.dg/debug/debug-1.c scan-assembler xyzzy
FAIL: gcc.dg/debug/debug-1.c scan-assembler xyzzy
FAIL: gcc.dg/debug/debug-1.c scan-assembler xyzzy
FAIL: gcc.dg/debug/debug-1.c scan-assembler xyzzy
FAIL: gcc.dg/debug/debug-1.c scan-assembler xyzzy
FAIL: gcc.dg/debug/debug-1.c scan-assembler xyzzy
FAIL: gcc.dg/debug/debug-1.c scan-assembler xyzzy
FAIL: gcc.dg/debug/debug-1.c scan-assembler xyzzy
FAIL: gcc.dg/debug/debug-1.c scan-assembler xyzzy
FAIL: gcc.dg/debug/debug-1.c scan-assembler xyzzy
FAIL: gcc.dg/debug/debug-2.c scan-assembler xyzzy
FAIL: gcc.dg/debug/debug-2.c scan-assembler xyzzy
FAIL: gcc.dg/debug/debug-2.c scan-assembler xyzzy
FAIL: gcc.dg/debug/debug-2.c scan-assembler xyzzy
FAIL: gcc.dg/debug/debug-2.c scan-assembler xyzzy
FAIL: gcc.dg/debug/debug-2.c scan-assembler xyzzy
FAIL: gcc.dg/debug/debug-2.c scan-assembler xyzzy
FAIL: gcc.dg/debug/debug-2.c scan-assembler xyzzy
FAIL: gcc.dg/debug/debug-2.c scan-assembler xyzzy
FAIL: gcc.dg/debug/debug-2.c scan-assembler xyzzy
FAIL: gcc.dg/debug/debug-2.c scan-assembler xyzzy
FAIL: gcc.dg/debug/debug-2.c scan-assembler xyzzy
FAIL: gcc.dg/debug/debug-2.c scan-assembler xyzzy
FAIL: gcc.dg/debug/debug-2.c scan-assembler xyzzy
FAIL: gcc.dg/debug/debug-2.c scan-assembler xyzzy
FAIL: gcc.dg/debug/debug-2.c scan-assembler xyzzy
FAIL: gcc.dg/debug/debug-2.c scan-assembler xyzzy
FAIL: gcc.dg/debug/debug-2.c scan-assembler xyzzy
FAIL: gcc.dg/debug/debug-2.c scan-assembler xyzzy
FAIL: gcc.dg/debug/debug-2.c scan-assembler xyzzy
FAIL: gcc.dg/debug/debug-2.c scan-assembler xyzzy
FAIL: gcc.dg/debug/debug-2.c scan-assembler xyzzy
FAIL: gcc.dg/debug/debug-2.c scan-assembler xyzzy
FAIL: gcc.dg/debug/debug-2.c scan-assembler xyzzy
FAIL: gcc.dg/debug/debug-2.c scan-assembler xyzzy
FAIL: gcc.dg/debug/debug-2.c scan-assembler xyzzy
FAIL: gcc.dg/debug/debug-6.c scan-assembler xyzzy
FAIL: gcc.dg/debug/debug-6.c scan-assembler xyzzy
FAIL: gcc.dg/debug/debug-6.c scan-assembler xyzzy
FAIL: gcc.dg/debug/debug-6.c scan-assembler xyzzy
FAIL: gcc.dg/debug/debug-6.c scan-assembler xyzzy
FAIL: gcc.dg/debug/debug-6.c scan-assembler xyzzy
FAIL: gcc.dg/debug/debug-6.c scan-assembler xyzzy
FAIL: gcc.dg/debug/debug-6.c scan-assembler xyzzy
FAIL: gcc.dg/debug/debug-6.c scan-assembler xyzzy
FAIL: gcc.dg/debug/debug-6.c scan-assembler xyzzy
FAIL: gcc.dg/debug/debug-6.c scan-assembler xyzzy
FAIL: gcc.dg/debug/debug-6.c scan-assembler xyzzy
FAIL: gcc.dg/debug/debug-6.c scan-assembler xyzzy
FAIL: gcc.dg/debug/debug-6.c scan-assembler xyzzy
FAIL: gcc.dg/debug/debug-6.c scan-assembler xyzzy
FAIL: gcc.dg/debug/debug-6.c scan-assembler xyzzy
FAIL: gcc.dg/debug/debug-6.c scan-assembler xyzzy
FAIL: gcc.dg/debug/debug-6.c scan-assembler xyzzy
FAIL: gcc.dg/debug/debug-6.c scan-assembler xyzzy
FAIL: gcc.dg/debug/debug-6.c scan-assembler xyzzy
FAIL: gcc.dg/debug/debug-6.c scan-assembler xyzzy
FAIL: gcc.dg/debug/debug-6.c scan-assembler xyzzy
FAIL: gcc.dg/debug/debug-6.c scan-assembler xyzzy
FAIL: gcc.dg/debug/debug-6.c scan-assembler xyzzy
FAIL: gcc.dg/debug/debug-6.c scan-assembler xyzzy
FAIL: gcc.dg/debug/debug-6.c scan-assembler xyzzy
FAIL: gcc.dg/debug/debug-6.c scan-assembler xyzzy
FAIL: gcc.dg/debug/debug-6.c scan-assembler xyzzy
FAIL: gcc.dg/debug/debug-6.c scan-assembler xyzzy
FAIL: gcc.dg/debug/debug-6.c scan-assembler xyzzy
FAIL: gcc.dg/debug/debug-6.c scan-assembler xyzzy
FAIL: gcc.dg/debug/debug-6.c scan-assembler xyzzy
FAIL: gcc.dg/debug/debug-6.c scan-assembler xyzzy
FAIL: gcc.dg/debug/debug-6.c scan-assembler xyzzy
FAIL: gcc.dg/debug/debug-6.c scan-assembler xyzzy
FAIL: gcc.dg/debug/debug-6.c scan-assembler xyzzy
WARNING: gcc.dg/20021014-1.c compilation failed to produce executable
FAIL: gcc.dg/builtin-apply2.c execution test
FAIL: gcc.dg/builtins-1.c scan-assembler-not __builtin_
FAIL: gcc.dg/builtins-18.c (test for excess errors)
FAIL: gcc.dg/builtins-20.c (test for excess errors)
FAIL: gcc.dg/const-elim-2.c scan-assembler-times hi there 1
FAIL: gcc.dg/funcorder.c scan-assembler-not link_error
FAIL: gcc.dg/inline-1.c scan-assembler-not xyzzy
WARNING: gcc.dg/nest.c compilation failed to produce executable
XPASS: gcc.dg/sibcall-3.c execution test
XPASS: gcc.dg/sibcall-4.c execution test
FAIL: gcc.dg/unused-5.c scan-assembler string_to_look_for
FAIL: gcc.dg/special/wkali-2.c (test for excess errors)
FAIL: gcc.dg/torture/mips-sdata-1.c (test for excess errors)
ERROR: gcc.dg/torture/mips-sdata-1.c: error executing dg-final: couldn't open "mips-sdata-1.s": no such file or directory
UNRESOLVED: gcc.dg/torture/mips-sdata-1.c: error executing dg-final: couldn't open "mips-sdata-1.s": no such file or directory
FAIL: gcc.dg/torture/mips-sdata-1.c (test for excess errors)
ERROR: gcc.dg/torture/mips-sdata-1.c: error executing dg-final: couldn't open "mips-sdata-1.s": no such file or directory
UNRESOLVED: gcc.dg/torture/mips-sdata-1.c: error executing dg-final: couldn't open "mips-sdata-1.s": no such file or directory
FAIL: gcc.dg/torture/mips-sdata-1.c (test for excess errors)
ERROR: gcc.dg/torture/mips-sdata-1.c: error executing dg-final: couldn't open "mips-sdata-1.s": no such file or directory
UNRESOLVED: gcc.dg/torture/mips-sdata-1.c: error executing dg-final: couldn't open "mips-sdata-1.s": no such file or directory
FAIL: gcc.dg/torture/mips-sdata-1.c (test for excess errors)
ERROR: gcc.dg/torture/mips-sdata-1.c: error executing dg-final: couldn't open "mips-sdata-1.s": no such file or directory
UNRESOLVED: gcc.dg/torture/mips-sdata-1.c: error executing dg-final: couldn't open "mips-sdata-1.s": no such file or directory
FAIL: gcc.dg/torture/mips-sdata-1.c (test for excess errors)
ERROR: gcc.dg/torture/mips-sdata-1.c: error executing dg-final: couldn't open "mips-sdata-1.s": no such file or directory
UNRESOLVED: gcc.dg/torture/mips-sdata-1.c: error executing dg-final: couldn't open "mips-sdata-1.s": no such file or directory
FAIL: gcc.dg/torture/mips-sdata-1.c (test for excess errors)
ERROR: gcc.dg/torture/mips-sdata-1.c: error executing dg-final: couldn't open "mips-sdata-1.s": no such file or directory
UNRESOLVED: gcc.dg/torture/mips-sdata-1.c: error executing dg-final: couldn't open "mips-sdata-1.s": no such file or directory

		=== gcc Summary for unix/-mabi=32 ===

# of expected passes		24037
# of unexpected failures	110
# of unexpected successes	8
# of expected failures		77
# of unresolved testcases	15
# of untested testcases		7
# of unsupported tests		257

Running target unix/-mabi=64
WARNING: program timed out.
FAIL: gcc.c-torture/compile/20001226-1.c (test for excess errors)
WARNING: program timed out.
FAIL: gcc.c-torture/compile/20001226-1.c (test for excess errors)
WARNING: program timed out.
FAIL: gcc.c-torture/compile/20001226-1.c (test for excess errors)
WARNING: program timed out.
FAIL: gcc.c-torture/compile/20001226-1.c (test for excess errors)
FAIL: gcc.c-torture/compile/20031023-1.c (test for excess errors)
FAIL: gcc.c-torture/compile/20031023-1.c (test for excess errors)
FAIL: gcc.c-torture/compile/20031023-1.c (test for excess errors)
FAIL: gcc.c-torture/compile/20031023-1.c (test for excess errors)
FAIL: gcc.c-torture/compile/20031023-1.c (test for excess errors)
FAIL: gcc.c-torture/compile/20031023-1.c (test for excess errors)
FAIL: gcc.c-torture/compile/20031023-2.c (test for excess errors)
FAIL: gcc.c-torture/compile/20031023-2.c (test for excess errors)
FAIL: gcc.c-torture/compile/20031023-2.c (test for excess errors)
FAIL: gcc.c-torture/compile/20031023-2.c (test for excess errors)
FAIL: gcc.c-torture/compile/20031023-2.c (test for excess errors)
FAIL: gcc.c-torture/compile/20031023-2.c (test for excess errors)
FAIL: gcc.c-torture/compile/20031023-3.c (test for excess errors)
FAIL: gcc.c-torture/compile/20031023-3.c (test for excess errors)
FAIL: gcc.c-torture/compile/20031023-3.c (test for excess errors)
FAIL: gcc.c-torture/compile/20031023-3.c (test for excess errors)
FAIL: gcc.c-torture/compile/20031023-3.c (test for excess errors)
FAIL: gcc.c-torture/compile/20031023-3.c (test for excess errors)
UNRESOLVED: gcc.c-torture/execute/wchar_t-1.c execution,  -O0 
UNRESOLVED: gcc.c-torture/execute/wchar_t-1.c execution,  -O1 
UNRESOLVED: gcc.c-torture/execute/wchar_t-1.c execution,  -O2 
UNRESOLVED: gcc.c-torture/execute/wchar_t-1.c execution,  -O3 -fomit-frame-pointer 
UNRESOLVED: gcc.c-torture/execute/wchar_t-1.c execution,  -O3 -g 
UNRESOLVED: gcc.c-torture/execute/wchar_t-1.c execution,  -Os 
WARNING: gcc.dg/20021014-1.c compilation failed to produce executable
FAIL: gcc.dg/builtins-18.c (test for excess errors)
FAIL: gcc.dg/builtins-20.c (test for excess errors)
FAIL: gcc.dg/const-elim-2.c scan-assembler-times hi there 1
FAIL: gcc.dg/funcorder.c scan-assembler-not link_error
WARNING: gcc.dg/nest.c compilation failed to produce executable
XPASS: gcc.dg/sibcall-3.c execution test
XPASS: gcc.dg/sibcall-4.c execution test
FAIL: gcc.dg/unused-5.c scan-assembler string_to_look_for
FAIL: gcc.dg/special/wkali-2.c (test for excess errors)
FAIL: gcc.dg/special/wkali-2.c execution test

		=== gcc Summary for unix/-mabi=64 ===

# of expected passes		23222
# of unexpected failures	29
# of unexpected successes	2
# of expected failures		83
# of unresolved testcases	6
# of untested testcases		7
# of unsupported tests		257

		=== gcc Summary ===

# of expected passes		70500
# of unexpected failures	149
# of unexpected successes	12
# of expected failures		243
# of unresolved testcases	27
# of untested testcases		21
# of unsupported tests		771
/.vol/gcc/obj/gcc-3.4-20031127/6.5-gcc-java/gcc/xgcc version 3.4 20031127 (experimental)

		=== objc tests ===


Running target unix
FAIL: objc.dg/encode-2.m execution test
FAIL: objc.dg/encode-3.m execution test
FAIL: objc.dg/encode-4.m execution test

		=== objc Summary for unix ===

# of expected passes		1334
# of unexpected failures	3
# of unsupported tests		7

Running target unix/-mabi=32
FAIL: objc.dg/encode-2.m execution test
FAIL: objc.dg/encode-3.m execution test
FAIL: objc.dg/encode-4.m execution test

		=== objc Summary for unix/-mabi=32 ===

# of expected passes		1334
# of unexpected failures	3
# of unsupported tests		7

Running target unix/-mabi=64
FAIL: objc.dg/call-super-2.m (test for excess errors)
FAIL: objc.dg/desig-init-1.m (test for excess errors)
FAIL: objc.dg/encode-2.m execution test
FAIL: objc.dg/encode-3.m execution test
FAIL: objc.dg/encode-4.m execution test
FAIL: objc.dg/proto-qual-1.m execution test

		=== objc Summary for unix/-mabi=64 ===

# of expected passes		1331
# of unexpected failures	6
# of unsupported tests		7

		=== objc Summary ===

# of expected passes		3999
# of unexpected failures	12
# of unsupported tests		21
/.vol/gcc/obj/gcc-3.4-20031127/6.5-gcc-java/gcc/xgcc version 3.4 20031127 (experimental)

		=== libffi tests ===


Running target unix
FAIL: libffi.call/closure_fn0.c (test for excess errors)
WARNING: libffi.call/closure_fn0.c compilation failed to produce executable
FAIL: libffi.call/closure_fn1.c (test for excess errors)
WARNING: libffi.call/closure_fn1.c compilation failed to produce executable
FAIL: libffi.call/closure_fn2.c (test for excess errors)
WARNING: libffi.call/closure_fn2.c compilation failed to produce executable
FAIL: libffi.call/closure_fn3.c (test for excess errors)
WARNING: libffi.call/closure_fn3.c compilation failed to produce executable
FAIL: libffi.call/closure_fn4.c (test for excess errors)
WARNING: libffi.call/closure_fn4.c compilation failed to produce executable
FAIL: libffi.call/closure_fn5.c (test for excess errors)
WARNING: libffi.call/closure_fn5.c compilation failed to produce executable
FAIL: libffi.call/cls_12byte.c (test for excess errors)
WARNING: libffi.call/cls_12byte.c compilation failed to produce executable
FAIL: libffi.call/cls_16byte.c (test for excess errors)
WARNING: libffi.call/cls_16byte.c compilation failed to produce executable
FAIL: libffi.call/cls_18byte.c (test for excess errors)
WARNING: libffi.call/cls_18byte.c compilation failed to produce executable
FAIL: libffi.call/cls_19byte.c (test for excess errors)
WARNING: libffi.call/cls_19byte.c compilation failed to produce executable
FAIL: libffi.call/cls_1_1byte.c (test for excess errors)
WARNING: libffi.call/cls_1_1byte.c compilation failed to produce executable
FAIL: libffi.call/cls_20byte.c (test for excess errors)
WARNING: libffi.call/cls_20byte.c compilation failed to produce executable
FAIL: libffi.call/cls_20byte1.c (test for excess errors)
WARNING: libffi.call/cls_20byte1.c compilation failed to produce executable
FAIL: libffi.call/cls_24byte.c (test for excess errors)
WARNING: libffi.call/cls_24byte.c compilation failed to produce executable
FAIL: libffi.call/cls_2byte.c (test for excess errors)
WARNING: libffi.call/cls_2byte.c compilation failed to produce executable
FAIL: libffi.call/cls_3_1byte.c (test for excess errors)
WARNING: libffi.call/cls_3_1byte.c compilation failed to produce executable
FAIL: libffi.call/cls_3byte1.c (test for excess errors)
WARNING: libffi.call/cls_3byte1.c compilation failed to produce executable
FAIL: libffi.call/cls_3byte2.c (test for excess errors)
WARNING: libffi.call/cls_3byte2.c compilation failed to produce executable
FAIL: libffi.call/cls_4_1byte.c (test for excess errors)
WARNING: libffi.call/cls_4_1byte.c compilation failed to produce executable
FAIL: libffi.call/cls_4byte.c (test for excess errors)
WARNING: libffi.call/cls_4byte.c compilation failed to produce executable
FAIL: libffi.call/cls_5byte.c (test for excess errors)
WARNING: libffi.call/cls_5byte.c compilation failed to produce executable
FAIL: libffi.call/cls_64byte.c (test for excess errors)
WARNING: libffi.call/cls_64byte.c compilation failed to produce executable
FAIL: libffi.call/cls_6byte.c (test for excess errors)
WARNING: libffi.call/cls_6byte.c compilation failed to produce executable
FAIL: libffi.call/cls_7byte.c (test for excess errors)
WARNING: libffi.call/cls_7byte.c compilation failed to produce executable
FAIL: libffi.call/cls_8byte.c (test for excess errors)
WARNING: libffi.call/cls_8byte.c compilation failed to produce executable
FAIL: libffi.call/cls_9byte1.c (test for excess errors)
WARNING: libffi.call/cls_9byte1.c compilation failed to produce executable
FAIL: libffi.call/cls_9byte2.c (test for excess errors)
WARNING: libffi.call/cls_9byte2.c compilation failed to produce executable
FAIL: libffi.call/cls_double.c (test for excess errors)
WARNING: libffi.call/cls_double.c compilation failed to produce executable
FAIL: libffi.call/cls_float.c (test for excess errors)
WARNING: libffi.call/cls_float.c compilation failed to produce executable
FAIL: libffi.call/cls_schar.c (test for excess errors)
WARNING: libffi.call/cls_schar.c compilation failed to produce executable
FAIL: libffi.call/cls_sint.c (test for excess errors)
WARNING: libffi.call/cls_sint.c compilation failed to produce executable
FAIL: libffi.call/cls_sshort.c (test for excess errors)
WARNING: libffi.call/cls_sshort.c compilation failed to produce executable
FAIL: libffi.call/cls_uchar.c (test for excess errors)
WARNING: libffi.call/cls_uchar.c compilation failed to produce executable
FAIL: libffi.call/cls_uint.c (test for excess errors)
WARNING: libffi.call/cls_uint.c compilation failed to produce executable
FAIL: libffi.call/cls_ulonglong.c (test for excess errors)
WARNING: libffi.call/cls_ulonglong.c compilation failed to produce executable
FAIL: libffi.call/cls_ushort.c (test for excess errors)
WARNING: libffi.call/cls_ushort.c compilation failed to produce executable
FAIL: libffi.call/nested_struct.c (test for excess errors)
WARNING: libffi.call/nested_struct.c compilation failed to produce executable
FAIL: libffi.call/nested_struct1.c (test for excess errors)
WARNING: libffi.call/nested_struct1.c compilation failed to produce executable
FAIL: libffi.call/nested_struct2.c (test for excess errors)
WARNING: libffi.call/nested_struct2.c compilation failed to produce executable
FAIL: libffi.call/nested_struct3.c (test for excess errors)
WARNING: libffi.call/nested_struct3.c compilation failed to produce executable
FAIL: libffi.call/problem1.c (test for excess errors)
WARNING: libffi.call/problem1.c compilation failed to produce executable
FAIL: libffi.call/pyobjc-tc.c execution test
FAIL: libffi.call/struct6.c execution test
FAIL: libffi.call/struct7.c execution test
FAIL: libffi.special/unwindtest.cc (test for excess errors)
WARNING: libffi.special/unwindtest.cc compilation failed to produce executable

		=== libffi Summary for unix ===

# of expected passes		35
# of unexpected failures	45
# of unsupported tests		2

Running target unix/-mabi=32
FAIL: libffi.call/closure_fn0.c (test for excess errors)
WARNING: libffi.call/closure_fn0.c compilation failed to produce executable
FAIL: libffi.call/closure_fn1.c (test for excess errors)
WARNING: libffi.call/closure_fn1.c compilation failed to produce executable
FAIL: libffi.call/closure_fn2.c (test for excess errors)
WARNING: libffi.call/closure_fn2.c compilation failed to produce executable
FAIL: libffi.call/closure_fn3.c (test for excess errors)
WARNING: libffi.call/closure_fn3.c compilation failed to produce executable
FAIL: libffi.call/closure_fn4.c (test for excess errors)
WARNING: libffi.call/closure_fn4.c compilation failed to produce executable
FAIL: libffi.call/closure_fn5.c (test for excess errors)
WARNING: libffi.call/closure_fn5.c compilation failed to produce executable
FAIL: libffi.call/cls_12byte.c (test for excess errors)
WARNING: libffi.call/cls_12byte.c compilation failed to produce executable
FAIL: libffi.call/cls_16byte.c (test for excess errors)
WARNING: libffi.call/cls_16byte.c compilation failed to produce executable
FAIL: libffi.call/cls_18byte.c (test for excess errors)
WARNING: libffi.call/cls_18byte.c compilation failed to produce executable
FAIL: libffi.call/cls_19byte.c (test for excess errors)
WARNING: libffi.call/cls_19byte.c compilation failed to produce executable
FAIL: libffi.call/cls_1_1byte.c (test for excess errors)
WARNING: libffi.call/cls_1_1byte.c compilation failed to produce executable
FAIL: libffi.call/cls_20byte.c (test for excess errors)
WARNING: libffi.call/cls_20byte.c compilation failed to produce executable
FAIL: libffi.call/cls_20byte1.c (test for excess errors)
WARNING: libffi.call/cls_20byte1.c compilation failed to produce executable
FAIL: libffi.call/cls_24byte.c (test for excess errors)
WARNING: libffi.call/cls_24byte.c compilation failed to produce executable
FAIL: libffi.call/cls_2byte.c (test for excess errors)
WARNING: libffi.call/cls_2byte.c compilation failed to produce executable
FAIL: libffi.call/cls_3_1byte.c (test for excess errors)
WARNING: libffi.call/cls_3_1byte.c compilation failed to produce executable
FAIL: libffi.call/cls_3byte1.c (test for excess errors)
WARNING: libffi.call/cls_3byte1.c compilation failed to produce executable
FAIL: libffi.call/cls_3byte2.c (test for excess errors)
WARNING: libffi.call/cls_3byte2.c compilation failed to produce executable
FAIL: libffi.call/cls_4_1byte.c (test for excess errors)
WARNING: libffi.call/cls_4_1byte.c compilation failed to produce executable
FAIL: libffi.call/cls_4byte.c (test for excess errors)
WARNING: libffi.call/cls_4byte.c compilation failed to produce executable
FAIL: libffi.call/cls_5byte.c (test for excess errors)
WARNING: libffi.call/cls_5byte.c compilation failed to produce executable
FAIL: libffi.call/cls_64byte.c (test for excess errors)
WARNING: libffi.call/cls_64byte.c compilation failed to produce executable
FAIL: libffi.call/cls_6byte.c (test for excess errors)
WARNING: libffi.call/cls_6byte.c compilation failed to produce executable
FAIL: libffi.call/cls_7byte.c (test for excess errors)
WARNING: libffi.call/cls_7byte.c compilation failed to produce executable
FAIL: libffi.call/cls_8byte.c (test for excess errors)
WARNING: libffi.call/cls_8byte.c compilation failed to produce executable
FAIL: libffi.call/cls_9byte1.c (test for excess errors)
WARNING: libffi.call/cls_9byte1.c compilation failed to produce executable
FAIL: libffi.call/cls_9byte2.c (test for excess errors)
WARNING: libffi.call/cls_9byte2.c compilation failed to produce executable
FAIL: libffi.call/cls_double.c (test for excess errors)
WARNING: libffi.call/cls_double.c compilation failed to produce executable
FAIL: libffi.call/cls_float.c (test for excess errors)
WARNING: libffi.call/cls_float.c compilation failed to produce executable
FAIL: libffi.call/cls_schar.c (test for excess errors)
WARNING: libffi.call/cls_schar.c compilation failed to produce executable
FAIL: libffi.call/cls_sint.c (test for excess errors)
WARNING: libffi.call/cls_sint.c compilation failed to produce executable
FAIL: libffi.call/cls_sshort.c (test for excess errors)
WARNING: libffi.call/cls_sshort.c compilation failed to produce executable
FAIL: libffi.call/cls_uchar.c (test for excess errors)
WARNING: libffi.call/cls_uchar.c compilation failed to produce executable
FAIL: libffi.call/cls_uint.c (test for excess errors)
WARNING: libffi.call/cls_uint.c compilation failed to produce executable
FAIL: libffi.call/cls_ulonglong.c (test for excess errors)
WARNING: libffi.call/cls_ulonglong.c compilation failed to produce executable
FAIL: libffi.call/cls_ushort.c (test for excess errors)
WARNING: libffi.call/cls_ushort.c compilation failed to produce executable
FAIL: libffi.call/nested_struct.c (test for excess errors)
WARNING: libffi.call/nested_struct.c compilation failed to produce executable
FAIL: libffi.call/nested_struct1.c (test for excess errors)
WARNING: libffi.call/nested_struct1.c compilation failed to produce executable
FAIL: libffi.call/nested_struct2.c (test for excess errors)
WARNING: libffi.call/nested_struct2.c compilation failed to produce executable
FAIL: libffi.call/nested_struct3.c (test for excess errors)
WARNING: libffi.call/nested_struct3.c compilation failed to produce executable
FAIL: libffi.call/problem1.c (test for excess errors)
WARNING: libffi.call/problem1.c compilation failed to produce executable
FAIL: libffi.call/return_ll.c execution test
FAIL: libffi.special/unwindtest.cc (test for excess errors)
WARNING: libffi.special/unwindtest.cc compilation failed to produce executable

		=== libffi Summary for unix/-mabi=32 ===

# of expected passes		37
# of unexpected failures	43
# of unsupported tests		2

Running target unix/-mabi=64
FAIL: libffi.call/closure_fn0.c (test for excess errors)
WARNING: libffi.call/closure_fn0.c compilation failed to produce executable
FAIL: libffi.call/closure_fn1.c (test for excess errors)
WARNING: libffi.call/closure_fn1.c compilation failed to produce executable
FAIL: libffi.call/closure_fn2.c (test for excess errors)
WARNING: libffi.call/closure_fn2.c compilation failed to produce executable
FAIL: libffi.call/closure_fn3.c (test for excess errors)
WARNING: libffi.call/closure_fn3.c compilation failed to produce executable
FAIL: libffi.call/closure_fn4.c (test for excess errors)
WARNING: libffi.call/closure_fn4.c compilation failed to produce executable
FAIL: libffi.call/closure_fn5.c (test for excess errors)
WARNING: libffi.call/closure_fn5.c compilation failed to produce executable
FAIL: libffi.call/cls_12byte.c (test for excess errors)
WARNING: libffi.call/cls_12byte.c compilation failed to produce executable
FAIL: libffi.call/cls_16byte.c (test for excess errors)
WARNING: libffi.call/cls_16byte.c compilation failed to produce executable
FAIL: libffi.call/cls_18byte.c (test for excess errors)
WARNING: libffi.call/cls_18byte.c compilation failed to produce executable
FAIL: libffi.call/cls_19byte.c (test for excess errors)
WARNING: libffi.call/cls_19byte.c compilation failed to produce executable
FAIL: libffi.call/cls_1_1byte.c (test for excess errors)
WARNING: libffi.call/cls_1_1byte.c compilation failed to produce executable
FAIL: libffi.call/cls_20byte.c (test for excess errors)
WARNING: libffi.call/cls_20byte.c compilation failed to produce executable
FAIL: libffi.call/cls_20byte1.c (test for excess errors)
WARNING: libffi.call/cls_20byte1.c compilation failed to produce executable
FAIL: libffi.call/cls_24byte.c (test for excess errors)
WARNING: libffi.call/cls_24byte.c compilation failed to produce executable
FAIL: libffi.call/cls_2byte.c (test for excess errors)
WARNING: libffi.call/cls_2byte.c compilation failed to produce executable
FAIL: libffi.call/cls_3_1byte.c (test for excess errors)
WARNING: libffi.call/cls_3_1byte.c compilation failed to produce executable
FAIL: libffi.call/cls_3byte1.c (test for excess errors)
WARNING: libffi.call/cls_3byte1.c compilation failed to produce executable
FAIL: libffi.call/cls_3byte2.c (test for excess errors)
WARNING: libffi.call/cls_3byte2.c compilation failed to produce executable
FAIL: libffi.call/cls_4_1byte.c (test for excess errors)
WARNING: libffi.call/cls_4_1byte.c compilation failed to produce executable
FAIL: libffi.call/cls_4byte.c (test for excess errors)
WARNING: libffi.call/cls_4byte.c compilation failed to produce executable
FAIL: libffi.call/cls_5byte.c (test for excess errors)
WARNING: libffi.call/cls_5byte.c compilation failed to produce executable
FAIL: libffi.call/cls_64byte.c (test for excess errors)
WARNING: libffi.call/cls_64byte.c compilation failed to produce executable
FAIL: libffi.call/cls_6byte.c (test for excess errors)
WARNING: libffi.call/cls_6byte.c compilation failed to produce executable
FAIL: libffi.call/cls_7byte.c (test for excess errors)
WARNING: libffi.call/cls_7byte.c compilation failed to produce executable
FAIL: libffi.call/cls_8byte.c (test for excess errors)
WARNING: libffi.call/cls_8byte.c compilation failed to produce executable
FAIL: libffi.call/cls_9byte1.c (test for excess errors)
WARNING: libffi.call/cls_9byte1.c compilation failed to produce executable
FAIL: libffi.call/cls_9byte2.c (test for excess errors)
WARNING: libffi.call/cls_9byte2.c compilation failed to produce executable
FAIL: libffi.call/cls_double.c (test for excess errors)
WARNING: libffi.call/cls_double.c compilation failed to produce executable
FAIL: libffi.call/cls_float.c (test for excess errors)
WARNING: libffi.call/cls_float.c compilation failed to produce executable
FAIL: libffi.call/cls_schar.c (test for excess errors)
WARNING: libffi.call/cls_schar.c compilation failed to produce executable
FAIL: libffi.call/cls_sint.c (test for excess errors)
WARNING: libffi.call/cls_sint.c compilation failed to produce executable
FAIL: libffi.call/cls_sshort.c (test for excess errors)
WARNING: libffi.call/cls_sshort.c compilation failed to produce executable
FAIL: libffi.call/cls_uchar.c (test for excess errors)
WARNING: libffi.call/cls_uchar.c compilation failed to produce executable
FAIL: libffi.call/cls_uint.c (test for excess errors)
WARNING: libffi.call/cls_uint.c compilation failed to produce executable
FAIL: libffi.call/cls_ulonglong.c (test for excess errors)
WARNING: libffi.call/cls_ulonglong.c compilation failed to produce executable
FAIL: libffi.call/cls_ushort.c (test for excess errors)
WARNING: libffi.call/cls_ushort.c compilation failed to produce executable
FAIL: libffi.call/float.c execution test
FAIL: libffi.call/float2.c execution test
FAIL: libffi.call/nested_struct.c (test for excess errors)
WARNING: libffi.call/nested_struct.c compilation failed to produce executable
FAIL: libffi.call/nested_struct1.c (test for excess errors)
WARNING: libffi.call/nested_struct1.c compilation failed to produce executable
FAIL: libffi.call/nested_struct2.c (test for excess errors)
WARNING: libffi.call/nested_struct2.c compilation failed to produce executable
FAIL: libffi.call/nested_struct3.c (test for excess errors)
WARNING: libffi.call/nested_struct3.c compilation failed to produce executable
FAIL: libffi.call/problem1.c (test for excess errors)
WARNING: libffi.call/problem1.c compilation failed to produce executable
FAIL: libffi.call/promotion.c execution test
FAIL: libffi.call/return_ll.c execution test
FAIL: libffi.call/return_sc.c execution test
FAIL: libffi.call/return_uc.c execution test
FAIL: libffi.call/strlen.c execution test
FAIL: libffi.call/struct1.c execution test
FAIL: libffi.call/struct2.c execution test
FAIL: libffi.call/struct3.c execution test
FAIL: libffi.call/struct4.c execution test
FAIL: libffi.call/struct5.c execution test
FAIL: libffi.call/struct6.c execution test
FAIL: libffi.call/struct7.c execution test
FAIL: libffi.call/struct8.c execution test
FAIL: libffi.call/struct9.c execution test
FAIL: libffi.special/unwindtest.cc (test for excess errors)
WARNING: libffi.special/unwindtest.cc compilation failed to produce executable

		=== libffi Summary for unix/-mabi=64 ===

# of expected passes		22
# of unexpected failures	58
# of unsupported tests		2

		=== libffi Summary ===

# of expected passes		94
# of unexpected failures	146
# of unsupported tests		6
		=== libjava tests ===


Running target unix
FAIL: linking simple
FAIL: pr11951 run
FAIL: FileHandleGcTest execution - source compiled test
FAIL: FileHandleGcTest execution - bytecode->native test
FAIL: FileHandleGcTest -O3 execution - source compiled test
FAIL: FileHandleGcTest -O3 execution - bytecode->native test
FAIL: TestProxy execution - source compiled test
FAIL: TestProxy execution - bytecode->native test
FAIL: TestProxy -O3 execution - source compiled test
FAIL: TestProxy -O3 execution - bytecode->native test
FAIL: Throw_2 execution - source compiled test
FAIL: Throw_2 execution - bytecode->native test
FAIL: Throw_2 -O3 execution - source compiled test
FAIL: Throw_2 -O3 execution - bytecode->native test
FAIL: invokethrow execution - source compiled test
FAIL: invokethrow execution - bytecode->native test
FAIL: invokethrow -O3 execution - source compiled test
FAIL: invokethrow -O3 execution - bytecode->native test
FAIL: /.vol/gcc/obj/gcc-3.4-20031127/6.5-gcc-java/mips-sgi-irix6.5/libjava/testsuite/TestEarlyGC.exe output - /.vol/gcc/obj/gcc-3.4-20031127/6.5-gcc-java/mips-sgi-irix6.5/libjava/testsuite/TestEarlyGC.exe
FAIL: /.vol/gcc/obj/gcc-3.4-20031127/6.5-gcc-java/mips-sgi-irix6.5/libjava/testsuite/TestLeak.exe execution - /.vol/gcc/obj/gcc-3.4-20031127/6.5-gcc-java/mips-sgi-irix6.5/libjava/testsuite/TestLeak.exe
FAIL: /.vol/gcc/obj/gcc-3.4-20031127/6.5-gcc-java/mips-sgi-irix6.5/libjava/testsuite/TestMultiple.exe output - /.vol/gcc/obj/gcc-3.4-20031127/6.5-gcc-java/mips-sgi-irix6.5/libjava/testsuite/TestMultiple.exe
FAIL: /.vol/gcc/obj/gcc-3.4-20031127/6.5-gcc-java/mips-sgi-irix6.5/libjava/testsuite/TestParent.exe output - /.vol/gcc/obj/gcc-3.4-20031127/6.5-gcc-java/mips-sgi-irix6.5/libjava/testsuite/TestParent.exe

		=== libjava Summary for unix ===

# of expected passes		2538
# of unexpected failures	22
# of expected failures		11
# of untested testcases		108

Running target unix/-mabi=32
FAIL: PR9577 run
FAIL: longfield run
FAIL: shortfield run
FAIL: linking simple
FAIL: calls run
FAIL: cxxtest run
FAIL: field run
FAIL: final_method run
FAIL: findclass run
FAIL: invoke run
FAIL: jniutf run
FAIL: martin run
FAIL: noclass run
FAIL: overload run
FAIL: pr11951 run
FAIL: register run
FAIL: simple_int run
FAIL: throwit run
FAIL: virtual run
FAIL: ArrayStore execution - source compiled test
FAIL: ArrayStore execution - bytecode->native test
FAIL: ArrayStore -O3 execution - source compiled test
FAIL: ArrayStore -O3 execution - bytecode->native test
FAIL: ArrayStore2 execution - source compiled test
FAIL: ArrayStore2 execution - bytecode->native test
FAIL: ArrayStore2 -O3 execution - source compiled test
FAIL: ArrayStore2 -O3 execution - bytecode->native test
FAIL: Array_1 execution - source compiled test
FAIL: Array_1 execution - bytecode->native test
FAIL: Array_1 -O3 execution - source compiled test
FAIL: Array_1 -O3 execution - bytecode->native test
FAIL: Array_2 execution - source compiled test
FAIL: Array_2 execution - bytecode->native test
FAIL: Array_2 -O3 execution - source compiled test
FAIL: Array_2 -O3 execution - bytecode->native test
FAIL: Array_3 execution - source compiled test
FAIL: Array_3 execution - bytecode->native test
FAIL: Array_3 -O3 execution - source compiled test
FAIL: Array_3 -O3 execution - bytecode->native test
FAIL: Class_1 execution - source compiled test
FAIL: Class_1 execution - bytecode->native test
FAIL: Class_1 -O3 execution - source compiled test
FAIL: Class_1 -O3 execution - bytecode->native test
FAIL: CompareNaN execution - source compiled test
FAIL: CompareNaN execution - bytecode->native test
FAIL: CompareNaN -O3 execution - source compiled test
FAIL: CompareNaN -O3 execution - bytecode->native test
FAIL: Divide_1 execution - source compiled test
FAIL: Divide_1 execution - bytecode->native test
FAIL: Divide_1 -O3 execution - source compiled test
FAIL: Divide_1 -O3 execution - bytecode->native test
FAIL: EvaluationOrder execution - source compiled test
FAIL: EvaluationOrder execution - bytecode->native test
FAIL: EvaluationOrder -O3 execution - source compiled test
FAIL: EvaluationOrder -O3 execution - bytecode->native test
FAIL: FileHandleGcTest execution - source compiled test
FAIL: FileHandleGcTest execution - bytecode->native test
FAIL: FileHandleGcTest -O3 execution - source compiled test
FAIL: FileHandleGcTest -O3 execution - bytecode->native test
FAIL: Final execution - source compiled test
FAIL: Final execution - bytecode->native test
FAIL: Final -O3 execution - source compiled test
FAIL: Final -O3 execution - bytecode->native test
FAIL: Float_1 execution - source compiled test
FAIL: Float_1 execution - bytecode->native test
FAIL: Float_1 -O3 execution - source compiled test
FAIL: Float_1 -O3 execution - bytecode->native test
FAIL: G19990301_01 execution - source compiled test
FAIL: G19990301_01 execution - bytecode->native test
FAIL: G19990301_01 -O3 execution - source compiled test
FAIL: G19990301_01 -O3 execution - bytecode->native test
FAIL: G19990302_02 execution - source compiled test
FAIL: G19990302_02 execution - bytecode->native test
FAIL: G19990302_02 -O3 execution - source compiled test
FAIL: G19990302_02 -O3 execution - bytecode->native test
FAIL: G19990303_01 execution - source compiled test
FAIL: G19990303_01 execution - bytecode->native test
FAIL: G19990303_01 -O3 execution - source compiled test
FAIL: G19990303_01 -O3 execution - bytecode->native test
FAIL: G19990303_02 execution - source compiled test
FAIL: G19990303_02 execution - bytecode->native test
FAIL: G19990303_02 -O3 execution - source compiled test
FAIL: G19990303_02 -O3 execution - bytecode->native test
FAIL: G19990304_01 execution - source compiled test
FAIL: G19990304_01 execution - bytecode->native test
FAIL: G19990304_01 -O3 execution - source compiled test
FAIL: G19990304_01 -O3 execution - bytecode->native test
FAIL: G19990310_01 execution - source compiled test
FAIL: G19990310_01 execution - bytecode->native test
FAIL: G19990310_01 -O3 execution - source compiled test
FAIL: G19990310_01 -O3 execution - bytecode->native test
FAIL: II execution - source compiled test
FAIL: II execution - bytecode->native test
FAIL: II -O3 execution - source compiled test
FAIL: II -O3 execution - bytecode->native test
FAIL: InterfaceDispatch execution - source compiled test
FAIL: InterfaceDispatch execution - bytecode->native test
FAIL: InterfaceDispatch -O3 execution - source compiled test
FAIL: InterfaceDispatch -O3 execution - bytecode->native test
FAIL: InvokeReturn execution - source compiled test
FAIL: InvokeReturn execution - bytecode->native test
FAIL: InvokeReturn -O3 execution - source compiled test
FAIL: InvokeReturn -O3 execution - bytecode->native test
FAIL: Invoke_1 execution - source compiled test
FAIL: Invoke_1 execution - bytecode->native test
FAIL: Invoke_1 -O3 execution - source compiled test
FAIL: Invoke_1 -O3 execution - bytecode->native test
FAIL: Invoke_2 execution - source compiled test
FAIL: Invoke_2 execution - bytecode->native test
FAIL: Invoke_2 -O3 execution - source compiled test
FAIL: Invoke_2 -O3 execution - bytecode->native test
FAIL: KeepInline execution - source compiled test
FAIL: KeepInline execution - bytecode->native test
FAIL: KeepInline -O3 execution - source compiled test
FAIL: KeepInline -O3 execution - bytecode->native test
FAIL: MathBuiltin execution - source compiled test
FAIL: MathBuiltin execution - bytecode->native test
FAIL: MathBuiltin -O3 execution - source compiled test
FAIL: MathBuiltin -O3 execution - bytecode->native test
FAIL: Matrix4f execution - source compiled test
FAIL: Matrix4f execution - bytecode->native test
FAIL: Matrix4f -O3 execution - source compiled test
FAIL: Matrix4f -O3 execution - bytecode->native test
FAIL: N19990310_02 execution - source compiled test
FAIL: N19990310_02 execution - bytecode->native test
FAIL: N19990310_02 -O3 execution - source compiled test
FAIL: N19990310_02 -O3 execution - bytecode->native test
FAIL: N19990310_3 execution - source compiled test
FAIL: N19990310_3 execution - bytecode->native test
FAIL: N19990310_3 -O3 execution - source compiled test
FAIL: N19990310_3 -O3 execution - bytecode->native test
FAIL: N19990310_4 execution - source compiled test
FAIL: N19990310_4 execution - bytecode->native test
FAIL: N19990310_4 -O3 execution - source compiled test
FAIL: N19990310_4 -O3 execution - bytecode->native test
FAIL: N19990310_5 execution - source compiled test
FAIL: N19990310_5 execution - bytecode->native test
FAIL: N19990310_5 -O3 execution - source compiled test
FAIL: N19990310_5 -O3 execution - bytecode->native test
FAIL: Overflow execution - source compiled test
FAIL: Overflow execution - bytecode->native test
FAIL: Overflow -O3 execution - source compiled test
FAIL: Overflow -O3 execution - bytecode->native test
FAIL: PR12350 execution - source compiled test
FAIL: PR12350 execution - bytecode->native test
FAIL: PR12350 -O3 execution - source compiled test
FAIL: PR12350 -O3 execution - bytecode->native test
FAIL: PR12416 execution - source compiled test
FAIL: PR12416 execution - bytecode->native test
FAIL: PR12416 -O3 execution - source compiled test
FAIL: PR12416 -O3 execution - bytecode->native test
FAIL: PR12656 execution - source compiled test
FAIL: PR12656 execution - bytecode->native test
FAIL: PR12656 -O3 execution - source compiled test
FAIL: PR12656 -O3 execution - bytecode->native test
FAIL: PR12915 execution - source compiled test
FAIL: PR12915 execution - bytecode->native test
FAIL: PR12915 -O3 execution - source compiled test
FAIL: PR12915 -O3 execution - bytecode->native test
FAIL: PR141 execution - source compiled test
FAIL: PR141 execution - bytecode->native test
FAIL: PR141 -O3 execution - source compiled test
FAIL: PR141 -O3 execution - bytecode->native test
FAIL: PR160 execution - source compiled test
FAIL: PR160 execution - bytecode->native test
FAIL: PR160 -O3 execution - source compiled test
FAIL: PR160 -O3 execution - bytecode->native test
FAIL: PR162 execution - source compiled test
FAIL: PR162 execution - bytecode->native test
FAIL: PR162 -O3 execution - source compiled test
FAIL: PR162 -O3 execution - bytecode->native test
FAIL: PR218 execution - source compiled test
FAIL: PR218 execution - bytecode->native test
FAIL: PR218 -O3 execution - source compiled test
FAIL: PR218 -O3 execution - bytecode->native test
FAIL: PR242 execution - source compiled test
FAIL: PR242 execution - bytecode->native test
FAIL: PR242 -O3 execution - source compiled test
FAIL: PR242 -O3 execution - bytecode->native test
FAIL: PR260 execution - source compiled test
FAIL: PR260 execution - bytecode->native test
FAIL: PR260 -O3 execution - source compiled test
FAIL: PR260 -O3 execution - bytecode->native test
FAIL: PR3096 execution - source compiled test
FAIL: PR3096 execution - bytecode->native test
FAIL: PR3096 -O3 execution - source compiled test
FAIL: PR3096 -O3 execution - bytecode->native test
FAIL: PR3731 execution - source compiled test
FAIL: PR3731 execution - bytecode->native test
FAIL: PR3731 -O3 execution - source compiled test
FAIL: PR3731 -O3 execution - bytecode->native test
FAIL: PR5057 execution - source compiled test
FAIL: PR5057 execution - bytecode->native test
FAIL: PR5057 -O3 execution - source compiled test
FAIL: PR5057 -O3 execution - bytecode->native test
FAIL: PR5057_2 execution - source compiled test
FAIL: PR5057_2 execution - bytecode->native test
FAIL: PR5057_2 -O3 execution - source compiled test
FAIL: PR5057_2 -O3 execution - bytecode->native test
FAIL: PR55 execution - source compiled test
FAIL: PR55 execution - bytecode->native test
FAIL: PR55 -O3 execution - source compiled test
FAIL: PR55 -O3 execution - bytecode->native test
FAIL: PR56 execution - source compiled test
FAIL: PR56 execution - bytecode->native test
FAIL: PR56 -O3 execution - source compiled test
FAIL: PR56 -O3 execution - bytecode->native test
FAIL: PR6085 execution - source compiled test
FAIL: PR6085 execution - bytecode->native test
FAIL: PR6085 -O3 execution - source compiled test
FAIL: PR6085 -O3 execution - bytecode->native test
FAIL: PR6204 execution - source compiled test
FAIL: PR6204 execution - bytecode->native test
FAIL: PR6204 -O3 execution - source compiled test
FAIL: PR6204 -O3 execution - bytecode->native test
FAIL: PR6729 execution - source compiled test
FAIL: PR6729 execution - bytecode->native test
FAIL: PR6729 -O3 execution - source compiled test
FAIL: PR6729 -O3 execution - bytecode->native test
FAIL: PR6820 execution - source compiled test
FAIL: PR6820 execution - bytecode->native test
FAIL: PR6820 -O3 execution - source compiled test
FAIL: PR6820 -O3 execution - bytecode->native test
FAIL: PR7482 execution - source compiled test
FAIL: PR7482 execution - bytecode->native test
FAIL: PR7482 -O3 execution - source compiled test
FAIL: PR7482 -O3 execution - bytecode->native test
FAIL: Shazam execution - source compiled test
FAIL: Shazam execution - bytecode->native test
FAIL: Shazam -O3 execution - source compiled test
FAIL: Shazam -O3 execution - bytecode->native test
FAIL: StaticConstructor execution - source compiled test
FAIL: StaticConstructor execution - bytecode->native test
FAIL: StaticConstructor -O3 execution - source compiled test
FAIL: StaticConstructor -O3 execution - bytecode->native test
FAIL: StringBuffer_1 execution - source compiled test
FAIL: StringBuffer_1 execution - bytecode->native test
FAIL: StringBuffer_1 -O3 execution - source compiled test
FAIL: StringBuffer_1 -O3 execution - bytecode->native test
FAIL: StringBuffer_overflow execution - source compiled test
FAIL: StringBuffer_overflow execution - bytecode->native test
FAIL: StringBuffer_overflow -O3 execution - source compiled test
FAIL: StringBuffer_overflow -O3 execution - bytecode->native test
FAIL: String_overflow execution - source compiled test
FAIL: String_overflow execution - bytecode->native test
FAIL: String_overflow -O3 execution - source compiled test
FAIL: String_overflow -O3 execution - bytecode->native test
FAIL: SyncGlobal execution - source compiled test
FAIL: SyncGlobal execution - bytecode->native test
FAIL: SyncGlobal -O3 execution - source compiled test
FAIL: SyncGlobal -O3 execution - bytecode->native test
FAIL: Synch execution - source compiled test
FAIL: Synch execution - bytecode->native test
FAIL: Synch -O3 execution - source compiled test
FAIL: Synch -O3 execution - bytecode->native test
FAIL: TestProxy execution - source compiled test
FAIL: TestProxy execution - bytecode->native test
FAIL: TestProxy -O3 execution - source compiled test
FAIL: TestProxy -O3 execution - bytecode->native test
FAIL: Throw_1 execution - source compiled test
FAIL: Throw_1 execution - bytecode->native test
FAIL: Throw_1 -O3 execution - source compiled test
FAIL: Throw_1 -O3 execution - bytecode->native test
FAIL: Throw_2 execution - source compiled test
FAIL: Throw_2 execution - bytecode->native test
FAIL: Throw_2 -O3 execution - source compiled test
FAIL: Throw_2 -O3 execution - bytecode->native test
FAIL: anfi execution - source compiled test
FAIL: anfi execution - bytecode->native test
FAIL: anfi -O3 execution - source compiled test
FAIL: anfi -O3 execution - bytecode->native test
FAIL: anon execution - source compiled test
FAIL: anon execution - bytecode->native test
FAIL: anon -O3 execution - source compiled test
FAIL: anon -O3 execution - bytecode->native test
FAIL: anon2 execution - source compiled test
FAIL: anon2 execution - bytecode->native test
FAIL: anon2 -O3 execution - source compiled test
FAIL: anon2 -O3 execution - bytecode->native test
FAIL: anon3 execution - source compiled test
FAIL: anon3 execution - bytecode->native test
FAIL: anon3 -O3 execution - source compiled test
FAIL: anon3 -O3 execution - bytecode->native test
FAIL: anon4 execution - source compiled test
FAIL: anon4 execution - bytecode->native test
FAIL: anon4 -O3 execution - source compiled test
FAIL: anon4 -O3 execution - bytecode->native test
FAIL: anon_ctor_itf_arg execution - source compiled test
FAIL: anon_ctor_itf_arg execution - bytecode->native test
FAIL: anon_ctor_itf_arg -O3 execution - source compiled test
FAIL: anon_ctor_itf_arg -O3 execution - bytecode->native test
FAIL: anonarray execution - source compiled test
FAIL: anonarray execution - bytecode->native test
FAIL: anonarray -O3 execution - source compiled test
FAIL: anonarray -O3 execution - bytecode->native test
FAIL: anonarray2 execution - source compiled test
FAIL: anonarray2 execution - bytecode->native test
FAIL: anonarray2 -O3 execution - source compiled test
FAIL: anonarray2 -O3 execution - bytecode->native test
FAIL: anonarray3 execution - source compiled test
FAIL: anonarray3 execution - bytecode->native test
FAIL: anonarray3 -O3 execution - source compiled test
FAIL: anonarray3 -O3 execution - bytecode->native test
FAIL: assign execution - source compiled test
FAIL: assign execution - bytecode->native test
FAIL: assign -O3 execution - source compiled test
FAIL: assign -O3 execution - bytecode->native test
FAIL: direct_read execution - source compiled test
FAIL: direct_read execution - bytecode->native test
FAIL: direct_read -O3 execution - source compiled test
FAIL: direct_read -O3 execution - bytecode->native test
FAIL: direct_write execution - source compiled test
FAIL: direct_write execution - bytecode->native test
FAIL: direct_write -O3 execution - source compiled test
FAIL: direct_write -O3 execution - bytecode->native test
FAIL: emptystring execution - source compiled test
FAIL: emptystring execution - bytecode->native test
FAIL: emptystring -O3 execution - source compiled test
FAIL: emptystring -O3 execution - bytecode->native test
FAIL: err1 execution - source compiled test
FAIL: err1 execution - bytecode->native test
FAIL: err1 -O3 execution - source compiled test
FAIL: err1 -O3 execution - bytecode->native test
FAIL: err10 execution - source compiled test
FAIL: err10 execution - bytecode->native test
FAIL: err10 -O3 execution - source compiled test
FAIL: err10 -O3 execution - bytecode->native test
FAIL: err11 execution - source compiled test
FAIL: err11 execution - bytecode->native test
FAIL: err11 -O3 execution - source compiled test
FAIL: err11 -O3 execution - bytecode->native test
FAIL: err12 execution - source compiled test
FAIL: err12 execution - bytecode->native test
FAIL: err12 -O3 execution - source compiled test
FAIL: err12 -O3 execution - bytecode->native test
FAIL: err13 execution - source compiled test
FAIL: err13 execution - bytecode->native test
FAIL: err13 -O3 execution - source compiled test
FAIL: err13 -O3 execution - bytecode->native test
FAIL: err2 execution - source compiled test
FAIL: err2 execution - bytecode->native test
FAIL: err2 -O3 execution - source compiled test
FAIL: err2 -O3 execution - bytecode->native test
FAIL: err3 execution - source compiled test
FAIL: err3 execution - bytecode->native test
FAIL: err3 -O3 execution - source compiled test
FAIL: err3 -O3 execution - bytecode->native test
FAIL: err4 execution - source compiled test
FAIL: err4 execution - bytecode->native test
FAIL: err4 -O3 execution - source compiled test
FAIL: err4 -O3 execution - bytecode->native test
FAIL: err5 execution - source compiled test
FAIL: err5 execution - bytecode->native test
FAIL: err5 -O3 execution - source compiled test
FAIL: err5 -O3 execution - bytecode->native test
FAIL: err6 execution - source compiled test
FAIL: err6 execution - bytecode->native test
FAIL: err6 -O3 execution - source compiled test
FAIL: err6 -O3 execution - bytecode->native test
FAIL: err7 execution - source compiled test
FAIL: err7 execution - bytecode->native test
FAIL: err7 -O3 execution - source compiled test
FAIL: err7 -O3 execution - bytecode->native test
FAIL: err8 execution - source compiled test
FAIL: err8 execution - bytecode->native test
FAIL: err8 -O3 execution - source compiled test
FAIL: err8 -O3 execution - bytecode->native test
FAIL: err9 execution - source compiled test
FAIL: err9 execution - bytecode->native test
FAIL: err9 -O3 execution - source compiled test
FAIL: err9 -O3 execution - bytecode->native test
FAIL: final_inner execution - source compiled test
FAIL: final_inner execution - bytecode->native test
FAIL: final_inner -O3 execution - source compiled test
FAIL: final_inner -O3 execution - bytecode->native test
FAIL: final_int execution - source compiled test
FAIL: final_int execution - bytecode->native test
FAIL: final_int -O3 execution - source compiled test
FAIL: final_int -O3 execution - bytecode->native test
FAIL: final_static_and_friend execution - source compiled test
FAIL: final_static_and_friend execution - bytecode->native test
FAIL: final_static_and_friend -O3 execution - source compiled test
FAIL: final_static_and_friend -O3 execution - bytecode->native test
FAIL: indirect execution - source compiled test
FAIL: indirect execution - bytecode->native test
FAIL: indirect -O3 execution - source compiled test
FAIL: indirect -O3 execution - bytecode->native test
FAIL: indirect_read execution - source compiled test
FAIL: indirect_read execution - bytecode->native test
FAIL: indirect_read -O3 execution - source compiled test
FAIL: indirect_read -O3 execution - bytecode->native test
FAIL: indirect_write execution - source compiled test
FAIL: indirect_write execution - bytecode->native test
FAIL: indirect_write -O3 execution - source compiled test
FAIL: indirect_write -O3 execution - bytecode->native test
FAIL: initexc execution - source compiled test
FAIL: initexc execution - bytecode->native test
FAIL: initexc -O3 execution - source compiled test
FAIL: initexc -O3 execution - bytecode->native test
FAIL: initfield execution - source compiled test
FAIL: initfield execution - bytecode->native test
FAIL: initfield -O3 execution - source compiled test
FAIL: initfield -O3 execution - bytecode->native test
FAIL: inline execution - source compiled test
FAIL: inline execution - bytecode->native test
FAIL: inline -O3 execution - source compiled test
FAIL: inline -O3 execution - bytecode->native test
FAIL: inner1 execution - source compiled test
FAIL: inner1 execution - bytecode->native test
FAIL: inner1 -O3 execution - source compiled test
FAIL: inner1 -O3 execution - bytecode->native test
FAIL: inner2 execution - source compiled test
FAIL: inner2 execution - bytecode->native test
FAIL: inner2 -O3 execution - source compiled test
FAIL: inner2 -O3 execution - bytecode->native test
FAIL: inner3 execution - source compiled test
FAIL: inner3 execution - bytecode->native test
FAIL: inner3 -O3 execution - source compiled test
FAIL: inner3 -O3 execution - bytecode->native test
FAIL: inner4 execution - source compiled test
FAIL: inner4 execution - bytecode->native test
FAIL: inner4 -O3 execution - source compiled test
FAIL: inner4 -O3 execution - bytecode->native test
FAIL: inner_array execution - source compiled test
FAIL: inner_array execution - bytecode->native test
FAIL: inner_array -O3 execution - source compiled test
FAIL: inner_array -O3 execution - bytecode->native test
FAIL: inner_interface execution - source compiled test
FAIL: inner_interface execution - bytecode->native test
FAIL: inner_interface -O3 execution - source compiled test
FAIL: inner_interface -O3 execution - bytecode->native test
FAIL: instance execution - source compiled test
FAIL: instance execution - bytecode->native test
FAIL: instance -O3 execution - source compiled test
FAIL: instance -O3 execution - bytecode->native test
FAIL: instinit execution - source compiled test
FAIL: instinit execution - bytecode->native test
FAIL: instinit -O3 execution - source compiled test
FAIL: instinit -O3 execution - bytecode->native test
FAIL: instinit2 execution - source compiled test
FAIL: instinit2 execution - bytecode->native test
FAIL: instinit2 -O3 execution - source compiled test
FAIL: instinit2 -O3 execution - bytecode->native test
FAIL: invoke_from_inner execution - source compiled test
FAIL: invoke_from_inner execution - bytecode->native test
FAIL: invoke_from_inner -O3 execution - source compiled test
FAIL: invoke_from_inner -O3 execution - bytecode->native test
FAIL: invokethrow execution - source compiled test
FAIL: invokethrow execution - bytecode->native test
FAIL: invokethrow -O3 execution - source compiled test
FAIL: invokethrow -O3 execution - bytecode->native test
FAIL: klass execution - source compiled test
FAIL: klass execution - bytecode->native test
FAIL: klass -O3 execution - source compiled test
FAIL: klass -O3 execution - bytecode->native test
FAIL: multiple_finit execution - source compiled test
FAIL: multiple_finit execution - bytecode->native test
FAIL: multiple_finit -O3 execution - source compiled test
FAIL: multiple_finit -O3 execution - bytecode->native test
FAIL: negzero execution - source compiled test
FAIL: negzero execution - bytecode->native test
FAIL: negzero -O3 execution - source compiled test
FAIL: negzero -O3 execution - bytecode->native test
FAIL: nested_with_ctor execution - source compiled test
FAIL: nested_with_ctor execution - bytecode->native test
FAIL: nested_with_ctor -O3 execution - source compiled test
FAIL: nested_with_ctor -O3 execution - bytecode->native test
FAIL: newarray_overflow execution - source compiled test
FAIL: newarray_overflow execution - bytecode->native test
FAIL: newarray_overflow -O3 execution - source compiled test
FAIL: newarray_overflow -O3 execution - bytecode->native test
FAIL: override execution - source compiled test
FAIL: override execution - bytecode->native test
FAIL: override -O3 execution - source compiled test
FAIL: override -O3 execution - bytecode->native test
FAIL: pr109 execution - source compiled test
FAIL: pr109 execution - bytecode->native test
FAIL: pr109 -O3 execution - source compiled test
FAIL: pr109 -O3 execution - bytecode->native test
FAIL: pr133 execution - source compiled test
FAIL: pr133 execution - bytecode->native test
FAIL: pr133 -O3 execution - source compiled test
FAIL: pr133 -O3 execution - bytecode->native test
FAIL: pr179 execution - source compiled test
FAIL: pr179 execution - bytecode->native test
FAIL: pr179 -O3 execution - source compiled test
FAIL: pr179 -O3 execution - bytecode->native test
FAIL: pr184 execution - source compiled test
FAIL: pr184 execution - bytecode->native test
FAIL: pr184 -O3 execution - source compiled test
FAIL: pr184 -O3 execution - bytecode->native test
FAIL: pr6388 execution - source compiled test
FAIL: pr6388 execution - bytecode->native test
FAIL: pr6388 -O3 execution - source compiled test
FAIL: pr6388 -O3 execution - bytecode->native test
FAIL: pr83 execution - source compiled test
FAIL: pr83 execution - bytecode->native test
FAIL: pr83 -O3 execution - source compiled test
FAIL: pr83 -O3 execution - bytecode->native test
FAIL: pr8415 execution - source compiled test
FAIL: pr8415 execution - bytecode->native test
FAIL: pr8415 -O3 execution - source compiled test
FAIL: pr8415 -O3 execution - bytecode->native test
FAIL: pr8676 execution - source compiled test
FAIL: pr8676 execution - bytecode->native test
FAIL: pr8676 -O3 execution - source compiled test
FAIL: pr8676 -O3 execution - bytecode->native test
FAIL: pr8823 execution - source compiled test
FAIL: pr8823 execution - bytecode->native test
FAIL: pr8823 -O3 execution - source compiled test
FAIL: pr8823 -O3 execution - bytecode->native test
FAIL: pr8945 execution - source compiled test
FAIL: pr8945 execution - bytecode->native test
FAIL: pr8945 -O3 execution - source compiled test
FAIL: pr8945 -O3 execution - bytecode->native test
FAIL: private_direct_read execution - source compiled test
FAIL: private_direct_read execution - bytecode->native test
FAIL: private_direct_read -O3 execution - source compiled test
FAIL: private_direct_read -O3 execution - bytecode->native test
FAIL: search_outer execution - source compiled test
FAIL: search_outer execution - bytecode->native test
FAIL: search_outer -O3 execution - source compiled test
FAIL: search_outer -O3 execution - bytecode->native test
FAIL: stringconst execution - source compiled test
FAIL: stringconst execution - bytecode->native test
FAIL: stringconst -O3 execution - source compiled test
FAIL: stringconst -O3 execution - bytecode->native test
FAIL: stringconst2 execution - source compiled test
FAIL: stringconst2 execution - bytecode->native test
FAIL: stringconst2 -O3 execution - source compiled test
FAIL: stringconst2 -O3 execution - bytecode->native test
FAIL: stub execution - source compiled test
FAIL: stub execution - bytecode->native test
FAIL: stub -O3 execution - source compiled test
FAIL: stub -O3 execution - bytecode->native test
FAIL: test_long execution - source compiled test
FAIL: test_long execution - bytecode->native test
FAIL: test_long -O3 execution - source compiled test
FAIL: test_long -O3 execution - bytecode->native test
FAIL: tmi execution - source compiled test
FAIL: tmi execution - bytecode->native test
FAIL: tmi -O3 execution - source compiled test
FAIL: tmi -O3 execution - bytecode->native test
FAIL: tp execution - source compiled test
FAIL: tp execution - bytecode->native test
FAIL: tp -O3 execution - source compiled test
FAIL: tp -O3 execution - bytecode->native test
FAIL: update_outer execution - source compiled test
FAIL: update_outer execution - bytecode->native test
FAIL: update_outer -O3 execution - source compiled test
FAIL: update_outer -O3 execution - bytecode->native test
FAIL: utf8concat execution - source compiled test
FAIL: utf8concat execution - bytecode->native test
FAIL: utf8concat -O3 execution - source compiled test
FAIL: utf8concat -O3 execution - bytecode->native test
FAIL: utilTest execution - source compiled test
FAIL: utilTest execution - bytecode->native test
FAIL: utilTest -O3 execution - source compiled test
FAIL: utilTest -O3 execution - bytecode->native test
FAIL: verify execution - source compiled test
FAIL: verify execution - bytecode->native test
FAIL: verify -O3 execution - source compiled test
FAIL: verify -O3 execution - bytecode->native test
FAIL: resource compilation dummy.class

		=== libjava Summary for unix/-mabi=32 ===

# of expected passes		1463
# of unexpected failures	564
# of expected failures		5
# of untested testcases		652

Running target unix/-mabi=64
FAIL: linking simple
FAIL: calls output
FAIL: martin output
FAIL: pr11951 output
FAIL: throwit output
FAIL: FileHandleGcTest execution - source compiled test
FAIL: FileHandleGcTest execution - bytecode->native test
FAIL: FileHandleGcTest -O3 execution - source compiled test
FAIL: FileHandleGcTest -O3 execution - bytecode->native test
FAIL: InvokeReturn output - source compiled test
FAIL: InvokeReturn output - bytecode->native test
FAIL: InvokeReturn -O3 output - source compiled test
FAIL: InvokeReturn -O3 output - bytecode->native test
FAIL: TestProxy execution - source compiled test
FAIL: TestProxy execution - bytecode->native test
FAIL: TestProxy -O3 execution - source compiled test
FAIL: TestProxy -O3 execution - bytecode->native test
FAIL: Throw_2 execution - source compiled test
FAIL: Throw_2 execution - bytecode->native test
FAIL: Throw_2 -O3 execution - source compiled test
FAIL: Throw_2 -O3 execution - bytecode->native test
FAIL: invokethrow output - source compiled test
FAIL: invokethrow output - bytecode->native test
FAIL: invokethrow -O3 output - source compiled test
FAIL: invokethrow -O3 output - bytecode->native test
FAIL: /.vol/gcc/obj/gcc-3.4-20031127/6.5-gcc-java/mips-sgi-irix6.5/libjava/testsuite/TestEarlyGC.exe output - /.vol/gcc/obj/gcc-3.4-20031127/6.5-gcc-java/mips-sgi-irix6.5/libjava/testsuite/TestEarlyGC.exe
FAIL: /.vol/gcc/obj/gcc-3.4-20031127/6.5-gcc-java/mips-sgi-irix6.5/libjava/testsuite/TestLeak.exe execution - /.vol/gcc/obj/gcc-3.4-20031127/6.5-gcc-java/mips-sgi-irix6.5/libjava/testsuite/TestLeak.exe
FAIL: /.vol/gcc/obj/gcc-3.4-20031127/6.5-gcc-java/mips-sgi-irix6.5/libjava/testsuite/TestMultiple.exe output - /.vol/gcc/obj/gcc-3.4-20031127/6.5-gcc-java/mips-sgi-irix6.5/libjava/testsuite/TestMultiple.exe
FAIL: /.vol/gcc/obj/gcc-3.4-20031127/6.5-gcc-java/mips-sgi-irix6.5/libjava/testsuite/TestParent.exe output - /.vol/gcc/obj/gcc-3.4-20031127/6.5-gcc-java/mips-sgi-irix6.5/libjava/testsuite/TestParent.exe

		=== libjava Summary for unix/-mabi=64 ===

# of expected passes		2535
# of unexpected failures	29
# of expected failures		11
# of untested testcases		103

		=== libjava Summary ===

# of expected passes		6536
# of unexpected failures	615
# of expected failures		27
# of untested testcases		863
		=== libstdc++ tests ===


Running target unix
FAIL: 22_locale/ctype/cons/char/1.cc execution test
WARNING: program timed out.
FAIL: 27_io/basic_filebuf/imbue/char/13171-2.cc execution test
FAIL: 27_io/basic_filebuf/imbue/char/13171-3.cc (test for excess errors)
WARNING: 27_io/basic_filebuf/imbue/char/13171-3.cc compilation failed to produce executable
FAIL: 27_io/basic_filebuf/sgetn/char/1-in.cc execution test
FAIL: 27_io/basic_filebuf/sgetn/char/1-io.cc execution test
FAIL: 27_io/basic_filebuf/sgetn/char/2-in.cc execution test
FAIL: 27_io/basic_filebuf/sgetn/char/2-io.cc execution test
FAIL: 27_io/basic_istream/readsome/char/6746-2.cc execution test

		=== libstdc++ Summary for unix ===

# of expected passes		1807
# of unexpected failures	8
# of expected failures		1
# of unsupported tests		7

Running target unix/-mabi=32
FAIL: 19_diagnostics/stdexceptions.cc execution test
FAIL: 20_util/allocator_members.cc execution test
FAIL: 21_strings/basic_string/append/char/1.cc execution test
FAIL: 21_strings/basic_string/cons/char/1.cc execution test
FAIL: 21_strings/basic_string/element_access/char/1.cc execution test
FAIL: 21_strings/basic_string/insert/char/1.cc execution test
FAIL: 21_strings/basic_string/substr/char/1.cc execution test
FAIL: 22_locale/ctype/cons/char/1.cc execution test
FAIL: 22_locale/locale/cons/12352.cc execution test
FAIL: 22_locale/locale/cons/12438.cc execution test
FAIL: 22_locale/money_put/put/char/5.cc execution test
FAIL: 22_locale/numpunct/members/pod/2.cc execution test
FAIL: 22_locale/time_put/put/char/10.cc execution test
FAIL: 22_locale/time_put/put/char/12439_1.cc execution test
FAIL: 22_locale/time_put/put/char/9.cc execution test
FAIL: 23_containers/bitset/to_ulong/1.cc execution test
FAIL: 23_containers/deque/cons/2.cc execution test
FAIL: 23_containers/list/modifiers/3.cc execution test
FAIL: 23_containers/vector/capacity/2.cc execution test
FAIL: 23_containers/vector/capacity/8230.cc execution test
FAIL: 23_containers/vector/cons/4.cc execution test
FAIL: 23_containers/vector/resize/1.cc execution test
WARNING: program timed out.
FAIL: 27_io/basic_filebuf/imbue/char/13171-2.cc execution test
FAIL: 27_io/basic_filebuf/imbue/char/13171-3.cc (test for excess errors)
WARNING: 27_io/basic_filebuf/imbue/char/13171-3.cc compilation failed to produce executable
FAIL: 27_io/basic_istream/exceptions/char/9561.cc execution test
FAIL: 27_io/basic_istream/extractors_arithmetic/char/12.cc execution test
FAIL: 27_io/basic_istream/extractors_arithmetic/char/exceptions_badbit_throw.cc execution test
FAIL: 27_io/basic_istream/extractors_arithmetic/char/exceptions_failbit_throw.cc execution test
FAIL: 27_io/basic_istream/extractors_other/char/error_failbit.cc execution test
FAIL: 27_io/basic_istream/extractors_other/char/exceptions_badbit_throw.cc execution test
FAIL: 27_io/basic_istream/extractors_other/char/exceptions_failbit_throw.cc execution test
FAIL: 27_io/basic_istream/seekg/char/exceptions_badbit_throw.cc execution test
FAIL: 27_io/basic_istream/sentry/char/12297.cc execution test
FAIL: 27_io/basic_istream/sentry/pod/1.cc execution test
FAIL: 27_io/basic_istream/tellg/char/exceptions_badbit_throw.cc execution test
FAIL: 27_io/basic_ostream/exceptions/char/9561.cc execution test
FAIL: 27_io/basic_ostream/flush/char/exceptions_badbit_throw.cc execution test
FAIL: 27_io/basic_ostream/inserters_arithmetic/char/3.cc execution test
FAIL: 27_io/basic_ostream/inserters_arithmetic/char/9555-oa.cc execution test
FAIL: 27_io/basic_ostream/inserters_arithmetic/char/exceptions_badbit_throw.cc execution test
FAIL: 27_io/basic_ostream/inserters_arithmetic/char/exceptions_failbit_throw.cc execution test
FAIL: 27_io/basic_ostream/inserters_character/char/9555-oc.cc execution test
FAIL: 27_io/basic_ostream/inserters_other/char/5.cc execution test
FAIL: 27_io/basic_ostream/inserters_other/char/error_failbit.cc execution test
FAIL: 27_io/basic_ostream/inserters_other/char/exceptions_badbit_throw.cc execution test
FAIL: 27_io/basic_ostream/inserters_other/char/exceptions_failbit_throw.cc execution test
FAIL: 27_io/basic_ostream/inserters_other/char/exceptions_null.cc execution test
FAIL: 27_io/basic_ostream/put/char/1.cc execution test
FAIL: 27_io/basic_ostream/seekp/char/exceptions_badbit_throw.cc execution test
FAIL: 27_io/basic_ostream/tellp/char/exceptions_badbit_throw.cc execution test
FAIL: 27_io/basic_ostream/write/char/1.cc execution test
FAIL: 27_io/ios_base/storage/2.cc execution test
FAIL: 27_io/ios_base/sync_with_stdio/2.cc execution test

		=== libstdc++ Summary for unix/-mabi=32 ===

# of expected passes		1762
# of unexpected failures	53
# of expected failures		1
# of unsupported tests		7

Running target unix/-mabi=64
FAIL: 22_locale/ctype/cons/char/1.cc execution test
WARNING: program timed out.
FAIL: 27_io/basic_filebuf/imbue/char/13171-2.cc execution test
FAIL: 27_io/basic_filebuf/imbue/char/13171-3.cc (test for excess errors)
WARNING: 27_io/basic_filebuf/imbue/char/13171-3.cc compilation failed to produce executable
FAIL: 27_io/basic_filebuf/sgetn/char/1-in.cc execution test
FAIL: 27_io/basic_filebuf/sgetn/char/1-io.cc execution test
FAIL: 27_io/basic_filebuf/sgetn/char/2-in.cc execution test
FAIL: 27_io/basic_filebuf/sgetn/char/2-io.cc execution test
FAIL: 27_io/basic_istream/readsome/char/6746-2.cc execution test

		=== libstdc++ Summary for unix/-mabi=64 ===

# of expected passes		1807
# of unexpected failures	8
# of expected failures		1
# of unsupported tests		7

		=== libstdc++ Summary ===

# of expected passes		5376
# of unexpected failures	69
# of expected failures		3
# of unsupported tests		21

Compiler version: 3.4 20031127 (experimental) 
Platform: mips-sgi-irix6.5
configure flags: --prefix=/.vol/gcc --with-local-prefix=/.vol/gcc --disable-nls --enable-libgcj


Index Nav: [Date Index] [Subject Index] [Author Index] [Thread Index]
Message Nav: [Date Prev] [Date Next] [Thread Prev] [Thread Next]