This is the mail archive of the gcc-testresults@gcc.gnu.org mailing list for the GCC project.


Index Nav: [Date Index] [Subject Index] [Author Index] [Thread Index]
Message Nav: [Date Prev] [Date Next] [Thread Prev] [Thread Next]
Other format: [Raw text]

Results for 3.4.0 20031222 (experimental) testsuite on i386-unknown-freebsd5.2


Using gmake with objdir configuration on ref5 (see key)

LAST_UPDATED: Mon Dec 22 21:51:14 GMT 2003

Native configuration is i386-unknown-freebsd5.2

		=== g++ tests ===


Running target unix/-pthread
FAIL: g++.dg/eh/crossjump1.C (test for excess errors)
FAIL: g++.dg/expr/anew1.C execution test
FAIL: g++.dg/expr/anew2.C execution test
FAIL: g++.dg/expr/anew3.C execution test
FAIL: g++.dg/expr/anew4.C execution test
XPASS: g++.dg/ext/lvalue1.C not an lvalue (test for errors, line 7)
XPASS: g++.dg/warn/Wunused-2.C  (test for warnings, line 5)
FAIL: g++.old-deja/g++.law/profile1.C (test for excess errors)
WARNING: g++.old-deja/g++.law/profile1.C compilation failed to produce executable
WARNING: g++.old-deja/g++.mike/p10769a.C compilation failed to produce executable
WARNING: g++.old-deja/g++.other/enum5.C compilation failed to produce executable
WARNING: g++.old-deja/g++.pt/friend44.C compilation failed to produce executable

		=== g++ Summary ===

# of expected passes		9282
# of unexpected failures	6
# of unexpected successes	2
# of expected failures		56
# of unsupported tests		41
/local0/scratch/ljrittle/gcc-build-ref5-1222/gcc/testsuite/../g++ version 3.4.0 20031222 (experimental)

		=== g77 tests ===


Running target unix/-pthread

		=== g77 Summary ===

# of expected passes		1774
# of expected failures		1
# of untested testcases		1
# of unsupported tests		6
/local0/scratch/ljrittle/gcc-build-ref5-1222/gcc/testsuite/../g77 version 3.4.0 20031222 (experimental)

		=== gcc tests ===


Running target unix/-pthread
FAIL: gcc.c-torture/compile/930621-1.c  -O3 -fomit-frame-pointer  (test for excess errors)
FAIL: gcc.c-torture/compile/930621-1.c  -O3 -fomit-frame-pointer -funroll-loops  (test for excess errors)
FAIL: gcc.c-torture/compile/930621-1.c  -O3 -fomit-frame-pointer -funroll-all-loops -finline-functions  (test for excess errors)
FAIL: gcc.c-torture/compile/930621-1.c  -O3 -g  (test for excess errors)
FAIL: gcc.c-torture/execute/conversion.c execution,  -O0 
FAIL: gcc.c-torture/execute/conversion.c execution,  -O1 
FAIL: gcc.c-torture/execute/conversion.c execution,  -O2 
FAIL: gcc.c-torture/execute/conversion.c execution,  -Os 
FAIL: gcc.c-torture/execute/va-arg-25.c execution,  -O0 
FAIL: gcc.c-torture/execute/va-arg-25.c execution,  -O1 
FAIL: gcc.c-torture/execute/va-arg-25.c execution,  -O2 
FAIL: gcc.c-torture/execute/va-arg-25.c execution,  -O3 -fomit-frame-pointer 
FAIL: gcc.c-torture/execute/va-arg-25.c execution,  -O3 -g 
FAIL: gcc.c-torture/execute/va-arg-25.c execution,  -Os 
FAIL: gcc.dg/builtins-20.c (test for excess errors)
FAIL: gcc.dg/const-elim-1.c scan-assembler-not L\\\$?C[^A-Z]
FAIL: gcc.dg/nest.c (test for excess errors)
WARNING: gcc.dg/nest.c compilation failed to produce executable

		=== gcc Summary ===

# of expected passes		24772
# of unexpected failures	17
# of expected failures		73
# of untested testcases		7
# of unsupported tests		173
/local0/scratch/ljrittle/gcc-build-ref5-1222/gcc/xgcc version 3.4.0 20031222 (experimental)

		=== objc tests ===


Running target unix/-pthread

		=== objc Summary ===

# of expected passes		1339
# of unsupported tests		7
/local0/scratch/ljrittle/gcc-build-ref5-1222/gcc/xgcc version 3.4.0 20031222 (experimental)

		=== libffi tests ===


Running target unix/-pthread
FAIL: libffi.call/cls_1_1byte.c execution test
FAIL: libffi.call/cls_2byte.c output pattern test, is 170 192 12 127: 182 63
FAIL: libffi.call/cls_3byte1.c execution test
FAIL: libffi.call/cls_3byte2.c execution test
FAIL: libffi.call/cls_4_1byte.c execution test
FAIL: libffi.call/cls_4byte.c execution test
FAIL: libffi.call/cls_7byte.c execution test
FAIL: libffi.call/cls_8byte.c execution test
FAIL: libffi.call/struct3.c execution test
FAIL: libffi.call/struct5.c execution test
FAIL: libffi.call/struct9.c execution test

		=== libffi Summary ===

# of expected passes		194
# of unexpected failures	11
# of unsupported tests		2
		=== libjava tests ===


Running target unix/-pthread
FAIL: /home/ljrittle/ref5/tmp/outside-cvs-src/gcc/libjava/testsuite/libjava.jar/simple.jar execution - gij test
WARNING: program timed out.
FAIL: SyncGlobal -O3 execution - bytecode->native test
FAIL: Throw_2 execution - source compiled test
FAIL: Throw_2 execution - gij test
FAIL: Throw_2 execution - bytecode->native test
FAIL: Throw_2 -O3 execution - source compiled test
FAIL: Throw_2 execution - gij test
FAIL: Throw_2 -O3 execution - bytecode->native test

		=== libjava Summary ===

# of expected passes		3246
# of unexpected failures	8
# of expected failures		10
# of untested testcases		16
		=== libstdc++ tests ===


Running target unix/-pthread
FAIL: 17_intro/headers.cc (test for excess errors)
FAIL: 19_diagnostics/stdexceptions.cc (test for excess errors)
FAIL: 21_strings/basic_string/append/char/1.cc (test for excess errors)
FAIL: 21_strings/basic_string/append/wchar_t/1.cc (test for excess errors)
FAIL: 21_strings/basic_string/assign/char/1.cc (test for excess errors)
FAIL: 21_strings/basic_string/assign/char/2.cc (test for excess errors)
FAIL: 21_strings/basic_string/assign/char/3.cc (test for excess errors)
FAIL: 21_strings/basic_string/assign/wchar_t/1.cc (test for excess errors)
FAIL: 21_strings/basic_string/assign/wchar_t/2.cc (test for excess errors)
FAIL: 21_strings/basic_string/assign/wchar_t/3.cc (test for excess errors)
FAIL: 21_strings/basic_string/capacity/1.cc (test for excess errors)
FAIL: 21_strings/basic_string/capacity/char/1.cc (test for excess errors)
FAIL: 21_strings/basic_string/capacity/char/2.cc (test for excess errors)
FAIL: 21_strings/basic_string/capacity/wchar_t/1.cc (test for excess errors)
FAIL: 21_strings/basic_string/capacity/wchar_t/2.cc (test for excess errors)
FAIL: 21_strings/basic_string/compare/char/1.cc (test for excess errors)
FAIL: 21_strings/basic_string/compare/wchar_t/1.cc (test for excess errors)
FAIL: 21_strings/basic_string/cons/char/1.cc (test for excess errors)
FAIL: 21_strings/basic_string/cons/char/2.cc (test for excess errors)
FAIL: 21_strings/basic_string/cons/char/3.cc (test for excess errors)
FAIL: 21_strings/basic_string/cons/char/4.cc (test for excess errors)
FAIL: 21_strings/basic_string/cons/char/5.cc (test for excess errors)
FAIL: 21_strings/basic_string/cons/wchar_t/1.cc (test for excess errors)
FAIL: 21_strings/basic_string/cons/wchar_t/2.cc (test for excess errors)
FAIL: 21_strings/basic_string/cons/wchar_t/3.cc (test for excess errors)
FAIL: 21_strings/basic_string/cons/wchar_t/4.cc (test for excess errors)
FAIL: 21_strings/basic_string/cons/wchar_t/5.cc (test for excess errors)
FAIL: 21_strings/basic_string/element_access/char/1.cc (test for excess errors)
FAIL: 21_strings/basic_string/element_access/char/2.cc (test for excess errors)
FAIL: 21_strings/basic_string/element_access/char/3.cc (test for excess errors)
FAIL: 21_strings/basic_string/element_access/wchar_t/1.cc (test for excess errors)
FAIL: 21_strings/basic_string/element_access/wchar_t/2.cc (test for excess errors)
FAIL: 21_strings/basic_string/element_access/wchar_t/3.cc (test for excess errors)
FAIL: 21_strings/basic_string/find/char/1.cc (test for excess errors)
FAIL: 21_strings/basic_string/find/char/2.cc (test for excess errors)
FAIL: 21_strings/basic_string/find/char/3.cc (test for excess errors)
FAIL: 21_strings/basic_string/find/wchar_t/1.cc (test for excess errors)
FAIL: 21_strings/basic_string/find/wchar_t/2.cc (test for excess errors)
FAIL: 21_strings/basic_string/find/wchar_t/3.cc (test for excess errors)
FAIL: 21_strings/basic_string/insert/char/1.cc (test for excess errors)
FAIL: 21_strings/basic_string/insert/char/2.cc (test for excess errors)
FAIL: 21_strings/basic_string/insert/wchar_t/1.cc (test for excess errors)
FAIL: 21_strings/basic_string/insert/wchar_t/2.cc (test for excess errors)
FAIL: 21_strings/basic_string/inserters_extractors/char/1.cc (test for excess errors)
FAIL: 21_strings/basic_string/inserters_extractors/char/4.cc (test for excess errors)
FAIL: 21_strings/basic_string/inserters_extractors/char/5.cc (test for excess errors)
FAIL: 21_strings/basic_string/inserters_extractors/char/6.cc (test for excess errors)
FAIL: 21_strings/basic_string/inserters_extractors/char/7.cc (test for excess errors)
FAIL: 21_strings/basic_string/inserters_extractors/char/8.cc (test for excess errors)
FAIL: 21_strings/basic_string/inserters_extractors/char/9.cc (test for excess errors)
FAIL: 21_strings/basic_string/inserters_extractors/pod/10081-in.cc (test for excess errors)
FAIL: 21_strings/basic_string/inserters_extractors/pod/10081-out.cc (test for excess errors)
FAIL: 21_strings/basic_string/inserters_extractors/wchar_t/1.cc (test for excess errors)
FAIL: 21_strings/basic_string/inserters_extractors/wchar_t/4.cc (test for excess errors)
FAIL: 21_strings/basic_string/inserters_extractors/wchar_t/5.cc (test for excess errors)
FAIL: 21_strings/basic_string/inserters_extractors/wchar_t/6.cc (test for excess errors)
FAIL: 21_strings/basic_string/inserters_extractors/wchar_t/7.cc (test for excess errors)
FAIL: 21_strings/basic_string/inserters_extractors/wchar_t/8.cc (test for excess errors)
FAIL: 21_strings/basic_string/inserters_extractors/wchar_t/9.cc (test for excess errors)
FAIL: 21_strings/basic_string/operators/char/1.cc (test for excess errors)
FAIL: 21_strings/basic_string/operators/char/2.cc (test for excess errors)
FAIL: 21_strings/basic_string/operators/wchar_t/1.cc (test for excess errors)
FAIL: 21_strings/basic_string/operators/wchar_t/2.cc (test for excess errors)
FAIL: 21_strings/basic_string/replace/char/1.cc (test for excess errors)
FAIL: 21_strings/basic_string/replace/char/2.cc (test for excess errors)
FAIL: 21_strings/basic_string/replace/char/3.cc (test for excess errors)
FAIL: 21_strings/basic_string/replace/char/4.cc (test for excess errors)
FAIL: 21_strings/basic_string/replace/char/5.cc (test for excess errors)
FAIL: 21_strings/basic_string/replace/wchar_t/1.cc (test for excess errors)
FAIL: 21_strings/basic_string/replace/wchar_t/2.cc (test for excess errors)
FAIL: 21_strings/basic_string/replace/wchar_t/3.cc (test for excess errors)
FAIL: 21_strings/basic_string/replace/wchar_t/4.cc (test for excess errors)
FAIL: 21_strings/basic_string/replace/wchar_t/5.cc (test for excess errors)
FAIL: 21_strings/basic_string/rfind/char/1.cc (test for excess errors)
FAIL: 21_strings/basic_string/rfind/char/2.cc (test for excess errors)
FAIL: 21_strings/basic_string/rfind/char/3.cc (test for excess errors)
FAIL: 21_strings/basic_string/rfind/wchar_t/1.cc (test for excess errors)
FAIL: 21_strings/basic_string/rfind/wchar_t/2.cc (test for excess errors)
FAIL: 21_strings/basic_string/rfind/wchar_t/3.cc (test for excess errors)
FAIL: 21_strings/basic_string/substr/char/1.cc (test for excess errors)
FAIL: 21_strings/basic_string/substr/wchar_t/1.cc (test for excess errors)
FAIL: 21_strings/char_traits/requirements/char/1.cc (test for excess errors)
FAIL: 21_strings/char_traits/requirements/short/1.cc (test for excess errors)
FAIL: 21_strings/char_traits/requirements/wchar_t/1.cc (test for excess errors)
FAIL: 22_locale/codecvt/length/char/2.cc (test for excess errors)
FAIL: 22_locale/codecvt/length/wchar_t/6.cc (test for excess errors)
FAIL: 22_locale/collate/2.cc (test for excess errors)
FAIL: 22_locale/collate/hash/char/1.cc (test for excess errors)
FAIL: 22_locale/collate/hash/char/wrapped_env.cc (test for excess errors)
FAIL: 22_locale/collate/hash/char/wrapped_locale.cc (test for excess errors)
FAIL: 22_locale/collate/hash/wchar_t/1.cc (test for excess errors)
FAIL: 22_locale/collate/transform/char/2.cc (test for excess errors)
FAIL: 22_locale/collate/transform/char/3.cc (test for excess errors)
FAIL: 22_locale/collate/transform/char/wrapped_env.cc (test for excess errors)
FAIL: 22_locale/collate/transform/char/wrapped_locale.cc (test for excess errors)
FAIL: 22_locale/collate/transform/wchar_t/3.cc (test for excess errors)
FAIL: 22_locale/collate_byname/named_equivalence.cc (test for excess errors)
FAIL: 22_locale/ctype/is/char/3.cc (test for excess errors)
FAIL: 22_locale/ctype/is/char/wrapped_env.cc (test for excess errors)
FAIL: 22_locale/ctype/is/char/wrapped_locale.cc (test for excess errors)
FAIL: 22_locale/ctype/is/wchar_t/1.cc execution test
FAIL: 22_locale/ctype/narrow/char/1.cc (test for excess errors)
FAIL: 22_locale/ctype/narrow/char/2.cc (test for excess errors)
FAIL: 22_locale/ctype/narrow/char/wrapped_env.cc (test for excess errors)
FAIL: 22_locale/ctype/narrow/char/wrapped_locale.cc (test for excess errors)
FAIL: 22_locale/ctype/narrow/wchar_t/1.cc (test for excess errors)
FAIL: 22_locale/ctype/narrow/wchar_t/2.cc (test for excess errors)
FAIL: 22_locale/ctype/narrow/wchar_t/wrapped_env.cc (test for excess errors)
FAIL: 22_locale/ctype/narrow/wchar_t/wrapped_locale.cc (test for excess errors)
FAIL: 22_locale/ctype/scan/wchar_t/1.cc execution test
FAIL: 22_locale/ctype/widen/char/1.cc (test for excess errors)
FAIL: 22_locale/ctype/widen/char/wrapped_env.cc (test for excess errors)
FAIL: 22_locale/ctype/widen/char/wrapped_locale.cc (test for excess errors)
FAIL: 22_locale/ctype/widen/wchar_t/1.cc (test for excess errors)
FAIL: 22_locale/ctype/widen/wchar_t/wrapped_env.cc (test for excess errors)
FAIL: 22_locale/ctype/widen/wchar_t/wrapped_locale.cc (test for excess errors)
FAIL: 22_locale/facet/1.cc (test for excess errors)
FAIL: 22_locale/facet/2.cc (test for excess errors)
FAIL: 22_locale/global_templates/1.cc (test for excess errors)
FAIL: 22_locale/locale/cons/12438.cc (test for excess errors)
FAIL: 22_locale/locale/cons/4.cc (test for excess errors)
FAIL: 22_locale/locale/cons/5.cc (test for excess errors)
FAIL: 22_locale/locale/cons/6.cc (test for excess errors)
FAIL: 22_locale/locale/cons/7.cc (test for excess errors)
FAIL: 22_locale/locale/cons/8.cc (test for excess errors)
FAIL: 22_locale/locale/global_locale_objects/1.cc (test for excess errors)
FAIL: 22_locale/locale/global_locale_objects/2.cc (test for excess errors)
FAIL: 22_locale/locale/global_locale_objects/3.cc (test for excess errors)
FAIL: 22_locale/locale/operations/1.cc (test for excess errors)
FAIL: 22_locale/locale/operations/2.cc (test for excess errors)
FAIL: 22_locale/messages/2.cc (test for excess errors)
FAIL: 22_locale/messages/members/char/1.cc (test for excess errors)
FAIL: 22_locale/messages/members/char/2.cc (test for excess errors)
FAIL: 22_locale/messages/members/char/3.cc (test for excess errors)
FAIL: 22_locale/messages/members/char/wrapped_env.cc (test for excess errors)
FAIL: 22_locale/messages/members/char/wrapped_locale.cc (test for excess errors)
FAIL: 22_locale/messages_byname/named_equivalence.cc (test for excess errors)
FAIL: 22_locale/money_get/2.cc (test for excess errors)
FAIL: 22_locale/money_get/get/char/1.cc (test for excess errors)
FAIL: 22_locale/money_get/get/char/10.cc (test for excess errors)
FAIL: 22_locale/money_get/get/char/11.cc (test for excess errors)
FAIL: 22_locale/money_get/get/char/11528.cc (test for excess errors)
FAIL: 22_locale/money_get/get/char/2.cc (test for excess errors)
FAIL: 22_locale/money_get/get/char/3.cc (test for excess errors)
FAIL: 22_locale/money_get/get/char/4.cc (test for excess errors)
FAIL: 22_locale/money_get/get/char/5.cc (test for excess errors)
FAIL: 22_locale/money_get/get/char/6.cc (test for excess errors)
FAIL: 22_locale/money_get/get/char/7.cc (test for excess errors)
FAIL: 22_locale/money_get/get/char/8.cc (test for excess errors)
FAIL: 22_locale/money_get/get/char/9.cc (test for excess errors)
FAIL: 22_locale/money_get/get/char/wrapped_env.cc (test for excess errors)
FAIL: 22_locale/money_get/get/char/wrapped_locale.cc (test for excess errors)
FAIL: 22_locale/money_get/get/wchar_t/1.cc (test for excess errors)
FAIL: 22_locale/money_get/get/wchar_t/10.cc (test for excess errors)
FAIL: 22_locale/money_get/get/wchar_t/11.cc (test for excess errors)
FAIL: 22_locale/money_get/get/wchar_t/11528.cc (test for excess errors)
FAIL: 22_locale/money_get/get/wchar_t/2.cc (test for excess errors)
FAIL: 22_locale/money_get/get/wchar_t/3.cc (test for excess errors)
FAIL: 22_locale/money_get/get/wchar_t/4.cc (test for excess errors)
FAIL: 22_locale/money_get/get/wchar_t/5.cc (test for excess errors)
FAIL: 22_locale/money_get/get/wchar_t/6.cc (test for excess errors)
FAIL: 22_locale/money_get/get/wchar_t/7.cc (test for excess errors)
FAIL: 22_locale/money_get/get/wchar_t/8.cc (test for excess errors)
FAIL: 22_locale/money_get/get/wchar_t/9.cc (test for excess errors)
FAIL: 22_locale/money_get/get/wchar_t/wrapped_env.cc (test for excess errors)
FAIL: 22_locale/money_get/get/wchar_t/wrapped_locale.cc (test for excess errors)
FAIL: 22_locale/money_put/2.cc (test for excess errors)
FAIL: 22_locale/money_put/put/char/1.cc (test for excess errors)
FAIL: 22_locale/money_put/put/char/12971.cc (test for excess errors)
FAIL: 22_locale/money_put/put/char/2.cc (test for excess errors)
FAIL: 22_locale/money_put/put/char/3.cc (test for excess errors)
FAIL: 22_locale/money_put/put/char/4.cc (test for excess errors)
FAIL: 22_locale/money_put/put/char/5.cc (test for excess errors)
FAIL: 22_locale/money_put/put/char/6.cc (test for excess errors)
FAIL: 22_locale/money_put/put/char/wrapped_env.cc (test for excess errors)
FAIL: 22_locale/money_put/put/char/wrapped_locale.cc (test for excess errors)
FAIL: 22_locale/money_put/put/wchar_t/1.cc (test for excess errors)
FAIL: 22_locale/money_put/put/wchar_t/12971.cc (test for excess errors)
FAIL: 22_locale/money_put/put/wchar_t/2.cc (test for excess errors)
FAIL: 22_locale/money_put/put/wchar_t/3.cc (test for excess errors)
FAIL: 22_locale/money_put/put/wchar_t/4.cc (test for excess errors)
FAIL: 22_locale/money_put/put/wchar_t/5.cc (test for excess errors)
FAIL: 22_locale/money_put/put/wchar_t/6.cc (test for excess errors)
FAIL: 22_locale/money_put/put/wchar_t/wrapped_env.cc (test for excess errors)
FAIL: 22_locale/money_put/put/wchar_t/wrapped_locale.cc (test for excess errors)
FAIL: 22_locale/moneypunct/members/char/1.cc (test for excess errors)
FAIL: 22_locale/moneypunct/members/char/2.cc (test for excess errors)
FAIL: 22_locale/moneypunct/members/char/wrapped_env.cc (test for excess errors)
FAIL: 22_locale/moneypunct/members/char/wrapped_locale.cc (test for excess errors)
FAIL: 22_locale/moneypunct/members/wchar_t/1.cc (test for excess errors)
FAIL: 22_locale/moneypunct/members/wchar_t/2.cc (test for excess errors)
FAIL: 22_locale/moneypunct/members/wchar_t/wrapped_env.cc (test for excess errors)
FAIL: 22_locale/moneypunct/members/wchar_t/wrapped_locale.cc (test for excess errors)
FAIL: 22_locale/moneypunct_byname/named_equivalence.cc (test for excess errors)
FAIL: 22_locale/num_get/2.cc (test for excess errors)
FAIL: 22_locale/num_get/get/char/1.cc (test for excess errors)
FAIL: 22_locale/num_get/get/char/10.cc (test for excess errors)
FAIL: 22_locale/num_get/get/char/11.cc (test for excess errors)
FAIL: 22_locale/num_get/get/char/12.cc (test for excess errors)
FAIL: 22_locale/num_get/get/char/2.cc (test for excess errors)
FAIL: 22_locale/num_get/get/char/3.cc (test for excess errors)
FAIL: 22_locale/num_get/get/char/4.cc (test for excess errors)
FAIL: 22_locale/num_get/get/char/5.cc (test for excess errors)
FAIL: 22_locale/num_get/get/char/6.cc (test for excess errors)
FAIL: 22_locale/num_get/get/char/7.cc (test for excess errors)
FAIL: 22_locale/num_get/get/char/8.cc (test for excess errors)
FAIL: 22_locale/num_get/get/char/9.cc (test for excess errors)
FAIL: 22_locale/num_get/get/char/wrapped_env.cc (test for excess errors)
FAIL: 22_locale/num_get/get/char/wrapped_locale.cc (test for excess errors)
FAIL: 22_locale/num_get/get/wchar_t/1.cc (test for excess errors)
FAIL: 22_locale/num_get/get/wchar_t/10.cc (test for excess errors)
FAIL: 22_locale/num_get/get/wchar_t/11.cc (test for excess errors)
FAIL: 22_locale/num_get/get/wchar_t/12.cc (test for excess errors)
FAIL: 22_locale/num_get/get/wchar_t/2.cc (test for excess errors)
FAIL: 22_locale/num_get/get/wchar_t/3.cc (test for excess errors)
FAIL: 22_locale/num_get/get/wchar_t/4.cc (test for excess errors)
FAIL: 22_locale/num_get/get/wchar_t/5.cc (test for excess errors)
FAIL: 22_locale/num_get/get/wchar_t/6.cc (test for excess errors)
FAIL: 22_locale/num_get/get/wchar_t/7.cc (test for excess errors)
FAIL: 22_locale/num_get/get/wchar_t/8.cc (test for excess errors)
FAIL: 22_locale/num_get/get/wchar_t/9.cc (test for excess errors)
FAIL: 22_locale/num_get/get/wchar_t/wrapped_env.cc (test for excess errors)
FAIL: 22_locale/num_get/get/wchar_t/wrapped_locale.cc (test for excess errors)
FAIL: 22_locale/num_put/2.cc (test for excess errors)
FAIL: 22_locale/num_put/put/char/2.cc (test for excess errors)
FAIL: 22_locale/num_put/put/char/3.cc (test for excess errors)
FAIL: 22_locale/num_put/put/char/4.cc (test for excess errors)
FAIL: 22_locale/num_put/put/char/5.cc (test for excess errors)
FAIL: 22_locale/num_put/put/char/6.cc (test for excess errors)
FAIL: 22_locale/num_put/put/char/7.cc (test for excess errors)
FAIL: 22_locale/num_put/put/char/8.cc (test for excess errors)
FAIL: 22_locale/num_put/put/char/wrapped_env.cc (test for excess errors)
FAIL: 22_locale/num_put/put/char/wrapped_locale.cc (test for excess errors)
FAIL: 22_locale/num_put/put/wchar_t/2.cc (test for excess errors)
FAIL: 22_locale/num_put/put/wchar_t/3.cc (test for excess errors)
FAIL: 22_locale/num_put/put/wchar_t/4.cc (test for excess errors)
FAIL: 22_locale/num_put/put/wchar_t/5.cc (test for excess errors)
FAIL: 22_locale/num_put/put/wchar_t/6.cc (test for excess errors)
FAIL: 22_locale/num_put/put/wchar_t/7.cc (test for excess errors)
FAIL: 22_locale/num_put/put/wchar_t/8.cc (test for excess errors)
FAIL: 22_locale/num_put/put/wchar_t/wrapped_env.cc (test for excess errors)
FAIL: 22_locale/num_put/put/wchar_t/wrapped_locale.cc (test for excess errors)
FAIL: 22_locale/numpunct/members/char/1.cc (test for excess errors)
FAIL: 22_locale/numpunct/members/char/2.cc (test for excess errors)
FAIL: 22_locale/numpunct/members/char/3.cc (test for excess errors)
FAIL: 22_locale/numpunct/members/char/cache_1.cc (test for excess errors)
FAIL: 22_locale/numpunct/members/char/cache_2.cc (test for excess errors)
FAIL: 22_locale/numpunct/members/char/wrapped_env.cc (test for excess errors)
FAIL: 22_locale/numpunct/members/char/wrapped_locale.cc (test for excess errors)
FAIL: 22_locale/numpunct/members/pod/1.cc (test for excess errors)
FAIL: 22_locale/numpunct/members/pod/2.cc (test for excess errors)
FAIL: 22_locale/numpunct/members/wchar_t/1.cc (test for excess errors)
FAIL: 22_locale/numpunct/members/wchar_t/2.cc (test for excess errors)
FAIL: 22_locale/numpunct/members/wchar_t/cache_1.cc (test for excess errors)
FAIL: 22_locale/numpunct/members/wchar_t/cache_2.cc (test for excess errors)
FAIL: 22_locale/numpunct/members/wchar_t/wrapped_env.cc (test for excess errors)
FAIL: 22_locale/numpunct/members/wchar_t/wrapped_locale.cc (test for excess errors)
FAIL: 22_locale/numpunct_byname/named_equivalence.cc (test for excess errors)
FAIL: 22_locale/time_get/date_order/char/1.cc (test for excess errors)
FAIL: 22_locale/time_get/date_order/char/wrapped_env.cc (test for excess errors)
FAIL: 22_locale/time_get/date_order/char/wrapped_locale.cc (test for excess errors)
FAIL: 22_locale/time_get/date_order/wchar_t/1.cc (test for excess errors)
FAIL: 22_locale/time_get/date_order/wchar_t/wrapped_env.cc (test for excess errors)
FAIL: 22_locale/time_get/date_order/wchar_t/wrapped_locale.cc (test for excess errors)
FAIL: 22_locale/time_get/get_date/char/1.cc (test for excess errors)
FAIL: 22_locale/time_get/get_date/char/12750.cc (test for excess errors)
FAIL: 22_locale/time_get/get_date/char/12791.cc (test for excess errors)
FAIL: 22_locale/time_get/get_date/char/2.cc (test for excess errors)
FAIL: 22_locale/time_get/get_date/char/3.cc (test for excess errors)
FAIL: 22_locale/time_get/get_date/char/wrapped_env.cc (test for excess errors)
FAIL: 22_locale/time_get/get_date/char/wrapped_locale.cc (test for excess errors)
FAIL: 22_locale/time_get/get_date/wchar_t/1.cc (test for excess errors)
FAIL: 22_locale/time_get/get_date/wchar_t/12750.cc (test for excess errors)
FAIL: 22_locale/time_get/get_date/wchar_t/12791.cc (test for excess errors)
FAIL: 22_locale/time_get/get_date/wchar_t/2.cc (test for excess errors)
FAIL: 22_locale/time_get/get_date/wchar_t/3.cc (test for excess errors)
FAIL: 22_locale/time_get/get_date/wchar_t/4.cc (test for excess errors)
FAIL: 22_locale/time_get/get_date/wchar_t/wrapped_env.cc (test for excess errors)
FAIL: 22_locale/time_get/get_date/wchar_t/wrapped_locale.cc (test for excess errors)
FAIL: 22_locale/time_get/get_monthname/char/1.cc (test for excess errors)
FAIL: 22_locale/time_get/get_monthname/char/2.cc (test for excess errors)
FAIL: 22_locale/time_get/get_monthname/char/3.cc (test for excess errors)
FAIL: 22_locale/time_get/get_monthname/char/wrapped_env.cc (test for excess errors)
FAIL: 22_locale/time_get/get_monthname/char/wrapped_locale.cc (test for excess errors)
FAIL: 22_locale/time_get/get_monthname/wchar_t/1.cc (test for excess errors)
FAIL: 22_locale/time_get/get_monthname/wchar_t/2.cc (test for excess errors)
FAIL: 22_locale/time_get/get_monthname/wchar_t/3.cc (test for excess errors)
FAIL: 22_locale/time_get/get_monthname/wchar_t/wrapped_env.cc (test for excess errors)
FAIL: 22_locale/time_get/get_monthname/wchar_t/wrapped_locale.cc (test for excess errors)
FAIL: 22_locale/time_get/get_time/char/1.cc (test for excess errors)
FAIL: 22_locale/time_get/get_time/char/2.cc (test for excess errors)
FAIL: 22_locale/time_get/get_time/char/3.cc (test for excess errors)
FAIL: 22_locale/time_get/get_time/char/wrapped_env.cc (test for excess errors)
FAIL: 22_locale/time_get/get_time/char/wrapped_locale.cc (test for excess errors)
FAIL: 22_locale/time_get/get_time/wchar_t/1.cc (test for excess errors)
FAIL: 22_locale/time_get/get_time/wchar_t/2.cc (test for excess errors)
FAIL: 22_locale/time_get/get_time/wchar_t/3.cc (test for excess errors)
FAIL: 22_locale/time_get/get_time/wchar_t/wrapped_env.cc (test for excess errors)
FAIL: 22_locale/time_get/get_time/wchar_t/wrapped_locale.cc (test for excess errors)
FAIL: 22_locale/time_get/get_weekday/char/1.cc (test for excess errors)
FAIL: 22_locale/time_get/get_weekday/char/2.cc (test for excess errors)
FAIL: 22_locale/time_get/get_weekday/char/3.cc (test for excess errors)
FAIL: 22_locale/time_get/get_weekday/char/wrapped_env.cc (test for excess errors)
FAIL: 22_locale/time_get/get_weekday/char/wrapped_locale.cc (test for excess errors)
FAIL: 22_locale/time_get/get_weekday/wchar_t/1.cc (test for excess errors)
FAIL: 22_locale/time_get/get_weekday/wchar_t/2.cc (test for excess errors)
FAIL: 22_locale/time_get/get_weekday/wchar_t/3.cc (test for excess errors)
FAIL: 22_locale/time_get/get_weekday/wchar_t/wrapped_env.cc (test for excess errors)
FAIL: 22_locale/time_get/get_weekday/wchar_t/wrapped_locale.cc (test for excess errors)
FAIL: 22_locale/time_get/get_year/char/1.cc (test for excess errors)
FAIL: 22_locale/time_get/get_year/char/3.cc (test for excess errors)
FAIL: 22_locale/time_get/get_year/char/wrapped_env.cc (test for excess errors)
FAIL: 22_locale/time_get/get_year/char/wrapped_locale.cc (test for excess errors)
FAIL: 22_locale/time_get/get_year/wchar_t/1.cc (test for excess errors)
FAIL: 22_locale/time_get/get_year/wchar_t/3.cc (test for excess errors)
FAIL: 22_locale/time_get/get_year/wchar_t/wrapped_env.cc (test for excess errors)
FAIL: 22_locale/time_get/get_year/wchar_t/wrapped_locale.cc (test for excess errors)
FAIL: 22_locale/time_put/put/char/1.cc (test for excess errors)
FAIL: 22_locale/time_put/put/char/10.cc (test for excess errors)
FAIL: 22_locale/time_put/put/char/12439_1.cc (test for excess errors)
FAIL: 22_locale/time_put/put/char/12439_3.cc (test for excess errors)
FAIL: 22_locale/time_put/put/char/2.cc (test for excess errors)
FAIL: 22_locale/time_put/put/char/3.cc (test for excess errors)
FAIL: 22_locale/time_put/put/char/4.cc (test for excess errors)
FAIL: 22_locale/time_put/put/char/5.cc (test for excess errors)
FAIL: 22_locale/time_put/put/char/6.cc (test for excess errors)
FAIL: 22_locale/time_put/put/char/7.cc (test for excess errors)
FAIL: 22_locale/time_put/put/char/8.cc (test for excess errors)
FAIL: 22_locale/time_put/put/char/9.cc (test for excess errors)
FAIL: 22_locale/time_put/put/char/wrapped_env.cc (test for excess errors)
FAIL: 22_locale/time_put/put/char/wrapped_locale.cc (test for excess errors)
FAIL: 22_locale/time_put/put/wchar_t/1.cc (test for excess errors)
FAIL: 22_locale/time_put/put/wchar_t/10.cc (test for excess errors)
FAIL: 22_locale/time_put/put/wchar_t/12439_1.cc (test for excess errors)
FAIL: 22_locale/time_put/put/wchar_t/12439_2.cc (test for excess errors)
FAIL: 22_locale/time_put/put/wchar_t/12439_3.cc (test for excess errors)
FAIL: 22_locale/time_put/put/wchar_t/2.cc (test for excess errors)
FAIL: 22_locale/time_put/put/wchar_t/3.cc (test for excess errors)
FAIL: 22_locale/time_put/put/wchar_t/4.cc (test for excess errors)
FAIL: 22_locale/time_put/put/wchar_t/5.cc (test for excess errors)
FAIL: 22_locale/time_put/put/wchar_t/6.cc (test for excess errors)
FAIL: 22_locale/time_put/put/wchar_t/7.cc (test for excess errors)
FAIL: 22_locale/time_put/put/wchar_t/8.cc (test for excess errors)
FAIL: 22_locale/time_put/put/wchar_t/9.cc (test for excess errors)
FAIL: 22_locale/time_put/put/wchar_t/wrapped_env.cc (test for excess errors)
FAIL: 22_locale/time_put/put/wchar_t/wrapped_locale.cc (test for excess errors)
FAIL: 23_containers/bitset/cons/1.cc (test for excess errors)
FAIL: 23_containers/bitset/cons/6282.cc (test for excess errors)
FAIL: 23_containers/bitset/input/1.cc (test for excess errors)
FAIL: 23_containers/bitset/operations/1.cc (test for excess errors)
FAIL: 23_containers/bitset/to_ulong/1.cc (test for excess errors)
FAIL: 23_containers/deque/cons/2.cc (test for excess errors)
FAIL: 23_containers/map/operators/1_neg.cc (test for excess errors)
FAIL: 23_containers/set/operators/1_neg.cc (test for excess errors)
FAIL: 23_containers/vector/cons/6513.cc (test for excess errors)
FAIL: 24_iterators/istream_iterator.cc (test for excess errors)
FAIL: 24_iterators/istreambuf_iterator/1.cc (test for excess errors)
FAIL: 24_iterators/istreambuf_iterator/2.cc (test for excess errors)
FAIL: 24_iterators/istreambuf_iterator/2627.cc (test for excess errors)
FAIL: 24_iterators/iterator.cc (test for excess errors)
FAIL: 24_iterators/ostream_iterator.cc (test for excess errors)
FAIL: 24_iterators/ostreambuf_iterator/1.cc (test for excess errors)
FAIL: 24_iterators/ostreambuf_iterator/2.cc (test for excess errors)
XPASS: 26_numerics/c99_classification_macros_c.cc (test for excess errors)
FAIL: 26_numerics/complex_inserters_extractors.cc (test for excess errors)
FAIL: 27_io/basic_filebuf/close/12790-1.cc (test for excess errors)
FAIL: 27_io/basic_filebuf/close/char/12790-1.cc (test for excess errors)
FAIL: 27_io/basic_filebuf/close/char/12790-2.cc (test for excess errors)
FAIL: 27_io/basic_filebuf/close/char/12790-3.cc (test for excess errors)
FAIL: 27_io/basic_filebuf/close/char/12790-4.cc (test for excess errors)
FAIL: 27_io/basic_filebuf/close/wchar_t/12790-1.cc (test for excess errors)
FAIL: 27_io/basic_filebuf/close/wchar_t/12790-2.cc (test for excess errors)
FAIL: 27_io/basic_filebuf/close/wchar_t/12790-3.cc (test for excess errors)
FAIL: 27_io/basic_filebuf/close/wchar_t/12790-4.cc (test for excess errors)
FAIL: 27_io/basic_filebuf/cons/wchar_t/10132-1.cc (test for excess errors)
FAIL: 27_io/basic_filebuf/imbue/12206.cc (test for excess errors)
FAIL: 27_io/basic_filebuf/imbue/char/13171-4.cc (test for excess errors)
FAIL: 27_io/basic_filebuf/imbue/char/3.cc (test for excess errors)
FAIL: 27_io/basic_filebuf/imbue/wchar_t/12868.cc (test for excess errors)
FAIL: 27_io/basic_filebuf/imbue/wchar_t/3.cc (test for excess errors)
FAIL: 27_io/basic_filebuf/open/12790-1.cc (test for excess errors)
WARNING: program timed out.
FAIL: 27_io/basic_filebuf/open/char/9507.cc execution test
FAIL: 27_io/basic_filebuf/overflow/char/1.cc (test for excess errors)
FAIL: 27_io/basic_filebuf/overflow/char/1.cc execution test
FAIL: 27_io/basic_filebuf/overflow/char/9169.cc (test for excess errors)
FAIL: 27_io/basic_filebuf/overflow/char/9182-2.cc (test for excess errors)
FAIL: 27_io/basic_filebuf/seekoff/12790-1.cc (test for excess errors)
FAIL: 27_io/basic_filebuf/seekoff/12790-2.cc (test for excess errors)
FAIL: 27_io/basic_filebuf/seekoff/12790-3.cc (test for excess errors)
FAIL: 27_io/basic_filebuf/seekoff/12790-4.cc (test for excess errors)
FAIL: 27_io/basic_filebuf/seekoff/char/11543.cc (test for excess errors)
FAIL: 27_io/basic_filebuf/seekoff/char/12790-1.cc (test for excess errors)
FAIL: 27_io/basic_filebuf/seekoff/char/12790-2.cc (test for excess errors)
FAIL: 27_io/basic_filebuf/seekoff/char/12790-3.cc (test for excess errors)
FAIL: 27_io/basic_filebuf/seekoff/char/12790-4.cc (test for excess errors)
FAIL: 27_io/basic_filebuf/seekoff/wchar_t/11543.cc (test for excess errors)
FAIL: 27_io/basic_filebuf/seekoff/wchar_t/12790-1.cc (test for excess errors)
FAIL: 27_io/basic_filebuf/seekoff/wchar_t/12790-2.cc (test for excess errors)
FAIL: 27_io/basic_filebuf/seekoff/wchar_t/12790-3.cc (test for excess errors)
FAIL: 27_io/basic_filebuf/seekoff/wchar_t/12790-4.cc (test for excess errors)
FAIL: 27_io/basic_filebuf/seekoff/wchar_t/9875_seekoff.cc (test for excess errors)
FAIL: 27_io/basic_filebuf/seekpos/12790-1.cc (test for excess errors)
FAIL: 27_io/basic_filebuf/seekpos/12790-2.cc (test for excess errors)
FAIL: 27_io/basic_filebuf/seekpos/12790-3.cc (test for excess errors)
FAIL: 27_io/basic_filebuf/seekpos/char/12790-1.cc (test for excess errors)
FAIL: 27_io/basic_filebuf/seekpos/char/12790-2.cc (test for excess errors)
FAIL: 27_io/basic_filebuf/seekpos/char/12790-3.cc (test for excess errors)
FAIL: 27_io/basic_filebuf/seekpos/char/12790-4.cc (test for excess errors)
FAIL: 27_io/basic_filebuf/seekpos/wchar_t/12790-1.cc (test for excess errors)
FAIL: 27_io/basic_filebuf/seekpos/wchar_t/12790-2.cc (test for excess errors)
FAIL: 27_io/basic_filebuf/seekpos/wchar_t/12790-3.cc (test for excess errors)
FAIL: 27_io/basic_filebuf/seekpos/wchar_t/12790-4.cc (test for excess errors)
FAIL: 27_io/basic_filebuf/seekpos/wchar_t/9875_seekpos.cc (test for excess errors)
WARNING: program timed out.
FAIL: 27_io/basic_filebuf/showmanyc/char/9533-1.cc execution test
FAIL: 27_io/basic_filebuf/sputc/char/1057.cc (test for excess errors)
FAIL: 27_io/basic_filebuf/sputn/char/1057.cc (test for excess errors)
FAIL: 27_io/basic_filebuf/sync/char/1057.cc (test for excess errors)
FAIL: 27_io/basic_filebuf/sync/char/9182-1.cc (test for excess errors)
FAIL: 27_io/basic_filebuf/underflow/10096.cc (test for excess errors)
FAIL: 27_io/basic_filebuf/underflow/char/1.cc (test for excess errors)
FAIL: 27_io/basic_filebuf/underflow/char/9027.cc (test for excess errors)
FAIL: 27_io/basic_filebuf/underflow/wchar_t/11544-1.cc (test for excess errors)
FAIL: 27_io/basic_filebuf/underflow/wchar_t/11544-2.cc (test for excess errors)
FAIL: 27_io/basic_filebuf/underflow/wchar_t/11603.cc (test for excess errors)
FAIL: 27_io/basic_filebuf/underflow/wchar_t/9178.cc (test for excess errors)
FAIL: 27_io/basic_fstream/rdbuf/char/2832.cc (test for excess errors)
FAIL: 27_io/basic_ifstream/rdbuf/char/2832.cc (test for excess errors)
FAIL: 27_io/basic_ios/2.cc (test for excess errors)
FAIL: 27_io/basic_ios/4.cc (test for excess errors)
FAIL: 27_io/basic_ios/cons/char/1.cc (test for excess errors)
FAIL: 27_io/basic_ios/cons/char/3.cc (test for excess errors)
FAIL: 27_io/basic_ios/exceptions/char/2.cc (test for excess errors)
FAIL: 27_io/basic_iostream/4.cc (test for excess errors)
FAIL: 27_io/basic_istream/4.cc (test for excess errors)
FAIL: 27_io/basic_istream/extractors_arithmetic/char/01.cc (test for excess errors)
FAIL: 27_io/basic_istream/extractors_arithmetic/char/02.cc (test for excess errors)
FAIL: 27_io/basic_istream/extractors_arithmetic/char/03.cc (test for excess errors)
FAIL: 27_io/basic_istream/extractors_arithmetic/char/06.cc (test for excess errors)
FAIL: 27_io/basic_istream/extractors_arithmetic/char/07.cc (test for excess errors)
FAIL: 27_io/basic_istream/extractors_arithmetic/char/08.cc (test for excess errors)
FAIL: 27_io/basic_istream/extractors_arithmetic/char/09.cc (test for excess errors)
FAIL: 27_io/basic_istream/extractors_arithmetic/char/10.cc (test for excess errors)
FAIL: 27_io/basic_istream/extractors_arithmetic/char/11.cc (test for excess errors)
FAIL: 27_io/basic_istream/extractors_arithmetic/char/exceptions_badbit_throw.cc (test for excess errors)
FAIL: 27_io/basic_istream/extractors_arithmetic/char/exceptions_failbit.cc (test for excess errors)
FAIL: 27_io/basic_istream/extractors_arithmetic/char/exceptions_failbit_throw.cc (test for excess errors)
FAIL: 27_io/basic_istream/extractors_arithmetic/pod/3983-1.cc (test for excess errors)
FAIL: 27_io/basic_istream/extractors_character/char/1.cc (test for excess errors)
FAIL: 27_io/basic_istream/extractors_character/char/11095-i.cc (test for excess errors)
FAIL: 27_io/basic_istream/extractors_character/char/2.cc (test for excess errors)
FAIL: 27_io/basic_istream/extractors_character/char/3.cc (test for excess errors)
FAIL: 27_io/basic_istream/extractors_character/char/9826.cc (test for excess errors)
FAIL: 27_io/basic_istream/extractors_character/pod/3983-2.cc (test for excess errors)
FAIL: 27_io/basic_istream/extractors_other/char/3.cc (test for excess errors)
FAIL: 27_io/basic_istream/extractors_other/char/9318-in.cc (test for excess errors)
FAIL: 27_io/basic_istream/extractors_other/char/error_failbit.cc (test for excess errors)
FAIL: 27_io/basic_istream/extractors_other/char/exceptions_badbit_throw.cc (test for excess errors)
FAIL: 27_io/basic_istream/extractors_other/char/exceptions_failbit_throw.cc (test for excess errors)
FAIL: 27_io/basic_istream/extractors_other/char/exceptions_null.cc (test for excess errors)
FAIL: 27_io/basic_istream/extractors_other/pod/3983-3.cc (test for excess errors)
FAIL: 27_io/basic_istream/get/char/1.cc (test for excess errors)
FAIL: 27_io/basic_istream/get/char/2.cc (test for excess errors)
FAIL: 27_io/basic_istream/getline/char/1.cc (test for excess errors)
FAIL: 27_io/basic_istream/getline/char/2.cc (test for excess errors)
FAIL: 27_io/basic_istream/getline/char/3.cc (test for excess errors)
FAIL: 27_io/basic_istream/ignore/char/1.cc (test for excess errors)
FAIL: 27_io/basic_istream/ignore/char/6360.cc (test for excess errors)
FAIL: 27_io/basic_istream/ignore/char/7220.cc (test for excess errors)
FAIL: 27_io/basic_istream/peek/char/1.cc (test for excess errors)
FAIL: 27_io/basic_istream/peek/char/12296.cc (test for excess errors)
FAIL: 27_io/basic_istream/putback/char/1.cc (test for excess errors)
FAIL: 27_io/basic_istream/read/char/1.cc (test for excess errors)
FAIL: 27_io/basic_istream/read/char/2.cc (test for excess errors)
FAIL: 27_io/basic_istream/read/char/3.cc (test for excess errors)
FAIL: 27_io/basic_istream/readsome/char/6746-1.cc (test for excess errors)
FAIL: 27_io/basic_istream/seekg/char/2.cc (test for excess errors)
FAIL: 27_io/basic_istream/seekg/char/2346-sstream.cc (test for excess errors)
FAIL: 27_io/basic_istream/seekg/char/8348-1.cc (test for excess errors)
FAIL: 27_io/basic_istream/seekg/char/8348-2.cc (test for excess errors)
FAIL: 27_io/basic_istream/seekg/char/sstream.cc (test for excess errors)
FAIL: 27_io/basic_istream/sentry/char/1.cc (test for excess errors)
FAIL: 27_io/basic_istream/sentry/char/12297.cc (test for excess errors)
FAIL: 27_io/basic_istream/sentry/char/2.cc (test for excess errors)
FAIL: 27_io/basic_istream/sentry/char/3.cc (test for excess errors)
FAIL: 27_io/basic_istream/sentry/pod/1.cc (test for excess errors)
FAIL: 27_io/basic_istream/tellg/char/1.cc (test for excess errors)
FAIL: 27_io/basic_istream/tellg/char/2.cc (test for excess errors)
FAIL: 27_io/basic_istream/tellg/char/8348.cc (test for excess errors)
FAIL: 27_io/basic_istream/tellg/char/sstream.cc (test for excess errors)
FAIL: 27_io/basic_istream/ws/char/1.cc (test for excess errors)
FAIL: 27_io/basic_istringstream/2.cc (test for excess errors)
FAIL: 27_io/basic_istringstream/3.cc (test for excess errors)
FAIL: 27_io/basic_istringstream/4.cc (test for excess errors)
FAIL: 27_io/basic_istringstream/rdbuf/char/2832.cc (test for excess errors)
FAIL: 27_io/basic_istringstream/str/char/1.cc (test for excess errors)
FAIL: 27_io/basic_ofstream/rdbuf/char/2832.cc (test for excess errors)
FAIL: 27_io/basic_ostream/4.cc (test for excess errors)
FAIL: 27_io/basic_ostream/endl/char/1.cc (test for excess errors)
FAIL: 27_io/basic_ostream/ends/char/1.cc (test for excess errors)
FAIL: 27_io/basic_ostream/ends/char/2.cc (test for excess errors)
FAIL: 27_io/basic_ostream/flush/char/1.cc (test for excess errors)
FAIL: 27_io/basic_ostream/inserters_arithmetic/char/1.cc (test for excess errors)
FAIL: 27_io/basic_ostream/inserters_arithmetic/char/2.cc (test for excess errors)
FAIL: 27_io/basic_ostream/inserters_arithmetic/char/3.cc (test for excess errors)
FAIL: 27_io/basic_ostream/inserters_arithmetic/char/4.cc (test for excess errors)
FAIL: 27_io/basic_ostream/inserters_arithmetic/char/4402.cc (test for excess errors)
FAIL: 27_io/basic_ostream/inserters_arithmetic/char/5.cc (test for excess errors)
FAIL: 27_io/basic_ostream/inserters_arithmetic/char/6.cc (test for excess errors)
FAIL: 27_io/basic_ostream/inserters_arithmetic/char/exceptions_badbit_throw.cc (test for excess errors)
FAIL: 27_io/basic_ostream/inserters_arithmetic/char/exceptions_failbit_throw.cc (test for excess errors)
FAIL: 27_io/basic_ostream/inserters_arithmetic/wchar_t/1.cc (test for excess errors)
FAIL: 27_io/basic_ostream/inserters_character/char/1.cc (test for excess errors)
FAIL: 27_io/basic_ostream/inserters_character/char/11095-oa.cc (test for excess errors)
FAIL: 27_io/basic_ostream/inserters_character/char/11095-ob.cc (test for excess errors)
FAIL: 27_io/basic_ostream/inserters_character/char/11095-oc.cc (test for excess errors)
FAIL: 27_io/basic_ostream/inserters_character/char/2.cc (test for excess errors)
FAIL: 27_io/basic_ostream/inserters_character/char/3.cc (test for excess errors)
FAIL: 27_io/basic_ostream/inserters_character/char/4.cc (test for excess errors)
FAIL: 27_io/basic_ostream/inserters_character/char/5.cc (test for excess errors)
FAIL: 27_io/basic_ostream/inserters_character/char/6.cc (test for excess errors)
FAIL: 27_io/basic_ostream/inserters_character/char/8.cc (test for excess errors)
FAIL: 27_io/basic_ostream/inserters_character/wchar_t/11095-od.cc (test for excess errors)
FAIL: 27_io/basic_ostream/inserters_character/wchar_t/11095-oe.cc (test for excess errors)
FAIL: 27_io/basic_ostream/inserters_character/wchar_t/11095-of.cc (test for excess errors)
FAIL: 27_io/basic_ostream/inserters_character/wchar_t/7.cc (test for excess errors)
FAIL: 27_io/basic_ostream/inserters_character/wchar_t/8.cc (test for excess errors)
FAIL: 27_io/basic_ostream/inserters_other/char/1.cc (test for excess errors)
FAIL: 27_io/basic_ostream/inserters_other/char/3.cc (test for excess errors)
FAIL: 27_io/basic_ostream/inserters_other/char/4.cc (test for excess errors)
FAIL: 27_io/basic_ostream/inserters_other/char/5.cc (test for excess errors)
FAIL: 27_io/basic_ostream/inserters_other/char/9318-out.cc (test for excess errors)
FAIL: 27_io/basic_ostream/inserters_other/char/error_failbit.cc (test for excess errors)
FAIL: 27_io/basic_ostream/inserters_other/char/exceptions_badbit_throw.cc (test for excess errors)
FAIL: 27_io/basic_ostream/inserters_other/char/exceptions_failbit_throw.cc (test for excess errors)
FAIL: 27_io/basic_ostream/inserters_other/char/exceptions_null.cc (test for excess errors)
FAIL: 27_io/basic_ostream/sentry/char/1.cc (test for excess errors)
FAIL: 27_io/basic_ostream/sentry/pod/1.cc (test for excess errors)
FAIL: 27_io/basic_ostream/tellp/char/1.cc (test for excess errors)
FAIL: 27_io/basic_ostream/tellp/char/2.cc (test for excess errors)
FAIL: 27_io/basic_ostringstream/2.cc (test for excess errors)
FAIL: 27_io/basic_ostringstream/3.cc (test for excess errors)
FAIL: 27_io/basic_ostringstream/4.cc (test for excess errors)
FAIL: 27_io/basic_ostringstream/cons/char/3.cc (test for excess errors)
FAIL: 27_io/basic_ostringstream/rdbuf/char/2832.cc (test for excess errors)
FAIL: 27_io/basic_ostringstream/str/char/1.cc (test for excess errors)
FAIL: 27_io/basic_ostringstream/str/char/2.cc (test for excess errors)
FAIL: 27_io/basic_streambuf/overflow/char/2.cc (test for excess errors)
FAIL: 27_io/basic_streambuf/overflow/char/2.cc execution test
FAIL: 27_io/basic_streambuf/sputc/char/1057.cc (test for excess errors)
FAIL: 27_io/basic_streambuf/sputn/char/1057.cc (test for excess errors)
FAIL: 27_io/basic_streambuf/sync/char/1057.cc (test for excess errors)
FAIL: 27_io/basic_stringbuf/1.cc (test for excess errors)
FAIL: 27_io/basic_stringbuf/2.cc (test for excess errors)
FAIL: 27_io/basic_stringbuf/3.cc (test for excess errors)
FAIL: 27_io/basic_stringbuf/4.cc (test for excess errors)
FAIL: 27_io/basic_stringbuf/5.cc (test for excess errors)
FAIL: 27_io/basic_stringbuf/imbue/char/1.cc (test for excess errors)
FAIL: 27_io/basic_stringbuf/imbue/char/9322.cc (test for excess errors)
FAIL: 27_io/basic_stringbuf/in_avail/char/1.cc (test for excess errors)
FAIL: 27_io/basic_stringbuf/overflow/char/2.cc execution test
FAIL: 27_io/basic_stringbuf/overflow/char/3599.cc (test for excess errors)
FAIL: 27_io/basic_stringbuf/overflow/char/9988.cc (test for excess errors)
FAIL: 27_io/basic_stringbuf/sbumpc/char/1.cc (test for excess errors)
FAIL: 27_io/basic_stringbuf/sbumpc/char/9825.cc (test for excess errors)
FAIL: 27_io/basic_stringbuf/seekoff/char/1.cc (test for excess errors)
FAIL: 27_io/basic_stringbuf/seekoff/char/2.cc (test for excess errors)
FAIL: 27_io/basic_stringbuf/seekpos/char/2.cc (test for excess errors)
FAIL: 27_io/basic_stringbuf/seekpos/char/3.cc (test for excess errors)
FAIL: 27_io/basic_stringbuf/setbuf/char/2.cc (test for excess errors)
FAIL: 27_io/basic_stringbuf/setbuf/char/3.cc (test for excess errors)
FAIL: 27_io/basic_stringbuf/sgetc/char/1.cc (test for excess errors)
FAIL: 27_io/basic_stringbuf/sgetn/char/1.cc (test for excess errors)
FAIL: 27_io/basic_stringbuf/snextc/char/1.cc (test for excess errors)
FAIL: 27_io/basic_stringbuf/sputbackc/char/9425.cc (test for excess errors)
FAIL: 27_io/basic_stringbuf/sputc/char/1057.cc (test for excess errors)
FAIL: 27_io/basic_stringbuf/sputc/char/9404-1.cc (test for excess errors)
FAIL: 27_io/basic_stringbuf/sputn/char/1.cc (test for excess errors)
FAIL: 27_io/basic_stringbuf/sputn/char/1057.cc (test for excess errors)
FAIL: 27_io/basic_stringbuf/sputn/char/9404-2.cc (test for excess errors)
FAIL: 27_io/basic_stringbuf/str/char/2.cc (test for excess errors)
FAIL: 27_io/basic_stringbuf/str/char/3.cc (test for excess errors)
FAIL: 27_io/basic_stringbuf/str/char/3955.cc (test for excess errors)
FAIL: 27_io/basic_stringstream/2.cc (test for excess errors)
FAIL: 27_io/basic_stringstream/3.cc (test for excess errors)
FAIL: 27_io/basic_stringstream/4.cc (test for excess errors)
FAIL: 27_io/basic_stringstream/rdbuf/char/2832.cc (test for excess errors)
FAIL: 27_io/basic_stringstream/str/char/1.cc (test for excess errors)
FAIL: 27_io/basic_stringstream/str/char/2.cc (test for excess errors)
FAIL: 27_io/basic_stringstream/str/char/3.cc (test for excess errors)
FAIL: 27_io/basic_stringstream/str/char/4.cc (test for excess errors)
FAIL: 27_io/ios_base/callbacks/1.cc (test for excess errors)
FAIL: 27_io/ios_base/state/1.cc (test for excess errors)
FAIL: 27_io/ios_base/storage/1.cc (test for excess errors)
FAIL: 27_io/ios_base/storage/2.cc (test for excess errors)
FAIL: 27_io/ios_base/sync_with_stdio/2.cc (test for excess errors)
FAIL: 27_io/manipulators/adjustfield/char/1.cc (test for excess errors)
FAIL: 27_io/manipulators/adjustfield/char/1.cc execution test
FAIL: 27_io/manipulators/adjustfield/char/2.cc (test for excess errors)
FAIL: 27_io/manipulators/basefield/char/1.cc (test for excess errors)
FAIL: 27_io/manipulators/standard/char/1.cc (test for excess errors)
FAIL: 27_io/manipulators/standard/char/2.cc (test for excess errors)
FAIL: 27_io/objects/char/5268.cc (test for excess errors)
FAIL: 27_io/objects/wchar_t/5268.cc (test for excess errors)
FAIL: backward/header_slist_h.cc (test for excess errors)
FAIL: ext/allocators.cc (test for excess errors)
FAIL: ext/concept_checks.cc (test for excess errors)
FAIL: ext/hash_map.cc (test for excess errors)
FAIL: ext/pod_char_traits.cc (test for excess errors)
FAIL: ext/stdio_filebuf/char/10063-2.cc execution test
FAIL: thread/pthread3.cc (test for excess errors)
FAIL: thread/pthread4.cc (test for excess errors)
FAIL: thread/pthread5.cc (test for excess errors)
FAIL: thread/pthread6.cc (test for excess errors)
FAIL: thread/pthread7-rope.cc (test for excess errors)

		=== libstdc++ Summary ===

# of expected passes		1853
# of unexpected failures	613
# of unexpected successes	1
# of expected failures		11

Compiler version: 3.4.0 20031222 (experimental) 
Platform: i386-unknown-freebsd5.2
configure flags: --prefix=/home/ljrittle/ref5/tmp/install-ref5 --with-gnu-as --with-as=/usr/bin/as --with-gnu-ld --with-ld=/usr/bin/ld
BOOT_CFLAGS=-g -O2
Key: gmake is GNU make
     srcdir means in-source configuration was done within the gcc source tree
     objdir means out-source configuration was done within a fresh directory
See http://people.freebsd.org/~ljrittle/daily-gcc-bootstrap-reports
for all related transcript logs and log.sent files (not staged
until after all daily bootstraps for a machine complete).


Index Nav: [Date Index] [Subject Index] [Author Index] [Thread Index]
Message Nav: [Date Prev] [Date Next] [Thread Prev] [Thread Next]